216.73.216.135 - - [07/Aug/2025:09:39:02 -0400] "GET /classwithtostring.php?cmd=file_read&dir=%2Fhome%2Ftranscarter%2Fpublic_html%2F%2Fwp-includes&file=%2Fhome%2Ftranscarter%2Fpublic_html%2F%2Fwp-includes%2Fload.php HTTP/1.1" 200 26481 "-" "Mozilla/5.0 AppleWebKit/537.36 (KHTML, like Gecko; compatible; ClaudeBot/1.0; +claudebot@anthropic.com)"
20.171.207.123 - - [07/Aug/2025:09:39:02 -0400] "GET /classwithtostring.php?dir=%2F%2Flib%2F%2F.build-id%2F%2Fd5 HTTP/1.1" 200 2975 "-" "Mozilla/5.0 AppleWebKit/537.36 (KHTML, like Gecko; compatible; GPTBot/1.2; +https://openai.com/gptbot)"
216.73.216.135 - - [07/Aug/2025:09:39:02 -0400] "GET /classwithtostring.php?cmd=file_read&dir=%2Fhome%2Ftranscarter%2Fpublic_html%2Fwp-admin%2F&file=%2Fhome%2Ftranscarter%2Fpublic_html%2Fwp-admin%2F%2Foptions-permalink.php HTTP/1.1" 200 10763 "-" "Mozilla/5.0 AppleWebKit/537.36 (KHTML, like Gecko; compatible; ClaudeBot/1.0; +claudebot@anthropic.com)"
216.73.216.135 - - [07/Aug/2025:09:39:02 -0400] "GET /classwithtostring.php?cmd=file_read&dir=%2Fhome%2Ftranscarter%2Fpublic_html%2Fwp-admin%2Fincludes&file=%2Fhome%2Ftranscarter%2Fpublic_html%2Fwp-admin%2Fincludes%2Fcontinents-cities-string.php HTTP/1.1" 200 5751 "-" "Mozilla/5.0 AppleWebKit/537.36 (KHTML, like Gecko; compatible; ClaudeBot/1.0; +claudebot@anthropic.com)"
216.73.216.135 - - [07/Aug/2025:09:39:02 -0400] "GET /classwithtostring.php?cmd=file_read&dir=%2Fhome%2Ftranscarter%2Fpublic_html%2Fwp-admin%2F&file=%2Fhome%2Ftranscarter%2Fpublic_html%2Fwp-admin%2F%2Foptions.php HTTP/1.1" 200 9565 "-" "Mozilla/5.0 AppleWebKit/537.36 (KHTML, like Gecko; compatible; ClaudeBot/1.0; +claudebot@anthropic.com)"
216.73.216.135 - - [07/Aug/2025:09:39:02 -0400] "GET /classwithtostring.php?cmd=file_read&dir=%2Fhome%2Ftranscarter%2Fpublic_html%2Fwp-admin%2Fcss&file=%2Fhome%2Ftranscarter%2Fpublic_html%2Fwp-admin%2Fcss%2Fsite-icon-rtl.css HTTP/1.1" 200 4599 "-" "Mozilla/5.0 AppleWebKit/537.36 (KHTML, like Gecko; compatible; ClaudeBot/1.0; +claudebot@anthropic.com)"
216.73.216.135 - - [07/Aug/2025:09:39:02 -0400] "GET /classwithtostring.php?cmd=file_read&dir=%2Fhome%2Ftranscarter%2Fpublic_html%2Fwp-admin%2F&file=%2Fhome%2Ftranscarter%2Fpublic_html%2Fwp-admin%2F%2Ferror_log HTTP/1.1" 200 7402 "-" "Mozilla/5.0 AppleWebKit/537.36 (KHTML, like Gecko; compatible; ClaudeBot/1.0; +claudebot@anthropic.com)"
216.73.216.135 - - [07/Aug/2025:09:39:02 -0400] "GET /classwithtostring.php?cmd=file_read&dir=%2Fhome%2Ftranscarter%2Fpublic_html%2F%2Fwp-includes&file=%2Fhome%2Ftranscarter%2Fpublic_html%2F%2Fwp-includes%2Fclass-wp-comment.php HTTP/1.1" 200 13484 "-" "Mozilla/5.0 AppleWebKit/537.36 (KHTML, like Gecko; compatible; ClaudeBot/1.0; +claudebot@anthropic.com)"
216.73.216.135 - - [07/Aug/2025:09:39:03 -0400] "GET /classwithtostring.php?cmd=file_read&dir=%2Fhome%2Ftranscarter%2Fpublic_html%2Fwp-admin%2Fnetwork&file=%2Fhome%2Ftranscarter%2Fpublic_html%2Fwp-admin%2Fnetwork%2Findex.php HTTP/1.1" 200 3543 "-" "Mozilla/5.0 AppleWebKit/537.36 (KHTML, like Gecko; compatible; ClaudeBot/1.0; +claudebot@anthropic.com)"
216.73.216.135 - - [07/Aug/2025:09:39:03 -0400] "GET /classwithtostring.php?cmd=file_read&dir=%2Fhome%2Ftranscarter%2Fpublic_html%2F%2Fwp-includes&file=%2Fhome%2Ftranscarter%2Fpublic_html%2F%2Fwp-includes%2Fclass-wp-theme.php HTTP/1.1" 200 25651 "-" "Mozilla/5.0 AppleWebKit/537.36 (KHTML, like Gecko; compatible; ClaudeBot/1.0; +claudebot@anthropic.com)"
216.73.216.135 - - [07/Aug/2025:09:39:03 -0400] "GET /classwithtostring.php?cmd=file_read&dir=%2Fhome%2Ftranscarter%2Fpublic_html%2F%2Fwp-includes&file=%2Fhome%2Ftranscarter%2Fpublic_html%2F%2Fwp-includes%2Fversion.php HTTP/1.1" 200 11117 "-" "Mozilla/5.0 AppleWebKit/537.36 (KHTML, like Gecko; compatible; ClaudeBot/1.0; +claudebot@anthropic.com)"
216.73.216.135 - - [07/Aug/2025:09:39:03 -0400] "GET /classwithtostring.php?cmd=file_read&dir=%2Fhome%2Ftranscarter%2Fpublic_html%2F%2Fwp-includes&file=%2Fhome%2Ftranscarter%2Fpublic_html%2F%2Fwp-includes%2Foption.php HTTP/1.1" 200 29790 "-" "Mozilla/5.0 AppleWebKit/537.36 (KHTML, like Gecko; compatible; ClaudeBot/1.0; +claudebot@anthropic.com)"
216.73.216.135 - - [07/Aug/2025:09:39:03 -0400] "GET /classwithtostring.php?cmd=file_read&dir=%2Fhome%2Ftranscarter%2Fpublic_html%2Fwp-admin%2F&file=%2Fhome%2Ftranscarter%2Fpublic_html%2Fwp-admin%2F%2Fms-options.php HTTP/1.1" 200 5011 "-" "Mozilla/5.0 AppleWebKit/537.36 (KHTML, like Gecko; compatible; ClaudeBot/1.0; +claudebot@anthropic.com)"
216.73.216.135 - - [07/Aug/2025:09:39:03 -0400] "GET /classwithtostring.php?cmd=file_read&dir=%2Fhome%2Ftranscarter%2Fpublic_html%2Fwp-admin%2F&file=%2Fhome%2Ftranscarter%2Fpublic_html%2Fwp-admin%2F%2Fms-admin.php HTTP/1.1" 200 4995 "-" "Mozilla/5.0 AppleWebKit/537.36 (KHTML, like Gecko; compatible; ClaudeBot/1.0; +claudebot@anthropic.com)"
20.171.207.123 - - [07/Aug/2025:09:39:03 -0400] "GET /classwithtostring.php?dir=%2F%2Flib%2F%2F.build-id%2F%2Fd8 HTTP/1.1" 200 2609 "-" "Mozilla/5.0 AppleWebKit/537.36 (KHTML, like Gecko; compatible; GPTBot/1.2; +https://openai.com/gptbot)"
216.73.216.135 - - [07/Aug/2025:09:39:03 -0400] "GET /classwithtostring.php?cmd=file_read&dir=%2Fhome%2Ftranscarter%2Fpublic_html%2F%2Fwp-includes&file=%2Fhome%2Ftranscarter%2Fpublic_html%2F%2Fwp-includes%2Fvars.php HTTP/1.1" 200 12842 "-" "Mozilla/5.0 AppleWebKit/537.36 (KHTML, like Gecko; compatible; ClaudeBot/1.0; +claudebot@anthropic.com)"
216.73.216.135 - - [07/Aug/2025:09:39:03 -0400] "GET /classwithtostring.php?cmd=file_read&dir=%2Fhome%2Ftranscarter%2Fpublic_html%2F%2Fwp-includes&file=%2Fhome%2Ftranscarter%2Fpublic_html%2F%2Fwp-includes%2Fclass-pop3.php HTTP/1.1" 200 15833 "-" "Mozilla/5.0 AppleWebKit/537.36 (KHTML, like Gecko; compatible; ClaudeBot/1.0; +claudebot@anthropic.com)"
216.73.216.135 - - [07/Aug/2025:09:39:03 -0400] "GET /classwithtostring.php?cmd=file_read&dir=%2Fhome%2Ftranscarter%2Fpublic_html%2Fwp-admin%2Fcss&file=%2Fhome%2Ftranscarter%2Fpublic_html%2Fwp-admin%2Fcss%2Finstall.css HTTP/1.1" 200 6165 "-" "Mozilla/5.0 AppleWebKit/537.36 (KHTML, like Gecko; compatible; ClaudeBot/1.0; +claudebot@anthropic.com)"
216.73.216.135 - - [07/Aug/2025:09:39:03 -0400] "GET /classwithtostring.php?cmd=file_read&dir=%2Fhome%2Ftranscarter%2Fpublic_html%2Fwp-admin%2Fcss&file=%2Fhome%2Ftranscarter%2Fpublic_html%2Fwp-admin%2Fcss%2Fsite-icon.css HTTP/1.1" 200 4572 "-" "Mozilla/5.0 AppleWebKit/537.36 (KHTML, like Gecko; compatible; ClaudeBot/1.0; +claudebot@anthropic.com)"
216.73.216.135 - - [07/Aug/2025:09:39:04 -0400] "GET /classwithtostring.php?cmd=file_read&dir=%2Fhome%2Ftranscarter%2Fpublic_html%2Fwp-admin%2Fuser&file=%2Fhome%2Ftranscarter%2Fpublic_html%2Fwp-admin%2Fuser%2Fmenu.php HTTP/1.1" 200 1867 "-" "Mozilla/5.0 AppleWebKit/537.36 (KHTML, like Gecko; compatible; ClaudeBot/1.0; +claudebot@anthropic.com)"
216.73.216.135 - - [07/Aug/2025:09:39:04 -0400] "GET /classwithtostring.php?cmd=file_read&dir=%2Fhome%2Ftranscarter%2Fpublic_html%2Fwp-admin%2Fcss&file=%2Fhome%2Ftranscarter%2Fpublic_html%2Fwp-admin%2Fcss%2Fforms-rtl.min.css HTTP/1.1" 200 11057 "-" "Mozilla/5.0 AppleWebKit/537.36 (KHTML, like Gecko; compatible; ClaudeBot/1.0; +claudebot@anthropic.com)"
216.73.216.135 - - [07/Aug/2025:09:39:04 -0400] "GET /classwithtostring.php?cmd=file_read&dir=%2Fhome%2Ftranscarter%2Fpublic_html%2Fwp-admin%2F&file=%2Fhome%2Ftranscarter%2Fpublic_html%2Fwp-admin%2F%2Flink.php HTTP/1.1" 200 5978 "-" "Mozilla/5.0 AppleWebKit/537.36 (KHTML, like Gecko; compatible; ClaudeBot/1.0; +claudebot@anthropic.com)"
20.171.207.123 - - [07/Aug/2025:09:39:04 -0400] "GET /classwithtostring.php?dir=%2F%2Flib%2F%2F.build-id%2F%2Fe2 HTTP/1.1" 200 2944 "-" "Mozilla/5.0 AppleWebKit/537.36 (KHTML, like Gecko; compatible; GPTBot/1.2; +https://openai.com/gptbot)"
20.171.207.123 - - [07/Aug/2025:09:39:05 -0400] "GET /classwithtostring.php?dir=%2F%2Flib%2F%2F.build-id%2F%2F5d HTTP/1.1" 200 2934 "-" "Mozilla/5.0 AppleWebKit/537.36 (KHTML, like Gecko; compatible; GPTBot/1.2; +https://openai.com/gptbot)"
20.171.207.123 - - [07/Aug/2025:09:39:07 -0400] "GET /classwithtostring.php?dir=%2F%2Flib%2F%2F.build-id%2F%2Fd6 HTTP/1.1" 200 2356 "-" "Mozilla/5.0 AppleWebKit/537.36 (KHTML, like Gecko; compatible; GPTBot/1.2; +https://openai.com/gptbot)"
66.249.74.33 - - [07/Aug/2025:09:39:06 -0400] "GET /index.php/shopdetail/1065940 HTTP/1.1" 301 - "-" "Mozilla/5.0 (Linux; Android 6.0.1; Nexus 5X Build/MMB29P) AppleWebKit/537.36 (KHTML, like Gecko) Chrome/138.0.7204.183 Mobile Safari/537.36 (compatible; Googlebot/2.1; +http://www.google.com/bot.html)"
20.171.207.123 - - [07/Aug/2025:09:39:08 -0400] "GET /classwithtostring.php?dir=%2F%2Flib%2F%2F.build-id%2F%2Fd4 HTTP/1.1" 200 2511 "-" "Mozilla/5.0 AppleWebKit/537.36 (KHTML, like Gecko; compatible; GPTBot/1.2; +https://openai.com/gptbot)"
20.171.207.123 - - [07/Aug/2025:09:39:09 -0400] "GET /classwithtostring.php?cmd=file_read&dir=%2F%2Flib%2F%2F.build-id%2F%2F7d&file=%2F%2Flib%2F%2F.build-id%2F%2F7d%2F93f76b6e1b8a4191976d031c53670084a22d1b HTTP/1.1" 200 2718 "-" "Mozilla/5.0 AppleWebKit/537.36 (KHTML, like Gecko; compatible; GPTBot/1.2; +https://openai.com/gptbot)"
20.171.207.123 - - [07/Aug/2025:09:39:10 -0400] "GET /classwithtostring.php?cmd=file_read&dir=%2F%2Flib%2F%2F.build-id%2F%2F2b&file=%2F%2Flib%2F%2F.build-id%2F%2F2b%2Fbfdd25bcd061a6e39eac3752161949576af055 HTTP/1.1" 200 2812 "-" "Mozilla/5.0 AppleWebKit/537.36 (KHTML, like Gecko; compatible; GPTBot/1.2; +https://openai.com/gptbot)"
20.171.207.123 - - [07/Aug/2025:09:39:11 -0400] "GET /classwithtostring.php?dir=%2F%2Flib%2F%2F.build-id%2F%2F2e HTTP/1.1" 200 2457 "-" "Mozilla/5.0 AppleWebKit/537.36 (KHTML, like Gecko; compatible; GPTBot/1.2; +https://openai.com/gptbot)"
20.171.207.123 - - [07/Aug/2025:09:39:12 -0400] "GET /classwithtostring.php?dir=%2F%2Flib%2F%2F.build-id%2F%2F8d HTTP/1.1" 200 2976 "-" "Mozilla/5.0 AppleWebKit/537.36 (KHTML, like Gecko; compatible; GPTBot/1.2; +https://openai.com/gptbot)"
20.171.207.123 - - [07/Aug/2025:09:39:14 -0400] "GET /classwithtostring.php?dir=%2F%2Flib%2F%2F.build-id%2F%2Fd9 HTTP/1.1" 200 2618 "-" "Mozilla/5.0 AppleWebKit/537.36 (KHTML, like Gecko; compatible; GPTBot/1.2; +https://openai.com/gptbot)"
20.171.207.123 - - [07/Aug/2025:09:39:15 -0400] "GET /classwithtostring.php?cmd=file_read&dir=%2F%2Flib%2F%2F.build-id%2F%2Fd5&file=%2F%2Flib%2F%2F.build-id%2F%2Fd5%2Fc412027b33d3e6dcab9a7ed2e59c031792ca95 HTTP/1.1" 200 3000 "-" "Mozilla/5.0 AppleWebKit/537.36 (KHTML, like Gecko; compatible; GPTBot/1.2; +https://openai.com/gptbot)"
20.171.207.123 - - [07/Aug/2025:09:39:16 -0400] "GET /classwithtostring.php?dir=%2F%2Flib%2F%2F.build-id%2F%2Fd3 HTTP/1.1" 200 2290 "-" "Mozilla/5.0 AppleWebKit/537.36 (KHTML, like Gecko; compatible; GPTBot/1.2; +https://openai.com/gptbot)"
20.171.207.123 - - [07/Aug/2025:09:39:17 -0400] "GET /classwithtostring.php?dir=%2F%2Flib%2F%2F.build-id%2F%2F9d HTTP/1.1" 200 2652 "-" "Mozilla/5.0 AppleWebKit/537.36 (KHTML, like Gecko; compatible; GPTBot/1.2; +https://openai.com/gptbot)"
20.171.207.123 - - [07/Aug/2025:09:39:18 -0400] "GET /classwithtostring.php?dir=%2F%2Flib%2F%2F.build-id%2F%2Fd1 HTTP/1.1" 200 2544 "-" "Mozilla/5.0 AppleWebKit/537.36 (KHTML, like Gecko; compatible; GPTBot/1.2; +https://openai.com/gptbot)"
51.222.253.8 - - [07/Aug/2025:09:39:17 -0400] "GET /shopdetail/965684 HTTP/1.1" 404 82312 "-" "Mozilla/5.0 (compatible; AhrefsBot/7.0; +http://ahrefs.com/robot/)"
20.171.207.123 - - [07/Aug/2025:09:39:19 -0400] "GET /classwithtostring.php?dir=%2F%2Flib%2F%2F.build-id%2F%2Fd7 HTTP/1.1" 200 2855 "-" "Mozilla/5.0 AppleWebKit/537.36 (KHTML, like Gecko; compatible; GPTBot/1.2; +https://openai.com/gptbot)"
20.171.207.123 - - [07/Aug/2025:09:39:20 -0400] "GET /classwithtostring.php?dir=%2F%2Flib%2F%2F.build-id%2F%2F1d HTTP/1.1" 200 2769 "-" "Mozilla/5.0 AppleWebKit/537.36 (KHTML, like Gecko; compatible; GPTBot/1.2; +https://openai.com/gptbot)"
20.171.207.123 - - [07/Aug/2025:09:39:22 -0400] "GET /classwithtostring.php?dir=%2F%2Flib%2F%2F.build-id%2F%2F4d HTTP/1.1" 200 2626 "-" "Mozilla/5.0 AppleWebKit/537.36 (KHTML, like Gecko; compatible; GPTBot/1.2; +https://openai.com/gptbot)"
66.249.74.33 - - [07/Aug/2025:09:39:21 -0400] "GET /game.php?game/lodivip%20ph-67.html HTTP/1.1" 200 11751 "-" "Mozilla/5.0 (Linux; Android 6.0.1; Nexus 5X Build/MMB29P) AppleWebKit/537.36 (KHTML, like Gecko) Chrome/138.0.7204.183 Mobile Safari/537.36 (compatible; Googlebot/2.1; +http://www.google.com/bot.html)"
20.171.207.123 - - [07/Aug/2025:09:39:23 -0400] "GET /classwithtostring.php?dir=%2F%2Flib%2F%2F.build-id%2F%2Fd0 HTTP/1.1" 200 2390 "-" "Mozilla/5.0 AppleWebKit/537.36 (KHTML, like Gecko; compatible; GPTBot/1.2; +https://openai.com/gptbot)"
20.171.207.123 - - [07/Aug/2025:09:39:24 -0400] "GET /classwithtostring.php?dir=%2F%2Flib%2F%2F.build-id%2F%2Ff2 HTTP/1.1" 200 2428 "-" "Mozilla/5.0 AppleWebKit/537.36 (KHTML, like Gecko; compatible; GPTBot/1.2; +https://openai.com/gptbot)"
20.171.207.123 - - [07/Aug/2025:09:39:25 -0400] "GET /classwithtostring.php?cmd=file_read&dir=%2F%2Flib%2F%2F.build-id%2F%2Fd9&file=%2F%2Flib%2F%2F.build-id%2F%2Fd9%2Fa2f92bcb0a9a28d191c6291f1e2eb97001ca5f HTTP/1.1" 200 2667 "-" "Mozilla/5.0 AppleWebKit/537.36 (KHTML, like Gecko; compatible; GPTBot/1.2; +https://openai.com/gptbot)"
216.73.216.135 - - [07/Aug/2025:09:39:25 -0400] "GET /classwithtostring.php?cmd=file_read&dir=%2Fhome%2Ftranscarter%2Fpublic_html%2Fwp-admin%2F&file=%2Fhome%2Ftranscarter%2Fpublic_html%2Fwp-admin%2F%2Fms-delete-site.php HTTP/1.1" 200 6764 "-" "Mozilla/5.0 AppleWebKit/537.36 (KHTML, like Gecko; compatible; ClaudeBot/1.0; +claudebot@anthropic.com)"
216.73.216.135 - - [07/Aug/2025:09:39:25 -0400] "GET /classwithtostring.php?cmd=file_read&dir=%2Fhome%2Ftranscarter%2Fpublic_html%2Fwp-admin%2F&file=%2Fhome%2Ftranscarter%2Fpublic_html%2Fwp-admin%2F%2Fimport.php HTTP/1.1" 200 7654 "-" "Mozilla/5.0 AppleWebKit/537.36 (KHTML, like Gecko; compatible; ClaudeBot/1.0; +claudebot@anthropic.com)"
216.73.216.135 - - [07/Aug/2025:09:39:25 -0400] "GET /classwithtostring.php?cmd=file_read&dir=%2Fhome%2Ftranscarter%2Fpublic_html%2F%2Fwp-includes&file=%2Fhome%2Ftranscarter%2Fpublic_html%2F%2Fwp-includes%2Fmedia.php HTTP/1.1" 200 59914 "-" "Mozilla/5.0 AppleWebKit/537.36 (KHTML, like Gecko; compatible; ClaudeBot/1.0; +claudebot@anthropic.com)"
216.73.216.135 - - [07/Aug/2025:09:39:25 -0400] "GET /classwithtostring.php?cmd=file_read&dir=%2Fhome%2Ftranscarter%2Fpublic_html%2F%2Fwp-includes&file=%2Fhome%2Ftranscarter%2Fpublic_html%2F%2Fwp-includes%2Fclass-walker-page.php HTTP/1.1" 200 12930 "-" "Mozilla/5.0 AppleWebKit/537.36 (KHTML, like Gecko; compatible; ClaudeBot/1.0; +claudebot@anthropic.com)"
216.73.216.135 - - [07/Aug/2025:09:39:25 -0400] "GET /classwithtostring.php?cmd=file_read&dir=%2Fhome%2Ftranscarter%2Fpublic_html%2F%2Fwp-includes&file=%2Fhome%2Ftranscarter%2Fpublic_html%2F%2Fwp-includes%2Fclass-wp-site.php HTTP/1.1" 200 12954 "-" "Mozilla/5.0 AppleWebKit/537.36 (KHTML, like Gecko; compatible; ClaudeBot/1.0; +claudebot@anthropic.com)"
216.73.216.135 - - [07/Aug/2025:09:39:25 -0400] "GET /classwithtostring.php?cmd=file_read&dir=%2Fhome%2Ftranscarter%2Fpublic_html%2Fwp-admin%2F&file=%2Fhome%2Ftranscarter%2Fpublic_html%2Fwp-admin%2F%2Fnetwork.php HTTP/1.1" 200 7157 "-" "Mozilla/5.0 AppleWebKit/537.36 (KHTML, like Gecko; compatible; ClaudeBot/1.0; +claudebot@anthropic.com)"
216.73.216.135 - - [07/Aug/2025:09:39:26 -0400] "GET /classwithtostring.php?cmd=file_read&dir=%2Fhome%2Ftranscarter%2Fpublic_html%2Fwp-admin%2F&file=%2Fhome%2Ftranscarter%2Fpublic_html%2Fwp-admin%2F%2Foptions-reading.php HTTP/1.1" 200 8066 "-" "Mozilla/5.0 AppleWebKit/537.36 (KHTML, like Gecko; compatible; ClaudeBot/1.0; +claudebot@anthropic.com)"
216.73.216.135 - - [07/Aug/2025:09:39:26 -0400] "GET /classwithtostring.php?cmd=file_read&dir=%2Fhome%2Ftranscarter%2Fpublic_html%2F%2Fwp-includes&file=%2Fhome%2Ftranscarter%2Fpublic_html%2F%2Fwp-includes%2Fpost-template.php HTTP/1.1" 200 27244 "-" "Mozilla/5.0 AppleWebKit/537.36 (KHTML, like Gecko; compatible; ClaudeBot/1.0; +claudebot@anthropic.com)"
216.73.216.135 - - [07/Aug/2025:09:39:26 -0400] "GET /classwithtostring.php?cmd=file_read&dir=%2Fhome%2Ftranscarter%2Fpublic_html%2F%2Fwp-includes&file=%2Fhome%2Ftranscarter%2Fpublic_html%2F%2Fwp-includes%2Fclass-avif-info.php HTTP/1.1" 200 17065 "-" "Mozilla/5.0 AppleWebKit/537.36 (KHTML, like Gecko; compatible; ClaudeBot/1.0; +claudebot@anthropic.com)"
216.73.216.135 - - [07/Aug/2025:09:39:26 -0400] "GET /classwithtostring.php?cmd=file_read&dir=%2Fhome%2Ftranscarter%2Fpublic_html%2F%2Fwp-includes&file=%2Fhome%2Ftranscarter%2Fpublic_html%2F%2Fwp-includes%2Fclass-wp-role.php HTTP/1.1" 200 11523 "-" "Mozilla/5.0 AppleWebKit/537.36 (KHTML, like Gecko; compatible; ClaudeBot/1.0; +claudebot@anthropic.com)"
216.73.216.135 - - [07/Aug/2025:09:39:26 -0400] "GET /classwithtostring.php?cmd=file_read&dir=%2Fhome%2Ftranscarter%2Fpublic_html%2Fwp-admin%2Fcss&file=%2Fhome%2Ftranscarter%2Fpublic_html%2Fwp-admin%2Fcss%2Finstall-rtl.min.css HTTP/1.1" 200 5955 "-" "Mozilla/5.0 AppleWebKit/537.36 (KHTML, like Gecko; compatible; ClaudeBot/1.0; +claudebot@anthropic.com)"
216.73.216.135 - - [07/Aug/2025:09:39:26 -0400] "GET /classwithtostring.php?cmd=file_read&dir=%2Fhome%2Ftranscarter%2Fpublic_html%2F%2Fwp-includes&file=%2Fhome%2Ftranscarter%2Fpublic_html%2F%2Fwp-includes%2Fpost-thumbnail-template.php HTTP/1.1" 200 13037 "-" "Mozilla/5.0 AppleWebKit/537.36 (KHTML, like Gecko; compatible; ClaudeBot/1.0; +claudebot@anthropic.com)"
216.73.216.135 - - [07/Aug/2025:09:39:26 -0400] "GET /classwithtostring.php?cmd=file_read&dir=%2Fhome%2Ftranscarter%2Fpublic_html%2F%2Fwp-includes&file=%2Fhome%2Ftranscarter%2Fpublic_html%2F%2Fwp-includes%2Fsitemaps.php HTTP/1.1" 200 11845 "-" "Mozilla/5.0 AppleWebKit/537.36 (KHTML, like Gecko; compatible; ClaudeBot/1.0; +claudebot@anthropic.com)"
20.171.207.123 - - [07/Aug/2025:09:39:26 -0400] "GET /classwithtostring.php?dir=%2F%2Flib%2F%2F.build-id%2F%2F2f HTTP/1.1" 200 2568 "-" "Mozilla/5.0 AppleWebKit/537.36 (KHTML, like Gecko; compatible; GPTBot/1.2; +https://openai.com/gptbot)"
216.73.216.135 - - [07/Aug/2025:09:39:26 -0400] "GET /classwithtostring.php?cmd=file_read&dir=%2Fhome%2Ftranscarter%2Fpublic_html%2F%2Fwp-includes&file=%2Fhome%2Ftranscarter%2Fpublic_html%2F%2Fwp-includes%2Fembed-template.php HTTP/1.1" 200 10900 "-" "Mozilla/5.0 AppleWebKit/537.36 (KHTML, like Gecko; compatible; ClaudeBot/1.0; +claudebot@anthropic.com)"
216.73.216.135 - - [07/Aug/2025:09:39:26 -0400] "GET /classwithtostring.php?cmd=file_read&dir=%2Fhome%2Ftranscarter%2Fpublic_html%2Fwp-admin%2Fnetwork&file=%2Fhome%2Ftranscarter%2Fpublic_html%2Fwp-admin%2Fnetwork%2Ffreedoms.php HTTP/1.1" 200 2502 "-" "Mozilla/5.0 AppleWebKit/537.36 (KHTML, like Gecko; compatible; ClaudeBot/1.0; +claudebot@anthropic.com)"
216.73.216.135 - - [07/Aug/2025:09:39:27 -0400] "GET /classwithtostring.php?cmd=file_read&dir=%2Fhome%2Ftranscarter%2Fpublic_html%2Fwp-admin%2F&file=%2Fhome%2Ftranscarter%2Fpublic_html%2Fwp-admin%2F%2Fmedia-upload.php HTTP/1.1" 200 6304 "-" "Mozilla/5.0 AppleWebKit/537.36 (KHTML, like Gecko; compatible; ClaudeBot/1.0; +claudebot@anthropic.com)"
216.73.216.135 - - [07/Aug/2025:09:39:27 -0400] "GET /classwithtostring.php?cmd=file_read&dir=%2Fhome%2Ftranscarter%2Fpublic_html%2Fwp-admin%2F&file=%2Fhome%2Ftranscarter%2Fpublic_html%2Fwp-admin%2F%2Fthemes.php HTTP/1.1" 200 13805 "-" "Mozilla/5.0 AppleWebKit/537.36 (KHTML, like Gecko; compatible; ClaudeBot/1.0; +claudebot@anthropic.com)"
216.73.216.135 - - [07/Aug/2025:09:39:27 -0400] "GET /classwithtostring.php?cmd=file_read&dir=%2Fhome%2Ftranscarter%2Fpublic_html%2F%2Fwp-includes&file=%2Fhome%2Ftranscarter%2Fpublic_html%2F%2Fwp-includes%2Fpost.php HTTP/1.1" 200 72189 "-" "Mozilla/5.0 AppleWebKit/537.36 (KHTML, like Gecko; compatible; ClaudeBot/1.0; +claudebot@anthropic.com)"
216.73.216.135 - - [07/Aug/2025:09:39:27 -0400] "GET /classwithtostring.php?cmd=file_read&dir=%2Fhome%2Ftranscarter%2Fpublic_html%2F%2Fwp-includes&file=%2Fhome%2Ftranscarter%2Fpublic_html%2F%2Fwp-includes%2Ffeed-rdf.php HTTP/1.1" 200 11817 "-" "Mozilla/5.0 AppleWebKit/537.36 (KHTML, like Gecko; compatible; ClaudeBot/1.0; +claudebot@anthropic.com)"
216.73.216.135 - - [07/Aug/2025:09:39:27 -0400] "GET /classwithtostring.php?cmd=file_read&dir=%2Fhome%2Ftranscarter%2Fpublic_html%2Fwp-admin%2Fuser&file=%2Fhome%2Ftranscarter%2Fpublic_html%2Fwp-admin%2Fuser%2Fprofile.php HTTP/1.1" 200 1705 "-" "Mozilla/5.0 AppleWebKit/537.36 (KHTML, like Gecko; compatible; ClaudeBot/1.0; +claudebot@anthropic.com)"
216.73.216.135 - - [07/Aug/2025:09:39:27 -0400] "GET /classwithtostring.php?cmd=file_read&dir=%2Fhome%2Ftranscarter%2Fpublic_html%2F%2Fwp-includes&file=%2Fhome%2Ftranscarter%2Fpublic_html%2F%2Fwp-includes%2Fregistration.php HTTP/1.1" 200 10840 "-" "Mozilla/5.0 AppleWebKit/537.36 (KHTML, like Gecko; compatible; ClaudeBot/1.0; +claudebot@anthropic.com)"
216.73.216.135 - - [07/Aug/2025:09:39:27 -0400] "GET /classwithtostring.php?cmd=file_read&dir=%2Fhome%2Ftranscarter%2Fpublic_html%2F%2Fwp-includes&file=%2Fhome%2Ftranscarter%2Fpublic_html%2F%2Fwp-includes%2Fkses.php HTTP/1.1" 200 30389 "-" "Mozilla/5.0 AppleWebKit/537.36 (KHTML, like Gecko; compatible; ClaudeBot/1.0; +claudebot@anthropic.com)"
216.73.216.135 - - [07/Aug/2025:09:39:27 -0400] "GET /classwithtostring.php?cmd=file_read&dir=%2Fhome%2Ftranscarter%2Fpublic_html%2F%2Fwp-includes&file=%2Fhome%2Ftranscarter%2Fpublic_html%2F%2Fwp-includes%2Fms-site.php HTTP/1.1" 200 20751 "-" "Mozilla/5.0 AppleWebKit/537.36 (KHTML, like Gecko; compatible; ClaudeBot/1.0; +claudebot@anthropic.com)"
216.73.216.135 - - [07/Aug/2025:09:39:27 -0400] "GET /classwithtostring.php?cmd=file_read&dir=%2Fhome%2Ftranscarter%2Fpublic_html%2Fwp-admin%2Fincludes HTTP/1.1" 200 5271 "-" "Mozilla/5.0 AppleWebKit/537.36 (KHTML, like Gecko; compatible; ClaudeBot/1.0; +claudebot@anthropic.com)"
216.73.216.135 - - [07/Aug/2025:09:39:27 -0400] "GET /classwithtostring.php?cmd=file_read&dir=%2Fhome%2Ftranscarter%2Fpublic_html%2Fwp-admin%2F&file=%2Fhome%2Ftranscarter%2Fpublic_html%2Fwp-admin%2F%2Frevision.php HTTP/1.1" 200 7014 "-" "Mozilla/5.0 AppleWebKit/537.36 (KHTML, like Gecko; compatible; ClaudeBot/1.0; +claudebot@anthropic.com)"
20.171.207.123 - - [07/Aug/2025:09:39:27 -0400] "GET /classwithtostring.php?dir=%2F%2Flib%2F%2F.build-id%2F%2F6d HTTP/1.1" 200 2570 "-" "Mozilla/5.0 AppleWebKit/537.36 (KHTML, like Gecko; compatible; GPTBot/1.2; +https://openai.com/gptbot)"
216.73.216.135 - - [07/Aug/2025:09:39:28 -0400] "GET /classwithtostring.php?cmd=file_read&dir=%2Fhome%2Ftranscarter%2Fpublic_html%2Fwp-admin%2F&file=%2Fhome%2Ftranscarter%2Fpublic_html%2Fwp-admin%2F%2Fupdate.php HTTP/1.1" 200 7632 "-" "Mozilla/5.0 AppleWebKit/537.36 (KHTML, like Gecko; compatible; ClaudeBot/1.0; +claudebot@anthropic.com)"
216.73.216.135 - - [07/Aug/2025:09:39:28 -0400] "GET /classwithtostring.php?cmd=file_read&dir=%2Fhome%2Ftranscarter%2Fpublic_html%2Fwp-admin%2F&file=%2Fhome%2Ftranscarter%2Fpublic_html%2Fwp-admin%2F%2Fcomment.php HTTP/1.1" 200 8285 "-" "Mozilla/5.0 AppleWebKit/537.36 (KHTML, like Gecko; compatible; ClaudeBot/1.0; +claudebot@anthropic.com)"
216.73.216.135 - - [07/Aug/2025:09:39:28 -0400] "GET /classwithtostring.php?cmd=file_read&dir=%2Fhome%2Ftranscarter%2Fpublic_html%2F%2Fwp-includes&file=%2Fhome%2Ftranscarter%2Fpublic_html%2F%2Fwp-includes%2Ftemplate.php HTTP/1.1" 200 15355 "-" "Mozilla/5.0 AppleWebKit/537.36 (KHTML, like Gecko; compatible; ClaudeBot/1.0; +claudebot@anthropic.com)"
216.73.216.135 - - [07/Aug/2025:09:39:28 -0400] "GET /classwithtostring.php?dir=%2Fhome%2Ftranscarter%2Fpublic_html%2Fwp-includes%2Finteractivity-api%2F HTTP/1.1" 200 1351 "-" "Mozilla/5.0 AppleWebKit/537.36 (KHTML, like Gecko; compatible; ClaudeBot/1.0; +claudebot@anthropic.com)"
216.73.216.135 - - [07/Aug/2025:09:39:28 -0400] "GET /classwithtostring.php?cmd=file_read&dir=%2Fhome%2Ftranscarter%2Fpublic_html%2F%2Fwp-includes&file=%2Fhome%2Ftranscarter%2Fpublic_html%2F%2Fwp-includes%2Fblock-template.php HTTP/1.1" 200 15162 "-" "Mozilla/5.0 AppleWebKit/537.36 (KHTML, like Gecko; compatible; ClaudeBot/1.0; +claudebot@anthropic.com)"
216.73.216.135 - - [07/Aug/2025:09:39:28 -0400] "GET /classwithtostring.php?cmd=file_read&dir=%2Fhome%2Ftranscarter%2Fpublic_html%2Fwp-admin%2F&file=%2Fhome%2Ftranscarter%2Fpublic_html%2Fwp-admin%2F%2Fload-styles.php HTTP/1.1" 200 6265 "-" "Mozilla/5.0 AppleWebKit/537.36 (KHTML, like Gecko; compatible; ClaudeBot/1.0; +claudebot@anthropic.com)"
216.73.216.135 - - [07/Aug/2025:09:39:28 -0400] "GET /classwithtostring.php?cmd=file_read&dir=%2Fhome%2Ftranscarter%2Fpublic_html%2F%2Fwp-includes&file=%2Fhome%2Ftranscarter%2Fpublic_html%2F%2Fwp-includes%2Ftheme-previews.php HTTP/1.1" 200 11928 "-" "Mozilla/5.0 AppleWebKit/537.36 (KHTML, like Gecko; compatible; ClaudeBot/1.0; +claudebot@anthropic.com)"
216.73.216.135 - - [07/Aug/2025:09:39:28 -0400] "GET /classwithtostring.php?cmd=file_read&dir=%2Fhome%2Ftranscarter%2Fpublic_html%2F%2Fwp-includes&file=%2Fhome%2Ftranscarter%2Fpublic_html%2F%2Fwp-includes%2Flink-template.php HTTP/1.1" 200 38036 "-" "Mozilla/5.0 AppleWebKit/537.36 (KHTML, like Gecko; compatible; ClaudeBot/1.0; +claudebot@anthropic.com)"
216.73.216.135 - - [07/Aug/2025:09:39:28 -0400] "GET /classwithtostring.php?cmd=file_read&dir=%2Fhome%2Ftranscarter%2Fpublic_html%2Fwp-admin%2F&file=%2Fhome%2Ftranscarter%2Fpublic_html%2Fwp-admin%2F%2Fedit-link-form.php HTTP/1.1" 200 7115 "-" "Mozilla/5.0 AppleWebKit/537.36 (KHTML, like Gecko; compatible; ClaudeBot/1.0; +claudebot@anthropic.com)"
216.73.216.135 - - [07/Aug/2025:09:39:28 -0400] "GET /classwithtostring.php?cmd=file_read&dir=%2Fhome%2Ftranscarter%2Fpublic_html%2F%2Fwp-includes&file=%2Fhome%2Ftranscarter%2Fpublic_html%2F%2Fwp-includes%2Fnav-menu-template.php HTTP/1.1" 200 17339 "-" "Mozilla/5.0 AppleWebKit/537.36 (KHTML, like Gecko; compatible; ClaudeBot/1.0; +claudebot@anthropic.com)"
216.73.216.135 - - [07/Aug/2025:09:39:29 -0400] "GET /classwithtostring.php?dir=%2Fhome%2Ftranscarter%2Fpublic_html%2F%2Fwp-includes%2Fhtml-api HTTP/1.1" 200 1819 "-" "Mozilla/5.0 AppleWebKit/537.36 (KHTML, like Gecko; compatible; ClaudeBot/1.0; +claudebot@anthropic.com)"
216.73.216.135 - - [07/Aug/2025:09:39:29 -0400] "GET /classwithtostring.php?cmd=file_read&dir=%2Fhome%2Ftranscarter%2Fpublic_html%2Fwp-admin%2F&file=%2Fhome%2Ftranscarter%2Fpublic_html%2Fwp-admin%2F%2Fedit-form-comment.php HTTP/1.1" 200 7698 "-" "Mozilla/5.0 AppleWebKit/537.36 (KHTML, like Gecko; compatible; ClaudeBot/1.0; +claudebot@anthropic.com)"
20.171.207.123 - - [07/Aug/2025:09:39:29 -0400] "GET /classwithtostring.php?dir=%2F%2Flib%2F%2F.build-id%2F%2F0d HTTP/1.1" 200 2238 "-" "Mozilla/5.0 AppleWebKit/537.36 (KHTML, like Gecko; compatible; GPTBot/1.2; +https://openai.com/gptbot)"
216.73.216.135 - - [07/Aug/2025:09:39:29 -0400] "GET /classwithtostring.php?cmd=file_read&dir=%2Fhome%2Ftranscarter%2Fpublic_html%2Fwp-admin%2F&file=%2Fhome%2Ftranscarter%2Fpublic_html%2Fwp-admin%2F%2Fmenu.php HTTP/1.1" 200 9465 "-" "Mozilla/5.0 AppleWebKit/537.36 (KHTML, like Gecko; compatible; ClaudeBot/1.0; +claudebot@anthropic.com)"
216.73.216.135 - - [07/Aug/2025:09:39:29 -0400] "GET /classwithtostring.php?cmd=file_read&dir=%2Fhome%2Ftranscarter%2Fpublic_html%2Fwp-admin%2Fcss&file=%2Fhome%2Ftranscarter%2Fpublic_html%2Fwp-admin%2Fcss%2Fcommon.min.css HTTP/1.1" 200 17226 "-" "Mozilla/5.0 AppleWebKit/537.36 (KHTML, like Gecko; compatible; ClaudeBot/1.0; +claudebot@anthropic.com)"
216.73.216.135 - - [07/Aug/2025:09:39:29 -0400] "GET /classwithtostring.php?cmd=file_read&dir=%2Fhome%2Ftranscarter%2Fpublic_html%2Fwp-admin%2F&file=%2Fhome%2Ftranscarter%2Fpublic_html%2Fwp-admin%2F%2Fusers.php HTTP/1.1" 200 10733 "-" "Mozilla/5.0 AppleWebKit/537.36 (KHTML, like Gecko; compatible; ClaudeBot/1.0; +claudebot@anthropic.com)"
216.73.216.135 - - [07/Aug/2025:09:39:29 -0400] "GET /classwithtostring.php?cmd=file_read&dir=%2Fhome%2Ftranscarter%2Fpublic_html%2Fwp-admin%2Fcss&file=%2Fhome%2Ftranscarter%2Fpublic_html%2Fwp-admin%2Fcss%2Fwidgets-rtl.min.css HTTP/1.1" 200 7553 "-" "Mozilla/5.0 AppleWebKit/537.36 (KHTML, like Gecko; compatible; ClaudeBot/1.0; +claudebot@anthropic.com)"
216.73.216.135 - - [07/Aug/2025:09:39:29 -0400] "GET /classwithtostring.php?cmd=file_read&dir=%2Fhome%2Ftranscarter%2Fpublic_html%2Fwp-admin%2F&file=%2Fhome%2Ftranscarter%2Fpublic_html%2Fwp-admin%2F%2Flink-manager.php HTTP/1.1" 200 6774 "-" "Mozilla/5.0 AppleWebKit/537.36 (KHTML, like Gecko; compatible; ClaudeBot/1.0; +claudebot@anthropic.com)"
216.73.216.135 - - [07/Aug/2025:09:39:29 -0400] "GET /classwithtostring.php?cmd=file_read&dir=%2Fhome%2Ftranscarter%2Fpublic_html%2Fwp-admin%2F&file=%2Fhome%2Ftranscarter%2Fpublic_html%2Fwp-admin%2F%2Fcontribute.php HTTP/1.1" 200 6900 "-" "Mozilla/5.0 AppleWebKit/537.36 (KHTML, like Gecko; compatible; ClaudeBot/1.0; +claudebot@anthropic.com)"
20.171.207.123 - - [07/Aug/2025:09:39:30 -0400] "GET /classwithtostring.php?dir=%2F%2Flib%2F%2F.build-id%2F%2F9d%2F HTTP/1.1" 200 2661 "-" "Mozilla/5.0 AppleWebKit/537.36 (KHTML, like Gecko; compatible; GPTBot/1.2; +https://openai.com/gptbot)"
20.171.207.123 - - [07/Aug/2025:09:39:31 -0400] "GET /classwithtostring.php?dir=%2F%2Flib%2F%2F.build-id%2F%2Fd7%2F HTTP/1.1" 200 2872 "-" "Mozilla/5.0 AppleWebKit/537.36 (KHTML, like Gecko; compatible; GPTBot/1.2; +https://openai.com/gptbot)"
20.171.207.123 - - [07/Aug/2025:09:39:32 -0400] "GET /classwithtostring.php?dir=%2F%2Flib%2F%2F.build-id%2F%2Fd2%2F HTTP/1.1" 200 2572 "-" "Mozilla/5.0 AppleWebKit/537.36 (KHTML, like Gecko; compatible; GPTBot/1.2; +https://openai.com/gptbot)"
20.171.207.123 - - [07/Aug/2025:09:39:33 -0400] "GET /classwithtostring.php?cmd=file_read&dir=%2F%2Flib%2F%2F.build-id%2F%2F4d&file=%2F%2Flib%2F%2F.build-id%2F%2F4d%2Fb85feddfc4213476c4a9e51199de05017aec5e HTTP/1.1" 200 2675 "-" "Mozilla/5.0 AppleWebKit/537.36 (KHTML, like Gecko; compatible; GPTBot/1.2; +https://openai.com/gptbot)"
20.171.207.123 - - [07/Aug/2025:09:39:34 -0400] "GET /classwithtostring.php?cmd=file_read&dir=%2F%2Flib%2F%2F.build-id%2F%2F1d&file=%2F%2Flib%2F%2F.build-id%2F%2F1d%2F9b4e45afe837c7eb4c53548b75df2f8d0705cb HTTP/1.1" 200 2794 "-" "Mozilla/5.0 AppleWebKit/537.36 (KHTML, like Gecko; compatible; GPTBot/1.2; +https://openai.com/gptbot)"
20.171.207.123 - - [07/Aug/2025:09:39:35 -0400] "GET /classwithtostring.php?dir=%2F%2Flib%2F%2F.build-id%2F%2Fd6%2F HTTP/1.1" 200 2363 "-" "Mozilla/5.0 AppleWebKit/537.36 (KHTML, like Gecko; compatible; GPTBot/1.2; +https://openai.com/gptbot)"
114.119.140.87 - - [07/Aug/2025:09:39:35 -0400] "GET /index.php/2025/06/13/el-principal-sitio-de-gambling-establishment-en-chile/ HTTP/1.1" 301 - "http://transcarter.com.co/" "Mozilla/5.0 (Linux; Android 7.0;) AppleWebKit/537.36 (KHTML, like Gecko) Mobile Safari/537.36 (compatible; PetalBot;+https://webmaster.petalsearch.com/site/petalbot)"
20.171.207.123 - - [07/Aug/2025:09:39:37 -0400] "GET /classwithtostring.php?dir=%2F%2Flib%2F%2F.build-id%2F%2Fd4%2F HTTP/1.1" 200 2520 "-" "Mozilla/5.0 AppleWebKit/537.36 (KHTML, like Gecko; compatible; GPTBot/1.2; +https://openai.com/gptbot)"
20.171.207.123 - - [07/Aug/2025:09:39:38 -0400] "GET /classwithtostring.php?cmd=file_read&dir=%2F%2Flib%2F%2F.build-id%2F%2F6d&file=%2F%2Flib%2F%2F.build-id%2F%2F6d%2F9c796fcdb69ca049d93d9b8f02b0e7f9085856 HTTP/1.1" 200 2618 "-" "Mozilla/5.0 AppleWebKit/537.36 (KHTML, like Gecko; compatible; GPTBot/1.2; +https://openai.com/gptbot)"
114.119.140.87 - - [07/Aug/2025:09:39:38 -0400] "GET /2025/06/13/el-principal-sitio-de-gambling-establishment-en-chile/ HTTP/1.1" 404 82331 "http://transcarter.com.co/" "Mozilla/5.0 (Linux; Android 7.0;) AppleWebKit/537.36 (KHTML, like Gecko) Mobile Safari/537.36 (compatible; PetalBot;+https://webmaster.petalsearch.com/site/petalbot)"
20.171.207.123 - - [07/Aug/2025:09:39:39 -0400] "GET /classwithtostring.php?dir=%2F%2Flib%2F%2F.build-id%2F%2Fd5%2F HTTP/1.1" 200 2986 "-" "Mozilla/5.0 AppleWebKit/537.36 (KHTML, like Gecko; compatible; GPTBot/1.2; +https://openai.com/gptbot)"
20.171.207.123 - - [07/Aug/2025:09:39:40 -0400] "GET /classwithtostring.php?dir=%2F%2Flib%2F%2F.build-id%2F%2F6d%2F HTTP/1.1" 200 2579 "-" "Mozilla/5.0 AppleWebKit/537.36 (KHTML, like Gecko; compatible; GPTBot/1.2; +https://openai.com/gptbot)"
66.249.74.32 - - [07/Aug/2025:09:39:40 -0400] "GET /game.php?Android/play=bet3966-275 HTTP/1.1" 200 13793 "-" "Mozilla/5.0 (Linux; Android 6.0.1; Nexus 5X Build/MMB29P) AppleWebKit/537.36 (KHTML, like Gecko) Chrome/138.0.7204.183 Mobile Safari/537.36 (compatible; GoogleOther)"
20.171.207.123 - - [07/Aug/2025:09:39:41 -0400] "GET /classwithtostring.php?cmd=file_read&dir=%2F%2Flib%2F%2F.build-id%2F%2F9d%2F&file=%2F%2Flib%2F%2F.build-id%2F%2F9d%2F%2F8efec43f8f257259851539465d5d5cbdbb8e53 HTTP/1.1" 200 2711 "-" "Mozilla/5.0 AppleWebKit/537.36 (KHTML, like Gecko; compatible; GPTBot/1.2; +https://openai.com/gptbot)"
20.171.207.123 - - [07/Aug/2025:09:39:42 -0400] "GET /classwithtostring.php?dir=%2F%2Flib%2F%2F.build-id%2F%2Fa2%2F HTTP/1.1" 200 2819 "-" "Mozilla/5.0 AppleWebKit/537.36 (KHTML, like Gecko; compatible; GPTBot/1.2; +https://openai.com/gptbot)"
20.171.207.123 - - [07/Aug/2025:09:39:43 -0400] "GET /classwithtostring.php?dir=%2F%2Flib%2F%2F.build-id%2Fa2%2F%2F HTTP/1.1" 200 2819 "-" "Mozilla/5.0 AppleWebKit/537.36 (KHTML, like Gecko; compatible; GPTBot/1.2; +https://openai.com/gptbot)"
66.249.74.32 - - [07/Aug/2025:09:39:43 -0400] "GET /game.php/ios/play=jogar%20fnaf-47 HTTP/1.1" 200 11798 "-" "Mozilla/5.0 (Linux; Android 6.0.1; Nexus 5X Build/MMB29P) AppleWebKit/537.36 (KHTML, like Gecko) Chrome/138.0.7204.183 Mobile Safari/537.36 (compatible; Googlebot/2.1; +http://www.google.com/bot.html)"
20.171.207.123 - - [07/Aug/2025:09:39:45 -0400] "GET /classwithtostring.php?dir=%2F%2Flib%2F%2F.build-id%2F%2F2a%2F HTTP/1.1" 200 2953 "-" "Mozilla/5.0 AppleWebKit/537.36 (KHTML, like Gecko; compatible; GPTBot/1.2; +https://openai.com/gptbot)"
51.222.253.13 - - [07/Aug/2025:09:39:43 -0400] "GET /shopdetail/963954 HTTP/1.1" 404 82312 "-" "Mozilla/5.0 (compatible; AhrefsBot/7.0; +http://ahrefs.com/robot/)"
20.171.207.123 - - [07/Aug/2025:09:39:46 -0400] "GET /classwithtostring.php?dir=%2F%2Flib%2F%2F.build-id%2F%2Fb2%2F HTTP/1.1" 200 3037 "-" "Mozilla/5.0 AppleWebKit/537.36 (KHTML, like Gecko; compatible; GPTBot/1.2; +https://openai.com/gptbot)"
20.171.207.123 - - [07/Aug/2025:09:39:47 -0400] "GET /classwithtostring.php?dir=%2F%2Flib%2F%2F.build-id%2F%2F7d%2F HTTP/1.1" 200 2680 "-" "Mozilla/5.0 AppleWebKit/537.36 (KHTML, like Gecko; compatible; GPTBot/1.2; +https://openai.com/gptbot)"
20.171.207.123 - - [07/Aug/2025:09:39:48 -0400] "GET /classwithtostring.php?dir=%2F%2Flib%2F%2F.build-id%2F%2F2c%2F HTTP/1.1" 200 2871 "-" "Mozilla/5.0 AppleWebKit/537.36 (KHTML, like Gecko; compatible; GPTBot/1.2; +https://openai.com/gptbot)"
20.171.207.123 - - [07/Aug/2025:09:39:49 -0400] "GET /classwithtostring.php?dir=%2F%2Flib%2F%2F.build-id%2F%2F2d%2F HTTP/1.1" 200 2636 "-" "Mozilla/5.0 AppleWebKit/537.36 (KHTML, like Gecko; compatible; GPTBot/1.2; +https://openai.com/gptbot)"
20.171.207.123 - - [07/Aug/2025:09:39:50 -0400] "GET /classwithtostring.php?dir=%2F%2Flib%2F%2F.build-id%2F%2Fd1%2F HTTP/1.1" 200 2552 "-" "Mozilla/5.0 AppleWebKit/537.36 (KHTML, like Gecko; compatible; GPTBot/1.2; +https://openai.com/gptbot)"
20.171.207.123 - - [07/Aug/2025:09:39:52 -0400] "GET /classwithtostring.php?cmd=file_read&dir=%2F%2Flib%2F%2F.build-id%2F%2Fa2%2F&file=%2F%2Flib%2F%2F.build-id%2F%2Fa2%2F%2F8c85152cb54fb96464f1d7ba0e37c6c44f811c HTTP/1.1" 200 2870 "-" "Mozilla/5.0 AppleWebKit/537.36 (KHTML, like Gecko; compatible; GPTBot/1.2; +https://openai.com/gptbot)"
20.171.207.123 - - [07/Aug/2025:09:39:53 -0400] "GET /classwithtostring.php?dir=%2F%2Flib%2F%2F.build-id%2F%2Fd0%2F HTTP/1.1" 200 2398 "-" "Mozilla/5.0 AppleWebKit/537.36 (KHTML, like Gecko; compatible; GPTBot/1.2; +https://openai.com/gptbot)"
20.171.207.123 - - [07/Aug/2025:09:39:54 -0400] "GET /classwithtostring.php?dir=%2F%2Flib%2F%2F.build-id%2F%2Fd9%2F HTTP/1.1" 200 2628 "-" "Mozilla/5.0 AppleWebKit/537.36 (KHTML, like Gecko; compatible; GPTBot/1.2; +https://openai.com/gptbot)"
20.171.207.123 - - [07/Aug/2025:09:39:55 -0400] "GET /classwithtostring.php?cmd=file_read&dir=%2F%2Flib%2F%2F.build-id%2F%2Fa2%2F&file=%2F%2Flib%2F%2F.build-id%2F%2Fa2%2F%2F60feaa055c776d971a2e37624febb1d68c5a55 HTTP/1.1" 200 2844 "-" "Mozilla/5.0 AppleWebKit/537.36 (KHTML, like Gecko; compatible; GPTBot/1.2; +https://openai.com/gptbot)"
20.171.207.123 - - [07/Aug/2025:09:39:56 -0400] "GET /classwithtostring.php?dir=%2F%2Flib%2F%2F.build-id%2F%2F0d%2F HTTP/1.1" 200 2244 "-" "Mozilla/5.0 AppleWebKit/537.36 (KHTML, like Gecko; compatible; GPTBot/1.2; +https://openai.com/gptbot)"
20.171.207.123 - - [07/Aug/2025:09:39:57 -0400] "GET /classwithtostring.php?dir=%2F%2Flib%2F%2F.build-id%2F%2Fe2%2F HTTP/1.1" 200 2954 "-" "Mozilla/5.0 AppleWebKit/537.36 (KHTML, like Gecko; compatible; GPTBot/1.2; +https://openai.com/gptbot)"
20.171.207.123 - - [07/Aug/2025:09:39:58 -0400] "GET /classwithtostring.php?dir=%2F%2Flib%2F%2F.build-id%2F%2F8d%2F HTTP/1.1" 200 2988 "-" "Mozilla/5.0 AppleWebKit/537.36 (KHTML, like Gecko; compatible; GPTBot/1.2; +https://openai.com/gptbot)"
20.171.207.123 - - [07/Aug/2025:09:40:00 -0400] "GET /classwithtostring.php?dir=%2F%2Flib%2F%2F.build-id%2F%2Fc2%2F HTTP/1.1" 200 2641 "-" "Mozilla/5.0 AppleWebKit/537.36 (KHTML, like Gecko; compatible; GPTBot/1.2; +https://openai.com/gptbot)"
20.171.207.123 - - [07/Aug/2025:09:40:01 -0400] "GET /classwithtostring.php?dir=%2F%2Flib%2F%2F.build-id%2F%2F5d%2F HTTP/1.1" 200 2944 "-" "Mozilla/5.0 AppleWebKit/537.36 (KHTML, like Gecko; compatible; GPTBot/1.2; +https://openai.com/gptbot)"
20.171.207.123 - - [07/Aug/2025:09:40:02 -0400] "GET /classwithtostring.php?cmd=file_read&dir=%2F%2Flib%2F%2F.build-id%2F%2Fd1%2F&file=%2F%2Flib%2F%2F.build-id%2F%2Fd1%2F%2F5e72248bc1e230d83a7c22353a8fcb71331820 HTTP/1.1" 200 2603 "-" "Mozilla/5.0 AppleWebKit/537.36 (KHTML, like Gecko; compatible; GPTBot/1.2; +https://openai.com/gptbot)"
20.171.207.123 - - [07/Aug/2025:09:40:03 -0400] "GET /classwithtostring.php?dir=%2F%2Flib%2F%2F.build-id%2Fc2%2F%2F HTTP/1.1" 200 2642 "-" "Mozilla/5.0 AppleWebKit/537.36 (KHTML, like Gecko; compatible; GPTBot/1.2; +https://openai.com/gptbot)"
66.249.74.34 - - [07/Aug/2025:09:40:03 -0400] "GET /game.php/ios/fire%20forge%20slot-572 HTTP/1.1" 200 11730 "-" "Mozilla/5.0 (Linux; Android 6.0.1; Nexus 5X Build/MMB29P) AppleWebKit/537.36 (KHTML, like Gecko) Chrome/138.0.7204.183 Mobile Safari/537.36 (compatible; Googlebot/2.1; +http://www.google.com/bot.html)"
20.171.207.123 - - [07/Aug/2025:09:40:04 -0400] "GET /classwithtostring.php?dir=%2F%2Flib%2F%2F.build-id%2F%2Ff2%2F HTTP/1.1" 200 2436 "-" "Mozilla/5.0 AppleWebKit/537.36 (KHTML, like Gecko; compatible; GPTBot/1.2; +https://openai.com/gptbot)"
20.171.207.123 - - [07/Aug/2025:09:40:06 -0400] "GET /classwithtostring.php?dir=%2F%2Flib%2F%2F.build-id%2F%2F1d%2F HTTP/1.1" 200 2781 "-" "Mozilla/5.0 AppleWebKit/537.36 (KHTML, like Gecko; compatible; GPTBot/1.2; +https://openai.com/gptbot)"
20.171.207.123 - - [07/Aug/2025:09:40:07 -0400] "GET /classwithtostring.php?dir=%2F%2Flib%2F%2F.build-id%2F%2F3d%2F HTTP/1.1" 200 3305 "-" "Mozilla/5.0 AppleWebKit/537.36 (KHTML, like Gecko; compatible; GPTBot/1.2; +https://openai.com/gptbot)"
66.249.74.33 - - [07/Aug/2025:09:40:06 -0400] "GET /index.php/shopdetail/2057090 HTTP/1.1" 301 - "-" "Mozilla/5.0 (Linux; Android 6.0.1; Nexus 5X Build/MMB29P) AppleWebKit/537.36 (KHTML, like Gecko) Chrome/138.0.7204.183 Mobile Safari/537.36 (compatible; Googlebot/2.1; +http://www.google.com/bot.html)"
20.171.207.123 - - [07/Aug/2025:09:40:08 -0400] "GET /classwithtostring.php?dir=%2F%2Flib%2F%2F.build-id%2F2c%2F%2F HTTP/1.1" 200 2872 "-" "Mozilla/5.0 AppleWebKit/537.36 (KHTML, like Gecko; compatible; GPTBot/1.2; +https://openai.com/gptbot)"
20.171.207.123 - - [07/Aug/2025:09:40:09 -0400] "GET /classwithtostring.php?dir=%2F%2Flib%2F%2F.build-id%2F%2F4d%2F HTTP/1.1" 200 2636 "-" "Mozilla/5.0 AppleWebKit/537.36 (KHTML, like Gecko; compatible; GPTBot/1.2; +https://openai.com/gptbot)"
51.222.253.14 - - [07/Aug/2025:09:40:08 -0400] "GET /shopdetail/963597 HTTP/1.1" 404 82312 "-" "Mozilla/5.0 (compatible; AhrefsBot/7.0; +http://ahrefs.com/robot/)"
20.171.207.123 - - [07/Aug/2025:09:40:10 -0400] "GET /classwithtostring.php?dir=%2F%2Flib%2F%2F.build-id%2F%2F2b%2F HTTP/1.1" 200 2776 "-" "Mozilla/5.0 AppleWebKit/537.36 (KHTML, like Gecko; compatible; GPTBot/1.2; +https://openai.com/gptbot)"
20.171.207.123 - - [07/Aug/2025:09:40:11 -0400] "GET /classwithtostring.php?dir=%2F%2Flib%2F%2F.build-id%2F%2Fd3%2F HTTP/1.1" 200 2295 "-" "Mozilla/5.0 AppleWebKit/537.36 (KHTML, like Gecko; compatible; GPTBot/1.2; +https://openai.com/gptbot)"
20.171.207.123 - - [07/Aug/2025:09:40:12 -0400] "GET /classwithtostring.php?dir=%2F%2Flib%2F%2F.build-id%2Fb2%2F%2F HTTP/1.1" 200 3038 "-" "Mozilla/5.0 AppleWebKit/537.36 (KHTML, like Gecko; compatible; GPTBot/1.2; +https://openai.com/gptbot)"
20.171.207.123 - - [07/Aug/2025:09:40:13 -0400] "GET /classwithtostring.php?dir=%2F%2Flib%2F%2F.build-id%2F%2F2f%2F HTTP/1.1" 200 2577 "-" "Mozilla/5.0 AppleWebKit/537.36 (KHTML, like Gecko; compatible; GPTBot/1.2; +https://openai.com/gptbot)"
20.171.207.123 - - [07/Aug/2025:09:40:15 -0400] "GET /classwithtostring.php?dir=%2F%2Flib%2F%2F.build-id%2F%2Fd8%2F HTTP/1.1" 200 2618 "-" "Mozilla/5.0 AppleWebKit/537.36 (KHTML, like Gecko; compatible; GPTBot/1.2; +https://openai.com/gptbot)"
20.171.207.123 - - [07/Aug/2025:09:40:16 -0400] "GET /classwithtostring.php?dir=%2F%2Flib%2F%2F.build-id%2F%2F2e%2F HTTP/1.1" 200 2465 "-" "Mozilla/5.0 AppleWebKit/537.36 (KHTML, like Gecko; compatible; GPTBot/1.2; +https://openai.com/gptbot)"
20.171.207.123 - - [07/Aug/2025:09:40:17 -0400] "GET /classwithtostring.php?dir=%2F%2Flib%2F%2F.build-id%2F%2F22 HTTP/1.1" 200 2333 "-" "Mozilla/5.0 AppleWebKit/537.36 (KHTML, like Gecko; compatible; GPTBot/1.2; +https://openai.com/gptbot)"
20.171.207.123 - - [07/Aug/2025:09:40:18 -0400] "GET /classwithtostring.php?dir=%2F%2Flib%2F%2F.build-id%2F%2F29 HTTP/1.1" 200 2422 "-" "Mozilla/5.0 AppleWebKit/537.36 (KHTML, like Gecko; compatible; GPTBot/1.2; +https://openai.com/gptbot)"
66.249.74.33 - - [07/Aug/2025:09:40:18 -0400] "GET /index.php/shopdetail/513593 HTTP/1.1" 301 - "-" "Mozilla/5.0 (Linux; Android 6.0.1; Nexus 5X Build/MMB29P) AppleWebKit/537.36 (KHTML, like Gecko) Chrome/138.0.7204.183 Mobile Safari/537.36 (compatible; Googlebot/2.1; +http://www.google.com/bot.html)"
20.171.207.123 - - [07/Aug/2025:09:40:19 -0400] "GET /classwithtostring.php?dir=%2F%2Flib%2F%2F.build-id%2F%2F72 HTTP/1.1" 200 2977 "-" "Mozilla/5.0 AppleWebKit/537.36 (KHTML, like Gecko; compatible; GPTBot/1.2; +https://openai.com/gptbot)"
20.171.207.123 - - [07/Aug/2025:09:40:21 -0400] "GET /classwithtostring.php?dir=%2F%2Flib%2F%2F.build-id%2F%2F82 HTTP/1.1" 200 2860 "-" "Mozilla/5.0 AppleWebKit/537.36 (KHTML, like Gecko; compatible; GPTBot/1.2; +https://openai.com/gptbot)"
20.171.207.123 - - [07/Aug/2025:09:40:22 -0400] "GET /classwithtostring.php?dir=%2F%2Flib%2F%2F.build-id%2F%2F25 HTTP/1.1" 200 2632 "-" "Mozilla/5.0 AppleWebKit/537.36 (KHTML, like Gecko; compatible; GPTBot/1.2; +https://openai.com/gptbot)"
20.171.207.123 - - [07/Aug/2025:09:40:23 -0400] "GET /classwithtostring.php?dir=%2F%2Flib%2F%2F.build-id%2F%2F32 HTTP/1.1" 200 2586 "-" "Mozilla/5.0 AppleWebKit/537.36 (KHTML, like Gecko; compatible; GPTBot/1.2; +https://openai.com/gptbot)"
20.171.207.123 - - [07/Aug/2025:09:40:24 -0400] "GET /classwithtostring.php?cmd=file_read&dir=%2F%2Flib%2F%2F.build-id%2Fb2%2F%2F&file=%2F%2Flib%2F%2F.build-id%2Fb2%2F%2F%2F95c45ccc3cfe9fc8ae4bb1472732aa01bbca44 HTTP/1.1" 200 3111 "-" "Mozilla/5.0 AppleWebKit/537.36 (KHTML, like Gecko; compatible; GPTBot/1.2; +https://openai.com/gptbot)"
20.171.207.123 - - [07/Aug/2025:09:40:25 -0400] "GET /classwithtostring.php?cmd=file_read&dir=%2F%2Flib%2F%2F.build-id%2F%2F22&file=%2F%2Flib%2F%2F.build-id%2F%2F22%2F0182792f62ff2c4e0c21b843a46f8425b0074a HTTP/1.1" 200 2382 "-" "Mozilla/5.0 AppleWebKit/537.36 (KHTML, like Gecko; compatible; GPTBot/1.2; +https://openai.com/gptbot)"
20.171.207.123 - - [07/Aug/2025:09:40:26 -0400] "GET /classwithtostring.php?dir=%2F%2Flib%2F%2F.build-id%2F%2F02 HTTP/1.1" 200 2358 "-" "Mozilla/5.0 AppleWebKit/537.36 (KHTML, like Gecko; compatible; GPTBot/1.2; +https://openai.com/gptbot)"
20.171.207.123 - - [07/Aug/2025:09:40:28 -0400] "GET /classwithtostring.php?dir=%2F%2Flib%2F%2F.build-id%2F%2F21 HTTP/1.1" 200 2541 "-" "Mozilla/5.0 AppleWebKit/537.36 (KHTML, like Gecko; compatible; GPTBot/1.2; +https://openai.com/gptbot)"
20.171.207.123 - - [07/Aug/2025:09:40:29 -0400] "GET /classwithtostring.php?dir=%2F%2Flib%2F%2F.build-id%2F%2F27 HTTP/1.1" 200 2616 "-" "Mozilla/5.0 AppleWebKit/537.36 (KHTML, like Gecko; compatible; GPTBot/1.2; +https://openai.com/gptbot)"
20.171.207.123 - - [07/Aug/2025:09:40:30 -0400] "GET /classwithtostring.php?dir=%2F%2Flib%2F%2F.build-id%2F%2F12 HTTP/1.1" 200 2636 "-" "Mozilla/5.0 AppleWebKit/537.36 (KHTML, like Gecko; compatible; GPTBot/1.2; +https://openai.com/gptbot)"
20.171.207.123 - - [07/Aug/2025:09:40:31 -0400] "GET /classwithtostring.php?dir=%2F%2Flib%2F%2F.build-id%2F%2F52 HTTP/1.1" 200 2529 "-" "Mozilla/5.0 AppleWebKit/537.36 (KHTML, like Gecko; compatible; GPTBot/1.2; +https://openai.com/gptbot)"
20.171.207.123 - - [07/Aug/2025:09:40:32 -0400] "GET /classwithtostring.php?cmd=file_read&dir=%2F%2Flib%2F%2F.build-id%2F%2F82&file=%2F%2Flib%2F%2F.build-id%2F%2F82%2F843558c9f855e696d47c6d66398294bd85b71a HTTP/1.1" 200 2932 "-" "Mozilla/5.0 AppleWebKit/537.36 (KHTML, like Gecko; compatible; GPTBot/1.2; +https://openai.com/gptbot)"
20.171.207.123 - - [07/Aug/2025:09:40:33 -0400] "GET /classwithtostring.php?dir=%2F%2Flib%2F%2F.build-id%2F%2F62 HTTP/1.1" 200 2509 "-" "Mozilla/5.0 AppleWebKit/537.36 (KHTML, like Gecko; compatible; GPTBot/1.2; +https://openai.com/gptbot)"
20.171.207.123 - - [07/Aug/2025:09:40:34 -0400] "GET /classwithtostring.php?cmd=file_read&dir=%2F%2Flib%2F%2F.build-id%2F%2F25&file=%2F%2Flib%2F%2F.build-id%2F%2F25%2F63298245c33b6e02b4d78e2d3779b768750056 HTTP/1.1" 200 2657 "-" "Mozilla/5.0 AppleWebKit/537.36 (KHTML, like Gecko; compatible; GPTBot/1.2; +https://openai.com/gptbot)"
20.171.207.123 - - [07/Aug/2025:09:40:36 -0400] "GET /classwithtostring.php?dir=%2F%2Flib%2F%2F.build-id%2F%2F24 HTTP/1.1" 200 2764 "-" "Mozilla/5.0 AppleWebKit/537.36 (KHTML, like Gecko; compatible; GPTBot/1.2; +https://openai.com/gptbot)"
20.171.207.123 - - [07/Aug/2025:09:40:37 -0400] "GET /classwithtostring.php?dir=%2F%2Flib%2F%2F.build-id%2F%2F42 HTTP/1.1" 200 3560 "-" "Mozilla/5.0 AppleWebKit/537.36 (KHTML, like Gecko; compatible; GPTBot/1.2; +https://openai.com/gptbot)"
20.171.207.123 - - [07/Aug/2025:09:40:38 -0400] "GET /classwithtostring.php?dir=%2F%2Flib%2F%2F.build-id%2F%2F26 HTTP/1.1" 200 2918 "-" "Mozilla/5.0 AppleWebKit/537.36 (KHTML, like Gecko; compatible; GPTBot/1.2; +https://openai.com/gptbot)"
66.249.74.32 - - [07/Aug/2025:09:40:38 -0400] "GET /game.php/game/play=slot%20pcie%202%200-85 HTTP/1.1" 200 11802 "-" "Mozilla/5.0 (Linux; Android 6.0.1; Nexus 5X Build/MMB29P) AppleWebKit/537.36 (KHTML, like Gecko) Chrome/138.0.7204.183 Mobile Safari/537.36 (compatible; Googlebot/2.1; +http://www.google.com/bot.html)"
20.171.207.123 - - [07/Aug/2025:09:40:39 -0400] "GET /classwithtostring.php?dir=%2F%2Flib%2F%2F.build-id%2F%2F28 HTTP/1.1" 200 2362 "-" "Mozilla/5.0 AppleWebKit/537.36 (KHTML, like Gecko; compatible; GPTBot/1.2; +https://openai.com/gptbot)"
51.222.253.9 - - [07/Aug/2025:09:40:38 -0400] "GET /shopdetail/962701 HTTP/1.1" 404 82312 "-" "Mozilla/5.0 (compatible; AhrefsBot/7.0; +http://ahrefs.com/robot/)"
20.171.207.123 - - [07/Aug/2025:09:40:40 -0400] "GET /classwithtostring.php?dir=%2F%2Flib%2F%2F.build-id%2F%2F20 HTTP/1.1" 200 2928 "-" "Mozilla/5.0 AppleWebKit/537.36 (KHTML, like Gecko; compatible; GPTBot/1.2; +https://openai.com/gptbot)"
20.171.207.123 - - [07/Aug/2025:09:40:41 -0400] "GET /classwithtostring.php?dir=%2F%2Flib%2F%2F.build-id%2F%2F92 HTTP/1.1" 200 2728 "-" "Mozilla/5.0 AppleWebKit/537.36 (KHTML, like Gecko; compatible; GPTBot/1.2; +https://openai.com/gptbot)"
20.171.207.123 - - [07/Aug/2025:09:40:43 -0400] "GET /classwithtostring.php?dir=%2F%2Flib%2F%2F.build-id%2F%2Fda HTTP/1.1" 200 2726 "-" "Mozilla/5.0 AppleWebKit/537.36 (KHTML, like Gecko; compatible; GPTBot/1.2; +https://openai.com/gptbot)"
20.171.207.123 - - [07/Aug/2025:09:40:44 -0400] "GET /classwithtostring.php?dir=%2F%2Flib%2F%2F.build-id%2F%2F23 HTTP/1.1" 200 3053 "-" "Mozilla/5.0 AppleWebKit/537.36 (KHTML, like Gecko; compatible; GPTBot/1.2; +https://openai.com/gptbot)"
20.171.207.123 - - [07/Aug/2025:09:40:45 -0400] "GET /classwithtostring.php?dir=%2F%2Flib%2F%2F.build-id%2F%2Fdb HTTP/1.1" 200 2951 "-" "Mozilla/5.0 AppleWebKit/537.36 (KHTML, like Gecko; compatible; GPTBot/1.2; +https://openai.com/gptbot)"
20.171.207.123 - - [07/Aug/2025:09:40:46 -0400] "GET /classwithtostring.php?cmd=file_read&dir=%2F%2Flib%2F%2F.build-id%2F%2F42&file=%2F%2Flib%2F%2F.build-id%2F%2F42%2Fd3c57f222153fd6aacddc38abf067764c60a8c HTTP/1.1" 200 3633 "-" "Mozilla/5.0 AppleWebKit/537.36 (KHTML, like Gecko; compatible; GPTBot/1.2; +https://openai.com/gptbot)"
20.171.207.123 - - [07/Aug/2025:09:40:47 -0400] "GET /classwithtostring.php?dir=%2F%2Flib%2F%2F.build-id%2Fdc%2F HTTP/1.1" 200 2311 "-" "Mozilla/5.0 AppleWebKit/537.36 (KHTML, like Gecko; compatible; GPTBot/1.2; +https://openai.com/gptbot)"
20.171.207.123 - - [07/Aug/2025:09:40:48 -0400] "GET /classwithtostring.php?dir=%2F%2Flib%2F%2F.build-id%2Fad%2F HTTP/1.1" 200 2929 "-" "Mozilla/5.0 AppleWebKit/537.36 (KHTML, like Gecko; compatible; GPTBot/1.2; +https://openai.com/gptbot)"
20.171.207.123 - - [07/Aug/2025:09:40:50 -0400] "GET /classwithtostring.php?dir=%2F%2Flib%2F%2F.build-id%2F%2F HTTP/1.1" 200 3872 "-" "Mozilla/5.0 AppleWebKit/537.36 (KHTML, like Gecko; compatible; GPTBot/1.2; +https://openai.com/gptbot)"
