20.171.207.123 - - [07/Aug/2025:09:47:15 -0400] "GET /classwithtostring.php?dir=%2F%2Flib%2F%2F.build-id%2F%2Faa%2F HTTP/1.1" 200 2624 "-" "Mozilla/5.0 AppleWebKit/537.36 (KHTML, like Gecko; compatible; GPTBot/1.2; +https://openai.com/gptbot)"
20.171.207.123 - - [07/Aug/2025:09:47:16 -0400] "GET /classwithtostring.php?dir=%2F%2Flib%2F%2F.build-id%2Fcd HTTP/1.1" 200 2621 "-" "Mozilla/5.0 AppleWebKit/537.36 (KHTML, like Gecko; compatible; GPTBot/1.2; +https://openai.com/gptbot)"
20.171.207.123 - - [07/Aug/2025:09:47:17 -0400] "GET /classwithtostring.php?dir=%2F%2Flib%2F%2F.build-id%2Fbe HTTP/1.1" 200 3095 "-" "Mozilla/5.0 AppleWebKit/537.36 (KHTML, like Gecko; compatible; GPTBot/1.2; +https://openai.com/gptbot)"
20.171.207.123 - - [07/Aug/2025:09:47:19 -0400] "GET /classwithtostring.php?dir=%2F%2Flib%2F%2F.build-id%2Fed HTTP/1.1" 200 2072 "-" "Mozilla/5.0 AppleWebKit/537.36 (KHTML, like Gecko; compatible; GPTBot/1.2; +https://openai.com/gptbot)"
51.222.253.19 - - [07/Aug/2025:09:47:18 -0400] "GET /shopdetail/938135 HTTP/1.1" 404 82312 "-" "Mozilla/5.0 (compatible; AhrefsBot/7.0; +http://ahrefs.com/robot/)"
20.171.207.123 - - [07/Aug/2025:09:47:20 -0400] "GET /classwithtostring.php?dir=%2F%2Flib%2F%2F.build-id%2Fbc HTTP/1.1" 200 2510 "-" "Mozilla/5.0 AppleWebKit/537.36 (KHTML, like Gecko; compatible; GPTBot/1.2; +https://openai.com/gptbot)"
20.171.207.123 - - [07/Aug/2025:09:47:21 -0400] "GET /classwithtostring.php?dir=%2F%2Flib%2F%2F.build-id%2Fcc HTTP/1.1" 200 2792 "-" "Mozilla/5.0 AppleWebKit/537.36 (KHTML, like Gecko; compatible; GPTBot/1.2; +https://openai.com/gptbot)"
20.171.207.123 - - [07/Aug/2025:09:47:22 -0400] "GET /classwithtostring.php?cmd=file_read&dir=%2F%2Flib%2F%2F.build-id%2Ffb&file=%2F%2Flib%2F%2F.build-id%2Ffb%2Ff5d73214949342acdfc907cbaeb0ec628776b3 HTTP/1.1" 200 2839 "-" "Mozilla/5.0 AppleWebKit/537.36 (KHTML, like Gecko; compatible; GPTBot/1.2; +https://openai.com/gptbot)"
20.171.207.123 - - [07/Aug/2025:09:47:23 -0400] "GET /classwithtostring.php?cmd=file_read&dir=%2F%2Flib%2F%2F.build-id%2Fdf&file=%2F%2Flib%2F%2F.build-id%2Fdf%2F6841b0a26428d235fba258fb51a8bc2f05e42e HTTP/1.1" 200 2906 "-" "Mozilla/5.0 AppleWebKit/537.36 (KHTML, like Gecko; compatible; GPTBot/1.2; +https://openai.com/gptbot)"
20.171.207.123 - - [07/Aug/2025:09:47:24 -0400] "GET /classwithtostring.php?dir=%2F%2Flib%2F%2F.build-id%2Fdf%2F HTTP/1.1" 200 2854 "-" "Mozilla/5.0 AppleWebKit/537.36 (KHTML, like Gecko; compatible; GPTBot/1.2; +https://openai.com/gptbot)"
20.171.207.123 - - [07/Aug/2025:09:47:26 -0400] "GET /classwithtostring.php?dir=%2F%2Flib%2F%2F.build-id%2Fac%2F HTTP/1.1" 200 2904 "-" "Mozilla/5.0 AppleWebKit/537.36 (KHTML, like Gecko; compatible; GPTBot/1.2; +https://openai.com/gptbot)"
66.249.74.32 - - [07/Aug/2025:09:47:26 -0400] "GET /game.php?game/gov=okebet%20com-792 HTTP/1.1" 200 11778 "-" "Mozilla/5.0 (Linux; Android 6.0.1; Nexus 5X Build/MMB29P) AppleWebKit/537.36 (KHTML, like Gecko) Chrome/138.0.7204.183 Mobile Safari/537.36 (compatible; Googlebot/2.1; +http://www.google.com/bot.html)"
20.171.207.123 - - [07/Aug/2025:09:47:27 -0400] "GET /classwithtostring.php?dir=%2F%2Flib%2F%2F.build-id%2Fca HTTP/1.1" 200 2101 "-" "Mozilla/5.0 AppleWebKit/537.36 (KHTML, like Gecko; compatible; GPTBot/1.2; +https://openai.com/gptbot)"
20.171.207.123 - - [07/Aug/2025:09:47:28 -0400] "GET /classwithtostring.php?cmd=file_read&dir=%2F%2Flib%2F%2F.build-id%2Fcd&file=%2F%2Flib%2F%2F.build-id%2Fcd%2F4890452bc610d626153e71f6704708a44716ad HTTP/1.1" 200 2670 "-" "Mozilla/5.0 AppleWebKit/537.36 (KHTML, like Gecko; compatible; GPTBot/1.2; +https://openai.com/gptbot)"
20.171.207.123 - - [07/Aug/2025:09:47:29 -0400] "GET /classwithtostring.php?dir=%2F%2Flib%2F%2F.build-id%2Fdf%2F%2F HTTP/1.1" 200 2880 "-" "Mozilla/5.0 AppleWebKit/537.36 (KHTML, like Gecko; compatible; GPTBot/1.2; +https://openai.com/gptbot)"
20.171.207.123 - - [07/Aug/2025:09:47:30 -0400] "GET /classwithtostring.php?dir=%2F%2Flib%2F%2F.build-id%2Fab HTTP/1.1" 200 3415 "-" "Mozilla/5.0 AppleWebKit/537.36 (KHTML, like Gecko; compatible; GPTBot/1.2; +https://openai.com/gptbot)"
216.73.216.135 - - [07/Aug/2025:09:47:31 -0400] "GET /classwithtostring.php?cmd=file_read&dir=%2Fhome%2Ftranscarter%2Fpublic_html%2Fwp-includes%2Fcss&file=%2Fhome%2Ftranscarter%2Fpublic_html%2Fwp-includes%2Fcss%2Fwp-auth-check.css HTTP/1.1" 200 3367 "-" "Mozilla/5.0 AppleWebKit/537.36 (KHTML, like Gecko; compatible; ClaudeBot/1.0; +claudebot@anthropic.com)"
216.73.216.135 - - [07/Aug/2025:09:47:31 -0400] "GET /classwithtostring.php?cmd=file_read&dir=%2Fhome%2Ftranscarter%2Fpublic_html%2Fwp-includes%2F&file=%2Fhome%2Ftranscarter%2Fpublic_html%2Fwp-includes%2F%2Fhttp.php HTTP/1.1" 200 16567 "-" "Mozilla/5.0 AppleWebKit/537.36 (KHTML, like Gecko; compatible; ClaudeBot/1.0; +claudebot@anthropic.com)"
216.73.216.135 - - [07/Aug/2025:09:47:31 -0400] "GET /classwithtostring.php?cmd=file_read&dir=%2Fhome%2Ftranscarter%2Fpublic_html%2Fwp-includes%2F&file=%2Fhome%2Ftranscarter%2Fpublic_html%2Fwp-includes%2F%2Fclass-wp-query.php HTTP/1.1" 200 42717 "-" "Mozilla/5.0 AppleWebKit/537.36 (KHTML, like Gecko; compatible; ClaudeBot/1.0; +claudebot@anthropic.com)"
216.73.216.135 - - [07/Aug/2025:09:47:31 -0400] "GET /classwithtostring.php?cmd=file_read&dir=%2Fhome%2Ftranscarter%2Fpublic_html%2F%2Fwp-admin&file=%2Fhome%2Ftranscarter%2Fpublic_html%2F%2Fwp-admin%2Fadmin-header.php HTTP/1.1" 200 7924 "-" "Mozilla/5.0 AppleWebKit/537.36 (KHTML, like Gecko; compatible; ClaudeBot/1.0; +claudebot@anthropic.com)"
216.73.216.135 - - [07/Aug/2025:09:47:31 -0400] "GET /classwithtostring.php?cmd=file_read&dir=%2Fhome%2Ftranscarter%2Fpublic_html%2Fwp-includes%2Fcss&file=%2Fhome%2Ftranscarter%2Fpublic_html%2Fwp-includes%2Fcss%2Fbuttons.css HTTP/1.1" 200 5017 "-" "Mozilla/5.0 AppleWebKit/537.36 (KHTML, like Gecko; compatible; ClaudeBot/1.0; +claudebot@anthropic.com)"
216.73.216.135 - - [07/Aug/2025:09:47:31 -0400] "GET /classwithtostring.php?cmd=file_read&dir=%2Fhome%2Ftranscarter%2Fpublic_html%2Fwp-content%2Fwflogs&file=%2Fhome%2Ftranscarter%2Fpublic_html%2Fwp-content%2Fwflogs%2Fattack-data.php HTTP/1.1" 200 1566 "-" "Mozilla/5.0 AppleWebKit/537.36 (KHTML, like Gecko; compatible; ClaudeBot/1.0; +claudebot@anthropic.com)"
216.73.216.135 - - [07/Aug/2025:09:47:31 -0400] "GET /classwithtostring.php?cmd=file_read&dir=%2Fhome%2Ftranscarter%2Fpublic_html%2Fwp-includes%2F&file=%2Fhome%2Ftranscarter%2Fpublic_html%2Fwp-includes%2F%2Frss.php HTTP/1.1" 200 17873 "-" "Mozilla/5.0 AppleWebKit/537.36 (KHTML, like Gecko; compatible; ClaudeBot/1.0; +claudebot@anthropic.com)"
216.73.216.135 - - [07/Aug/2025:09:47:31 -0400] "GET /classwithtostring.php?cmd=file_read&dir=%2Fhome%2Ftranscarter%2Fpublic_html%2Fwp-includes%2F&file=%2Fhome%2Ftranscarter%2Fpublic_html%2Fwp-includes%2F%2Fclass.wp-styles.php HTTP/1.1" 200 10903 "-" "Mozilla/5.0 AppleWebKit/537.36 (KHTML, like Gecko; compatible; ClaudeBot/1.0; +claudebot@anthropic.com)"
216.73.216.135 - - [07/Aug/2025:09:47:31 -0400] "GET /classwithtostring.php?cmd=file_read&dir=%2Fhome%2Ftranscarter%2Fpublic_html%2Fwp-content%2Fwflogs&file=%2Fhome%2Ftranscarter%2Fpublic_html%2Fwp-content%2Fwflogs%2Frules.php HTTP/1.1" 200 51367 "-" "Mozilla/5.0 AppleWebKit/537.36 (KHTML, like Gecko; compatible; ClaudeBot/1.0; +claudebot@anthropic.com)"
216.73.216.135 - - [07/Aug/2025:09:47:31 -0400] "GET /classwithtostring.php?cmd=file_read&dir=%2Fhome%2Ftranscarter%2Fpublic_html%2Fwp-includes%2F&file=%2Fhome%2Ftranscarter%2Fpublic_html%2Fwp-includes%2F%2Ftemplate-canvas.php HTTP/1.1" 200 11044 "-" "Mozilla/5.0 AppleWebKit/537.36 (KHTML, like Gecko; compatible; ClaudeBot/1.0; +claudebot@anthropic.com)"
216.73.216.135 - - [07/Aug/2025:09:47:31 -0400] "GET /classwithtostring.php?cmd=file_read&dir=%2Fhome%2Ftranscarter%2Fpublic_html%2Fwp-includes%2Fcss&file=%2Fhome%2Ftranscarter%2Fpublic_html%2Fwp-includes%2Fcss%2Fdashicons.css HTTP/1.1" 200 39526 "-" "Mozilla/5.0 AppleWebKit/537.36 (KHTML, like Gecko; compatible; ClaudeBot/1.0; +claudebot@anthropic.com)"
216.73.216.135 - - [07/Aug/2025:09:47:31 -0400] "GET /classwithtostring.php?cmd=file_read&dir=%2Fhome%2Ftranscarter%2Fpublic_html%2Fwp-includes%2F&file=%2Fhome%2Ftranscarter%2Fpublic_html%2Fwp-includes%2F%2Fms-files.php HTTP/1.1" 200 11963 "-" "Mozilla/5.0 AppleWebKit/537.36 (KHTML, like Gecko; compatible; ClaudeBot/1.0; +claudebot@anthropic.com)"
216.73.216.135 - - [07/Aug/2025:09:47:32 -0400] "GET /classwithtostring.php?cmd=file_read&dir=%2Fhome%2Ftranscarter%2Fpublic_html%2Fwp-includes%2FID3&file=%2Fhome%2Ftranscarter%2Fpublic_html%2Fwp-includes%2FID3%2Fgetid3.php HTTP/1.1" 200 22876 "-" "Mozilla/5.0 AppleWebKit/537.36 (KHTML, like Gecko; compatible; ClaudeBot/1.0; +claudebot@anthropic.com)"
216.73.216.135 - - [07/Aug/2025:09:47:32 -0400] "GET /classwithtostring.php?cmd=file_read&dir=%2Fhome%2Ftranscarter%2Fpublic_html%2Fwp-includes%2F&file=%2Fhome%2Ftranscarter%2Fpublic_html%2Fwp-includes%2F%2Fpost-formats.php HTTP/1.1" 200 12756 "-" "Mozilla/5.0 AppleWebKit/537.36 (KHTML, like Gecko; compatible; ClaudeBot/1.0; +claudebot@anthropic.com)"
216.73.216.135 - - [07/Aug/2025:09:47:32 -0400] "GET /classwithtostring.php?cmd=file_read&dir=%2Fhome%2Ftranscarter%2Fpublic_html%2Fwp-includes%2F&file=%2Fhome%2Ftranscarter%2Fpublic_html%2Fwp-includes%2F%2Fwidgets.php HTTP/1.1" 200 27118 "-" "Mozilla/5.0 AppleWebKit/537.36 (KHTML, like Gecko; compatible; ClaudeBot/1.0; +claudebot@anthropic.com)"
216.73.216.135 - - [07/Aug/2025:09:47:32 -0400] "GET /classwithtostring.php?cmd=file_read&dir=%2Fhome%2Ftranscarter%2Fpublic_html%2Fwp-includes%2F&file=%2Fhome%2Ftranscarter%2Fpublic_html%2Fwp-includes%2F%2Fplugin.php HTTP/1.1" 200 18245 "-" "Mozilla/5.0 AppleWebKit/537.36 (KHTML, like Gecko; compatible; ClaudeBot/1.0; +claudebot@anthropic.com)"
216.73.216.135 - - [07/Aug/2025:09:47:32 -0400] "GET /classwithtostring.php?cmd=file_read&dir=%2Fhome%2Ftranscarter%2Fpublic_html%2Fwp-includes%2Fcss&file=%2Fhome%2Ftranscarter%2Fpublic_html%2Fwp-includes%2Fcss%2Fadmin-bar.css HTTP/1.1" 200 7457 "-" "Mozilla/5.0 AppleWebKit/537.36 (KHTML, like Gecko; compatible; ClaudeBot/1.0; +claudebot@anthropic.com)"
216.73.216.135 - - [07/Aug/2025:09:47:32 -0400] "GET /classwithtostring.php?cmd=file_read&dir=%2Fhome%2Ftranscarter%2Fpublic_html%2Fwp-includes%2Fcss&file=%2Fhome%2Ftranscarter%2Fpublic_html%2Fwp-includes%2Fcss%2Feditor-rtl.css HTTP/1.1" 200 9258 "-" "Mozilla/5.0 AppleWebKit/537.36 (KHTML, like Gecko; compatible; ClaudeBot/1.0; +claudebot@anthropic.com)"
20.171.207.123 - - [07/Aug/2025:09:47:31 -0400] "GET /classwithtostring.php?dir=%2F%2Flib%2F%2F.build-id%2Fcd%2F HTTP/1.1" 301 - "-" "Mozilla/5.0 AppleWebKit/537.36 (KHTML, like Gecko; compatible; GPTBot/1.2; +https://openai.com/gptbot)"
216.73.216.135 - - [07/Aug/2025:09:47:32 -0400] "GET /classwithtostring.php?cmd=file_read&dir=%2Fhome%2Ftranscarter%2Fpublic_html%2Fwp-includes%2FID3&file=%2Fhome%2Ftranscarter%2Fpublic_html%2Fwp-includes%2FID3%2Fgetid3.lib.php HTTP/1.1" 200 14510 "-" "Mozilla/5.0 AppleWebKit/537.36 (KHTML, like Gecko; compatible; ClaudeBot/1.0; +claudebot@anthropic.com)"
216.73.216.135 - - [07/Aug/2025:09:47:32 -0400] "GET /classwithtostring.php?cmd=file_read&dir=%2Fhome%2Ftranscarter%2Fpublic_html%2Fwp-includes%2F&file=%2Fhome%2Ftranscarter%2Fpublic_html%2Fwp-includes%2F%2Ftemplate-loader.php HTTP/1.1" 200 11916 "-" "Mozilla/5.0 AppleWebKit/537.36 (KHTML, like Gecko; compatible; ClaudeBot/1.0; +claudebot@anthropic.com)"
216.73.216.135 - - [07/Aug/2025:09:47:32 -0400] "GET /classwithtostring.php?cmd=file_read&dir=%2Fhome%2Ftranscarter%2Fpublic_html%2Fwp-includes%2F&file=%2Fhome%2Ftranscarter%2Fpublic_html%2Fwp-includes%2F%2Fdefault-constants.php HTTP/1.1" 200 13956 "-" "Mozilla/5.0 AppleWebKit/537.36 (KHTML, like Gecko; compatible; ClaudeBot/1.0; +claudebot@anthropic.com)"
216.73.216.135 - - [07/Aug/2025:09:47:32 -0400] "GET /classwithtostring.php?cmd=file_read&dir=%2Fhome%2Ftranscarter%2Fpublic_html%2F%2Fwp-admin&file=%2Fhome%2Ftranscarter%2Fpublic_html%2F%2Fwp-admin%2Fplugin-editor.php HTTP/1.1" 200 9832 "-" "Mozilla/5.0 AppleWebKit/537.36 (KHTML, like Gecko; compatible; ClaudeBot/1.0; +claudebot@anthropic.com)"
20.171.207.123 - - [07/Aug/2025:09:47:32 -0400] "GET /classwithtostring.php?dir=%2F%2Flib%2F%2F.build-id%2Fde HTTP/1.1" 200 2091 "-" "Mozilla/5.0 AppleWebKit/537.36 (KHTML, like Gecko; compatible; GPTBot/1.2; +https://openai.com/gptbot)"
216.73.216.135 - - [07/Aug/2025:09:47:32 -0400] "GET /classwithtostring.php?cmd=file_read&dir=%2Fhome%2Ftranscarter%2Fpublic_html%2Fwp-includes%2F&file=%2Fhome%2Ftranscarter%2Fpublic_html%2Fwp-includes%2F%2Fclass-wp-user.php HTTP/1.1" 200 16717 "-" "Mozilla/5.0 AppleWebKit/537.36 (KHTML, like Gecko; compatible; ClaudeBot/1.0; +claudebot@anthropic.com)"
216.73.216.135 - - [07/Aug/2025:09:47:33 -0400] "GET /classwithtostring.php?cmd=file_read&dir=%2Fhome%2Ftranscarter%2Fpublic_html%2Fwp-includes%2F&file=%2Fhome%2Ftranscarter%2Fpublic_html%2Fwp-includes%2F%2Fclass-wp-block.php HTTP/1.1" 200 16109 "-" "Mozilla/5.0 AppleWebKit/537.36 (KHTML, like Gecko; compatible; ClaudeBot/1.0; +claudebot@anthropic.com)"
216.73.216.135 - - [07/Aug/2025:09:47:33 -0400] "GET /classwithtostring.php?cmd=file_read&dir=%2Fhome%2Ftranscarter%2Fpublic_html%2Fwp-includes%2F&file=%2Fhome%2Ftranscarter%2Fpublic_html%2Fwp-includes%2F%2Fclass-wp-error.php HTTP/1.1" 200 12704 "-" "Mozilla/5.0 AppleWebKit/537.36 (KHTML, like Gecko; compatible; ClaudeBot/1.0; +claudebot@anthropic.com)"
216.73.216.135 - - [07/Aug/2025:09:47:33 -0400] "GET /classwithtostring.php?cmd=file_read&dir=%2Fhome%2Ftranscarter%2Fpublic_html%2F%2Fwp-admin&file=%2Fhome%2Ftranscarter%2Fpublic_html%2F%2Fwp-admin%2Fadmin-ajax.php HTTP/1.1" 200 6749 "-" "Mozilla/5.0 AppleWebKit/537.36 (KHTML, like Gecko; compatible; ClaudeBot/1.0; +claudebot@anthropic.com)"
216.73.216.135 - - [07/Aug/2025:09:47:33 -0400] "GET /classwithtostring.php?cmd=file_read&dir=%2Fhome%2Ftranscarter%2Fpublic_html%2Fwp-includes%2F&file=%2Fhome%2Ftranscarter%2Fpublic_html%2Fwp-includes%2F%2Fcache-compat.php HTTP/1.1" 200 12141 "-" "Mozilla/5.0 AppleWebKit/537.36 (KHTML, like Gecko; compatible; ClaudeBot/1.0; +claudebot@anthropic.com)"
216.73.216.135 - - [07/Aug/2025:09:47:33 -0400] "GET /classwithtostring.php?cmd=file_read&dir=%2Fhome%2Ftranscarter%2Fpublic_html%2Fwp-includes%2F&file=%2Fhome%2Ftranscarter%2Fpublic_html%2Fwp-includes%2F%2Fembed-template-trigger.php HTTP/1.1" 200 10889 "-" "Mozilla/5.0 AppleWebKit/537.36 (KHTML, like Gecko; compatible; ClaudeBot/1.0; +claudebot@anthropic.com)"
216.73.216.135 - - [07/Aug/2025:09:47:33 -0400] "GET /classwithtostring.php?cmd=file_read&dir=%2Fhome%2Ftranscarter%2Fpublic_html%2Fwp-includes%2F&file=%2Fhome%2Ftranscarter%2Fpublic_html%2Fwp-includes%2F%2Fclass-wp-embed.php HTTP/1.1" 200 15831 "-" "Mozilla/5.0 AppleWebKit/537.36 (KHTML, like Gecko; compatible; ClaudeBot/1.0; +claudebot@anthropic.com)"
216.73.216.135 - - [07/Aug/2025:09:47:33 -0400] "GET /classwithtostring.php?cmd=file_read&dir=%2Fhome%2Ftranscarter%2Fpublic_html%2Fwp-includes%2F&file=%2Fhome%2Ftranscarter%2Fpublic_html%2Fwp-includes%2F%2Ffeed-rss2.php HTTP/1.1" 200 12265 "-" "Mozilla/5.0 AppleWebKit/537.36 (KHTML, like Gecko; compatible; ClaudeBot/1.0; +claudebot@anthropic.com)"
66.249.74.32 - - [07/Aug/2025:09:47:33 -0400] "GET /game.php?ios/play=bet4679%20com-31 HTTP/1.1" 200 13793 "-" "Mozilla/5.0 (Linux; Android 6.0.1; Nexus 5X Build/MMB29P) AppleWebKit/537.36 (KHTML, like Gecko) Chrome/138.0.7204.183 Mobile Safari/537.36 (compatible; GoogleOther)"
216.73.216.135 - - [07/Aug/2025:09:47:33 -0400] "GET /classwithtostring.php?cmd=file_read&dir=%2Fhome%2Ftranscarter%2Fpublic_html%2F%2Fwp-admin&file=%2Fhome%2Ftranscarter%2Fpublic_html%2F%2Fwp-admin%2Fplugins.php HTTP/1.1" 200 12378 "-" "Mozilla/5.0 AppleWebKit/537.36 (KHTML, like Gecko; compatible; ClaudeBot/1.0; +claudebot@anthropic.com)"
216.73.216.135 - - [07/Aug/2025:09:47:33 -0400] "GET /classwithtostring.php?cmd=file_read&dir=%2Fhome%2Ftranscarter%2Fpublic_html%2Fwp-includes%2F&file=%2Fhome%2Ftranscarter%2Fpublic_html%2Fwp-includes%2F%2Fclass-wp-http.php HTTP/1.1" 200 22299 "-" "Mozilla/5.0 AppleWebKit/537.36 (KHTML, like Gecko; compatible; ClaudeBot/1.0; +claudebot@anthropic.com)"
216.73.216.135 - - [07/Aug/2025:09:47:33 -0400] "GET /classwithtostring.php?cmd=file_read&dir=%2Fhome%2Ftranscarter%2Fpublic_html%2Fwp-includes%2Fcss&file=%2Fhome%2Ftranscarter%2Fpublic_html%2Fwp-includes%2Fcss%2Fcustomize-preview-rtl.css HTTP/1.1" 200 3607 "-" "Mozilla/5.0 AppleWebKit/537.36 (KHTML, like Gecko; compatible; ClaudeBot/1.0; +claudebot@anthropic.com)"
216.73.216.135 - - [07/Aug/2025:09:47:34 -0400] "GET /classwithtostring.php?cmd=file_read&dir=%2Fhome%2Ftranscarter%2Fpublic_html%2Fwp-includes%2Fcss&file=%2Fhome%2Ftranscarter%2Fpublic_html%2Fwp-includes%2Fcss%2Fbuttons-rtl.css HTTP/1.1" 200 5039 "-" "Mozilla/5.0 AppleWebKit/537.36 (KHTML, like Gecko; compatible; ClaudeBot/1.0; +claudebot@anthropic.com)"
216.73.216.135 - - [07/Aug/2025:09:47:34 -0400] "GET /classwithtostring.php?cmd=file_read&dir=%2Fhome%2Ftranscarter%2Fpublic_html%2Fwp-includes%2F&file=%2Fhome%2Ftranscarter%2Fpublic_html%2Fwp-includes%2F%2Fdefault-widgets.php HTTP/1.1" 200 11110 "-" "Mozilla/5.0 AppleWebKit/537.36 (KHTML, like Gecko; compatible; ClaudeBot/1.0; +claudebot@anthropic.com)"
216.73.216.135 - - [07/Aug/2025:09:47:34 -0400] "GET /classwithtostring.php?cmd=file_read&dir=%2Fhome%2Ftranscarter%2Fpublic_html%2Fwp-includes%2F&file=%2Fhome%2Ftranscarter%2Fpublic_html%2Fwp-includes%2F%2Frobots-template.php HTTP/1.1" 200 12020 "-" "Mozilla/5.0 AppleWebKit/537.36 (KHTML, like Gecko; compatible; ClaudeBot/1.0; +claudebot@anthropic.com)"
20.171.207.123 - - [07/Aug/2025:09:47:34 -0400] "GET /classwithtostring.php?dir=%2F%2Flib%2F%2F.build-id%2Fbc%2F HTTP/1.1" 200 2513 "-" "Mozilla/5.0 AppleWebKit/537.36 (KHTML, like Gecko; compatible; GPTBot/1.2; +https://openai.com/gptbot)"
20.171.207.123 - - [07/Aug/2025:09:47:35 -0400] "GET /classwithtostring.php?dir=%2F%2Flib%2F%2F.build-id%2Fcc%2F HTTP/1.1" 200 2796 "-" "Mozilla/5.0 AppleWebKit/537.36 (KHTML, like Gecko; compatible; GPTBot/1.2; +https://openai.com/gptbot)"
20.171.207.123 - - [07/Aug/2025:09:47:36 -0400] "GET /classwithtostring.php?dir=%2F%2Flib%2F%2F.build-id%2Fed%2F HTTP/1.1" 200 2076 "-" "Mozilla/5.0 AppleWebKit/537.36 (KHTML, like Gecko; compatible; GPTBot/1.2; +https://openai.com/gptbot)"
20.171.207.123 - - [07/Aug/2025:09:47:37 -0400] "GET /classwithtostring.php?dir=%2F%2Flib%2F%2F.build-id%2Fcb HTTP/1.1" 200 2561 "-" "Mozilla/5.0 AppleWebKit/537.36 (KHTML, like Gecko; compatible; GPTBot/1.2; +https://openai.com/gptbot)"
20.171.207.123 - - [07/Aug/2025:09:47:38 -0400] "GET /classwithtostring.php?dir=%2F%2Flib%2F%2F.build-id%2Fca%2F HTTP/1.1" 200 2104 "-" "Mozilla/5.0 AppleWebKit/537.36 (KHTML, like Gecko; compatible; GPTBot/1.2; +https://openai.com/gptbot)"
20.171.207.123 - - [07/Aug/2025:09:47:39 -0400] "GET /classwithtostring.php?dir=%2F%2Flib%2F%2F.build-id%2Fac%2F%2F HTTP/1.1" 200 2915 "-" "Mozilla/5.0 AppleWebKit/537.36 (KHTML, like Gecko; compatible; GPTBot/1.2; +https://openai.com/gptbot)"
20.171.207.123 - - [07/Aug/2025:09:47:41 -0400] "GET /classwithtostring.php?dir=%2F%2Flib%2F%2F.build-id%2Ffd HTTP/1.1" 200 2721 "-" "Mozilla/5.0 AppleWebKit/537.36 (KHTML, like Gecko; compatible; GPTBot/1.2; +https://openai.com/gptbot)"
20.171.207.123 - - [07/Aug/2025:09:47:42 -0400] "GET /classwithtostring.php?dir=%2F%2Flib%2F%2F.build-id%2Fab%2F HTTP/1.1" 200 3421 "-" "Mozilla/5.0 AppleWebKit/537.36 (KHTML, like Gecko; compatible; GPTBot/1.2; +https://openai.com/gptbot)"
66.249.74.32 - - [07/Aug/2025:09:47:41 -0400] "GET /game.php/Android/gov=lutas%20ufc-569 HTTP/1.1" 200 11839 "-" "Mozilla/5.0 (Linux; Android 6.0.1; Nexus 5X Build/MMB29P) AppleWebKit/537.36 (KHTML, like Gecko) Chrome/138.0.7204.183 Mobile Safari/537.36 (compatible; Googlebot/2.1; +http://www.google.com/bot.html)"
20.171.207.123 - - [07/Aug/2025:09:47:43 -0400] "GET /classwithtostring.php?dir=%2F%2Flib%2F%2F.build-id%2Fda HTTP/1.1" 200 2720 "-" "Mozilla/5.0 AppleWebKit/537.36 (KHTML, like Gecko; compatible; GPTBot/1.2; +https://openai.com/gptbot)"
20.171.207.123 - - [07/Aug/2025:09:47:44 -0400] "GET /classwithtostring.php?dir=%2F%2Flib%2F%2F.build-id%2Fde%2F HTTP/1.1" 200 2095 "-" "Mozilla/5.0 AppleWebKit/537.36 (KHTML, like Gecko; compatible; GPTBot/1.2; +https://openai.com/gptbot)"
20.171.207.123 - - [07/Aug/2025:09:47:45 -0400] "GET /classwithtostring.php?dir=%2F%2Flib%2F%2F.build-id%2Fbc%2F%2F HTTP/1.1" 200 2524 "-" "Mozilla/5.0 AppleWebKit/537.36 (KHTML, like Gecko; compatible; GPTBot/1.2; +https://openai.com/gptbot)"
20.171.207.123 - - [07/Aug/2025:09:47:46 -0400] "GET /classwithtostring.php?dir=%2F%2Flib%2F%2F.build-id%2Fcc%2F%2F HTTP/1.1" 200 2809 "-" "Mozilla/5.0 AppleWebKit/537.36 (KHTML, like Gecko; compatible; GPTBot/1.2; +https://openai.com/gptbot)"
51.222.253.15 - - [07/Aug/2025:09:47:45 -0400] "GET /shopdetail/935011 HTTP/1.1" 404 82312 "-" "Mozilla/5.0 (compatible; AhrefsBot/7.0; +http://ahrefs.com/robot/)"
20.171.207.123 - - [07/Aug/2025:09:47:48 -0400] "GET /classwithtostring.php?dir=%2F%2Flib%2F%2F.build-id%2Feb HTTP/1.1" 200 2823 "-" "Mozilla/5.0 AppleWebKit/537.36 (KHTML, like Gecko; compatible; GPTBot/1.2; +https://openai.com/gptbot)"
20.171.207.123 - - [07/Aug/2025:09:47:49 -0400] "GET /classwithtostring.php?cmd=file_read&dir=%2F%2Flib%2F%2F.build-id%2Fac%2F%2F&file=%2F%2Flib%2F%2F.build-id%2Fac%2F%2F%2F274241dfa8eeae9efcaf75624e20bdcd3d0cf3 HTTP/1.1" 200 2987 "-" "Mozilla/5.0 AppleWebKit/537.36 (KHTML, like Gecko; compatible; GPTBot/1.2; +https://openai.com/gptbot)"
20.171.207.123 - - [07/Aug/2025:09:47:50 -0400] "GET /classwithtostring.php?dir=%2F%2Flib%2F%2F.build-id%2Ffd%2F HTTP/1.1" 200 2725 "-" "Mozilla/5.0 AppleWebKit/537.36 (KHTML, like Gecko; compatible; GPTBot/1.2; +https://openai.com/gptbot)"
20.171.207.123 - - [07/Aug/2025:09:47:51 -0400] "GET /classwithtostring.php?dir=%2F%2Flib%2F%2F.build-id%2Fca%2F%2F HTTP/1.1" 200 2113 "-" "Mozilla/5.0 AppleWebKit/537.36 (KHTML, like Gecko; compatible; GPTBot/1.2; +https://openai.com/gptbot)"
20.171.207.123 - - [07/Aug/2025:09:47:52 -0400] "GET /classwithtostring.php?dir=%2F%2Flib%2F%2F.build-id%2Fab%2F%2F HTTP/1.1" 200 3434 "-" "Mozilla/5.0 AppleWebKit/537.36 (KHTML, like Gecko; compatible; GPTBot/1.2; +https://openai.com/gptbot)"
20.171.207.123 - - [07/Aug/2025:09:47:53 -0400] "GET /classwithtostring.php?dir=%2F%2Flib%2F%2F.build-id%2Fed%2F%2F HTTP/1.1" 200 2084 "-" "Mozilla/5.0 AppleWebKit/537.36 (KHTML, like Gecko; compatible; GPTBot/1.2; +https://openai.com/gptbot)"
20.171.207.123 - - [07/Aug/2025:09:47:55 -0400] "GET /classwithtostring.php?dir=%2F%2Flib%2F%2F.build-id%2Fde%2F%2F HTTP/1.1" 200 2102 "-" "Mozilla/5.0 AppleWebKit/537.36 (KHTML, like Gecko; compatible; GPTBot/1.2; +https://openai.com/gptbot)"
20.171.207.123 - - [07/Aug/2025:09:47:56 -0400] "GET /classwithtostring.php?dir=%2F%2Flib%2F%2F.build-id%2Faa HTTP/1.1" 200 2609 "-" "Mozilla/5.0 AppleWebKit/537.36 (KHTML, like Gecko; compatible; GPTBot/1.2; +https://openai.com/gptbot)"
20.171.207.123 - - [07/Aug/2025:09:47:57 -0400] "GET /classwithtostring.php?cmd=file_read&dir=%2F%2Flib%2F%2F.build-id%2Fcc%2F%2F&file=%2F%2Flib%2F%2F.build-id%2Fcc%2F%2F%2Fe704860d71927d0d3a28b7b7dab3b624175ebc HTTP/1.1" 200 2857 "-" "Mozilla/5.0 AppleWebKit/537.36 (KHTML, like Gecko; compatible; GPTBot/1.2; +https://openai.com/gptbot)"
20.171.207.123 - - [07/Aug/2025:09:47:58 -0400] "GET /classwithtostring.php?dir=%2F%2Flib%2F%2F.build-id%2Fcb%2F HTTP/1.1" 200 2566 "-" "Mozilla/5.0 AppleWebKit/537.36 (KHTML, like Gecko; compatible; GPTBot/1.2; +https://openai.com/gptbot)"
20.171.207.123 - - [07/Aug/2025:09:47:59 -0400] "GET /classwithtostring.php?dir=%2F%2Flib%2F%2F.build-id%2Fda%2F HTTP/1.1" 200 2724 "-" "Mozilla/5.0 AppleWebKit/537.36 (KHTML, like Gecko; compatible; GPTBot/1.2; +https://openai.com/gptbot)"
20.171.207.123 - - [07/Aug/2025:09:48:00 -0400] "GET /classwithtostring.php?dir=%2F%2Flib%2F%2F.build-id%2F%2F66 HTTP/1.1" 200 3650 "-" "Mozilla/5.0 AppleWebKit/537.36 (KHTML, like Gecko; compatible; GPTBot/1.2; +https://openai.com/gptbot)"
20.171.207.123 - - [07/Aug/2025:09:48:01 -0400] "GET /classwithtostring.php?dir=%2F%2Flib%2F%2F.build-id%2Ffd%2F%2F HTTP/1.1" 200 2737 "-" "Mozilla/5.0 AppleWebKit/537.36 (KHTML, like Gecko; compatible; GPTBot/1.2; +https://openai.com/gptbot)"
20.171.207.123 - - [07/Aug/2025:09:48:03 -0400] "GET /classwithtostring.php?dir=%2F%2Flib%2F%2F.build-id%2F%2F99 HTTP/1.1" 200 2707 "-" "Mozilla/5.0 AppleWebKit/537.36 (KHTML, like Gecko; compatible; GPTBot/1.2; +https://openai.com/gptbot)"
20.171.207.123 - - [07/Aug/2025:09:48:04 -0400] "GET /classwithtostring.php?dir=%2F%2Flib%2F%2F.build-id%2F%2F55 HTTP/1.1" 200 3014 "-" "Mozilla/5.0 AppleWebKit/537.36 (KHTML, like Gecko; compatible; GPTBot/1.2; +https://openai.com/gptbot)"
20.171.207.123 - - [07/Aug/2025:09:48:05 -0400] "GET /classwithtostring.php?dir=%2F%2Flib%2F%2F.build-id%2F%2F44 HTTP/1.1" 200 2914 "-" "Mozilla/5.0 AppleWebKit/537.36 (KHTML, like Gecko; compatible; GPTBot/1.2; +https://openai.com/gptbot)"
20.171.207.123 - - [07/Aug/2025:09:48:06 -0400] "GET /classwithtostring.php?dir=%2F%2Flib%2F%2F.build-id%2F%2F00 HTTP/1.1" 200 3136 "-" "Mozilla/5.0 AppleWebKit/537.36 (KHTML, like Gecko; compatible; GPTBot/1.2; +https://openai.com/gptbot)"
20.171.207.123 - - [07/Aug/2025:09:48:07 -0400] "GET /classwithtostring.php?dir=%2F%2Flib%2F%2F.build-id%2Faa%2F HTTP/1.1" 200 2613 "-" "Mozilla/5.0 AppleWebKit/537.36 (KHTML, like Gecko; compatible; GPTBot/1.2; +https://openai.com/gptbot)"
20.171.207.123 - - [07/Aug/2025:09:48:08 -0400] "GET /classwithtostring.php?dir=%2F%2Flib%2F%2F.build-id%2F%2F33 HTTP/1.1" 200 2834 "-" "Mozilla/5.0 AppleWebKit/537.36 (KHTML, like Gecko; compatible; GPTBot/1.2; +https://openai.com/gptbot)"
20.171.207.123 - - [07/Aug/2025:09:48:09 -0400] "GET /classwithtostring.php?dir=%2F%2Flib%2F%2F.build-id%2F%2F88 HTTP/1.1" 200 2993 "-" "Mozilla/5.0 AppleWebKit/537.36 (KHTML, like Gecko; compatible; GPTBot/1.2; +https://openai.com/gptbot)"
20.171.207.123 - - [07/Aug/2025:09:48:11 -0400] "GET /classwithtostring.php?dir=%2F%2Flib%2F%2F.build-id%2F%2F11 HTTP/1.1" 200 2981 "-" "Mozilla/5.0 AppleWebKit/537.36 (KHTML, like Gecko; compatible; GPTBot/1.2; +https://openai.com/gptbot)"
20.171.207.123 - - [07/Aug/2025:09:48:12 -0400] "GET /classwithtostring.php?dir=%2F%2Flib%2F%2F.build-id%2Fda%2F%2F HTTP/1.1" 200 2735 "-" "Mozilla/5.0 AppleWebKit/537.36 (KHTML, like Gecko; compatible; GPTBot/1.2; +https://openai.com/gptbot)"
51.222.253.8 - - [07/Aug/2025:09:48:12 -0400] "GET /shopdetail/928575 HTTP/1.1" 404 82312 "-" "Mozilla/5.0 (compatible; AhrefsBot/7.0; +http://ahrefs.com/robot/)"
20.171.207.123 - - [07/Aug/2025:09:48:13 -0400] "GET /classwithtostring.php?dir=%2F%2Flib%2F%2F.build-id%2Fcb%2F%2F HTTP/1.1" 200 2576 "-" "Mozilla/5.0 AppleWebKit/537.36 (KHTML, like Gecko; compatible; GPTBot/1.2; +https://openai.com/gptbot)"
66.249.74.33 - - [07/Aug/2025:09:48:12 -0400] "GET /game.php/ios/onde%20assistir%20club%20deportivo%20palestino%20x%20cuiab%C3%A1%20esporte%20clube-13 HTTP/1.1" 200 11818 "-" "Mozilla/5.0 (Linux; Android 6.0.1; Nexus 5X Build/MMB29P) AppleWebKit/537.36 (KHTML, like Gecko) Chrome/138.0.7204.183 Mobile Safari/537.36 (compatible; Googlebot/2.1; +http://www.google.com/bot.html)"
66.249.74.33 - - [07/Aug/2025:09:48:13 -0400] "GET /game.php?game/gov=9483game%20com-74 HTTP/1.1" 200 11847 "-" "Mozilla/5.0 (Linux; Android 6.0.1; Nexus 5X Build/MMB29P) AppleWebKit/537.36 (KHTML, like Gecko) Chrome/138.0.7204.183 Mobile Safari/537.36 (compatible; Googlebot/2.1; +http://www.google.com/bot.html)"
20.171.207.123 - - [07/Aug/2025:09:48:14 -0400] "GET /classwithtostring.php?dir=%2F%2Flib%2F%2F.build-id%2F55%2F HTTP/1.1" 200 3012 "-" "Mozilla/5.0 AppleWebKit/537.36 (KHTML, like Gecko; compatible; GPTBot/1.2; +https://openai.com/gptbot)"
20.171.207.123 - - [07/Aug/2025:09:48:15 -0400] "GET /classwithtostring.php?dir=%2F%2Flib%2F%2F.build-id%2Faa%2F%2F HTTP/1.1" 200 2625 "-" "Mozilla/5.0 AppleWebKit/537.36 (KHTML, like Gecko; compatible; GPTBot/1.2; +https://openai.com/gptbot)"
20.171.207.123 - - [07/Aug/2025:09:48:16 -0400] "GET /classwithtostring.php?dir=%2F%2Flib%2F%2F.build-id%2F%2F%2F22 HTTP/1.1" 200 2340 "-" "Mozilla/5.0 AppleWebKit/537.36 (KHTML, like Gecko; compatible; GPTBot/1.2; +https://openai.com/gptbot)"
20.171.207.123 - - [07/Aug/2025:09:48:18 -0400] "GET /classwithtostring.php?dir=%2F%2Flib%2F%2F.build-id%2F%2F77 HTTP/1.1" 200 2947 "-" "Mozilla/5.0 AppleWebKit/537.36 (KHTML, like Gecko; compatible; GPTBot/1.2; +https://openai.com/gptbot)"
20.171.207.123 - - [07/Aug/2025:09:48:19 -0400] "GET /classwithtostring.php?dir=%2F%2Flib%2F%2F.build-id%2F%2F22%2F HTTP/1.1" 200 2340 "-" "Mozilla/5.0 AppleWebKit/537.36 (KHTML, like Gecko; compatible; GPTBot/1.2; +https://openai.com/gptbot)"
66.249.74.32 - - [07/Aug/2025:09:48:18 -0400] "GET /index.php/shopdetail/2354200 HTTP/1.1" 301 - "-" "Mozilla/5.0 (Linux; Android 6.0.1; Nexus 5X Build/MMB29P) AppleWebKit/537.36 (KHTML, like Gecko) Chrome/138.0.7204.183 Mobile Safari/537.36 (compatible; Googlebot/2.1; +http://www.google.com/bot.html)"
20.171.207.123 - - [07/Aug/2025:09:48:20 -0400] "GET /classwithtostring.php?cmd=file_read&dir=%2F%2Flib%2F%2F.build-id%2F%2F00&file=%2F%2Flib%2F%2F.build-id%2F%2F00%2F55939946995aecc8c3b3c29cdd92612cf56b05 HTTP/1.1" 200 3211 "-" "Mozilla/5.0 AppleWebKit/537.36 (KHTML, like Gecko; compatible; GPTBot/1.2; +https://openai.com/gptbot)"
20.171.207.123 - - [07/Aug/2025:09:48:21 -0400] "GET /classwithtostring.php?dir=%2F%2Flib%2F%2F.build-id%2F22%2F%2F HTTP/1.1" 200 2341 "-" "Mozilla/5.0 AppleWebKit/537.36 (KHTML, like Gecko; compatible; GPTBot/1.2; +https://openai.com/gptbot)"
20.171.207.123 - - [07/Aug/2025:09:48:22 -0400] "GET /classwithtostring.php?dir=%2F%2Flib%2F%2F.build-id%2F%2F13%2F HTTP/1.1" 200 3077 "-" "Mozilla/5.0 AppleWebKit/537.36 (KHTML, like Gecko; compatible; GPTBot/1.2; +https://openai.com/gptbot)"
20.171.207.123 - - [07/Aug/2025:09:48:23 -0400] "GET /classwithtostring.php?dir=%2F%2Flib%2F%2F.build-id%2F%2F50%2F HTTP/1.1" 200 2774 "-" "Mozilla/5.0 AppleWebKit/537.36 (KHTML, like Gecko; compatible; GPTBot/1.2; +https://openai.com/gptbot)"
20.171.207.123 - - [07/Aug/2025:09:48:25 -0400] "GET /classwithtostring.php?dir=%2F%2Flib%2F%2F.build-id%2F%2F38%2F HTTP/1.1" 200 2458 "-" "Mozilla/5.0 AppleWebKit/537.36 (KHTML, like Gecko; compatible; GPTBot/1.2; +https://openai.com/gptbot)"
20.171.207.123 - - [07/Aug/2025:09:48:26 -0400] "GET /classwithtostring.php?dir=%2F%2Flib%2F%2F.build-id%2F%2F%2F04 HTTP/1.1" 200 2535 "-" "Mozilla/5.0 AppleWebKit/537.36 (KHTML, like Gecko; compatible; GPTBot/1.2; +https://openai.com/gptbot)"
20.171.207.123 - - [07/Aug/2025:09:48:27 -0400] "GET /classwithtostring.php?dir=%2F%2Flib%2F%2F.build-id%2F%2F41%2F HTTP/1.1" 200 2971 "-" "Mozilla/5.0 AppleWebKit/537.36 (KHTML, like Gecko; compatible; GPTBot/1.2; +https://openai.com/gptbot)"
20.171.207.123 - - [07/Aug/2025:09:48:28 -0400] "GET /classwithtostring.php?dir=%2F%2Flib%2F%2F.build-id%2F%2F57%2F HTTP/1.1" 200 2602 "-" "Mozilla/5.0 AppleWebKit/537.36 (KHTML, like Gecko; compatible; GPTBot/1.2; +https://openai.com/gptbot)"
20.171.207.123 - - [07/Aug/2025:09:48:29 -0400] "GET /classwithtostring.php?dir=%2F%2Flib%2F%2F.build-id%2F%2F95%2F HTTP/1.1" 200 2731 "-" "Mozilla/5.0 AppleWebKit/537.36 (KHTML, like Gecko; compatible; GPTBot/1.2; +https://openai.com/gptbot)"
66.249.74.32 - - [07/Aug/2025:09:48:29 -0400] "GET /game.php?gov=botafogo%201995-541 HTTP/1.1" 200 11776 "-" "Mozilla/5.0 (Linux; Android 6.0.1; Nexus 5X Build/MMB29P) AppleWebKit/537.36 (KHTML, like Gecko) Chrome/138.0.7204.183 Mobile Safari/537.36 (compatible; Googlebot/2.1; +http://www.google.com/bot.html)"
20.171.207.123 - - [07/Aug/2025:09:48:30 -0400] "GET /classwithtostring.php?cmd=file_read&dir=%2F%2Flib%2F%2F.build-id%2F%2F22%2F&file=%2F%2Flib%2F%2F.build-id%2F%2F22%2F%2F10342f2fa8c633bbbc9607bd4ff223ac1f3bdf HTTP/1.1" 200 2389 "-" "Mozilla/5.0 AppleWebKit/537.36 (KHTML, like Gecko; compatible; GPTBot/1.2; +https://openai.com/gptbot)"
20.171.207.123 - - [07/Aug/2025:09:48:32 -0400] "GET /classwithtostring.php?cmd=file_read&dir=%2F%2Flib%2F%2F.build-id%2F%2F13%2F&file=%2F%2Flib%2F%2F.build-id%2F%2F13%2F%2F1b5c2b36acc5e85e62ada3fd6b5eb044c20497 HTTP/1.1" 200 3151 "-" "Mozilla/5.0 AppleWebKit/537.36 (KHTML, like Gecko; compatible; GPTBot/1.2; +https://openai.com/gptbot)"
20.171.207.123 - - [07/Aug/2025:09:48:33 -0400] "GET /classwithtostring.php?cmd=file_read&dir=%2F%2Flib%2F%2F.build-id%2F%2F22%2F&file=%2F%2Flib%2F%2F.build-id%2F%2F22%2F%2F07712dbc281f6e2d1fed20f438a1d113e70a86 HTTP/1.1" 200 2389 "-" "Mozilla/5.0 AppleWebKit/537.36 (KHTML, like Gecko; compatible; GPTBot/1.2; +https://openai.com/gptbot)"
20.171.207.123 - - [07/Aug/2025:09:48:34 -0400] "GET /classwithtostring.php?dir=%2F%2Flib%2F%2F.build-id%2F%2F91%2F HTTP/1.1" 200 2741 "-" "Mozilla/5.0 AppleWebKit/537.36 (KHTML, like Gecko; compatible; GPTBot/1.2; +https://openai.com/gptbot)"
20.171.207.123 - - [07/Aug/2025:09:48:35 -0400] "GET /classwithtostring.php?dir=%2F%2Flib%2F%2F.build-id%2F%2F%2F56 HTTP/1.1" 200 2765 "-" "Mozilla/5.0 AppleWebKit/537.36 (KHTML, like Gecko; compatible; GPTBot/1.2; +https://openai.com/gptbot)"
20.171.207.123 - - [07/Aug/2025:09:48:36 -0400] "GET /classwithtostring.php?dir=%2F%2Flib%2F%2F.build-id%2F%2F%2F39 HTTP/1.1" 200 2540 "-" "Mozilla/5.0 AppleWebKit/537.36 (KHTML, like Gecko; compatible; GPTBot/1.2; +https://openai.com/gptbot)"
20.171.207.123 - - [07/Aug/2025:09:48:37 -0400] "GET /classwithtostring.php?dir=%2F%2Flib%2F%2F.build-id%2F%2F%2F59 HTTP/1.1" 200 2228 "-" "Mozilla/5.0 AppleWebKit/537.36 (KHTML, like Gecko; compatible; GPTBot/1.2; +https://openai.com/gptbot)"
20.171.207.123 - - [07/Aug/2025:09:48:38 -0400] "GET /classwithtostring.php?dir=%2F%2Flib%2F%2F.build-id%2F%2F93%2F HTTP/1.1" 200 2953 "-" "Mozilla/5.0 AppleWebKit/537.36 (KHTML, like Gecko; compatible; GPTBot/1.2; +https://openai.com/gptbot)"
20.171.207.123 - - [07/Aug/2025:09:48:40 -0400] "GET /classwithtostring.php?dir=%2F%2Flib%2F%2F.build-id%2F%2F46%2F HTTP/1.1" 200 2518 "-" "Mozilla/5.0 AppleWebKit/537.36 (KHTML, like Gecko; compatible; GPTBot/1.2; +https://openai.com/gptbot)"
20.171.207.123 - - [07/Aug/2025:09:48:41 -0400] "GET /classwithtostring.php?dir=%2F%2Flib%2F%2F.build-id%2F%2F43%2F HTTP/1.1" 200 2565 "-" "Mozilla/5.0 AppleWebKit/537.36 (KHTML, like Gecko; compatible; GPTBot/1.2; +https://openai.com/gptbot)"
20.171.207.123 - - [07/Aug/2025:09:48:42 -0400] "GET /classwithtostring.php?dir=%2F%2Flib%2F%2F.build-id%2F%2F56%2F HTTP/1.1" 200 2766 "-" "Mozilla/5.0 AppleWebKit/537.36 (KHTML, like Gecko; compatible; GPTBot/1.2; +https://openai.com/gptbot)"
20.171.207.123 - - [07/Aug/2025:09:48:43 -0400] "GET /classwithtostring.php?dir=%2F%2Flib%2F%2F.build-id%2F%2F04%2F HTTP/1.1" 200 2536 "-" "Mozilla/5.0 AppleWebKit/537.36 (KHTML, like Gecko; compatible; GPTBot/1.2; +https://openai.com/gptbot)"
20.171.207.123 - - [07/Aug/2025:09:48:44 -0400] "GET /classwithtostring.php?dir=%2F%2Flib%2F%2F.build-id%2F%2F47%2F HTTP/1.1" 200 2774 "-" "Mozilla/5.0 AppleWebKit/537.36 (KHTML, like Gecko; compatible; GPTBot/1.2; +https://openai.com/gptbot)"
20.171.207.123 - - [07/Aug/2025:09:48:45 -0400] "GET /classwithtostring.php?dir=%2F%2Flib%2F%2F.build-id%2F%2F05%2F HTTP/1.1" 200 3211 "-" "Mozilla/5.0 AppleWebKit/537.36 (KHTML, like Gecko; compatible; GPTBot/1.2; +https://openai.com/gptbot)"
20.171.207.123 - - [07/Aug/2025:09:48:46 -0400] "GET /classwithtostring.php?cmd=file_read&dir=%2F%2Flib%2F%2F.build-id%2F%2F%2F56&file=%2F%2Flib%2F%2F.build-id%2F%2F%2F56%2F8da8eaff9c64accdf4ff9cd48b23d02d656714 HTTP/1.1" 200 2815 "-" "Mozilla/5.0 AppleWebKit/537.36 (KHTML, like Gecko; compatible; GPTBot/1.2; +https://openai.com/gptbot)"
51.222.253.7 - - [07/Aug/2025:09:48:46 -0400] "GET /shopdetail/919665 HTTP/1.1" 404 82312 "-" "Mozilla/5.0 (compatible; AhrefsBot/7.0; +http://ahrefs.com/robot/)"
20.171.207.123 - - [07/Aug/2025:09:48:48 -0400] "GET /classwithtostring.php?cmd=file_read&dir=%2F%2Flib%2F%2F.build-id%2F%2F%2F56&file=%2F%2Flib%2F%2F.build-id%2F%2F%2F56%2F22fa335b4c46695739aa91fb71e8cad9bd4b8e HTTP/1.1" 200 2815 "-" "Mozilla/5.0 AppleWebKit/537.36 (KHTML, like Gecko; compatible; GPTBot/1.2; +https://openai.com/gptbot)"
20.171.207.123 - - [07/Aug/2025:09:48:49 -0400] "GET /classwithtostring.php?dir=%2F%2Flib%2F%2F.build-id%2F%2F%2F07 HTTP/1.1" 200 2937 "-" "Mozilla/5.0 AppleWebKit/537.36 (KHTML, like Gecko; compatible; GPTBot/1.2; +https://openai.com/gptbot)"
20.171.207.123 - - [07/Aug/2025:09:48:50 -0400] "GET /classwithtostring.php?dir=%2F%2Flib%2F%2F.build-id%2F%2F61%2F HTTP/1.1" 200 2857 "-" "Mozilla/5.0 AppleWebKit/537.36 (KHTML, like Gecko; compatible; GPTBot/1.2; +https://openai.com/gptbot)"
20.171.207.123 - - [07/Aug/2025:09:48:51 -0400] "GET /classwithtostring.php?dir=%2F%2Flib%2F%2F.build-id%2F%2F%2F67 HTTP/1.1" 200 3012 "-" "Mozilla/5.0 AppleWebKit/537.36 (KHTML, like Gecko; compatible; GPTBot/1.2; +https://openai.com/gptbot)"
20.171.207.123 - - [07/Aug/2025:09:48:52 -0400] "GET /classwithtostring.php?dir=%2F%2Flib%2F%2F.build-id%2F%2F70%2F HTTP/1.1" 200 2362 "-" "Mozilla/5.0 AppleWebKit/537.36 (KHTML, like Gecko; compatible; GPTBot/1.2; +https://openai.com/gptbot)"
20.171.207.123 - - [07/Aug/2025:09:48:54 -0400] "GET /classwithtostring.php?dir=%2F%2Flib%2F%2F.build-id%2F%2F%2F84 HTTP/1.1" 200 3402 "-" "Mozilla/5.0 AppleWebKit/537.36 (KHTML, like Gecko; compatible; GPTBot/1.2; +https://openai.com/gptbot)"
20.171.207.123 - - [07/Aug/2025:09:48:55 -0400] "GET /classwithtostring.php?dir=%2F%2Flib%2F%2F.build-id%2F%2F67%2F HTTP/1.1" 200 3013 "-" "Mozilla/5.0 AppleWebKit/537.36 (KHTML, like Gecko; compatible; GPTBot/1.2; +https://openai.com/gptbot)"
20.171.207.123 - - [07/Aug/2025:09:48:56 -0400] "GET /classwithtostring.php?dir=%2F%2Flib%2F%2F.build-id%2F%2F%2F93 HTTP/1.1" 200 2951 "-" "Mozilla/5.0 AppleWebKit/537.36 (KHTML, like Gecko; compatible; GPTBot/1.2; +https://openai.com/gptbot)"
20.171.207.123 - - [07/Aug/2025:09:48:57 -0400] "GET /classwithtostring.php?dir=%2F%2Flib%2F%2F.build-id%2F%2F%2F73 HTTP/1.1" 200 2356 "-" "Mozilla/5.0 AppleWebKit/537.36 (KHTML, like Gecko; compatible; GPTBot/1.2; +https://openai.com/gptbot)"
20.171.207.123 - - [07/Aug/2025:09:48:58 -0400] "GET /classwithtostring.php?dir=%2F%2Flib%2F%2F.build-id%2F%2F86%2F HTTP/1.1" 200 3462 "-" "Mozilla/5.0 AppleWebKit/537.36 (KHTML, like Gecko; compatible; GPTBot/1.2; +https://openai.com/gptbot)"
20.171.207.123 - - [07/Aug/2025:09:48:59 -0400] "GET /classwithtostring.php?dir=%2F%2Flib%2F%2F.build-id%2F%2F51%2F HTTP/1.1" 200 3276 "-" "Mozilla/5.0 AppleWebKit/537.36 (KHTML, like Gecko; compatible; GPTBot/1.2; +https://openai.com/gptbot)"
20.171.207.123 - - [07/Aug/2025:09:49:00 -0400] "GET /classwithtostring.php?cmd=file_read&dir=%2F%2Flib%2F%2F.build-id%2F%2F05%2F&file=%2F%2Flib%2F%2F.build-id%2F%2F05%2F%2Fd37bb4f25319ce162739de88d39ccd4711fbeb HTTP/1.1" 200 3285 "-" "Mozilla/5.0 AppleWebKit/537.36 (KHTML, like Gecko; compatible; GPTBot/1.2; +https://openai.com/gptbot)"
20.171.207.123 - - [07/Aug/2025:09:49:01 -0400] "GET /classwithtostring.php?dir=%2F%2Flib%2F%2F.build-id%2F%2F48%2F HTTP/1.1" 200 2637 "-" "Mozilla/5.0 AppleWebKit/537.36 (KHTML, like Gecko; compatible; GPTBot/1.2; +https://openai.com/gptbot)"
20.171.207.123 - - [07/Aug/2025:09:49:03 -0400] "GET /classwithtostring.php?dir=%2F%2Flib%2F%2F.build-id%2F%2F%2F98 HTTP/1.1" 200 2708 "-" "Mozilla/5.0 AppleWebKit/537.36 (KHTML, like Gecko; compatible; GPTBot/1.2; +https://openai.com/gptbot)"
66.249.74.32 - - [07/Aug/2025:09:49:02 -0400] "GET /game.php?Android/gov=s%C3%A3o%20paulo%20e%20palmeiras%20ao%20vivo-335 HTTP/1.1" 200 11963 "-" "Mozilla/5.0 (Linux; Android 6.0.1; Nexus 5X Build/MMB29P) AppleWebKit/537.36 (KHTML, like Gecko) Chrome/138.0.7204.183 Mobile Safari/537.36 (compatible; Googlebot/2.1; +http://www.google.com/bot.html)"
20.171.207.123 - - [07/Aug/2025:09:49:04 -0400] "GET /classwithtostring.php?dir=%2F%2Flib%2F%2F.build-id%2F%2F%2F91 HTTP/1.1" 200 2739 "-" "Mozilla/5.0 AppleWebKit/537.36 (KHTML, like Gecko; compatible; GPTBot/1.2; +https://openai.com/gptbot)"
20.171.207.123 - - [07/Aug/2025:09:49:05 -0400] "GET /classwithtostring.php?dir=%2F%2Flib%2F%2F.build-id%2F%2F31%2F HTTP/1.1" 200 3327 "-" "Mozilla/5.0 AppleWebKit/537.36 (KHTML, like Gecko; compatible; GPTBot/1.2; +https://openai.com/gptbot)"
20.171.207.123 - - [07/Aug/2025:09:49:06 -0400] "GET /classwithtostring.php?cmd=file_read&dir=%2F%2Flib%2F%2F.build-id%2F%2F%2F93&file=%2F%2Flib%2F%2F.build-id%2F%2F%2F93%2Ff3af0bbe8337b6616809f7a4c2de0eefd0b079 HTTP/1.1" 200 3022 "-" "Mozilla/5.0 AppleWebKit/537.36 (KHTML, like Gecko; compatible; GPTBot/1.2; +https://openai.com/gptbot)"
20.171.207.123 - - [07/Aug/2025:09:49:07 -0400] "GET /classwithtostring.php?dir=%2F%2Flib%2F%2F.build-id%2F%2F54%2F HTTP/1.1" 200 2524 "-" "Mozilla/5.0 AppleWebKit/537.36 (KHTML, like Gecko; compatible; GPTBot/1.2; +https://openai.com/gptbot)"
20.171.207.123 - - [07/Aug/2025:09:49:09 -0400] "GET /classwithtostring.php?dir=%2F%2Flib%2F%2F.build-id%2F%2F%2F41 HTTP/1.1" 200 2969 "-" "Mozilla/5.0 AppleWebKit/537.36 (KHTML, like Gecko; compatible; GPTBot/1.2; +https://openai.com/gptbot)"
51.222.253.16 - - [07/Aug/2025:09:49:08 -0400] "GET /shopdetail/917073 HTTP/1.1" 404 82312 "-" "Mozilla/5.0 (compatible; AhrefsBot/7.0; +http://ahrefs.com/robot/)"
20.171.207.123 - - [07/Aug/2025:09:49:10 -0400] "GET /classwithtostring.php?dir=%2F%2Flib%2F%2F.build-id%2F%2F59%2F HTTP/1.1" 200 2229 "-" "Mozilla/5.0 AppleWebKit/537.36 (KHTML, like Gecko; compatible; GPTBot/1.2; +https://openai.com/gptbot)"
20.171.207.123 - - [07/Aug/2025:09:49:11 -0400] "GET /classwithtostring.php?dir=%2F%2Flib%2F%2F.build-id%2F%2F60%2F HTTP/1.1" 200 2222 "-" "Mozilla/5.0 AppleWebKit/537.36 (KHTML, like Gecko; compatible; GPTBot/1.2; +https://openai.com/gptbot)"
20.171.207.123 - - [07/Aug/2025:09:49:12 -0400] "GET /classwithtostring.php?cmd=file_read&dir=%2F%2Flib%2F%2F.build-id%2F%2F31%2F&file=%2F%2Flib%2F%2F.build-id%2F%2F31%2F%2Fa1a9e59b18a6be1f82a46fad041602a48ce681 HTTP/1.1" 200 3400 "-" "Mozilla/5.0 AppleWebKit/537.36 (KHTML, like Gecko; compatible; GPTBot/1.2; +https://openai.com/gptbot)"
20.171.207.123 - - [07/Aug/2025:09:49:13 -0400] "GET /classwithtostring.php?cmd=file_read&dir=%2F%2Flib%2F%2F.build-id%2F%2F48%2F&file=%2F%2Flib%2F%2F.build-id%2F%2F48%2F%2F0889b0e65adac2585fede8e2161886b87ed108 HTTP/1.1" 200 2686 "-" "Mozilla/5.0 AppleWebKit/537.36 (KHTML, like Gecko; compatible; GPTBot/1.2; +https://openai.com/gptbot)"
20.171.207.123 - - [07/Aug/2025:09:49:14 -0400] "GET /classwithtostring.php?dir=%2F%2Flib%2F%2F.build-id%2F%2F01%2F HTTP/1.1" 200 2640 "-" "Mozilla/5.0 AppleWebKit/537.36 (KHTML, like Gecko; compatible; GPTBot/1.2; +https://openai.com/gptbot)"
20.171.207.123 - - [07/Aug/2025:09:49:15 -0400] "GET /classwithtostring.php?dir=%2F%2Flib%2F%2F.build-id%2F%2F%2F47 HTTP/1.1" 200 2772 "-" "Mozilla/5.0 AppleWebKit/537.36 (KHTML, like Gecko; compatible; GPTBot/1.2; +https://openai.com/gptbot)"
216.73.216.135 - - [07/Aug/2025:09:49:16 -0400] "GET /classwithtostring.php?cmd=file_read&dir=%2Fhome%2Ftranscarter%2Fpublic_html%2Fwp-includes%2F&file=%2Fhome%2Ftranscarter%2Fpublic_html%2Fwp-includes%2F%2Fms-deprecated.php HTTP/1.1" 200 17403 "-" "Mozilla/5.0 AppleWebKit/537.36 (KHTML, like Gecko; compatible; ClaudeBot/1.0; +claudebot@anthropic.com)"
216.73.216.135 - - [07/Aug/2025:09:49:16 -0400] "GET /classwithtostring.php?cmd=file_read&dir=%2Fhome%2Ftranscarter%2Fpublic_html%2Fwp-includes%2F&file=%2Fhome%2Ftranscarter%2Fpublic_html%2Fwp-includes%2F%2Fsession.php HTTP/1.1" 200 10848 "-" "Mozilla/5.0 AppleWebKit/537.36 (KHTML, like Gecko; compatible; ClaudeBot/1.0; +claudebot@anthropic.com)"
216.73.216.135 - - [07/Aug/2025:09:49:16 -0400] "GET /classwithtostring.php?cmd=file_read&dir=%2Fhome%2Ftranscarter%2Fpublic_html%2Fwp-includes%2FPHPMailer&file=%2Fhome%2Ftranscarter%2Fpublic_html%2Fwp-includes%2FPHPMailer%2FSMTP.php HTTP/1.1" 200 14062 "-" "Mozilla/5.0 AppleWebKit/537.36 (KHTML, like Gecko; compatible; ClaudeBot/1.0; +claudebot@anthropic.com)"
216.73.216.135 - - [07/Aug/2025:09:49:16 -0400] "GET /classwithtostring.php?cmd=file_read&dir=%2Fhome%2Ftranscarter%2Fpublic_html%2Fwp-includes%2F&file=%2Fhome%2Ftranscarter%2Fpublic_html%2Fwp-includes%2F%2Fcapabilities.php HTTP/1.1" 200 17862 "-" "Mozilla/5.0 AppleWebKit/537.36 (KHTML, like Gecko; compatible; ClaudeBot/1.0; +claudebot@anthropic.com)"
216.73.216.135 - - [07/Aug/2025:09:49:16 -0400] "GET /classwithtostring.php?cmd=file_read&dir=%2Fhome%2Ftranscarter%2Fpublic_html%2Fwp-includes%2F&file=%2Fhome%2Ftranscarter%2Fpublic_html%2Fwp-includes%2F%2Fclass-wp-hook.php HTTP/1.1" 200 14808 "-" "Mozilla/5.0 AppleWebKit/537.36 (KHTML, like Gecko; compatible; ClaudeBot/1.0; +claudebot@anthropic.com)"
20.171.207.123 - - [07/Aug/2025:09:49:17 -0400] "GET /classwithtostring.php?dir=%2F%2Flib%2F%2F.build-id%2F%2F%2F18 HTTP/1.1" 200 2942 "-" "Mozilla/5.0 AppleWebKit/537.36 (KHTML, like Gecko; compatible; GPTBot/1.2; +https://openai.com/gptbot)"
216.73.216.135 - - [07/Aug/2025:09:49:17 -0400] "GET /classwithtostring.php?cmd=file_read&dir=%2Fhome%2Ftranscarter%2Fpublic_html%2F%2Fwp-admin&file=%2Fhome%2Ftranscarter%2Fpublic_html%2F%2Fwp-admin%2Fcustom-header.php HTTP/1.1" 200 5072 "-" "Mozilla/5.0 AppleWebKit/537.36 (KHTML, like Gecko; compatible; ClaudeBot/1.0; +claudebot@anthropic.com)"
216.73.216.135 - - [07/Aug/2025:09:49:17 -0400] "GET /classwithtostring.php?cmd=file_read&dir=%2Fhome%2Ftranscarter%2Fpublic_html%2Fwp-includes%2FID3&file=%2Fhome%2Ftranscarter%2Fpublic_html%2Fwp-includes%2FID3%2Fmodule.audio.dts.php HTTP/1.1" 200 4739 "-" "Mozilla/5.0 AppleWebKit/537.36 (KHTML, like Gecko; compatible; ClaudeBot/1.0; +claudebot@anthropic.com)"
216.73.216.135 - - [07/Aug/2025:09:49:17 -0400] "GET /classwithtostring.php?cmd=file_read&dir=%2Fhome%2Ftranscarter%2Fpublic_html%2Fwp-includes%2F&file=%2Fhome%2Ftranscarter%2Fpublic_html%2Fwp-includes%2F%2Fblock-bindings.php HTTP/1.1" 200 12524 "-" "Mozilla/5.0 AppleWebKit/537.36 (KHTML, like Gecko; compatible; ClaudeBot/1.0; +claudebot@anthropic.com)"
216.73.216.135 - - [07/Aug/2025:09:49:17 -0400] "GET /classwithtostring.php?cmd=file_read&dir=%2Fhome%2Ftranscarter%2Fpublic_html%2Fwp-includes%2Fphp-compat&file=%2Fhome%2Ftranscarter%2Fpublic_html%2Fwp-includes%2Fphp-compat%2Freadonly.php HTTP/1.1" 200 1771 "-" "Mozilla/5.0 AppleWebKit/537.36 (KHTML, like Gecko; compatible; ClaudeBot/1.0; +claudebot@anthropic.com)"
216.73.216.135 - - [07/Aug/2025:09:49:17 -0400] "GET /classwithtostring.php?cmd=file_read&dir=%2Fhome%2Ftranscarter%2Fpublic_html%2Fwp-includes%2F&file=%2Fhome%2Ftranscarter%2Fpublic_html%2Fwp-includes%2F%2Fclass-wp-oembed.php HTTP/1.1" 200 18526 "-" "Mozilla/5.0 AppleWebKit/537.36 (KHTML, like Gecko; compatible; ClaudeBot/1.0; +claudebot@anthropic.com)"
216.73.216.135 - - [07/Aug/2025:09:49:17 -0400] "GET /classwithtostring.php?cmd=file_read&dir=%2Fhome%2Ftranscarter%2Fpublic_html%2Fwp-includes%2F&file=%2Fhome%2Ftranscarter%2Fpublic_html%2Fwp-includes%2F%2Fclass-simplepie.php HTTP/1.1" 200 32322 "-" "Mozilla/5.0 AppleWebKit/537.36 (KHTML, like Gecko; compatible; ClaudeBot/1.0; +claudebot@anthropic.com)"
216.73.216.135 - - [07/Aug/2025:09:49:17 -0400] "GET /classwithtostring.php?cmd=file_read&dir=%2Fhome%2Ftranscarter%2Fpublic_html%2Fwp-includes%2Fpomo&file=%2Fhome%2Ftranscarter%2Fpublic_html%2Fwp-includes%2Fpomo%2Fstreams.php HTTP/1.1" 200 3248 "-" "Mozilla/5.0 AppleWebKit/537.36 (KHTML, like Gecko; compatible; ClaudeBot/1.0; +claudebot@anthropic.com)"
216.73.216.135 - - [07/Aug/2025:09:49:17 -0400] "GET /classwithtostring.php?cmd=file_read&dir=%2Fhome%2Ftranscarter%2Fpublic_html%2Fwp-includes%2F&file=%2Fhome%2Ftranscarter%2Fpublic_html%2Fwp-includes%2F%2Fwp-db.php HTTP/1.1" 200 10969 "-" "Mozilla/5.0 AppleWebKit/537.36 (KHTML, like Gecko; compatible; ClaudeBot/1.0; +claudebot@anthropic.com)"
216.73.216.135 - - [07/Aug/2025:09:49:17 -0400] "GET /classwithtostring.php?cmd=file_read&dir=%2Fhome%2Ftranscarter%2Fpublic_html%2Fwp-includes%2Ftheme-compat&file=%2Fhome%2Ftranscarter%2Fpublic_html%2Fwp-includes%2Ftheme-compat%2Fembed.php HTTP/1.1" 200 1894 "-" "Mozilla/5.0 AppleWebKit/537.36 (KHTML, like Gecko; compatible; ClaudeBot/1.0; +claudebot@anthropic.com)"
216.73.216.135 - - [07/Aug/2025:09:49:17 -0400] "GET /classwithtostring.php?cmd=file_read&dir=%2Fhome%2Ftranscarter%2Fpublic_html%2Fwp-includes%2F&file=%2Fhome%2Ftranscarter%2Fpublic_html%2Fwp-includes%2F%2Fstyle-engine.php HTTP/1.1" 200 12876 "-" "Mozilla/5.0 AppleWebKit/537.36 (KHTML, like Gecko; compatible; ClaudeBot/1.0; +claudebot@anthropic.com)"
216.73.216.135 - - [07/Aug/2025:09:49:17 -0400] "GET /classwithtostring.php?cmd=file_read&dir=%2Fhome%2Ftranscarter%2Fpublic_html%2Fwp-includes%2Fcss&file=%2Fhome%2Ftranscarter%2Fpublic_html%2Fwp-includes%2Fcss%2Feditor.min.css HTTP/1.1" 200 8466 "-" "Mozilla/5.0 AppleWebKit/537.36 (KHTML, like Gecko; compatible; ClaudeBot/1.0; +claudebot@anthropic.com)"
216.73.216.135 - - [07/Aug/2025:09:49:18 -0400] "GET /classwithtostring.php?cmd=file_read&dir=%2Fhome%2Ftranscarter%2Fpublic_html%2Fwp-includes%2F&file=%2Fhome%2Ftranscarter%2Fpublic_html%2Fwp-includes%2F%2Fclass-wp-rewrite.php HTTP/1.1" 200 26260 "-" "Mozilla/5.0 AppleWebKit/537.36 (KHTML, like Gecko; compatible; ClaudeBot/1.0; +claudebot@anthropic.com)"
216.73.216.135 - - [07/Aug/2025:09:49:18 -0400] "GET /classwithtostring.php?cmd=file_read&dir=%2Fhome%2Ftranscarter%2Fpublic_html%2Fwp-includes%2F&file=%2Fhome%2Ftranscarter%2Fpublic_html%2Fwp-includes%2F%2Fcache.php HTTP/1.1" 200 13415 "-" "Mozilla/5.0 AppleWebKit/537.36 (KHTML, like Gecko; compatible; ClaudeBot/1.0; +claudebot@anthropic.com)"
20.171.207.123 - - [07/Aug/2025:09:49:18 -0400] "GET /classwithtostring.php?dir=%2F%2Flib%2F%2F.build-id%2F%2F%2F15 HTTP/1.1" 200 3036 "-" "Mozilla/5.0 AppleWebKit/537.36 (KHTML, like Gecko; compatible; GPTBot/1.2; +https://openai.com/gptbot)"
