20.171.207.123 - - [07/Aug/2025:08:28:19 -0400] "GET /classwithtostring.php?dir=%2F%2Flib%2F.build-id%2F%2Fce%2F%2F%2F HTTP/1.1" 200 2418 "-" "Mozilla/5.0 AppleWebKit/537.36 (KHTML, like Gecko; compatible; GPTBot/1.2; +https://openai.com/gptbot)"
20.171.207.123 - - [07/Aug/2025:08:28:20 -0400] "GET /classwithtostring.php?dir=%2F%2Flib%2F.build-id%2F%2F%2Ffb HTTP/1.1" 200 2796 "-" "Mozilla/5.0 AppleWebKit/537.36 (KHTML, like Gecko; compatible; GPTBot/1.2; +https://openai.com/gptbot)"
20.171.207.123 - - [07/Aug/2025:08:28:21 -0400] "GET /classwithtostring.php?dir=%2F%2Flib%2F.build-id%2F%2F6b HTTP/1.1" 200 2628 "-" "Mozilla/5.0 AppleWebKit/537.36 (KHTML, like Gecko; compatible; GPTBot/1.2; +https://openai.com/gptbot)"
20.171.207.123 - - [07/Aug/2025:08:28:22 -0400] "GET /classwithtostring.php?dir=%2F%2Flib%2F.build-id%2F%2Fb6%2F%2F HTTP/1.1" 200 3182 "-" "Mozilla/5.0 AppleWebKit/537.36 (KHTML, like Gecko; compatible; GPTBot/1.2; +https://openai.com/gptbot)"
20.171.207.123 - - [07/Aug/2025:08:28:23 -0400] "GET /classwithtostring.php?dir=%2F%2Flib%2F.build-id%2F%2Fec%2F HTTP/1.1" 200 2759 "-" "Mozilla/5.0 AppleWebKit/537.36 (KHTML, like Gecko; compatible; GPTBot/1.2; +https://openai.com/gptbot)"
20.171.207.123 - - [07/Aug/2025:08:28:24 -0400] "GET /classwithtostring.php?cmd=file_read&dir=%2F%2Flib%2F.build-id%2F%2Fbe%2F%2F%2F&file=%2F%2Flib%2F.build-id%2F%2Fbe%2F%2F%2F%2F76b403643b3d583adf16c2248d7c4595682754 HTTP/1.1" 200 3178 "-" "Mozilla/5.0 AppleWebKit/537.36 (KHTML, like Gecko; compatible; GPTBot/1.2; +https://openai.com/gptbot)"
20.171.207.123 - - [07/Aug/2025:08:28:26 -0400] "GET /classwithtostring.php?dir=%2F%2Flib%2F.build-id%2F%2F7d%2F%2F HTTP/1.1" 200 2679 "-" "Mozilla/5.0 AppleWebKit/537.36 (KHTML, like Gecko; compatible; GPTBot/1.2; +https://openai.com/gptbot)"
20.171.207.123 - - [07/Aug/2025:08:28:27 -0400] "GET /classwithtostring.php?dir=%2F%2Flib%2F.build-id%2Ffb%2F%2F HTTP/1.1" 200 2797 "-" "Mozilla/5.0 AppleWebKit/537.36 (KHTML, like Gecko; compatible; GPTBot/1.2; +https://openai.com/gptbot)"
66.249.74.32 - - [07/Aug/2025:08:28:27 -0400] "GET /game.php/ios/play=placar%20brasil%20x%20eua-834 HTTP/1.1" 200 11816 "-" "Googlebot-Image/1.0"
20.171.207.123 - - [07/Aug/2025:08:28:28 -0400] "GET /classwithtostring.php?dir=%2F%2Flib%2F.build-id%2F%2Ffa%2F HTTP/1.1" 200 3496 "-" "Mozilla/5.0 AppleWebKit/537.36 (KHTML, like Gecko; compatible; GPTBot/1.2; +https://openai.com/gptbot)"
66.249.74.32 - - [07/Aug/2025:08:28:27 -0400] "GET /game.php/game/9095win%20com-66.html HTTP/1.1" 200 11939 "-" "Mozilla/5.0 (Linux; Android 6.0.1; Nexus 5X Build/MMB29P) AppleWebKit/537.36 (KHTML, like Gecko) Chrome/138.0.7204.183 Mobile Safari/537.36 (compatible; Googlebot/2.1; +http://www.google.com/bot.html)"
20.171.207.123 - - [07/Aug/2025:08:28:29 -0400] "GET /classwithtostring.php?dir=%2F%2Flib%2F.build-id%2F%2F1b%2F HTTP/1.1" 200 2560 "-" "Mozilla/5.0 AppleWebKit/537.36 (KHTML, like Gecko; compatible; GPTBot/1.2; +https://openai.com/gptbot)"
20.171.207.123 - - [07/Aug/2025:08:28:30 -0400] "GET /classwithtostring.php?dir=%2F%2Flib%2F.build-id%2Fef%2F%2F HTTP/1.1" 200 2781 "-" "Mozilla/5.0 AppleWebKit/537.36 (KHTML, like Gecko; compatible; GPTBot/1.2; +https://openai.com/gptbot)"
20.171.207.123 - - [07/Aug/2025:08:28:31 -0400] "GET /classwithtostring.php?dir=%2F%2Flib%2F.build-id%2F%2F%2Ffb%2F HTTP/1.1" 200 2809 "-" "Mozilla/5.0 AppleWebKit/537.36 (KHTML, like Gecko; compatible; GPTBot/1.2; +https://openai.com/gptbot)"
20.171.207.123 - - [07/Aug/2025:08:28:32 -0400] "GET /classwithtostring.php?cmd=file_read&dir=%2F%2Flib%2F.build-id%2F%2F6b&file=%2F%2Flib%2F.build-id%2F%2F6b%2F795392f63db5be9673fba904d29ecd465ea42d HTTP/1.1" 200 2676 "-" "Mozilla/5.0 AppleWebKit/537.36 (KHTML, like Gecko; compatible; GPTBot/1.2; +https://openai.com/gptbot)"
20.171.207.123 - - [07/Aug/2025:08:28:34 -0400] "GET /classwithtostring.php?dir=%2F%2Flib%2F.build-id%2F%2F6b%2F HTTP/1.1" 200 2633 "-" "Mozilla/5.0 AppleWebKit/537.36 (KHTML, like Gecko; compatible; GPTBot/1.2; +https://openai.com/gptbot)"
20.171.207.123 - - [07/Aug/2025:08:28:35 -0400] "GET /classwithtostring.php?dir=%2F%2Flib%2F.build-id%2F%2Fec%2F%2F HTTP/1.1" 200 2769 "-" "Mozilla/5.0 AppleWebKit/537.36 (KHTML, like Gecko; compatible; GPTBot/1.2; +https://openai.com/gptbot)"
20.171.207.123 - - [07/Aug/2025:08:28:36 -0400] "GET /classwithtostring.php?dir=%2F%2Flib%2F.build-id%2F%2Fb6%2F%2F%2F HTTP/1.1" 200 3176 "-" "Mozilla/5.0 AppleWebKit/537.36 (KHTML, like Gecko; compatible; GPTBot/1.2; +https://openai.com/gptbot)"
20.171.207.123 - - [07/Aug/2025:08:28:37 -0400] "GET /classwithtostring.php?dir=%2F%2Flib%2F.build-id%2F%2Faf%2F HTTP/1.1" 200 2653 "-" "Mozilla/5.0 AppleWebKit/537.36 (KHTML, like Gecko; compatible; GPTBot/1.2; +https://openai.com/gptbot)"
20.171.207.123 - - [07/Aug/2025:08:28:38 -0400] "GET /classwithtostring.php?dir=%2F%2Flib%2F.build-id%2Ffb%2F%2F%2F HTTP/1.1" 200 2808 "-" "Mozilla/5.0 AppleWebKit/537.36 (KHTML, like Gecko; compatible; GPTBot/1.2; +https://openai.com/gptbot)"
51.222.253.14 - - [07/Aug/2025:08:28:37 -0400] "GET /shopdetail/1199865 HTTP/1.1" 404 82312 "-" "Mozilla/5.0 (compatible; AhrefsBot/7.0; +http://ahrefs.com/robot/)"
20.171.207.123 - - [07/Aug/2025:08:28:39 -0400] "GET /classwithtostring.php?dir=%2F%2Flib%2F.build-id%2F%2Ffa%2F%2F HTTP/1.1" 200 3510 "-" "Mozilla/5.0 AppleWebKit/537.36 (KHTML, like Gecko; compatible; GPTBot/1.2; +https://openai.com/gptbot)"
20.171.207.123 - - [07/Aug/2025:08:28:41 -0400] "GET /classwithtostring.php?cmd=file_read&dir=%2F%2Flib%2F.build-id%2F%2F1b%2F&file=%2F%2Flib%2F.build-id%2F%2F1b%2F%2Fc4cd0bba113258f0015fdceca91323141831bb HTTP/1.1" 200 2609 "-" "Mozilla/5.0 AppleWebKit/537.36 (KHTML, like Gecko; compatible; GPTBot/1.2; +https://openai.com/gptbot)"
20.171.207.123 - - [07/Aug/2025:08:28:42 -0400] "GET /classwithtostring.php?dir=%2F%2Flib%2F.build-id%2Fef%2F%2F%2F HTTP/1.1" 200 2791 "-" "Mozilla/5.0 AppleWebKit/537.36 (KHTML, like Gecko; compatible; GPTBot/1.2; +https://openai.com/gptbot)"
20.171.207.123 - - [07/Aug/2025:08:28:43 -0400] "GET /classwithtostring.php?dir=%2F%2Flib%2F.build-id%2F%2F6b%2F%2F HTTP/1.1" 200 2643 "-" "Mozilla/5.0 AppleWebKit/537.36 (KHTML, like Gecko; compatible; GPTBot/1.2; +https://openai.com/gptbot)"
20.171.207.123 - - [07/Aug/2025:08:28:44 -0400] "GET /classwithtostring.php?dir=%2F%2Flib%2F.build-id%2F%2Fd0 HTTP/1.1" 200 2388 "-" "Mozilla/5.0 AppleWebKit/537.36 (KHTML, like Gecko; compatible; GPTBot/1.2; +https://openai.com/gptbot)"
20.171.207.123 - - [07/Aug/2025:08:28:45 -0400] "GET /classwithtostring.php?dir=%2F%2Flib%2F.build-id%2F%2F%2Ffb%2F%2F HTTP/1.1" 200 2801 "-" "Mozilla/5.0 AppleWebKit/537.36 (KHTML, like Gecko; compatible; GPTBot/1.2; +https://openai.com/gptbot)"
20.171.207.123 - - [07/Aug/2025:08:28:46 -0400] "GET /classwithtostring.php?dir=%2F%2Flib%2F.build-id%2F%2Fec%2F%2F%2F HTTP/1.1" 200 2764 "-" "Mozilla/5.0 AppleWebKit/537.36 (KHTML, like Gecko; compatible; GPTBot/1.2; +https://openai.com/gptbot)"
20.171.207.123 - - [07/Aug/2025:08:28:47 -0400] "GET /classwithtostring.php?dir=%2F%2Flib%2F.build-id%2F%2Faf%2F%2F HTTP/1.1" 200 2662 "-" "Mozilla/5.0 AppleWebKit/537.36 (KHTML, like Gecko; compatible; GPTBot/1.2; +https://openai.com/gptbot)"
66.249.74.32 - - [07/Aug/2025:08:28:47 -0400] "GET /game.php?game/gov=jockpot-841 HTTP/1.1" 200 11771 "-" "Mozilla/5.0 (Linux; Android 6.0.1; Nexus 5X Build/MMB29P) AppleWebKit/537.36 (KHTML, like Gecko) Chrome/138.0.7204.183 Mobile Safari/537.36 (compatible; Googlebot/2.1; +http://www.google.com/bot.html)"
20.171.207.123 - - [07/Aug/2025:08:28:49 -0400] "GET /classwithtostring.php?dir=%2F%2Flib%2F.build-id%2F%2F1b%2F%2F HTTP/1.1" 200 2568 "-" "Mozilla/5.0 AppleWebKit/537.36 (KHTML, like Gecko; compatible; GPTBot/1.2; +https://openai.com/gptbot)"
20.171.207.123 - - [07/Aug/2025:08:28:50 -0400] "GET /classwithtostring.php?dir=%2F%2Flib%2F.build-id%2F%2F%2Faf HTTP/1.1" 200 2653 "-" "Mozilla/5.0 AppleWebKit/537.36 (KHTML, like Gecko; compatible; GPTBot/1.2; +https://openai.com/gptbot)"
20.171.207.123 - - [07/Aug/2025:08:28:51 -0400] "GET /classwithtostring.php?dir=%2F%2Flib%2F.build-id%2F%2Ffa%2F%2F%2F HTTP/1.1" 200 3496 "-" "Mozilla/5.0 AppleWebKit/537.36 (KHTML, like Gecko; compatible; GPTBot/1.2; +https://openai.com/gptbot)"
66.249.74.32 - - [07/Aug/2025:08:28:51 -0400] "GET /game.php?Android/play=nice888-11 HTTP/1.1" 200 11828 "-" "Mozilla/5.0 (Linux; Android 6.0.1; Nexus 5X Build/MMB29P) AppleWebKit/537.36 (KHTML, like Gecko) Chrome/138.0.7204.183 Mobile Safari/537.36 (compatible; Googlebot/2.1; +http://www.google.com/bot.html)"
66.249.74.32 - - [07/Aug/2025:08:28:51 -0400] "GET /game.php?/slot-tigrinho-759 HTTP/1.1" 200 11873 "-" "Mozilla/5.0 (Linux; Android 6.0.1; Nexus 5X Build/MMB29P) AppleWebKit/537.36 (KHTML, like Gecko) Chrome/138.0.7204.183 Mobile Safari/537.36 (compatible; Googlebot/2.1; +http://www.google.com/bot.html)"
20.171.207.123 - - [07/Aug/2025:08:28:52 -0400] "GET /classwithtostring.php?dir=%2F%2Flib%2F.build-id%2F%2F%2Ffe HTTP/1.1" 200 3062 "-" "Mozilla/5.0 AppleWebKit/537.36 (KHTML, like Gecko; compatible; GPTBot/1.2; +https://openai.com/gptbot)"
20.171.207.123 - - [07/Aug/2025:08:28:53 -0400] "GET /classwithtostring.php?dir=%2F%2Flib%2F.build-id%2F%2Fd8 HTTP/1.1" 200 2605 "-" "Mozilla/5.0 AppleWebKit/537.36 (KHTML, like Gecko; compatible; GPTBot/1.2; +https://openai.com/gptbot)"
20.171.207.123 - - [07/Aug/2025:08:28:54 -0400] "GET /classwithtostring.php?dir=%2F%2Flib%2F.build-id%2F%2F6b%2F%2F%2F HTTP/1.1" 200 2639 "-" "Mozilla/5.0 AppleWebKit/537.36 (KHTML, like Gecko; compatible; GPTBot/1.2; +https://openai.com/gptbot)"
20.171.207.123 - - [07/Aug/2025:08:28:56 -0400] "GET /classwithtostring.php?dir=%2F%2Flib%2F.build-id%2F%2Fd0%2F HTTP/1.1" 200 2391 "-" "Mozilla/5.0 AppleWebKit/537.36 (KHTML, like Gecko; compatible; GPTBot/1.2; +https://openai.com/gptbot)"
51.222.253.17 - - [07/Aug/2025:08:28:55 -0400] "GET /shopdetail/1199681 HTTP/1.1" 404 82312 "-" "Mozilla/5.0 (compatible; AhrefsBot/7.0; +http://ahrefs.com/robot/)"
20.171.207.123 - - [07/Aug/2025:08:28:57 -0400] "GET /classwithtostring.php?dir=%2F%2Flib%2F.build-id%2F%2Fe2 HTTP/1.1" 200 2939 "-" "Mozilla/5.0 AppleWebKit/537.36 (KHTML, like Gecko; compatible; GPTBot/1.2; +https://openai.com/gptbot)"
20.171.207.123 - - [07/Aug/2025:08:28:58 -0400] "GET /classwithtostring.php?dir=%2F%2Flib%2F.build-id%2F%2Fb8 HTTP/1.1" 200 2770 "-" "Mozilla/5.0 AppleWebKit/537.36 (KHTML, like Gecko; compatible; GPTBot/1.2; +https://openai.com/gptbot)"
20.171.207.123 - - [07/Aug/2025:08:28:59 -0400] "GET /classwithtostring.php?dir=%2F%2Flib%2F.build-id%2F%2Faf%2F%2F%2F HTTP/1.1" 200 2658 "-" "Mozilla/5.0 AppleWebKit/537.36 (KHTML, like Gecko; compatible; GPTBot/1.2; +https://openai.com/gptbot)"
20.171.207.123 - - [07/Aug/2025:08:29:00 -0400] "GET /classwithtostring.php?dir=%2F%2Flib%2F.build-id%2F%2F%2Faf%2F HTTP/1.1" 200 2662 "-" "Mozilla/5.0 AppleWebKit/537.36 (KHTML, like Gecko; compatible; GPTBot/1.2; +https://openai.com/gptbot)"
20.171.207.123 - - [07/Aug/2025:08:29:01 -0400] "GET /classwithtostring.php?dir=%2F%2Flib%2F.build-id%2F%2F1b%2F%2F%2F HTTP/1.1" 200 2567 "-" "Mozilla/5.0 AppleWebKit/537.36 (KHTML, like Gecko; compatible; GPTBot/1.2; +https://openai.com/gptbot)"
20.171.207.123 - - [07/Aug/2025:08:29:03 -0400] "GET /classwithtostring.php?dir=%2F%2Flib%2F.build-id%2F%2Fd3 HTTP/1.1" 200 2286 "-" "Mozilla/5.0 AppleWebKit/537.36 (KHTML, like Gecko; compatible; GPTBot/1.2; +https://openai.com/gptbot)"
168.119.123.75 - - [07/Aug/2025:08:28:58 -0400] "GET / HTTP/1.1" 200 188019 "https://transcarter.com.co/" "Mozilla/5.0+(compatible; UptimeRobot/2.0; http://www.uptimerobot.com/)"
20.171.207.123 - - [07/Aug/2025:08:29:04 -0400] "GET /classwithtostring.php?dir=%2F%2Flib%2F.build-id%2F%2F%2Fee HTTP/1.1" 200 2935 "-" "Mozilla/5.0 AppleWebKit/537.36 (KHTML, like Gecko; compatible; GPTBot/1.2; +https://openai.com/gptbot)"
66.249.74.34 - - [07/Aug/2025:08:29:04 -0400] "GET /game.php/silent%20hill%20f-134 HTTP/1.1" 200 11856 "-" "Googlebot-Image/1.0"
20.171.207.123 - - [07/Aug/2025:08:29:05 -0400] "GET /classwithtostring.php?cmd=file_read&dir=%2F%2Flib%2F.build-id%2F%2F6b%2F%2F%2F&file=%2F%2Flib%2F.build-id%2F%2F6b%2F%2F%2F%2Ffa77678ec756cb33f9036851961ed05647466a HTTP/1.1" 200 2687 "-" "Mozilla/5.0 AppleWebKit/537.36 (KHTML, like Gecko; compatible; GPTBot/1.2; +https://openai.com/gptbot)"
20.171.207.123 - - [07/Aug/2025:08:29:06 -0400] "GET /classwithtostring.php?dir=%2F%2Flib%2F.build-id%2F%2Fd0%2F%2F HTTP/1.1" 200 2398 "-" "Mozilla/5.0 AppleWebKit/537.36 (KHTML, like Gecko; compatible; GPTBot/1.2; +https://openai.com/gptbot)"
20.171.207.123 - - [07/Aug/2025:08:29:07 -0400] "GET /classwithtostring.php?dir=%2F%2Flib%2F.build-id%2F%2Fe2%2F HTTP/1.1" 200 2943 "-" "Mozilla/5.0 AppleWebKit/537.36 (KHTML, like Gecko; compatible; GPTBot/1.2; +https://openai.com/gptbot)"
66.249.74.34 - - [07/Aug/2025:08:29:07 -0400] "GET /game.php/game/gov=3452win%20com-254 HTTP/1.1" 200 11779 "-" "Mozilla/5.0 (Linux; Android 6.0.1; Nexus 5X Build/MMB29P) AppleWebKit/537.36 (KHTML, like Gecko) Chrome/138.0.7204.183 Mobile Safari/537.36 (compatible; Googlebot/2.1; +http://www.google.com/bot.html)"
20.171.207.123 - - [07/Aug/2025:08:29:08 -0400] "GET /classwithtostring.php?dir=%2F%2Flib%2F.build-id%2F%2F%2Ffe%2F HTTP/1.1" 200 3074 "-" "Mozilla/5.0 AppleWebKit/537.36 (KHTML, like Gecko; compatible; GPTBot/1.2; +https://openai.com/gptbot)"
20.171.207.123 - - [07/Aug/2025:08:29:09 -0400] "GET /classwithtostring.php?dir=%2F%2Flib%2F.build-id%2F%2Fd8%2F HTTP/1.1" 200 2608 "-" "Mozilla/5.0 AppleWebKit/537.36 (KHTML, like Gecko; compatible; GPTBot/1.2; +https://openai.com/gptbot)"
20.171.207.123 - - [07/Aug/2025:08:29:11 -0400] "GET /classwithtostring.php?dir=%2F%2Flib%2F.build-id%2F%2Fb8%2F HTTP/1.1" 200 2775 "-" "Mozilla/5.0 AppleWebKit/537.36 (KHTML, like Gecko; compatible; GPTBot/1.2; +https://openai.com/gptbot)"
49.13.130.29 - - [07/Aug/2025:08:29:06 -0400] "GET / HTTP/1.1" 200 188019 "https://transcarter.com.co" "Mozilla/5.0+(compatible; UptimeRobot/2.0; http://www.uptimerobot.com/)"
20.171.207.123 - - [07/Aug/2025:08:29:12 -0400] "GET /classwithtostring.php?dir=%2F%2Flib%2F.build-id%2F%2F0a HTTP/1.1" 200 2481 "-" "Mozilla/5.0 AppleWebKit/537.36 (KHTML, like Gecko; compatible; GPTBot/1.2; +https://openai.com/gptbot)"
20.171.207.123 - - [07/Aug/2025:08:29:13 -0400] "GET /classwithtostring.php?dir=%2F%2Flib%2F.build-id%2F%2F%2Faf%2F%2F HTTP/1.1" 200 2658 "-" "Mozilla/5.0 AppleWebKit/537.36 (KHTML, like Gecko; compatible; GPTBot/1.2; +https://openai.com/gptbot)"
20.171.207.123 - - [07/Aug/2025:08:29:14 -0400] "GET /classwithtostring.php?dir=%2F%2Flib%2F.build-id%2F%2Fd3%2F HTTP/1.1" 200 2290 "-" "Mozilla/5.0 AppleWebKit/537.36 (KHTML, like Gecko; compatible; GPTBot/1.2; +https://openai.com/gptbot)"
20.171.207.123 - - [07/Aug/2025:08:29:15 -0400] "GET /classwithtostring.php?dir=%2F%2Flib%2F.build-id%2F%2F%2Fee%2F HTTP/1.1" 200 2947 "-" "Mozilla/5.0 AppleWebKit/537.36 (KHTML, like Gecko; compatible; GPTBot/1.2; +https://openai.com/gptbot)"
51.222.253.11 - - [07/Aug/2025:08:29:14 -0400] "GET /shopdetail/1199386 HTTP/1.1" 404 82312 "-" "Mozilla/5.0 (compatible; AhrefsBot/7.0; +http://ahrefs.com/robot/)"
20.171.207.123 - - [07/Aug/2025:08:29:16 -0400] "GET /classwithtostring.php?dir=%2F%2Flib%2F.build-id%2F%2F9c HTTP/1.1" 200 2462 "-" "Mozilla/5.0 AppleWebKit/537.36 (KHTML, like Gecko; compatible; GPTBot/1.2; +https://openai.com/gptbot)"
20.171.207.123 - - [07/Aug/2025:08:29:18 -0400] "GET /classwithtostring.php?dir=%2F%2Flib%2F.build-id%2F%2Fd0%2F%2F%2F HTTP/1.1" 200 2398 "-" "Mozilla/5.0 AppleWebKit/537.36 (KHTML, like Gecko; compatible; GPTBot/1.2; +https://openai.com/gptbot)"
20.171.207.123 - - [07/Aug/2025:08:29:19 -0400] "GET /classwithtostring.php?dir=%2F%2Flib%2F.build-id%2F%2Fe2%2F%2F HTTP/1.1" 200 2953 "-" "Mozilla/5.0 AppleWebKit/537.36 (KHTML, like Gecko; compatible; GPTBot/1.2; +https://openai.com/gptbot)"
20.171.207.123 - - [07/Aug/2025:08:29:20 -0400] "GET /classwithtostring.php?dir=%2F%2Flib%2F.build-id%2F%2Fd8%2F%2F HTTP/1.1" 200 2618 "-" "Mozilla/5.0 AppleWebKit/537.36 (KHTML, like Gecko; compatible; GPTBot/1.2; +https://openai.com/gptbot)"
20.171.207.123 - - [07/Aug/2025:08:29:21 -0400] "GET /classwithtostring.php?dir=%2F%2Flib%2F.build-id%2F%2Fb8%2F%2F HTTP/1.1" 200 2784 "-" "Mozilla/5.0 AppleWebKit/537.36 (KHTML, like Gecko; compatible; GPTBot/1.2; +https://openai.com/gptbot)"
20.171.207.123 - - [07/Aug/2025:08:29:22 -0400] "GET /classwithtostring.php?cmd=file_read&dir=%2F%2Flib%2F.build-id%2F%2F%2Ffe%2F&file=%2F%2Flib%2F.build-id%2F%2F%2Ffe%2F%2F9236b1eb5f021123500aa5249b1bc57d0a986b HTTP/1.1" 200 3147 "-" "Mozilla/5.0 AppleWebKit/537.36 (KHTML, like Gecko; compatible; GPTBot/1.2; +https://openai.com/gptbot)"
216.73.216.135 - - [07/Aug/2025:08:29:21 -0400] "GET /sitemap673.xml HTTP/1.1" 404 82312 "-" "Mozilla/5.0 AppleWebKit/537.36 (KHTML, like Gecko; compatible; ClaudeBot/1.0; +claudebot@anthropic.com)"
20.171.207.123 - - [07/Aug/2025:08:29:23 -0400] "GET /classwithtostring.php?dir=%2F%2Flib%2F.build-id%2F%2F0a%2F HTTP/1.1" 200 2484 "-" "Mozilla/5.0 AppleWebKit/537.36 (KHTML, like Gecko; compatible; GPTBot/1.2; +https://openai.com/gptbot)"
20.171.207.123 - - [07/Aug/2025:08:29:24 -0400] "GET /classwithtostring.php?dir=%2F%2Flib%2F.build-id%2F%2F%2Ffe%2F%2F HTTP/1.1" 200 3070 "-" "Mozilla/5.0 AppleWebKit/537.36 (KHTML, like Gecko; compatible; GPTBot/1.2; +https://openai.com/gptbot)"
20.171.207.123 - - [07/Aug/2025:08:29:26 -0400] "GET /classwithtostring.php?dir=%2F%2Flib%2F.build-id%2F%2F9c%2F HTTP/1.1" 200 2465 "-" "Mozilla/5.0 AppleWebKit/537.36 (KHTML, like Gecko; compatible; GPTBot/1.2; +https://openai.com/gptbot)"
20.171.207.123 - - [07/Aug/2025:08:29:27 -0400] "GET /classwithtostring.php?dir=%2F%2Flib%2F.build-id%2F%2Fe2%2F%2F%2F HTTP/1.1" 200 2945 "-" "Mozilla/5.0 AppleWebKit/537.36 (KHTML, like Gecko; compatible; GPTBot/1.2; +https://openai.com/gptbot)"
66.249.74.32 - - [07/Aug/2025:08:29:27 -0400] "GET /game.php/Android/bet1716%20com-31 HTTP/1.1" 200 11695 "-" "Mozilla/5.0 (Linux; Android 6.0.1; Nexus 5X Build/MMB29P) AppleWebKit/537.36 (KHTML, like Gecko) Chrome/138.0.7204.183 Mobile Safari/537.36 (compatible; Googlebot/2.1; +http://www.google.com/bot.html)"
20.171.207.123 - - [07/Aug/2025:08:29:28 -0400] "GET /classwithtostring.php?dir=%2F%2Flib%2F.build-id%2F%2F%2Fee%2F%2F HTTP/1.1" 200 2942 "-" "Mozilla/5.0 AppleWebKit/537.36 (KHTML, like Gecko; compatible; GPTBot/1.2; +https://openai.com/gptbot)"
66.249.74.33 - - [07/Aug/2025:08:29:28 -0400] "GET /game.php?/lucky-777-register-download-757 HTTP/1.1" 200 11866 "-" "Mozilla/5.0 (Linux; Android 6.0.1; Nexus 5X Build/MMB29P) AppleWebKit/537.36 (KHTML, like Gecko) Chrome/138.0.7204.183 Mobile Safari/537.36 (compatible; Googlebot/2.1; +http://www.google.com/bot.html)"
20.171.207.123 - - [07/Aug/2025:08:29:29 -0400] "GET /classwithtostring.php?dir=%2F%2Flib%2F.build-id%2F%2F0f HTTP/1.1" 200 2241 "-" "Mozilla/5.0 AppleWebKit/537.36 (KHTML, like Gecko; compatible; GPTBot/1.2; +https://openai.com/gptbot)"
20.171.207.123 - - [07/Aug/2025:08:29:30 -0400] "GET /classwithtostring.php?dir=%2F%2Flib%2F.build-id%2F%2Fd3%2F%2F HTTP/1.1" 200 2297 "-" "Mozilla/5.0 AppleWebKit/537.36 (KHTML, like Gecko; compatible; GPTBot/1.2; +https://openai.com/gptbot)"
66.249.74.33 - - [07/Aug/2025:08:29:31 -0400] "GET /game.php/5462game-135 HTTP/1.1" 200 11766 "-" "Mozilla/5.0 (Linux; Android 6.0.1; Nexus 5X Build/MMB29P) AppleWebKit/537.36 (KHTML, like Gecko) Chrome/138.0.7204.183 Mobile Safari/537.36 (compatible; Googlebot/2.1; +http://www.google.com/bot.html)"
20.171.207.123 - - [07/Aug/2025:08:29:31 -0400] "GET /classwithtostring.php?cmd=file_read&dir=%2F%2Flib%2F.build-id%2F%2Fd8%2F%2F&file=%2F%2Flib%2F.build-id%2F%2Fd8%2F%2F%2F515140a7bed2c93a5d3b6547d195717d156b4b HTTP/1.1" 200 2667 "-" "Mozilla/5.0 AppleWebKit/537.36 (KHTML, like Gecko; compatible; GPTBot/1.2; +https://openai.com/gptbot)"
20.171.207.123 - - [07/Aug/2025:08:29:33 -0400] "GET /classwithtostring.php?dir=%2F%2Flib%2F.build-id%2F%2Fb8%2F%2F%2F HTTP/1.1" 200 2779 "-" "Mozilla/5.0 AppleWebKit/537.36 (KHTML, like Gecko; compatible; GPTBot/1.2; +https://openai.com/gptbot)"
20.171.207.123 - - [07/Aug/2025:08:29:34 -0400] "GET /classwithtostring.php?dir=%2F%2Flib%2F.build-id%2F%2F0a%2F%2F HTTP/1.1" 200 2493 "-" "Mozilla/5.0 AppleWebKit/537.36 (KHTML, like Gecko; compatible; GPTBot/1.2; +https://openai.com/gptbot)"
20.171.207.123 - - [07/Aug/2025:08:29:35 -0400] "GET /classwithtostring.php?dir=%2F%2Flib%2F.build-id%2F%2Fd8%2F%2F%2F HTTP/1.1" 200 2612 "-" "Mozilla/5.0 AppleWebKit/537.36 (KHTML, like Gecko; compatible; GPTBot/1.2; +https://openai.com/gptbot)"
20.171.207.123 - - [07/Aug/2025:08:29:36 -0400] "GET /classwithtostring.php?dir=%2F%2Flib%2F.build-id%2F%2F1c HTTP/1.1" 200 2806 "-" "Mozilla/5.0 AppleWebKit/537.36 (KHTML, like Gecko; compatible; GPTBot/1.2; +https://openai.com/gptbot)"
20.171.207.123 - - [07/Aug/2025:08:29:37 -0400] "GET /classwithtostring.php?dir=%2F%2Flib%2F.build-id%2F%2F9c%2F%2F HTTP/1.1" 200 2474 "-" "Mozilla/5.0 AppleWebKit/537.36 (KHTML, like Gecko; compatible; GPTBot/1.2; +https://openai.com/gptbot)"
20.171.207.123 - - [07/Aug/2025:08:29:38 -0400] "GET /classwithtostring.php?dir=%2F%2Flib%2F.build-id%2F%2Ff4 HTTP/1.1" 200 3157 "-" "Mozilla/5.0 AppleWebKit/537.36 (KHTML, like Gecko; compatible; GPTBot/1.2; +https://openai.com/gptbot)"
20.171.207.123 - - [07/Aug/2025:08:29:40 -0400] "GET /classwithtostring.php?dir=%2F%2Flib%2F.build-id%2F%2Ff1 HTTP/1.1" 200 2525 "-" "Mozilla/5.0 AppleWebKit/537.36 (KHTML, like Gecko; compatible; GPTBot/1.2; +https://openai.com/gptbot)"
20.171.207.123 - - [07/Aug/2025:08:29:41 -0400] "GET /classwithtostring.php?dir=%2F%2Flib%2F.build-id%2F%2Fd3%2F%2F%2F HTTP/1.1" 200 2297 "-" "Mozilla/5.0 AppleWebKit/537.36 (KHTML, like Gecko; compatible; GPTBot/1.2; +https://openai.com/gptbot)"
20.171.207.123 - - [07/Aug/2025:08:29:42 -0400] "GET /classwithtostring.php?dir=%2F%2Flib%2F.build-id%2F%2F0f%2F HTTP/1.1" 200 2243 "-" "Mozilla/5.0 AppleWebKit/537.36 (KHTML, like Gecko; compatible; GPTBot/1.2; +https://openai.com/gptbot)"
20.171.207.123 - - [07/Aug/2025:08:29:43 -0400] "GET /classwithtostring.php?dir=%2F%2Flib%2F.build-id%2F%2F7c HTTP/1.1" 200 2542 "-" "Mozilla/5.0 AppleWebKit/537.36 (KHTML, like Gecko; compatible; GPTBot/1.2; +https://openai.com/gptbot)"
20.171.207.123 - - [07/Aug/2025:08:29:44 -0400] "GET /classwithtostring.php?dir=%2F%2Flib%2F.build-id%2F%2F6f HTTP/1.1" 200 2457 "-" "Mozilla/5.0 AppleWebKit/537.36 (KHTML, like Gecko; compatible; GPTBot/1.2; +https://openai.com/gptbot)"
20.171.207.123 - - [07/Aug/2025:08:29:45 -0400] "GET /classwithtostring.php?dir=%2F%2Flib%2F.build-id%2F%2Ff4%2F HTTP/1.1" 200 3161 "-" "Mozilla/5.0 AppleWebKit/537.36 (KHTML, like Gecko; compatible; GPTBot/1.2; +https://openai.com/gptbot)"
20.171.207.123 - - [07/Aug/2025:08:29:47 -0400] "GET /classwithtostring.php?dir=%2F%2Flib%2F.build-id%2F%2F1c%2F HTTP/1.1" 200 2809 "-" "Mozilla/5.0 AppleWebKit/537.36 (KHTML, like Gecko; compatible; GPTBot/1.2; +https://openai.com/gptbot)"
20.171.207.123 - - [07/Aug/2025:08:29:48 -0400] "GET /classwithtostring.php?dir=%2F%2Flib%2F.build-id%2F%2F9c%2F%2F%2F HTTP/1.1" 200 2471 "-" "Mozilla/5.0 AppleWebKit/537.36 (KHTML, like Gecko; compatible; GPTBot/1.2; +https://openai.com/gptbot)"
66.249.74.32 - - [07/Aug/2025:08:29:49 -0400] "GET /game.php/ios/spinph%20net-93 HTTP/1.1" 200 11796 "-" "Mozilla/5.0 (Linux; Android 6.0.1; Nexus 5X Build/MMB29P) AppleWebKit/537.36 (KHTML, like Gecko) Chrome/138.0.7204.183 Mobile Safari/537.36 (compatible; Googlebot/2.1; +http://www.google.com/bot.html)"
51.222.253.2 - - [07/Aug/2025:08:29:49 -0400] "GET /shopdetail/119833 HTTP/1.1" 404 82312 "-" "Mozilla/5.0 (compatible; AhrefsBot/7.0; +http://ahrefs.com/robot/)"
66.249.74.32 - - [07/Aug/2025:08:29:51 -0400] "GET /game.php?play=638game-982 HTTP/1.1" 200 11848 "-" "Mozilla/5.0 (Linux; Android 6.0.1; Nexus 5X Build/MMB29P) AppleWebKit/537.36 (KHTML, like Gecko) Chrome/138.0.7204.183 Mobile Safari/537.36 (compatible; Googlebot/2.1; +http://www.google.com/bot.html)"
66.249.74.32 - - [07/Aug/2025:08:29:51 -0400] "GET /241635883.htm HTTP/1.1" 404 82331 "-" "Mozilla/5.0 (Linux; Android 6.0.1; Nexus 5X Build/MMB29P) AppleWebKit/537.36 (KHTML, like Gecko) Chrome/138.0.7204.183 Mobile Safari/537.36 (compatible; Googlebot/2.1; +http://www.google.com/bot.html)"
20.171.207.123 - - [07/Aug/2025:08:29:53 -0400] "GET /classwithtostring.php?dir=%2F%2Flib%2F.build-id%2F%2Fe6 HTTP/1.1" 200 2388 "-" "Mozilla/5.0 AppleWebKit/537.36 (KHTML, like Gecko; compatible; GPTBot/1.2; +https://openai.com/gptbot)"
20.171.207.123 - - [07/Aug/2025:08:29:53 -0400] "GET /classwithtostring.php?dir=%2F%2Flib%2F.build-id%2F%2F0a%2F%2F%2F HTTP/1.1" 200 2491 "-" "Mozilla/5.0 AppleWebKit/537.36 (KHTML, like Gecko; compatible; GPTBot/1.2; +https://openai.com/gptbot)"
20.171.207.123 - - [07/Aug/2025:08:29:54 -0400] "GET /classwithtostring.php?dir=%2F%2Flib%2F.build-id%2F%2Fc5 HTTP/1.1" 200 3114 "-" "Mozilla/5.0 AppleWebKit/537.36 (KHTML, like Gecko; compatible; GPTBot/1.2; +https://openai.com/gptbot)"
20.171.207.123 - - [07/Aug/2025:08:29:55 -0400] "GET /classwithtostring.php?dir=%2F%2Flib%2F.build-id%2F%2Ff1%2F HTTP/1.1" 200 2528 "-" "Mozilla/5.0 AppleWebKit/537.36 (KHTML, like Gecko; compatible; GPTBot/1.2; +https://openai.com/gptbot)"
20.171.207.123 - - [07/Aug/2025:08:29:56 -0400] "GET /classwithtostring.php?dir=%2F%2Flib%2F.build-id%2F%2F7c%2F HTTP/1.1" 200 2545 "-" "Mozilla/5.0 AppleWebKit/537.36 (KHTML, like Gecko; compatible; GPTBot/1.2; +https://openai.com/gptbot)"
20.171.207.123 - - [07/Aug/2025:08:29:57 -0400] "GET /classwithtostring.php?dir=%2F%2Flib%2F.build-id%2F%2F6f%2F HTTP/1.1" 200 2459 "-" "Mozilla/5.0 AppleWebKit/537.36 (KHTML, like Gecko; compatible; GPTBot/1.2; +https://openai.com/gptbot)"
20.171.207.123 - - [07/Aug/2025:08:29:58 -0400] "GET /classwithtostring.php?dir=%2F%2Flib%2F.build-id%2F%2F0f%2F%2F HTTP/1.1" 200 2249 "-" "Mozilla/5.0 AppleWebKit/537.36 (KHTML, like Gecko; compatible; GPTBot/1.2; +https://openai.com/gptbot)"
20.171.207.123 - - [07/Aug/2025:08:30:00 -0400] "GET /classwithtostring.php?dir=%2F%2Flib%2F.build-id%2F%2F1e HTTP/1.1" 200 2305 "-" "Mozilla/5.0 AppleWebKit/537.36 (KHTML, like Gecko; compatible; GPTBot/1.2; +https://openai.com/gptbot)"
20.171.207.123 - - [07/Aug/2025:08:30:01 -0400] "GET /classwithtostring.php?dir=%2F%2Flib%2F.build-id%2F%2Ff4%2F%2F HTTP/1.1" 200 3171 "-" "Mozilla/5.0 AppleWebKit/537.36 (KHTML, like Gecko; compatible; GPTBot/1.2; +https://openai.com/gptbot)"
20.171.207.123 - - [07/Aug/2025:08:30:02 -0400] "GET /classwithtostring.php?dir=%2F%2Flib%2F.build-id%2F%2F1c%2F%2F HTTP/1.1" 200 2820 "-" "Mozilla/5.0 AppleWebKit/537.36 (KHTML, like Gecko; compatible; GPTBot/1.2; +https://openai.com/gptbot)"
20.171.207.123 - - [07/Aug/2025:08:30:03 -0400] "GET /classwithtostring.php?dir=%2F%2Flib%2F.build-id%2F%2F0f%2F%2F%2F HTTP/1.1" 200 2247 "-" "Mozilla/5.0 AppleWebKit/537.36 (KHTML, like Gecko; compatible; GPTBot/1.2; +https://openai.com/gptbot)"
20.171.207.123 - - [07/Aug/2025:08:30:04 -0400] "GET /classwithtostring.php?cmd=file_read&dir=%2F%2Flib%2F.build-id%2F%2F0a%2F%2F%2F&file=%2F%2Flib%2F.build-id%2F%2F0a%2F%2F%2F%2Fae7a5e5e6653dadd827fb08ee03844b41da010 HTTP/1.1" 200 2540 "-" "Mozilla/5.0 AppleWebKit/537.36 (KHTML, like Gecko; compatible; GPTBot/1.2; +https://openai.com/gptbot)"
20.171.207.123 - - [07/Aug/2025:08:30:06 -0400] "GET /classwithtostring.php?dir=%2F%2Flib%2F.build-id%2F%2F6f%2F%2F HTTP/1.1" 200 2469 "-" "Mozilla/5.0 AppleWebKit/537.36 (KHTML, like Gecko; compatible; GPTBot/1.2; +https://openai.com/gptbot)"
20.171.207.123 - - [07/Aug/2025:08:30:07 -0400] "GET /classwithtostring.php?dir=%2F%2Flib%2F.build-id%2F%2Ff1%2F%2F HTTP/1.1" 200 2537 "-" "Mozilla/5.0 AppleWebKit/537.36 (KHTML, like Gecko; compatible; GPTBot/1.2; +https://openai.com/gptbot)"
20.171.207.123 - - [07/Aug/2025:08:30:08 -0400] "GET /classwithtostring.php?cmd=file_read&dir=%2F%2Flib%2F.build-id%2F%2F1e&file=%2F%2Flib%2F.build-id%2F%2F1e%2F50297f56e09fbcd8617b4fd679970adc941512 HTTP/1.1" 200 2354 "-" "Mozilla/5.0 AppleWebKit/537.36 (KHTML, like Gecko; compatible; GPTBot/1.2; +https://openai.com/gptbot)"
20.171.207.123 - - [07/Aug/2025:08:30:09 -0400] "GET /classwithtostring.php?dir=%2F%2Flib%2F.build-id%2F%2F7c%2F%2F HTTP/1.1" 200 2554 "-" "Mozilla/5.0 AppleWebKit/537.36 (KHTML, like Gecko; compatible; GPTBot/1.2; +https://openai.com/gptbot)"
66.249.74.32 - - [07/Aug/2025:08:30:09 -0400] "GET /game.php?gov=betano%20aviator-557 HTTP/1.1" 200 11777 "-" "Mozilla/5.0 (Linux; Android 6.0.1; Nexus 5X Build/MMB29P) AppleWebKit/537.36 (KHTML, like Gecko) Chrome/138.0.7204.183 Mobile Safari/537.36 (compatible; Googlebot/2.1; +http://www.google.com/bot.html)"
20.171.207.123 - - [07/Aug/2025:08:30:10 -0400] "GET /classwithtostring.php?dir=%2F%2Flib%2F.build-id%2F%2Fc5%2F HTTP/1.1" 200 3117 "-" "Mozilla/5.0 AppleWebKit/537.36 (KHTML, like Gecko; compatible; GPTBot/1.2; +https://openai.com/gptbot)"
51.222.253.12 - - [07/Aug/2025:08:30:10 -0400] "GET /shopdetail/1197670 HTTP/1.1" 404 82312 "-" "Mozilla/5.0 (compatible; AhrefsBot/7.0; +http://ahrefs.com/robot/)"
20.171.207.123 - - [07/Aug/2025:08:30:11 -0400] "GET /classwithtostring.php?dir=%2F%2Flib%2F.build-id%2F%2Fe6%2F HTTP/1.1" 200 2391 "-" "Mozilla/5.0 AppleWebKit/537.36 (KHTML, like Gecko; compatible; GPTBot/1.2; +https://openai.com/gptbot)"
20.171.207.123 - - [07/Aug/2025:08:30:13 -0400] "GET /classwithtostring.php?dir=%2F%2Flib%2F.build-id%2F%2F1e%2F HTTP/1.1" 200 2309 "-" "Mozilla/5.0 AppleWebKit/537.36 (KHTML, like Gecko; compatible; GPTBot/1.2; +https://openai.com/gptbot)"
20.171.207.123 - - [07/Aug/2025:08:30:14 -0400] "GET /classwithtostring.php?dir=%2F%2Flib%2F.build-id%2F%2F1c%2F%2F%2F HTTP/1.1" 200 2812 "-" "Mozilla/5.0 AppleWebKit/537.36 (KHTML, like Gecko; compatible; GPTBot/1.2; +https://openai.com/gptbot)"
20.171.207.123 - - [07/Aug/2025:08:30:15 -0400] "GET /classwithtostring.php?dir=%2F%2Flib%2F.build-id%2F%2Ff4%2F%2F%2F HTTP/1.1" 200 3164 "-" "Mozilla/5.0 AppleWebKit/537.36 (KHTML, like Gecko; compatible; GPTBot/1.2; +https://openai.com/gptbot)"
20.171.207.123 - - [07/Aug/2025:08:30:16 -0400] "GET /classwithtostring.php?dir=%2F%2Flib%2F.build-id%2F%2Fc9 HTTP/1.1" 200 2318 "-" "Mozilla/5.0 AppleWebKit/537.36 (KHTML, like Gecko; compatible; GPTBot/1.2; +https://openai.com/gptbot)"
20.171.207.123 - - [07/Aug/2025:08:30:17 -0400] "GET /classwithtostring.php?dir=%2F%2Flib%2F.build-id%2F%2F6f%2F%2F%2F HTTP/1.1" 200 2464 "-" "Mozilla/5.0 AppleWebKit/537.36 (KHTML, like Gecko; compatible; GPTBot/1.2; +https://openai.com/gptbot)"
20.171.207.123 - - [07/Aug/2025:08:30:18 -0400] "GET /classwithtostring.php?cmd=file_read&dir=%2F%2Flib%2F.build-id%2F%2Ff1%2F%2F&file=%2F%2Flib%2F.build-id%2F%2Ff1%2F%2F%2F3cb4be6839ee662f29df55ef17a6027f33d23e HTTP/1.1" 200 2563 "-" "Mozilla/5.0 AppleWebKit/537.36 (KHTML, like Gecko; compatible; GPTBot/1.2; +https://openai.com/gptbot)"
66.249.74.33 - - [07/Aug/2025:08:30:19 -0400] "GET /game.php?gov=2436game%20com-47 HTTP/1.1" 200 11904 "-" "Googlebot-Image/1.0"
20.171.207.123 - - [07/Aug/2025:08:30:20 -0400] "GET /classwithtostring.php?dir=%2F%2Flib%2F.build-id%2F%2Ff1%2F%2F%2F HTTP/1.1" 200 2535 "-" "Mozilla/5.0 AppleWebKit/537.36 (KHTML, like Gecko; compatible; GPTBot/1.2; +https://openai.com/gptbot)"
20.171.207.123 - - [07/Aug/2025:08:30:21 -0400] "GET /classwithtostring.php?dir=%2F%2Flib%2F.build-id%2F%2F7c%2F%2F%2F HTTP/1.1" 200 2552 "-" "Mozilla/5.0 AppleWebKit/537.36 (KHTML, like Gecko; compatible; GPTBot/1.2; +https://openai.com/gptbot)"
20.171.207.123 - - [07/Aug/2025:08:30:22 -0400] "GET /classwithtostring.php?dir=%2F%2Flib%2F.build-id%2F%2F4c HTTP/1.1" 200 2683 "-" "Mozilla/5.0 AppleWebKit/537.36 (KHTML, like Gecko; compatible; GPTBot/1.2; +https://openai.com/gptbot)"
20.171.207.123 - - [07/Aug/2025:08:30:23 -0400] "GET /classwithtostring.php?cmd=file_read&dir=%2F%2Flib%2F.build-id%2F%2Fc5%2F&file=%2F%2Flib%2F.build-id%2F%2Fc5%2F%2F015d6fbddcc7b0d0998aadf9984538a15720d6 HTTP/1.1" 200 3212 "-" "Mozilla/5.0 AppleWebKit/537.36 (KHTML, like Gecko; compatible; GPTBot/1.2; +https://openai.com/gptbot)"
20.171.207.123 - - [07/Aug/2025:08:30:24 -0400] "GET /classwithtostring.php?dir=%2F%2Flib%2F.build-id%2F%2F0e HTTP/1.1" 200 3017 "-" "Mozilla/5.0 AppleWebKit/537.36 (KHTML, like Gecko; compatible; GPTBot/1.2; +https://openai.com/gptbot)"
20.171.207.123 - - [07/Aug/2025:08:30:25 -0400] "GET /classwithtostring.php?cmd=file_read&dir=%2F%2Flib%2F.build-id%2F%2F6f%2F%2F%2F&file=%2F%2Flib%2F.build-id%2F%2F6f%2F%2F%2F%2F6c3a9dc65a0c75b4e76661bd33ab5f2deb3858 HTTP/1.1" 200 2514 "-" "Mozilla/5.0 AppleWebKit/537.36 (KHTML, like Gecko; compatible; GPTBot/1.2; +https://openai.com/gptbot)"
216.73.216.135 - - [07/Aug/2025:08:30:25 -0400] "GET /sitemap609.xml HTTP/1.1" 404 82312 "-" "Mozilla/5.0 AppleWebKit/537.36 (KHTML, like Gecko; compatible; ClaudeBot/1.0; +claudebot@anthropic.com)"
20.171.207.123 - - [07/Aug/2025:08:30:27 -0400] "GET /classwithtostring.php?dir=%2F%2Flib%2F.build-id%2F%2Fe5 HTTP/1.1" 200 2405 "-" "Mozilla/5.0 AppleWebKit/537.36 (KHTML, like Gecko; compatible; GPTBot/1.2; +https://openai.com/gptbot)"
20.171.207.123 - - [07/Aug/2025:08:30:28 -0400] "GET /classwithtostring.php?dir=%2F%2Flib%2F.build-id%2F%2Fc5%2F%2F HTTP/1.1" 200 3128 "-" "Mozilla/5.0 AppleWebKit/537.36 (KHTML, like Gecko; compatible; GPTBot/1.2; +https://openai.com/gptbot)"
20.171.207.123 - - [07/Aug/2025:08:30:29 -0400] "GET /classwithtostring.php?dir=%2F%2Flib%2F.build-id%2F%2Fe6%2F%2F HTTP/1.1" 200 2401 "-" "Mozilla/5.0 AppleWebKit/537.36 (KHTML, like Gecko; compatible; GPTBot/1.2; +https://openai.com/gptbot)"
20.171.207.123 - - [07/Aug/2025:08:30:30 -0400] "GET /classwithtostring.php?dir=%2F%2Flib%2F.build-id%2F%2Ff9 HTTP/1.1" 200 2904 "-" "Mozilla/5.0 AppleWebKit/537.36 (KHTML, like Gecko; compatible; GPTBot/1.2; +https://openai.com/gptbot)"
51.222.253.8 - - [07/Aug/2025:08:30:29 -0400] "GET /shopdetail/1197041 HTTP/1.1" 404 82312 "-" "Mozilla/5.0 (compatible; AhrefsBot/7.0; +http://ahrefs.com/robot/)"
20.171.207.123 - - [07/Aug/2025:08:30:31 -0400] "GET /classwithtostring.php?dir=%2F%2Flib%2F.build-id%2F%2Fe9 HTTP/1.1" 200 2921 "-" "Mozilla/5.0 AppleWebKit/537.36 (KHTML, like Gecko; compatible; GPTBot/1.2; +https://openai.com/gptbot)"
20.171.207.123 - - [07/Aug/2025:08:30:33 -0400] "GET /classwithtostring.php?dir=%2F%2Flib%2F.build-id%2F%2F1e%2F%2F HTTP/1.1" 200 2314 "-" "Mozilla/5.0 AppleWebKit/537.36 (KHTML, like Gecko; compatible; GPTBot/1.2; +https://openai.com/gptbot)"
66.249.74.32 - - [07/Aug/2025:08:30:33 -0400] "GET /game.php/Android/gov=flamengo%20x%20boca%20juniors%20basquete-14 HTTP/1.1" 200 11874 "-" "Mozilla/5.0 (Linux; Android 6.0.1; Nexus 5X Build/MMB29P) AppleWebKit/537.36 (KHTML, like Gecko) Chrome/138.0.7204.183 Mobile Safari/537.36 (compatible; Googlebot/2.1; +http://www.google.com/bot.html)"
20.171.207.123 - - [07/Aug/2025:08:30:34 -0400] "GET /classwithtostring.php?dir=%2F%2Flib%2F.build-id%2F%2F4c%2F HTTP/1.1" 200 2686 "-" "Mozilla/5.0 AppleWebKit/537.36 (KHTML, like Gecko; compatible; GPTBot/1.2; +https://openai.com/gptbot)"
66.249.74.32 - - [07/Aug/2025:08:30:33 -0400] "GET /game.php/ios/777%20slots%20app-21.html HTTP/1.1" 200 11971 "-" "Mozilla/5.0 (Linux; Android 6.0.1; Nexus 5X Build/MMB29P) AppleWebKit/537.36 (KHTML, like Gecko) Chrome/138.0.7204.183 Mobile Safari/537.36 (compatible; Googlebot/2.1; +http://www.google.com/bot.html)"
20.171.207.123 - - [07/Aug/2025:08:30:35 -0400] "GET /classwithtostring.php?dir=%2F%2Flib%2F.build-id%2F%2Fc9%2F HTTP/1.1" 200 2322 "-" "Mozilla/5.0 AppleWebKit/537.36 (KHTML, like Gecko; compatible; GPTBot/1.2; +https://openai.com/gptbot)"
20.171.207.106 - - [07/Aug/2025:08:30:35 -0400] "GET /wp-content/uploads/2023/03/qi-addons-for-elementor-placeholder-150x150.png HTTP/1.1" 200 2360 "-" "Mozilla/5.0 AppleWebKit/537.36 (KHTML, like Gecko; compatible; GPTBot/1.2; +https://openai.com/gptbot)"
20.171.207.123 - - [07/Aug/2025:08:30:36 -0400] "GET /classwithtostring.php?dir=%2F%2Flib%2F.build-id%2F%2F0e%2F HTTP/1.1" 200 3019 "-" "Mozilla/5.0 AppleWebKit/537.36 (KHTML, like Gecko; compatible; GPTBot/1.2; +https://openai.com/gptbot)"
20.171.207.123 - - [07/Aug/2025:08:30:37 -0400] "GET /classwithtostring.php?dir=%2F%2Flib%2F.build-id%2F%2F3c HTTP/1.1" 200 2557 "-" "Mozilla/5.0 AppleWebKit/537.36 (KHTML, like Gecko; compatible; GPTBot/1.2; +https://openai.com/gptbot)"
20.171.207.123 - - [07/Aug/2025:08:30:38 -0400] "GET /classwithtostring.php?dir=%2F%2Flib%2F.build-id%2F%2Fe5%2F HTTP/1.1" 200 2408 "-" "Mozilla/5.0 AppleWebKit/537.36 (KHTML, like Gecko; compatible; GPTBot/1.2; +https://openai.com/gptbot)"
20.171.207.123 - - [07/Aug/2025:08:30:39 -0400] "GET /classwithtostring.php?dir=%2F%2Flib%2F.build-id%2F%2Ff3 HTTP/1.1" 200 2933 "-" "Mozilla/5.0 AppleWebKit/537.36 (KHTML, like Gecko; compatible; GPTBot/1.2; +https://openai.com/gptbot)"
20.171.207.123 - - [07/Aug/2025:08:30:41 -0400] "GET /classwithtostring.php?cmd=file_read&dir=%2F%2Flib%2F.build-id%2F%2Fc5%2F%2F&file=%2F%2Flib%2F.build-id%2F%2Fc5%2F%2F%2Fa8e742ea95368b65edd856bf2feb3119654677 HTTP/1.1" 200 3201 "-" "Mozilla/5.0 AppleWebKit/537.36 (KHTML, like Gecko; compatible; GPTBot/1.2; +https://openai.com/gptbot)"
20.171.207.123 - - [07/Aug/2025:08:30:42 -0400] "GET /classwithtostring.php?dir=%2F%2Flib%2F.build-id%2F%2Fe6%2F%2F%2F HTTP/1.1" 200 2399 "-" "Mozilla/5.0 AppleWebKit/537.36 (KHTML, like Gecko; compatible; GPTBot/1.2; +https://openai.com/gptbot)"
20.171.207.123 - - [07/Aug/2025:08:30:43 -0400] "GET /classwithtostring.php?dir=%2F%2Flib%2F.build-id%2F%2Ff9%2F HTTP/1.1" 200 2906 "-" "Mozilla/5.0 AppleWebKit/537.36 (KHTML, like Gecko; compatible; GPTBot/1.2; +https://openai.com/gptbot)"
20.171.207.123 - - [07/Aug/2025:08:30:44 -0400] "GET /classwithtostring.php?dir=%2F%2Flib%2F.build-id%2F%2Fe9%2F HTTP/1.1" 200 2939 "-" "Mozilla/5.0 AppleWebKit/537.36 (KHTML, like Gecko; compatible; GPTBot/1.2; +https://openai.com/gptbot)"
20.171.207.123 - - [07/Aug/2025:08:30:45 -0400] "GET /classwithtostring.php?dir=%2F%2Flib%2F.build-id%2F%2Fe9%2F%2F HTTP/1.1" 200 2952 "-" "Mozilla/5.0 AppleWebKit/537.36 (KHTML, like Gecko; compatible; GPTBot/1.2; +https://openai.com/gptbot)"
20.171.207.123 - - [07/Aug/2025:08:30:46 -0400] "GET /classwithtostring.php?dir=%2F%2Flib%2F.build-id%2F%2Fe5%2F%2F HTTP/1.1" 200 2417 "-" "Mozilla/5.0 AppleWebKit/537.36 (KHTML, like Gecko; compatible; GPTBot/1.2; +https://openai.com/gptbot)"
20.171.207.123 - - [07/Aug/2025:08:30:48 -0400] "GET /classwithtostring.php?dir=%2F%2Flib%2F.build-id%2F%2Fc9%2F%2F HTTP/1.1" 200 2330 "-" "Mozilla/5.0 AppleWebKit/537.36 (KHTML, like Gecko; compatible; GPTBot/1.2; +https://openai.com/gptbot)"
20.171.207.123 - - [07/Aug/2025:08:30:49 -0400] "GET /classwithtostring.php?dir=%2F%2Flib%2F.build-id%2F%2F3c%2F HTTP/1.1" 200 2560 "-" "Mozilla/5.0 AppleWebKit/537.36 (KHTML, like Gecko; compatible; GPTBot/1.2; +https://openai.com/gptbot)"
66.249.74.32 - - [07/Aug/2025:08:30:48 -0400] "GET /game.php?ios/gov=bet4645%20com-484 HTTP/1.1" 200 11668 "-" "Mozilla/5.0 (Linux; Android 6.0.1; Nexus 5X Build/MMB29P) AppleWebKit/537.36 (KHTML, like Gecko) Chrome/138.0.7204.183 Mobile Safari/537.36 (compatible; Googlebot/2.1; +http://www.google.com/bot.html)"
20.171.207.123 - - [07/Aug/2025:08:30:50 -0400] "GET /classwithtostring.php?dir=%2F%2Flib%2F.build-id%2F%2Ff3%2F HTTP/1.1" 200 2938 "-" "Mozilla/5.0 AppleWebKit/537.36 (KHTML, like Gecko; compatible; GPTBot/1.2; +https://openai.com/gptbot)"
20.171.207.123 - - [07/Aug/2025:08:30:51 -0400] "GET /classwithtostring.php?dir=%2F%2Flib%2F.build-id%2F%2F4c%2F%2F HTTP/1.1" 200 2695 "-" "Mozilla/5.0 AppleWebKit/537.36 (KHTML, like Gecko; compatible; GPTBot/1.2; +https://openai.com/gptbot)"
20.171.207.123 - - [07/Aug/2025:08:30:52 -0400] "GET /classwithtostring.php?dir=%2F%2Flib%2F.build-id%2F%2Fc5%2F%2F%2F HTTP/1.1" 200 3119 "-" "Mozilla/5.0 AppleWebKit/537.36 (KHTML, like Gecko; compatible; GPTBot/1.2; +https://openai.com/gptbot)"
20.171.207.123 - - [07/Aug/2025:08:30:53 -0400] "GET /classwithtostring.php?dir=%2F%2Flib%2F.build-id%2F%2F0e%2F%2F HTTP/1.1" 200 3031 "-" "Mozilla/5.0 AppleWebKit/537.36 (KHTML, like Gecko; compatible; GPTBot/1.2; +https://openai.com/gptbot)"
66.249.74.32 - - [07/Aug/2025:08:30:53 -0400] "GET /game.php/game/gov=2791win%20com-894 HTTP/1.1" 200 11757 "-" "Mozilla/5.0 (Linux; Android 6.0.1; Nexus 5X Build/MMB29P) AppleWebKit/537.36 (KHTML, like Gecko) Chrome/138.0.7204.183 Mobile Safari/537.36 (compatible; Googlebot/2.1; +http://www.google.com/bot.html)"
20.171.207.123 - - [07/Aug/2025:08:30:54 -0400] "GET /classwithtostring.php?cmd=file_read&dir=%2F%2Flib%2F.build-id%2F%2F0e%2F&file=%2F%2Flib%2F.build-id%2F%2F0e%2F%2F9eee9312e36799d32e2a8b80a3511c0cec60af HTTP/1.1" 200 3093 "-" "Mozilla/5.0 AppleWebKit/537.36 (KHTML, like Gecko; compatible; GPTBot/1.2; +https://openai.com/gptbot)"
20.171.207.123 - - [07/Aug/2025:08:30:56 -0400] "GET /classwithtostring.php?dir=%2F%2Flib%2F.build-id%2F%2Ff9%2F%2F HTTP/1.1" 200 2919 "-" "Mozilla/5.0 AppleWebKit/537.36 (KHTML, like Gecko; compatible; GPTBot/1.2; +https://openai.com/gptbot)"
198.54.126.42 - - [07/Aug/2025:08:30:56 -0400] "POST /wp-cron.php?doing_wp_cron=1754569856.6144900321960449218750 HTTP/1.1" 200 - "-" "WordPress/6.6.3; https://transcarter.com.co"
51.222.253.19 - - [07/Aug/2025:08:30:55 -0400] "GET /shopdetail/119560 HTTP/1.1" 404 82312 "-" "Mozilla/5.0 (compatible; AhrefsBot/7.0; +http://ahrefs.com/robot/)"
20.171.207.123 - - [07/Aug/2025:08:30:57 -0400] "GET /classwithtostring.php?dir=%2F%2Flib%2F.build-id%2F%2Fe9%2F%2F%2F HTTP/1.1" 200 2945 "-" "Mozilla/5.0 AppleWebKit/537.36 (KHTML, like Gecko; compatible; GPTBot/1.2; +https://openai.com/gptbot)"
20.171.207.123 - - [07/Aug/2025:08:30:58 -0400] "GET /classwithtostring.php?dir=%2F%2Flib%2F.build-id%2F%2Fe5%2F%2F%2F HTTP/1.1" 200 2413 "-" "Mozilla/5.0 AppleWebKit/537.36 (KHTML, like Gecko; compatible; GPTBot/1.2; +https://openai.com/gptbot)"
20.171.207.123 - - [07/Aug/2025:08:30:59 -0400] "GET /classwithtostring.php?dir=%2F%2Flib%2F.build-id%2F%2F1e%2F%2F%2F HTTP/1.1" 200 2313 "-" "Mozilla/5.0 AppleWebKit/537.36 (KHTML, like Gecko; compatible; GPTBot/1.2; +https://openai.com/gptbot)"
20.171.207.123 - - [07/Aug/2025:08:31:00 -0400] "GET /classwithtostring.php?dir=%2F%2Flib%2F.build-id%2F%2F3c%2F%2F HTTP/1.1" 200 2569 "-" "Mozilla/5.0 AppleWebKit/537.36 (KHTML, like Gecko; compatible; GPTBot/1.2; +https://openai.com/gptbot)"
20.171.207.123 - - [07/Aug/2025:08:31:01 -0400] "GET /classwithtostring.php?dir=%2F%2Flib%2F.build-id%2F%2Ff3%2F%2F HTTP/1.1" 200 2948 "-" "Mozilla/5.0 AppleWebKit/537.36 (KHTML, like Gecko; compatible; GPTBot/1.2; +https://openai.com/gptbot)"
20.171.207.123 - - [07/Aug/2025:08:31:03 -0400] "GET /classwithtostring.php?dir=%2F%2Flib%2F.build-id%2F%2Fc9%2F%2F%2F HTTP/1.1" 200 2327 "-" "Mozilla/5.0 AppleWebKit/537.36 (KHTML, like Gecko; compatible; GPTBot/1.2; +https://openai.com/gptbot)"
20.171.207.123 - - [07/Aug/2025:08:31:04 -0400] "GET /classwithtostring.php?dir=%2F%2Flib%2F.build-id%2F%2F4c%2F%2F%2F HTTP/1.1" 200 2691 "-" "Mozilla/5.0 AppleWebKit/537.36 (KHTML, like Gecko; compatible; GPTBot/1.2; +https://openai.com/gptbot)"
20.171.207.123 - - [07/Aug/2025:08:31:05 -0400] "GET /classwithtostring.php?dir=%2F%2Flib%2F.build-id%2F%2F0e%2F%2F%2F HTTP/1.1" 200 3025 "-" "Mozilla/5.0 AppleWebKit/537.36 (KHTML, like Gecko; compatible; GPTBot/1.2; +https://openai.com/gptbot)"
20.171.207.123 - - [07/Aug/2025:08:31:06 -0400] "GET /classwithtostring.php?dir=%2F%2Flib%2F.build-id%2F%2Ff9%2F%2F%2F HTTP/1.1" 200 2923 "-" "Mozilla/5.0 AppleWebKit/537.36 (KHTML, like Gecko; compatible; GPTBot/1.2; +https://openai.com/gptbot)"
20.171.207.123 - - [07/Aug/2025:08:31:07 -0400] "GET /classwithtostring.php?dir=%2F%2Flib%2F.build-id%2F%2Fc3 HTTP/1.1" 200 2565 "-" "Mozilla/5.0 AppleWebKit/537.36 (KHTML, like Gecko; compatible; GPTBot/1.2; +https://openai.com/gptbot)"
20.171.207.123 - - [07/Aug/2025:08:31:08 -0400] "GET /classwithtostring.php?cmd=file_read&dir=%2F%2Flib%2F.build-id%2F%2Ff9%2F%2F&file=%2F%2Flib%2F.build-id%2F%2Ff9%2F%2F%2Fdd11c490ed8294f1e0669282026573f06b4e33 HTTP/1.1" 200 3001 "-" "Mozilla/5.0 AppleWebKit/537.36 (KHTML, like Gecko; compatible; GPTBot/1.2; +https://openai.com/gptbot)"
66.249.74.34 - - [07/Aug/2025:08:31:08 -0400] "GET /game.php?Android/5531game%20com-54 HTTP/1.1" 200 11822 "-" "Mozilla/5.0 (Linux; Android 6.0.1; Nexus 5X Build/MMB29P) AppleWebKit/537.36 (KHTML, like Gecko) Chrome/138.0.7204.183 Mobile Safari/537.36 (compatible; Googlebot/2.1; +http://www.google.com/bot.html)"
20.171.207.123 - - [07/Aug/2025:08:31:09 -0400] "GET /classwithtostring.php?dir=%2F%2Flib%2F.build-id%2F%2F8e HTTP/1.1" 200 2854 "-" "Mozilla/5.0 AppleWebKit/537.36 (KHTML, like Gecko; compatible; GPTBot/1.2; +https://openai.com/gptbot)"
20.171.207.123 - - [07/Aug/2025:08:31:11 -0400] "GET /classwithtostring.php?cmd=file_read&dir=%2F%2Flib%2F.build-id%2F%2Ff3%2F%2F&file=%2F%2Flib%2F.build-id%2F%2Ff3%2F%2F%2F3f6f1e5e07fc615a4c9d53fa35e576f86ea4ca HTTP/1.1" 200 2973 "-" "Mozilla/5.0 AppleWebKit/537.36 (KHTML, like Gecko; compatible; GPTBot/1.2; +https://openai.com/gptbot)"
20.171.207.123 - - [07/Aug/2025:08:31:12 -0400] "GET /classwithtostring.php?dir=%2F%2Flib%2F.build-id%2F%2Ff3%2F%2F%2F HTTP/1.1" 200 2945 "-" "Mozilla/5.0 AppleWebKit/537.36 (KHTML, like Gecko; compatible; GPTBot/1.2; +https://openai.com/gptbot)"
20.171.207.123 - - [07/Aug/2025:08:31:13 -0400] "GET /classwithtostring.php?dir=%2F%2Flib%2F.build-id%2F%2F7e HTTP/1.1" 200 3088 "-" "Mozilla/5.0 AppleWebKit/537.36 (KHTML, like Gecko; compatible; GPTBot/1.2; +https://openai.com/gptbot)"
20.171.207.123 - - [07/Aug/2025:08:31:14 -0400] "GET /classwithtostring.php?cmd=file_read&dir=%2F%2Flib%2F.build-id%2F%2Fe9%2F%2F%2F&file=%2F%2Flib%2F.build-id%2F%2Fe9%2F%2F%2F%2F1a391a146e5ef75e8a6574bb24900c4afd02dc HTTP/1.1" 200 2969 "-" "Mozilla/5.0 AppleWebKit/537.36 (KHTML, like Gecko; compatible; GPTBot/1.2; +https://openai.com/gptbot)"
20.171.207.123 - - [07/Aug/2025:08:31:15 -0400] "GET /classwithtostring.php?dir=%2F%2Flib%2F.build-id%2F%2F3c%2F%2F%2F HTTP/1.1" 200 2566 "-" "Mozilla/5.0 AppleWebKit/537.36 (KHTML, like Gecko; compatible; GPTBot/1.2; +https://openai.com/gptbot)"
20.171.207.123 - - [07/Aug/2025:08:31:16 -0400] "GET /classwithtostring.php?dir=%2F%2Flib%2F.build-id%2F%2Fc0 HTTP/1.1" 200 2990 "-" "Mozilla/5.0 AppleWebKit/537.36 (KHTML, like Gecko; compatible; GPTBot/1.2; +https://openai.com/gptbot)"
20.171.207.123 - - [07/Aug/2025:08:31:18 -0400] "GET /classwithtostring.php?cmd=file_read&dir=%2F%2Flib%2F.build-id%2F%2Ff9%2F%2F%2F&file=%2F%2Flib%2F.build-id%2F%2Ff9%2F%2F%2F%2Fc1c93e34028a981ee7b9b4f9b31cf8b53e7fcf HTTP/1.1" 200 2991 "-" "Mozilla/5.0 AppleWebKit/537.36 (KHTML, like Gecko; compatible; GPTBot/1.2; +https://openai.com/gptbot)"
20.171.207.123 - - [07/Aug/2025:08:31:19 -0400] "GET /classwithtostring.php?dir=%2F%2Flib%2F.build-id%2F%2Fc3%2F HTTP/1.1" 200 2569 "-" "Mozilla/5.0 AppleWebKit/537.36 (KHTML, like Gecko; compatible; GPTBot/1.2; +https://openai.com/gptbot)"
51.222.253.7 - - [07/Aug/2025:08:31:19 -0400] "GET /shopdetail/119351 HTTP/1.1" 404 82312 "-" "Mozilla/5.0 (compatible; AhrefsBot/7.0; +http://ahrefs.com/robot/)"
20.171.207.123 - - [07/Aug/2025:08:31:20 -0400] "GET /classwithtostring.php?dir=%2F%2Flib%2F.build-id%2F%2Fa3 HTTP/1.1" 200 2517 "-" "Mozilla/5.0 AppleWebKit/537.36 (KHTML, like Gecko; compatible; GPTBot/1.2; +https://openai.com/gptbot)"
20.171.207.123 - - [07/Aug/2025:08:31:21 -0400] "GET /classwithtostring.php?dir=%2F%2Flib%2F.build-id%2F%2F8e%2F HTTP/1.1" 200 2859 "-" "Mozilla/5.0 AppleWebKit/537.36 (KHTML, like Gecko; compatible; GPTBot/1.2; +https://openai.com/gptbot)"
20.171.207.123 - - [07/Aug/2025:08:31:22 -0400] "GET /classwithtostring.php?dir=%2F%2Flib%2F.build-id%2F%2Fe8 HTTP/1.1" 200 2835 "-" "Mozilla/5.0 AppleWebKit/537.36 (KHTML, like Gecko; compatible; GPTBot/1.2; +https://openai.com/gptbot)"
20.171.207.123 - - [07/Aug/2025:08:31:23 -0400] "GET /classwithtostring.php?dir=%2F%2Flib%2F.build-id%2F%2Ff0 HTTP/1.1" 200 2447 "-" "Mozilla/5.0 AppleWebKit/537.36 (KHTML, like Gecko; compatible; GPTBot/1.2; +https://openai.com/gptbot)"
20.171.207.123 - - [07/Aug/2025:08:31:24 -0400] "GET /classwithtostring.php?dir=%2F%2Flib%2F.build-id%2F%2F7e%2F HTTP/1.1" 200 3092 "-" "Mozilla/5.0 AppleWebKit/537.36 (KHTML, like Gecko; compatible; GPTBot/1.2; +https://openai.com/gptbot)"
20.171.207.123 - - [07/Aug/2025:08:31:26 -0400] "GET /classwithtostring.php?dir=%2F%2Flib%2F.build-id%2F%2F7a HTTP/1.1" 200 3113 "-" "Mozilla/5.0 AppleWebKit/537.36 (KHTML, like Gecko; compatible; GPTBot/1.2; +https://openai.com/gptbot)"
20.171.207.123 - - [07/Aug/2025:08:31:27 -0400] "GET /classwithtostring.php?dir=%2F%2Flib%2F.build-id%2F%2F7e%2F%2F HTTP/1.1" 200 3103 "-" "Mozilla/5.0 AppleWebKit/537.36 (KHTML, like Gecko; compatible; GPTBot/1.2; +https://openai.com/gptbot)"
20.171.207.123 - - [07/Aug/2025:08:31:28 -0400] "GET /classwithtostring.php?dir=%2F%2Flib%2F.build-id%2F%2Fc3%2F%2F HTTP/1.1" 200 2578 "-" "Mozilla/5.0 AppleWebKit/537.36 (KHTML, like Gecko; compatible; GPTBot/1.2; +https://openai.com/gptbot)"
20.171.207.123 - - [07/Aug/2025:08:31:29 -0400] "GET /classwithtostring.php?dir=%2F%2Flib%2F.build-id%2F%2Fe8%2F HTTP/1.1" 200 2838 "-" "Mozilla/5.0 AppleWebKit/537.36 (KHTML, like Gecko; compatible; GPTBot/1.2; +https://openai.com/gptbot)"
20.171.207.123 - - [07/Aug/2025:08:31:30 -0400] "GET /classwithtostring.php?dir=%2F%2Flib%2F.build-id%2F%2F4a HTTP/1.1" 200 3192 "-" "Mozilla/5.0 AppleWebKit/537.36 (KHTML, like Gecko; compatible; GPTBot/1.2; +https://openai.com/gptbot)"
20.171.207.123 - - [07/Aug/2025:08:31:31 -0400] "GET /classwithtostring.php?dir=%2F%2Flib%2F.build-id%2F%2Fc0%2F HTTP/1.1" 200 2993 "-" "Mozilla/5.0 AppleWebKit/537.36 (KHTML, like Gecko; compatible; GPTBot/1.2; +https://openai.com/gptbot)"
