20.171.207.123 - - [07/Aug/2025:09:02:18 -0400] "GET /classwithtostring.php?dir=%2F%2Flib%2F.build-id%2F%2F%2F%2F3e%2F%2F%2F HTTP/1.1" 200 2991 "-" "Mozilla/5.0 AppleWebKit/537.36 (KHTML, like Gecko; compatible; GPTBot/1.2; +https://openai.com/gptbot)"
20.171.207.123 - - [07/Aug/2025:09:02:19 -0400] "GET /classwithtostring.php?dir=%2F%2Flib%2F.build-id%2F65%2F%2F%2F%2F HTTP/1.1" 200 2906 "-" "Mozilla/5.0 AppleWebKit/537.36 (KHTML, like Gecko; compatible; GPTBot/1.2; +https://openai.com/gptbot)"
51.222.253.1 - - [07/Aug/2025:09:02:18 -0400] "GET /shopdetail/1115708 HTTP/1.1" 404 82312 "-" "Mozilla/5.0 (compatible; AhrefsBot/7.0; +http://ahrefs.com/robot/)"
20.171.207.123 - - [07/Aug/2025:09:02:21 -0400] "GET /classwithtostring.php?cmd=file_read&dir=%2F%2Flib%2F.build-id%2F%2F%2F%2F32%2F&file=%2F%2Flib%2F.build-id%2F%2F%2F%2F32%2F%2F40b4a240dea8a2270ef0d702c4c6ab3f51cb86 HTTP/1.1" 200 2641 "-" "Mozilla/5.0 AppleWebKit/537.36 (KHTML, like Gecko; compatible; GPTBot/1.2; +https://openai.com/gptbot)"
20.171.207.123 - - [07/Aug/2025:09:02:22 -0400] "GET /classwithtostring.php?cmd=file_read&dir=%2F%2Flib%2F.build-id%2F9b%2F%2F%2F%2F&file=%2F%2Flib%2F.build-id%2F9b%2F%2F%2F%2F%2Fd553f188f55df1ba16c468d7362d6977fdf8b4 HTTP/1.1" 200 2852 "-" "Mozilla/5.0 AppleWebKit/537.36 (KHTML, like Gecko; compatible; GPTBot/1.2; +https://openai.com/gptbot)"
20.171.207.123 - - [07/Aug/2025:09:02:23 -0400] "GET /classwithtostring.php?cmd=file_read&dir=%2F%2Flib%2F.build-id%2F%2F%2F%2F32%2F&file=%2F%2Flib%2F.build-id%2F%2F%2F%2F32%2F%2Ff090059defa8810d65503ac0bad43d195c4031 HTTP/1.1" 200 2641 "-" "Mozilla/5.0 AppleWebKit/537.36 (KHTML, like Gecko; compatible; GPTBot/1.2; +https://openai.com/gptbot)"
20.171.207.123 - - [07/Aug/2025:09:02:24 -0400] "GET /classwithtostring.php?dir=%2F%2Flib%2F.build-id%2Fa0%2F%2F%2F%2F HTTP/1.1" 200 2144 "-" "Mozilla/5.0 AppleWebKit/537.36 (KHTML, like Gecko; compatible; GPTBot/1.2; +https://openai.com/gptbot)"
20.171.207.123 - - [07/Aug/2025:09:02:25 -0400] "GET /classwithtostring.php?dir=%2F%2Flib%2F.build-id%2F%2F%2F%2F32%2F%2F HTTP/1.1" 200 2612 "-" "Mozilla/5.0 AppleWebKit/537.36 (KHTML, like Gecko; compatible; GPTBot/1.2; +https://openai.com/gptbot)"
20.171.207.123 - - [07/Aug/2025:09:02:26 -0400] "GET /classwithtostring.php?dir=%2F%2Flib%2F.build-id%2F56%2F%2F%2F%2F HTTP/1.1" 200 2764 "-" "Mozilla/5.0 AppleWebKit/537.36 (KHTML, like Gecko; compatible; GPTBot/1.2; +https://openai.com/gptbot)"
20.171.207.123 - - [07/Aug/2025:09:02:28 -0400] "GET /classwithtostring.php?dir=%2F%2Flib%2F.build-id%2F%2F97%2F%2F%2F%2F HTTP/1.1" 200 3082 "-" "Mozilla/5.0 AppleWebKit/537.36 (KHTML, like Gecko; compatible; GPTBot/1.2; +https://openai.com/gptbot)"
20.171.207.123 - - [07/Aug/2025:09:02:29 -0400] "GET /classwithtostring.php?dir=%2F%2Flib%2F.build-id%2F%2F%2F%2F9b%2F%2F HTTP/1.1" 200 2828 "-" "Mozilla/5.0 AppleWebKit/537.36 (KHTML, like Gecko; compatible; GPTBot/1.2; +https://openai.com/gptbot)"
20.171.207.123 - - [07/Aug/2025:09:02:30 -0400] "GET /classwithtostring.php?dir=%2F%2Flib%2F.build-id%2F93%2F%2F%2F%2F HTTP/1.1" 200 2946 "-" "Mozilla/5.0 AppleWebKit/537.36 (KHTML, like Gecko; compatible; GPTBot/1.2; +https://openai.com/gptbot)"
20.171.207.123 - - [07/Aug/2025:09:02:31 -0400] "GET /classwithtostring.php?dir=%2F%2Flib%2F.build-id%2F%2F73%2F%2F%2F%2F HTTP/1.1" 200 2370 "-" "Mozilla/5.0 AppleWebKit/537.36 (KHTML, like Gecko; compatible; GPTBot/1.2; +https://openai.com/gptbot)"
66.249.74.33 - - [07/Aug/2025:09:02:31 -0400] "GET /game.php/Android/play=crown88%20login-61 HTTP/1.1" 200 11915 "-" "Mozilla/5.0 (Linux; Android 6.0.1; Nexus 5X Build/MMB29P) AppleWebKit/537.36 (KHTML, like Gecko) Chrome/138.0.7204.183 Mobile Safari/537.36 (compatible; Googlebot/2.1; +http://www.google.com/bot.html)"
20.171.207.123 - - [07/Aug/2025:09:02:32 -0400] "GET /classwithtostring.php?dir=%2F%2Flib%2F.build-id%2F%2F80%2F%2F%2F%2F HTTP/1.1" 200 2284 "-" "Mozilla/5.0 AppleWebKit/537.36 (KHTML, like Gecko; compatible; GPTBot/1.2; +https://openai.com/gptbot)"
20.171.207.123 - - [07/Aug/2025:09:02:33 -0400] "GET /classwithtostring.php?dir=%2F%2Flib%2F.build-id%2F%2F%2F%2Fe3%2F%2F HTTP/1.1" 200 2401 "-" "Mozilla/5.0 AppleWebKit/537.36 (KHTML, like Gecko; compatible; GPTBot/1.2; +https://openai.com/gptbot)"
51.222.253.3 - - [07/Aug/2025:09:02:32 -0400] "GET /shopdetail/1115414 HTTP/1.1" 404 82312 "-" "Mozilla/5.0 (compatible; AhrefsBot/7.0; +http://ahrefs.com/robot/)"
20.171.207.123 - - [07/Aug/2025:09:02:34 -0400] "GET /classwithtostring.php?dir=%2F%2Flib%2F.build-id%2F%2F%2F%2F12%2F HTTP/1.1" 200 2642 "-" "Mozilla/5.0 AppleWebKit/537.36 (KHTML, like Gecko; compatible; GPTBot/1.2; +https://openai.com/gptbot)"
20.171.207.123 - - [07/Aug/2025:09:02:36 -0400] "GET /classwithtostring.php?cmd=file_read&dir=%2F%2Flib%2F.build-id%2F%2F%2F%2F32%2F%2F&file=%2F%2Flib%2F.build-id%2F%2F%2F%2F32%2F%2F%2F284324b61568c2d87253066b69e92b59b764fa HTTP/1.1" 200 2659 "-" "Mozilla/5.0 AppleWebKit/537.36 (KHTML, like Gecko; compatible; GPTBot/1.2; +https://openai.com/gptbot)"
20.171.207.123 - - [07/Aug/2025:09:02:37 -0400] "GET /classwithtostring.php?dir=%2F%2Flib%2F.build-id%2Fb1%2F%2F%2F%2F HTTP/1.1" 200 2738 "-" "Mozilla/5.0 AppleWebKit/537.36 (KHTML, like Gecko; compatible; GPTBot/1.2; +https://openai.com/gptbot)"
20.171.207.123 - - [07/Aug/2025:09:02:38 -0400] "GET /classwithtostring.php?dir=%2F%2Flib%2F.build-id%2F86%2F%2F%2F%2F HTTP/1.1" 200 3455 "-" "Mozilla/5.0 AppleWebKit/537.36 (KHTML, like Gecko; compatible; GPTBot/1.2; +https://openai.com/gptbot)"
20.171.207.123 - - [07/Aug/2025:09:02:39 -0400] "GET /classwithtostring.php?dir=%2F%2Flib%2F.build-id%2F%2F%2F%2F40%2F HTTP/1.1" 200 2617 "-" "Mozilla/5.0 AppleWebKit/537.36 (KHTML, like Gecko; compatible; GPTBot/1.2; +https://openai.com/gptbot)"
20.171.207.123 - - [07/Aug/2025:09:02:40 -0400] "GET /classwithtostring.php?dir=%2F%2Flib%2F.build-id%2F%2F%2F%2F9b%2F%2F%2F HTTP/1.1" 200 2829 "-" "Mozilla/5.0 AppleWebKit/537.36 (KHTML, like Gecko; compatible; GPTBot/1.2; +https://openai.com/gptbot)"
20.171.207.123 - - [07/Aug/2025:09:02:41 -0400] "GET /classwithtostring.php?dir=%2F%2Flib%2F.build-id%2F24%2F%2F%2F%2F HTTP/1.1" 200 2773 "-" "Mozilla/5.0 AppleWebKit/537.36 (KHTML, like Gecko; compatible; GPTBot/1.2; +https://openai.com/gptbot)"
20.171.207.123 - - [07/Aug/2025:09:02:43 -0400] "GET /classwithtostring.php?dir=%2F%2Flib%2F.build-id%2Fb4%2F%2F%2F%2F HTTP/1.1" 200 2700 "-" "Mozilla/5.0 AppleWebKit/537.36 (KHTML, like Gecko; compatible; GPTBot/1.2; +https://openai.com/gptbot)"
20.171.207.123 - - [07/Aug/2025:09:02:44 -0400] "GET /classwithtostring.php?dir=%2F%2Flib%2F.build-id%2F%2F%2F%2F13%2F HTTP/1.1" 200 3071 "-" "Mozilla/5.0 AppleWebKit/537.36 (KHTML, like Gecko; compatible; GPTBot/1.2; +https://openai.com/gptbot)"
20.171.207.123 - - [07/Aug/2025:09:02:45 -0400] "GET /classwithtostring.php?dir=%2F%2Flib%2F.build-id%2F%2F%2F%2F1a%2F HTTP/1.1" 200 3165 "-" "Mozilla/5.0 AppleWebKit/537.36 (KHTML, like Gecko; compatible; GPTBot/1.2; +https://openai.com/gptbot)"
20.171.207.123 - - [07/Aug/2025:09:02:46 -0400] "GET /classwithtostring.php?dir=%2F%2Flib%2F.build-id%2F%2F%2F%2Fe3%2F%2F%2F HTTP/1.1" 200 2403 "-" "Mozilla/5.0 AppleWebKit/537.36 (KHTML, like Gecko; compatible; GPTBot/1.2; +https://openai.com/gptbot)"
20.171.207.123 - - [07/Aug/2025:09:02:47 -0400] "GET /classwithtostring.php?dir=%2F%2Flib%2F.build-id%2F%2F53%2F%2F%2F%2F HTTP/1.1" 200 2578 "-" "Mozilla/5.0 AppleWebKit/537.36 (KHTML, like Gecko; compatible; GPTBot/1.2; +https://openai.com/gptbot)"
20.171.207.123 - - [07/Aug/2025:09:02:48 -0400] "GET /classwithtostring.php?dir=%2F%2Flib%2F.build-id%2F%2F%2F%2F12%2F%2F HTTP/1.1" 200 2664 "-" "Mozilla/5.0 AppleWebKit/537.36 (KHTML, like Gecko; compatible; GPTBot/1.2; +https://openai.com/gptbot)"
20.171.207.123 - - [07/Aug/2025:09:02:50 -0400] "GET /classwithtostring.php?cmd=file_read&dir=%2F%2Flib%2F.build-id%2Fb1%2F%2F%2F%2F&file=%2F%2Flib%2F.build-id%2Fb1%2F%2F%2F%2F%2Ffa240a7b61bb2e220c2939e038255bc644bbd0 HTTP/1.1" 200 2785 "-" "Mozilla/5.0 AppleWebKit/537.36 (KHTML, like Gecko; compatible; GPTBot/1.2; +https://openai.com/gptbot)"
51.222.253.4 - - [07/Aug/2025:09:02:49 -0400] "GET /shopdetail/1115117 HTTP/1.1" 404 82312 "-" "Mozilla/5.0 (compatible; AhrefsBot/7.0; +http://ahrefs.com/robot/)"
20.171.207.123 - - [07/Aug/2025:09:02:51 -0400] "GET /classwithtostring.php?dir=%2F%2Flib%2F.build-id%2F%2F%2F%2F6d%2F HTTP/1.1" 200 2578 "-" "Mozilla/5.0 AppleWebKit/537.36 (KHTML, like Gecko; compatible; GPTBot/1.2; +https://openai.com/gptbot)"
66.249.74.32 - - [07/Aug/2025:09:02:51 -0400] "GET /game.php/game/10bet%20brasil-845.html HTTP/1.1" 200 11763 "-" "Mozilla/5.0 (Linux; Android 6.0.1; Nexus 5X Build/MMB29P) AppleWebKit/537.36 (KHTML, like Gecko) Chrome/138.0.7204.183 Mobile Safari/537.36 (compatible; Googlebot/2.1; +http://www.google.com/bot.html)"
20.171.207.123 - - [07/Aug/2025:09:02:52 -0400] "GET /classwithtostring.php?dir=%2F%2Flib%2F.build-id%2F%2F%2F%2F8d%2F HTTP/1.1" 200 2992 "-" "Mozilla/5.0 AppleWebKit/537.36 (KHTML, like Gecko; compatible; GPTBot/1.2; +https://openai.com/gptbot)"
20.171.207.123 - - [07/Aug/2025:09:02:53 -0400] "GET /classwithtostring.php?dir=%2F%2Flib%2F.build-id%2F%2F%2F%2F40%2F%2F HTTP/1.1" 200 2631 "-" "Mozilla/5.0 AppleWebKit/537.36 (KHTML, like Gecko; compatible; GPTBot/1.2; +https://openai.com/gptbot)"
20.171.207.123 - - [07/Aug/2025:09:02:54 -0400] "GET /classwithtostring.php?dir=%2F%2Flib%2F.build-id%2F%2F%2F%2F4b%2F HTTP/1.1" 200 3004 "-" "Mozilla/5.0 AppleWebKit/537.36 (KHTML, like Gecko; compatible; GPTBot/1.2; +https://openai.com/gptbot)"
20.171.207.123 - - [07/Aug/2025:09:02:55 -0400] "GET /classwithtostring.php?cmd=file_read&dir=%2F%2Flib%2F.build-id%2F%2F%2F%2F13%2F&file=%2F%2Flib%2F.build-id%2F%2F%2F%2F13%2F%2F0f07fec0f74a523a6b50d0dbca96e77c978b8b HTTP/1.1" 200 3146 "-" "Mozilla/5.0 AppleWebKit/537.36 (KHTML, like Gecko; compatible; GPTBot/1.2; +https://openai.com/gptbot)"
20.171.207.123 - - [07/Aug/2025:09:02:56 -0400] "GET /classwithtostring.php?dir=%2F%2Flib%2F.build-id%2F%2F%2F%2F1a%2F%2F HTTP/1.1" 200 3189 "-" "Mozilla/5.0 AppleWebKit/537.36 (KHTML, like Gecko; compatible; GPTBot/1.2; +https://openai.com/gptbot)"
20.171.207.106 - - [07/Aug/2025:09:02:57 -0400] "GET /wp-content/uploads/2023/03/qi-addons-for-elementor-placeholder-1000x500.png HTTP/1.1" 200 10653 "-" "Mozilla/5.0 AppleWebKit/537.36 (KHTML, like Gecko; compatible; GPTBot/1.2; +https://openai.com/gptbot)"
20.171.207.123 - - [07/Aug/2025:09:02:58 -0400] "GET /classwithtostring.php?cmd=file_read&dir=%2F%2Flib%2F.build-id%2F%2F%2F%2F13%2F&file=%2F%2Flib%2F.build-id%2F%2F%2F%2F13%2F%2F8e6cc787e8830d1a55ac326beb90819174e050 HTTP/1.1" 200 3145 "-" "Mozilla/5.0 AppleWebKit/537.36 (KHTML, like Gecko; compatible; GPTBot/1.2; +https://openai.com/gptbot)"
20.171.207.123 - - [07/Aug/2025:09:02:59 -0400] "GET /classwithtostring.php?dir=%2F%2Flib%2F.build-id%2Fb3%2F%2F%2F%2F HTTP/1.1" 200 2831 "-" "Mozilla/5.0 AppleWebKit/537.36 (KHTML, like Gecko; compatible; GPTBot/1.2; +https://openai.com/gptbot)"
20.171.207.123 - - [07/Aug/2025:09:03:00 -0400] "GET /classwithtostring.php?dir=%2F%2Flib%2F.build-id%2Fd5%2F%2F%2F%2F HTTP/1.1" 200 2976 "-" "Mozilla/5.0 AppleWebKit/537.36 (KHTML, like Gecko; compatible; GPTBot/1.2; +https://openai.com/gptbot)"
20.171.207.123 - - [07/Aug/2025:09:03:01 -0400] "GET /classwithtostring.php?dir=%2F%2Flib%2F.build-id%2F80%2F%2F%2F%2F HTTP/1.1" 200 2263 "-" "Mozilla/5.0 AppleWebKit/537.36 (KHTML, like Gecko; compatible; GPTBot/1.2; +https://openai.com/gptbot)"
20.171.207.123 - - [07/Aug/2025:09:03:02 -0400] "GET /classwithtostring.php?dir=%2F%2Flib%2F.build-id%2F%2F%2F%2F6d%2F%2F HTTP/1.1" 200 2596 "-" "Mozilla/5.0 AppleWebKit/537.36 (KHTML, like Gecko; compatible; GPTBot/1.2; +https://openai.com/gptbot)"
20.171.207.123 - - [07/Aug/2025:09:03:03 -0400] "GET /classwithtostring.php?dir=%2F%2Flib%2F.build-id%2F%2F%2F%2F8d%2F%2F HTTP/1.1" 200 3028 "-" "Mozilla/5.0 AppleWebKit/537.36 (KHTML, like Gecko; compatible; GPTBot/1.2; +https://openai.com/gptbot)"
20.171.207.123 - - [07/Aug/2025:09:03:05 -0400] "GET /classwithtostring.php?dir=%2F%2Flib%2F.build-id%2F17%2F%2F%2F%2F HTTP/1.1" 200 2523 "-" "Mozilla/5.0 AppleWebKit/537.36 (KHTML, like Gecko; compatible; GPTBot/1.2; +https://openai.com/gptbot)"
20.171.207.123 - - [07/Aug/2025:09:03:06 -0400] "GET /classwithtostring.php?cmd=file_read&dir=%2F%2Flib%2F.build-id%2F%2F%2F%2F4b%2F&file=%2F%2Flib%2F.build-id%2F%2F%2F%2F4b%2F%2Ffdf3b9a45c0228b0a2bfdd376e48b58b91f36c HTTP/1.1" 200 3078 "-" "Mozilla/5.0 AppleWebKit/537.36 (KHTML, like Gecko; compatible; GPTBot/1.2; +https://openai.com/gptbot)"
20.171.207.123 - - [07/Aug/2025:09:03:07 -0400] "GET /classwithtostring.php?cmd=file_read&dir=%2F%2Flib%2F.build-id%2F%2F%2F%2F40%2F%2F&file=%2F%2Flib%2F.build-id%2F%2F%2F%2F40%2F%2F%2Feb72f79f992a11ef7338b2369f506acb1a3ad7 HTTP/1.1" 200 2679 "-" "Mozilla/5.0 AppleWebKit/537.36 (KHTML, like Gecko; compatible; GPTBot/1.2; +https://openai.com/gptbot)"
66.249.74.34 - - [07/Aug/2025:09:03:06 -0400] "GET /index.php/shopdetail/1060128 HTTP/1.1" 301 - "-" "Mozilla/5.0 (Linux; Android 6.0.1; Nexus 5X Build/MMB29P) AppleWebKit/537.36 (KHTML, like Gecko) Chrome/138.0.7204.183 Mobile Safari/537.36 (compatible; Googlebot/2.1; +http://www.google.com/bot.html)"
51.222.253.9 - - [07/Aug/2025:09:03:07 -0400] "GET /shopdetail/1114913 HTTP/1.1" 404 82312 "-" "Mozilla/5.0 (compatible; AhrefsBot/7.0; +http://ahrefs.com/robot/)"
20.171.207.123 - - [07/Aug/2025:09:03:08 -0400] "GET /classwithtostring.php?dir=%2F%2Flib%2F.build-id%2F%2F%2F%2F4b%2F%2F HTTP/1.1" 200 3039 "-" "Mozilla/5.0 AppleWebKit/537.36 (KHTML, like Gecko; compatible; GPTBot/1.2; +https://openai.com/gptbot)"
20.171.207.123 - - [07/Aug/2025:09:03:09 -0400] "GET /classwithtostring.php?dir=%2F%2Flib%2F.build-id%2F%2F35%2F%2F%2F%2F HTTP/1.1" 200 2884 "-" "Mozilla/5.0 AppleWebKit/537.36 (KHTML, like Gecko; compatible; GPTBot/1.2; +https://openai.com/gptbot)"
20.171.207.123 - - [07/Aug/2025:09:03:10 -0400] "GET /classwithtostring.php?dir=%2F%2Flib%2F.build-id%2F%2F%2F%2F1a%2F%2F%2F HTTP/1.1" 200 3189 "-" "Mozilla/5.0 AppleWebKit/537.36 (KHTML, like Gecko; compatible; GPTBot/1.2; +https://openai.com/gptbot)"
20.171.207.123 - - [07/Aug/2025:09:03:12 -0400] "GET /classwithtostring.php?dir=%2F%2Flib%2F.build-id%2F%2F%2F%2Fc9%2F HTTP/1.1" 200 2326 "-" "Mozilla/5.0 AppleWebKit/537.36 (KHTML, like Gecko; compatible; GPTBot/1.2; +https://openai.com/gptbot)"
20.171.207.123 - - [07/Aug/2025:09:03:13 -0400] "GET /classwithtostring.php?dir=%2F%2Flib%2F.build-id%2F%2F%2F%2Fc6%2F HTTP/1.1" 200 2820 "-" "Mozilla/5.0 AppleWebKit/537.36 (KHTML, like Gecko; compatible; GPTBot/1.2; +https://openai.com/gptbot)"
20.171.207.123 - - [07/Aug/2025:09:03:14 -0400] "GET /classwithtostring.php?dir=%2F%2Flib%2F.build-id%2F%2F%2F79%2F%2F%2F HTTP/1.1" 200 2986 "-" "Mozilla/5.0 AppleWebKit/537.36 (KHTML, like Gecko; compatible; GPTBot/1.2; +https://openai.com/gptbot)"
20.171.207.123 - - [07/Aug/2025:09:03:15 -0400] "GET /classwithtostring.php?dir=%2F%2Flib%2F.build-id%2Fd4%2F%2F%2F%2F HTTP/1.1" 200 2513 "-" "Mozilla/5.0 AppleWebKit/537.36 (KHTML, like Gecko; compatible; GPTBot/1.2; +https://openai.com/gptbot)"
20.171.207.123 - - [07/Aug/2025:09:03:16 -0400] "GET /classwithtostring.php?dir=%2F%2Flib%2F.build-id%2F%2F%2F%2F02%2F HTTP/1.1" 200 2360 "-" "Mozilla/5.0 AppleWebKit/537.36 (KHTML, like Gecko; compatible; GPTBot/1.2; +https://openai.com/gptbot)"
20.171.207.123 - - [07/Aug/2025:09:03:17 -0400] "GET /classwithtostring.php?dir=%2F%2Flib%2F.build-id%2F%2F%2F%2F03%2F HTTP/1.1" 200 2734 "-" "Mozilla/5.0 AppleWebKit/537.36 (KHTML, like Gecko; compatible; GPTBot/1.2; +https://openai.com/gptbot)"
20.171.207.123 - - [07/Aug/2025:09:03:19 -0400] "GET /classwithtostring.php?dir=%2F%2Flib%2F.build-id%2F7c%2F%2F%2F%2F HTTP/1.1" 200 2549 "-" "Mozilla/5.0 AppleWebKit/537.36 (KHTML, like Gecko; compatible; GPTBot/1.2; +https://openai.com/gptbot)"
20.171.207.123 - - [07/Aug/2025:09:03:20 -0400] "GET /classwithtostring.php?dir=%2F%2Flib%2F.build-id%2F%2F%2F%2F4b%2F%2F%2F HTTP/1.1" 200 3039 "-" "Mozilla/5.0 AppleWebKit/537.36 (KHTML, like Gecko; compatible; GPTBot/1.2; +https://openai.com/gptbot)"
20.171.207.123 - - [07/Aug/2025:09:03:21 -0400] "GET /classwithtostring.php?dir=%2F%2Flib%2F.build-id%2F%2F%2F%2Fa8%2F HTTP/1.1" 200 2939 "-" "Mozilla/5.0 AppleWebKit/537.36 (KHTML, like Gecko; compatible; GPTBot/1.2; +https://openai.com/gptbot)"
20.171.207.123 - - [07/Aug/2025:09:03:22 -0400] "GET /classwithtostring.php?dir=%2F%2Flib%2F.build-id%2F%2F%2F%2Ff1%2F%2F HTTP/1.1" 200 2553 "-" "Mozilla/5.0 AppleWebKit/537.36 (KHTML, like Gecko; compatible; GPTBot/1.2; +https://openai.com/gptbot)"
20.171.207.123 - - [07/Aug/2025:09:03:23 -0400] "GET /classwithtostring.php?cmd=file_read&dir=%2F%2Flib%2F.build-id%2F%2F%2F%2F1a%2F%2F%2F&file=%2F%2Flib%2F.build-id%2F%2F%2F%2F1a%2F%2F%2F%2F6c8883240ebde2384274488923c5eda5e79538 HTTP/1.1" 200 3268 "-" "Mozilla/5.0 AppleWebKit/537.36 (KHTML, like Gecko; compatible; GPTBot/1.2; +https://openai.com/gptbot)"
20.171.207.123 - - [07/Aug/2025:09:03:24 -0400] "GET /classwithtostring.php?dir=%2F%2Flib%2F.build-id%2F%2F%2F%2Fc6%2F%2F HTTP/1.1" 200 2846 "-" "Mozilla/5.0 AppleWebKit/537.36 (KHTML, like Gecko; compatible; GPTBot/1.2; +https://openai.com/gptbot)"
20.171.207.123 - - [07/Aug/2025:09:03:25 -0400] "GET /classwithtostring.php?dir=%2F%2Flib%2F.build-id%2F%2F%2F%2Fc9%2F%2F HTTP/1.1" 200 2340 "-" "Mozilla/5.0 AppleWebKit/537.36 (KHTML, like Gecko; compatible; GPTBot/1.2; +https://openai.com/gptbot)"
20.171.207.123 - - [07/Aug/2025:09:03:27 -0400] "GET /classwithtostring.php?dir=%2F%2Flib%2F.build-id%2F%2F%2F41%2F%2F%2F HTTP/1.1" 200 2992 "-" "Mozilla/5.0 AppleWebKit/537.36 (KHTML, like Gecko; compatible; GPTBot/1.2; +https://openai.com/gptbot)"
20.171.207.123 - - [07/Aug/2025:09:03:28 -0400] "GET /classwithtostring.php?dir=%2F%2Flib%2F.build-id%2F%2F%2F%2F02%2F%2F HTTP/1.1" 200 2380 "-" "Mozilla/5.0 AppleWebKit/537.36 (KHTML, like Gecko; compatible; GPTBot/1.2; +https://openai.com/gptbot)"
20.171.207.123 - - [07/Aug/2025:09:03:29 -0400] "GET /classwithtostring.php?dir=%2F%2Flib%2F.build-id%2F%2F%2F%2F03%2F%2F HTTP/1.1" 200 2759 "-" "Mozilla/5.0 AppleWebKit/537.36 (KHTML, like Gecko; compatible; GPTBot/1.2; +https://openai.com/gptbot)"
20.171.207.123 - - [07/Aug/2025:09:03:30 -0400] "GET /classwithtostring.php?dir=%2F%2Flib%2F.build-id%2F%2F%2F45%2F%2F%2F HTTP/1.1" 200 3022 "-" "Mozilla/5.0 AppleWebKit/537.36 (KHTML, like Gecko; compatible; GPTBot/1.2; +https://openai.com/gptbot)"
66.249.74.32 - - [07/Aug/2025:09:03:31 -0400] "GET /game.php/game/gov=treino%20push%20pull%20legs-18 HTTP/1.1" 200 11832 "-" "Mozilla/5.0 (Linux; Android 6.0.1; Nexus 5X Build/MMB29P) AppleWebKit/537.36 (KHTML, like Gecko) Chrome/138.0.7204.183 Mobile Safari/537.36 (compatible; Googlebot/2.1; +http://www.google.com/bot.html)"
20.171.207.123 - - [07/Aug/2025:09:03:31 -0400] "GET /classwithtostring.php?dir=%2F%2Flib%2F.build-id%2F5e%2F%2F%2F%2F HTTP/1.1" 200 2754 "-" "Mozilla/5.0 AppleWebKit/537.36 (KHTML, like Gecko; compatible; GPTBot/1.2; +https://openai.com/gptbot)"
20.171.207.123 - - [07/Aug/2025:09:03:32 -0400] "GET /classwithtostring.php?dir=%2F%2Flib%2F.build-id%2F%2F%2F%2Fa8%2F%2F HTTP/1.1" 200 2963 "-" "Mozilla/5.0 AppleWebKit/537.36 (KHTML, like Gecko; compatible; GPTBot/1.2; +https://openai.com/gptbot)"
20.171.207.123 - - [07/Aug/2025:09:03:34 -0400] "GET /classwithtostring.php?dir=%2F%2Flib%2F.build-id%2F%2F%2F%2Fc6%2F%2F%2F HTTP/1.1" 200 2846 "-" "Mozilla/5.0 AppleWebKit/537.36 (KHTML, like Gecko; compatible; GPTBot/1.2; +https://openai.com/gptbot)"
20.171.207.123 - - [07/Aug/2025:09:03:35 -0400] "GET /classwithtostring.php?dir=%2F%2Flib%2F.build-id%2Ff7%2F%2F%2F%2F HTTP/1.1" 200 2432 "-" "Mozilla/5.0 AppleWebKit/537.36 (KHTML, like Gecko; compatible; GPTBot/1.2; +https://openai.com/gptbot)"
20.171.207.123 - - [07/Aug/2025:09:03:36 -0400] "GET /classwithtostring.php?dir=%2F%2Flib%2F.build-id%2F%2F%2F%2Ff1%2F%2F%2F HTTP/1.1" 200 2553 "-" "Mozilla/5.0 AppleWebKit/537.36 (KHTML, like Gecko; compatible; GPTBot/1.2; +https://openai.com/gptbot)"
20.171.207.123 - - [07/Aug/2025:09:03:37 -0400] "GET /classwithtostring.php?dir=%2F%2Flib%2F.build-id%2F4b%2F%2F%2F%2F HTTP/1.1" 200 3003 "-" "Mozilla/5.0 AppleWebKit/537.36 (KHTML, like Gecko; compatible; GPTBot/1.2; +https://openai.com/gptbot)"
20.171.207.123 - - [07/Aug/2025:09:03:38 -0400] "GET /classwithtostring.php?dir=%2F%2Flib%2F.build-id%2F%2F%2F%2Ff4%2F%2F HTTP/1.1" 200 3197 "-" "Mozilla/5.0 AppleWebKit/537.36 (KHTML, like Gecko; compatible; GPTBot/1.2; +https://openai.com/gptbot)"
20.171.207.123 - - [07/Aug/2025:09:03:39 -0400] "GET /classwithtostring.php?dir=%2F%2Flib%2F.build-id%2F%2F%2F%2Fc9%2F%2F%2F HTTP/1.1" 200 2342 "-" "Mozilla/5.0 AppleWebKit/537.36 (KHTML, like Gecko; compatible; GPTBot/1.2; +https://openai.com/gptbot)"
20.171.207.123 - - [07/Aug/2025:09:03:40 -0400] "GET /classwithtostring.php?cmd=file_read&dir=%2F%2Flib%2F.build-id%2F%2F%2F%2F03%2F%2F&file=%2F%2Flib%2F.build-id%2F%2F%2F%2F03%2F%2F%2Fcd3f8e747730282ea5c1519f616bc54e40197d HTTP/1.1" 200 2808 "-" "Mozilla/5.0 AppleWebKit/537.36 (KHTML, like Gecko; compatible; GPTBot/1.2; +https://openai.com/gptbot)"
20.171.207.123 - - [07/Aug/2025:09:03:41 -0400] "GET /classwithtostring.php?dir=%2F%2Flib%2F.build-id%2F6c%2F%2F%2F%2F HTTP/1.1" 200 2953 "-" "Mozilla/5.0 AppleWebKit/537.36 (KHTML, like Gecko; compatible; GPTBot/1.2; +https://openai.com/gptbot)"
20.171.207.123 - - [07/Aug/2025:09:03:43 -0400] "GET /classwithtostring.php?dir=%2F%2Flib%2F.build-id%2F%2F%2F%2F4a%2F HTTP/1.1" 200 3196 "-" "Mozilla/5.0 AppleWebKit/537.36 (KHTML, like Gecko; compatible; GPTBot/1.2; +https://openai.com/gptbot)"
20.171.207.123 - - [07/Aug/2025:09:03:44 -0400] "GET /classwithtostring.php?cmd=file_read&dir=%2F%2Flib%2F.build-id%2F%2F%2F%2Fa8%2F%2F&file=%2F%2Flib%2F.build-id%2F%2F%2F%2Fa8%2F%2F%2Fe4198671842c2ad8af9044cbad9eeb5bc30a24 HTTP/1.1" 200 3038 "-" "Mozilla/5.0 AppleWebKit/537.36 (KHTML, like Gecko; compatible; GPTBot/1.2; +https://openai.com/gptbot)"
20.171.207.123 - - [07/Aug/2025:09:03:45 -0400] "GET /classwithtostring.php?dir=%2F%2Flib%2F.build-id%2F%2F%2F%2Fc6%2F%2F%2F HTTP/1.1" 200 2846 "-" "Mozilla/5.0 AppleWebKit/537.36 (KHTML, like Gecko; compatible; GPTBot/1.2; +https://openai.com/gptbot)"
51.222.253.10 - - [07/Aug/2025:09:03:45 -0400] "GET /shopdetail/1113706 HTTP/1.1" 404 82312 "-" "Mozilla/5.0 (compatible; AhrefsBot/7.0; +http://ahrefs.com/robot/)"
20.171.207.123 - - [07/Aug/2025:09:03:46 -0400] "GET /classwithtostring.php?dir=%2F%2Flib%2F.build-id%2F%2F%2F%2Fa8%2F%2F%2F HTTP/1.1" 200 2965 "-" "Mozilla/5.0 AppleWebKit/537.36 (KHTML, like Gecko; compatible; GPTBot/1.2; +https://openai.com/gptbot)"
20.171.207.123 - - [07/Aug/2025:09:03:47 -0400] "GET /classwithtostring.php?dir=%2F%2Flib%2F.build-id%2F68%2F%2F%2F%2F HTTP/1.1" 200 2872 "-" "Mozilla/5.0 AppleWebKit/537.36 (KHTML, like Gecko; compatible; GPTBot/1.2; +https://openai.com/gptbot)"
51.222.253.16 - - [07/Aug/2025:09:03:46 -0400] "GET /shopdetail/1113431 HTTP/1.1" 404 82312 "-" "Mozilla/5.0 (compatible; AhrefsBot/7.0; +http://ahrefs.com/robot/)"
20.171.207.123 - - [07/Aug/2025:09:03:49 -0400] "GET /classwithtostring.php?dir=%2F%2Flib%2F.build-id%2F%2F%2F%2F3f%2F HTTP/1.1" 200 2827 "-" "Mozilla/5.0 AppleWebKit/537.36 (KHTML, like Gecko; compatible; GPTBot/1.2; +https://openai.com/gptbot)"
20.171.207.123 - - [07/Aug/2025:09:03:50 -0400] "GET /classwithtostring.php?dir=%2F%2Flib%2F.build-id%2F69%2F%2F%2F%2F HTTP/1.1" 200 2240 "-" "Mozilla/5.0 AppleWebKit/537.36 (KHTML, like Gecko; compatible; GPTBot/1.2; +https://openai.com/gptbot)"
20.171.207.123 - - [07/Aug/2025:09:03:51 -0400] "GET /classwithtostring.php?dir=%2F%2Flib%2F.build-id%2F%2F%2F%2Ff4%2F%2F%2F HTTP/1.1" 200 3203 "-" "Mozilla/5.0 AppleWebKit/537.36 (KHTML, like Gecko; compatible; GPTBot/1.2; +https://openai.com/gptbot)"
20.171.207.123 - - [07/Aug/2025:09:03:52 -0400] "GET /classwithtostring.php?dir=%2F%2Flib%2F.build-id%2Fb7%2F%2F%2F%2F HTTP/1.1" 200 2727 "-" "Mozilla/5.0 AppleWebKit/537.36 (KHTML, like Gecko; compatible; GPTBot/1.2; +https://openai.com/gptbot)"
20.171.207.123 - - [07/Aug/2025:09:03:53 -0400] "GET /classwithtostring.php?dir=%2F%2Flib%2F.build-id%2F%2F%2F%2Fe9%2F%2F HTTP/1.1" 200 2968 "-" "Mozilla/5.0 AppleWebKit/537.36 (KHTML, like Gecko; compatible; GPTBot/1.2; +https://openai.com/gptbot)"
20.171.207.123 - - [07/Aug/2025:09:03:54 -0400] "GET /classwithtostring.php?dir=%2F%2Flib%2F.build-id%2F57%2F%2F%2F%2F HTTP/1.1" 200 2595 "-" "Mozilla/5.0 AppleWebKit/537.36 (KHTML, like Gecko; compatible; GPTBot/1.2; +https://openai.com/gptbot)"
20.171.207.123 - - [07/Aug/2025:09:03:56 -0400] "GET /classwithtostring.php?dir=%2F%2Flib%2F.build-id%2F%2F%2F%2F43%2F HTTP/1.1" 200 2559 "-" "Mozilla/5.0 AppleWebKit/537.36 (KHTML, like Gecko; compatible; GPTBot/1.2; +https://openai.com/gptbot)"
20.171.207.123 - - [07/Aug/2025:09:03:57 -0400] "GET /classwithtostring.php?dir=%2F%2Flib%2F.build-id%2F%2F%2F%2F92%2F HTTP/1.1" 200 2729 "-" "Mozilla/5.0 AppleWebKit/537.36 (KHTML, like Gecko; compatible; GPTBot/1.2; +https://openai.com/gptbot)"
20.171.207.123 - - [07/Aug/2025:09:03:58 -0400] "GET /classwithtostring.php?dir=%2F%2Flib%2F.build-id%2F%2F%2F%2F4a%2F%2F HTTP/1.1" 200 3232 "-" "Mozilla/5.0 AppleWebKit/537.36 (KHTML, like Gecko; compatible; GPTBot/1.2; +https://openai.com/gptbot)"
20.171.207.123 - - [07/Aug/2025:09:03:59 -0400] "GET /classwithtostring.php?dir=%2F%2Flib%2F.build-id%2F%2F87%2F%2F%2F%2F HTTP/1.1" 200 2765 "-" "Mozilla/5.0 AppleWebKit/537.36 (KHTML, like Gecko; compatible; GPTBot/1.2; +https://openai.com/gptbot)"
20.171.207.123 - - [07/Aug/2025:09:04:00 -0400] "GET /classwithtostring.php?cmd=file_read&dir=%2F%2Flib%2F.build-id%2F68%2F%2F%2F%2F&file=%2F%2Flib%2F.build-id%2F68%2F%2F%2F%2F%2F6dcbc693813f52bcaeb3cb7dabdd1822f08135 HTTP/1.1" 200 2899 "-" "Mozilla/5.0 AppleWebKit/537.36 (KHTML, like Gecko; compatible; GPTBot/1.2; +https://openai.com/gptbot)"
20.171.207.123 - - [07/Aug/2025:09:04:01 -0400] "GET /classwithtostring.php?dir=%2F%2Flib%2F.build-id%2F%2F%2F%2F3f%2F%2F HTTP/1.1" 200 2853 "-" "Mozilla/5.0 AppleWebKit/537.36 (KHTML, like Gecko; compatible; GPTBot/1.2; +https://openai.com/gptbot)"
51.222.253.19 - - [07/Aug/2025:09:04:01 -0400] "GET /shopdetail/1112146 HTTP/1.1" 404 82312 "-" "Mozilla/5.0 (compatible; AhrefsBot/7.0; +http://ahrefs.com/robot/)"
20.171.207.123 - - [07/Aug/2025:09:04:03 -0400] "GET /classwithtostring.php?dir=%2F%2Flib%2F.build-id%2F%2F%2F%2F9d%2F HTTP/1.1" 200 2659 "-" "Mozilla/5.0 AppleWebKit/537.36 (KHTML, like Gecko; compatible; GPTBot/1.2; +https://openai.com/gptbot)"
20.171.207.123 - - [07/Aug/2025:09:04:04 -0400] "GET /classwithtostring.php?dir=%2F%2Flib%2F.build-id%2F%2F%2F13%2F%2F%2F HTTP/1.1" 200 3098 "-" "Mozilla/5.0 AppleWebKit/537.36 (KHTML, like Gecko; compatible; GPTBot/1.2; +https://openai.com/gptbot)"
20.171.207.123 - - [07/Aug/2025:09:04:05 -0400] "GET /classwithtostring.php?dir=%2F%2Flib%2F.build-id%2F%2F%2F%2Fe9%2F%2F%2F HTTP/1.1" 200 2969 "-" "Mozilla/5.0 AppleWebKit/537.36 (KHTML, like Gecko; compatible; GPTBot/1.2; +https://openai.com/gptbot)"
20.171.207.123 - - [07/Aug/2025:09:04:06 -0400] "GET /classwithtostring.php?dir=%2F%2Flib%2F.build-id%2F90%2F%2F%2F%2F HTTP/1.1" 200 2550 "-" "Mozilla/5.0 AppleWebKit/537.36 (KHTML, like Gecko; compatible; GPTBot/1.2; +https://openai.com/gptbot)"
20.171.207.123 - - [07/Aug/2025:09:04:07 -0400] "GET /classwithtostring.php?dir=%2F%2Flib%2F.build-id%2F%2F%2F98%2F%2F%2F HTTP/1.1" 200 2726 "-" "Mozilla/5.0 AppleWebKit/537.36 (KHTML, like Gecko; compatible; GPTBot/1.2; +https://openai.com/gptbot)"
20.171.207.123 - - [07/Aug/2025:09:04:08 -0400] "GET /classwithtostring.php?dir=%2F%2Flib%2F.build-id%2F%2F%2F%2F4a%2F%2F%2F HTTP/1.1" 200 3234 "-" "Mozilla/5.0 AppleWebKit/537.36 (KHTML, like Gecko; compatible; GPTBot/1.2; +https://openai.com/gptbot)"
20.171.207.123 - - [07/Aug/2025:09:04:10 -0400] "GET /classwithtostring.php?dir=%2F%2Flib%2F.build-id%2F%2F%2F%2F92%2F%2F HTTP/1.1" 200 2752 "-" "Mozilla/5.0 AppleWebKit/537.36 (KHTML, like Gecko; compatible; GPTBot/1.2; +https://openai.com/gptbot)"
20.171.207.123 - - [07/Aug/2025:09:04:11 -0400] "GET /classwithtostring.php?dir=%2F%2Flib%2F.build-id%2F92%2F%2F%2F%2F HTTP/1.1" 200 2729 "-" "Mozilla/5.0 AppleWebKit/537.36 (KHTML, like Gecko; compatible; GPTBot/1.2; +https://openai.com/gptbot)"
66.249.74.32 - - [07/Aug/2025:09:04:10 -0400] "GET /game.php?ios/play=bet6868-79 HTTP/1.1" 200 11780 "-" "Mozilla/5.0 (Linux; Android 6.0.1; Nexus 5X Build/MMB29P) AppleWebKit/537.36 (KHTML, like Gecko) Chrome/138.0.7204.183 Mobile Safari/537.36 (compatible; Googlebot/2.1; +http://www.google.com/bot.html)"
20.171.207.123 - - [07/Aug/2025:09:04:12 -0400] "GET /classwithtostring.php?dir=%2F%2Flib%2F.build-id%2F%2F%2F%2F04%2F%2F HTTP/1.1" 200 2546 "-" "Mozilla/5.0 AppleWebKit/537.36 (KHTML, like Gecko; compatible; GPTBot/1.2; +https://openai.com/gptbot)"
20.171.207.123 - - [07/Aug/2025:09:04:13 -0400] "GET /classwithtostring.php?dir=%2F%2Flib%2F.build-id%2F%2F%2F%2F3f%2F%2F%2F HTTP/1.1" 200 2853 "-" "Mozilla/5.0 AppleWebKit/537.36 (KHTML, like Gecko; compatible; GPTBot/1.2; +https://openai.com/gptbot)"
20.171.207.123 - - [07/Aug/2025:09:04:14 -0400] "GET /classwithtostring.php?dir=%2F%2Flib%2F.build-id%2F%2Fe7%2F%2F%2F%2F HTTP/1.1" 200 2951 "-" "Mozilla/5.0 AppleWebKit/537.36 (KHTML, like Gecko; compatible; GPTBot/1.2; +https://openai.com/gptbot)"
20.171.207.123 - - [07/Aug/2025:09:04:15 -0400] "GET /classwithtostring.php?dir=%2F%2Flib%2F.build-id%2F30%2F%2F%2F%2F HTTP/1.1" 200 2820 "-" "Mozilla/5.0 AppleWebKit/537.36 (KHTML, like Gecko; compatible; GPTBot/1.2; +https://openai.com/gptbot)"
20.171.207.123 - - [07/Aug/2025:09:04:17 -0400] "GET /classwithtostring.php?dir=%2F%2Flib%2F.build-id%2F%2F%2F%2F9d%2F%2F HTTP/1.1" 200 2681 "-" "Mozilla/5.0 AppleWebKit/537.36 (KHTML, like Gecko; compatible; GPTBot/1.2; +https://openai.com/gptbot)"
20.171.207.123 - - [07/Aug/2025:09:04:18 -0400] "GET /classwithtostring.php?dir=%2F%2Flib%2F.build-id%2F%2F%2Ff4%2F%2F%2F HTTP/1.1" 200 3199 "-" "Mozilla/5.0 AppleWebKit/537.36 (KHTML, like Gecko; compatible; GPTBot/1.2; +https://openai.com/gptbot)"
20.171.207.123 - - [07/Aug/2025:09:04:19 -0400] "GET /classwithtostring.php?dir=%2F%2Flib%2F.build-id%2Fa4%2F%2F%2F%2F HTTP/1.1" 200 2276 "-" "Mozilla/5.0 AppleWebKit/537.36 (KHTML, like Gecko; compatible; GPTBot/1.2; +https://openai.com/gptbot)"
20.171.207.123 - - [07/Aug/2025:09:04:20 -0400] "GET /classwithtostring.php?dir=%2F%2Flib%2F.build-id%2F%2F%2F%2F8c%2F HTTP/1.1" 200 2730 "-" "Mozilla/5.0 AppleWebKit/537.36 (KHTML, like Gecko; compatible; GPTBot/1.2; +https://openai.com/gptbot)"
51.222.253.9 - - [07/Aug/2025:09:04:18 -0400] "GET /shopdetail/1110945 HTTP/1.1" 404 82312 "-" "Mozilla/5.0 (compatible; AhrefsBot/7.0; +http://ahrefs.com/robot/)"
20.171.207.123 - - [07/Aug/2025:09:04:21 -0400] "GET /classwithtostring.php?dir=%2F%2Flib%2F.build-id%2F%2F%2F%2Fb1%2F HTTP/1.1" 200 2738 "-" "Mozilla/5.0 AppleWebKit/537.36 (KHTML, like Gecko; compatible; GPTBot/1.2; +https://openai.com/gptbot)"
20.171.207.123 - - [07/Aug/2025:09:04:22 -0400] "GET /classwithtostring.php?dir=%2F%2Flib%2F.build-id%2F20%2F%2F%2F%2F HTTP/1.1" 200 2929 "-" "Mozilla/5.0 AppleWebKit/537.36 (KHTML, like Gecko; compatible; GPTBot/1.2; +https://openai.com/gptbot)"
20.171.207.123 - - [07/Aug/2025:09:04:23 -0400] "GET /classwithtostring.php?dir=%2F%2Flib%2F.build-id%2F%2F%2F%2Fe5%2F HTTP/1.1" 200 2412 "-" "Mozilla/5.0 AppleWebKit/537.36 (KHTML, like Gecko; compatible; GPTBot/1.2; +https://openai.com/gptbot)"
20.171.207.123 - - [07/Aug/2025:09:04:25 -0400] "GET /classwithtostring.php?cmd=file_read&dir=%2F%2Flib%2F.build-id%2F%2F%2F%2F3f%2F%2F%2F&file=%2F%2Flib%2F.build-id%2F%2F%2F%2F3f%2F%2F%2F%2F5368b93c48850b3784102c00e29ef0bd8bb9e2 HTTP/1.1" 200 2878 "-" "Mozilla/5.0 AppleWebKit/537.36 (KHTML, like Gecko; compatible; GPTBot/1.2; +https://openai.com/gptbot)"
20.171.207.123 - - [07/Aug/2025:09:04:26 -0400] "GET /classwithtostring.php?dir=%2F%2Flib%2F.build-id%2Ff0%2F%2F%2F%2F HTTP/1.1" 200 2456 "-" "Mozilla/5.0 AppleWebKit/537.36 (KHTML, like Gecko; compatible; GPTBot/1.2; +https://openai.com/gptbot)"
20.171.207.123 - - [07/Aug/2025:09:04:27 -0400] "GET /classwithtostring.php?cmd=file_read&dir=%2F%2Flib%2F.build-id%2F30%2F%2F%2F%2F&file=%2F%2Flib%2F.build-id%2F30%2F%2F%2F%2F%2F25f4af4cf357b146602bd106946fabc6353b57 HTTP/1.1" 200 2867 "-" "Mozilla/5.0 AppleWebKit/537.36 (KHTML, like Gecko; compatible; GPTBot/1.2; +https://openai.com/gptbot)"
20.171.207.123 - - [07/Aug/2025:09:04:28 -0400] "GET /classwithtostring.php?cmd=file_read&dir=%2F%2Flib%2F.build-id%2F%2F%2F%2F9d%2F%2F&file=%2F%2Flib%2F.build-id%2F%2F%2F%2F9d%2F%2F%2Ff7578ffc3307cc0501fd09aa6bf26a1fc2fb01 HTTP/1.1" 200 2730 "-" "Mozilla/5.0 AppleWebKit/537.36 (KHTML, like Gecko; compatible; GPTBot/1.2; +https://openai.com/gptbot)"
20.171.207.123 - - [07/Aug/2025:09:04:29 -0400] "GET /classwithtostring.php?dir=%2F%2Flib%2F.build-id%2F49%2F%2F%2F%2F HTTP/1.1" 200 2435 "-" "Mozilla/5.0 AppleWebKit/537.36 (KHTML, like Gecko; compatible; GPTBot/1.2; +https://openai.com/gptbot)"
20.171.207.123 - - [07/Aug/2025:09:04:30 -0400] "GET /classwithtostring.php?dir=%2F%2Flib%2F.build-id%2F%2F%2Ff4%2F%2F%2F%2F HTTP/1.1" 200 3204 "-" "Mozilla/5.0 AppleWebKit/537.36 (KHTML, like Gecko; compatible; GPTBot/1.2; +https://openai.com/gptbot)"
66.249.74.33 - - [07/Aug/2025:09:04:31 -0400] "GET /game.php?game/play=4152game%20com-486 HTTP/1.1" 200 11771 "-" "Mozilla/5.0 (Linux; Android 6.0.1; Nexus 5X Build/MMB29P) AppleWebKit/537.36 (KHTML, like Gecko) Chrome/138.0.7204.183 Mobile Safari/537.36 (compatible; Googlebot/2.1; +http://www.google.com/bot.html)"
20.171.207.123 - - [07/Aug/2025:09:04:32 -0400] "GET /classwithtostring.php?dir=%2F%2Flib%2F.build-id%2F%2F%2F%2F8c%2F%2F HTTP/1.1" 200 2753 "-" "Mozilla/5.0 AppleWebKit/537.36 (KHTML, like Gecko; compatible; GPTBot/1.2; +https://openai.com/gptbot)"
20.171.207.123 - - [07/Aug/2025:09:04:33 -0400] "GET /classwithtostring.php?dir=%2F%2Flib%2F.build-id%2F%2F%2F%2Fe6%2F HTTP/1.1" 200 2397 "-" "Mozilla/5.0 AppleWebKit/537.36 (KHTML, like Gecko; compatible; GPTBot/1.2; +https://openai.com/gptbot)"
20.171.207.123 - - [07/Aug/2025:09:04:34 -0400] "GET /classwithtostring.php?dir=%2F%2Flib%2F.build-id%2F%2F%2F%2Fb1%2F%2F HTTP/1.1" 200 2764 "-" "Mozilla/5.0 AppleWebKit/537.36 (KHTML, like Gecko; compatible; GPTBot/1.2; +https://openai.com/gptbot)"
20.171.207.123 - - [07/Aug/2025:09:04:35 -0400] "GET /classwithtostring.php?dir=%2F%2Flib%2F.build-id%2F%2F%2F%2Fe5%2F%2F HTTP/1.1" 200 2431 "-" "Mozilla/5.0 AppleWebKit/537.36 (KHTML, like Gecko; compatible; GPTBot/1.2; +https://openai.com/gptbot)"
20.171.207.123 - - [07/Aug/2025:09:04:36 -0400] "GET /classwithtostring.php?dir=%2F%2Flib%2F.build-id%2F%2F%2F%2Fc1%2F HTTP/1.1" 200 2601 "-" "Mozilla/5.0 AppleWebKit/537.36 (KHTML, like Gecko; compatible; GPTBot/1.2; +https://openai.com/gptbot)"
20.171.207.123 - - [07/Aug/2025:09:04:37 -0400] "GET /classwithtostring.php?dir=%2F%2Flib%2F.build-id%2F%2F%2F%2F6f%2F%2F HTTP/1.1" 200 2488 "-" "Mozilla/5.0 AppleWebKit/537.36 (KHTML, like Gecko; compatible; GPTBot/1.2; +https://openai.com/gptbot)"
20.171.207.123 - - [07/Aug/2025:09:04:39 -0400] "GET /classwithtostring.php?dir=%2F%2Flib%2F.build-id%2F%2F%2F%2F13%2F%2F HTTP/1.1" 200 3097 "-" "Mozilla/5.0 AppleWebKit/537.36 (KHTML, like Gecko; compatible; GPTBot/1.2; +https://openai.com/gptbot)"
20.171.207.123 - - [07/Aug/2025:09:04:40 -0400] "GET /classwithtostring.php?cmd=file_read&dir=%2F%2Flib%2F.build-id%2Ff0%2F%2F%2F%2F&file=%2F%2Flib%2F.build-id%2Ff0%2F%2F%2F%2F%2F25a77b6b887bcdf40b7dbbb03429bfa1e0175a HTTP/1.1" 200 2481 "-" "Mozilla/5.0 AppleWebKit/537.36 (KHTML, like Gecko; compatible; GPTBot/1.2; +https://openai.com/gptbot)"
20.171.207.123 - - [07/Aug/2025:09:04:41 -0400] "GET /classwithtostring.php?dir=%2F%2Flib%2F.build-id%2F8a%2F%2F%2F%2F HTTP/1.1" 200 3075 "-" "Mozilla/5.0 AppleWebKit/537.36 (KHTML, like Gecko; compatible; GPTBot/1.2; +https://openai.com/gptbot)"
198.54.126.42 - - [07/Aug/2025:09:04:42 -0400] "POST /wp-cron.php?doing_wp_cron=1754571882.2287681102752685546875 HTTP/1.1" 200 - "-" "WordPress/6.6.3; https://transcarter.com.co"
51.222.253.9 - - [07/Aug/2025:09:04:41 -0400] "GET /shopdetail/1110624 HTTP/1.1" 404 82312 "-" "Mozilla/5.0 (compatible; AhrefsBot/7.0; +http://ahrefs.com/robot/)"
20.171.207.123 - - [07/Aug/2025:09:04:42 -0400] "GET /classwithtostring.php?dir=%2F%2Flib%2F.build-id%2F%2Fe8%2F%2F%2F%2F HTTP/1.1" 200 2872 "-" "Mozilla/5.0 AppleWebKit/537.36 (KHTML, like Gecko; compatible; GPTBot/1.2; +https://openai.com/gptbot)"
20.171.207.123 - - [07/Aug/2025:09:04:43 -0400] "GET /classwithtostring.php?dir=%2F%2Flib%2F.build-id%2F%2F5f%2F%2F%2F%2F HTTP/1.1" 200 2556 "-" "Mozilla/5.0 AppleWebKit/537.36 (KHTML, like Gecko; compatible; GPTBot/1.2; +https://openai.com/gptbot)"
20.171.207.123 - - [07/Aug/2025:09:04:44 -0400] "GET /classwithtostring.php?cmd=file_read&dir=%2F%2Flib%2F.build-id%2F%2F%2F%2Fb1%2F%2F&file=%2F%2Flib%2F.build-id%2F%2F%2F%2Fb1%2F%2F%2F7781f6b1e7d8a571f372ef289fa3758865c7d1 HTTP/1.1" 200 2814 "-" "Mozilla/5.0 AppleWebKit/537.36 (KHTML, like Gecko; compatible; GPTBot/1.2; +https://openai.com/gptbot)"
20.171.207.123 - - [07/Aug/2025:09:04:46 -0400] "GET /classwithtostring.php?cmd=file_read&dir=%2F%2Flib%2F.build-id%2F%2F%2F%2F8c%2F%2F&file=%2F%2Flib%2F.build-id%2F%2F%2F%2F8c%2F%2F%2Fe9302a7ca37c4496ef73e0f17341178047b842 HTTP/1.1" 200 2802 "-" "Mozilla/5.0 AppleWebKit/537.36 (KHTML, like Gecko; compatible; GPTBot/1.2; +https://openai.com/gptbot)"
20.171.207.123 - - [07/Aug/2025:09:04:47 -0400] "GET /classwithtostring.php?cmd=file_read&dir=%2F%2Flib%2F.build-id%2F%2F%2F%2Fb1%2F%2F&file=%2F%2Flib%2F.build-id%2F%2F%2F%2Fb1%2F%2F%2F15c1e3d626922720735a2c40289cc77d89d255 HTTP/1.1" 200 2814 "-" "Mozilla/5.0 AppleWebKit/537.36 (KHTML, like Gecko; compatible; GPTBot/1.2; +https://openai.com/gptbot)"
20.171.207.123 - - [07/Aug/2025:09:04:48 -0400] "GET /classwithtostring.php?cmd=file_read&dir=%2F%2Flib%2F.build-id%2F%2F%2F%2Fc1%2F&file=%2F%2Flib%2F.build-id%2F%2F%2F%2Fc1%2F%2Fa300297b12b7f4cb69ba1cf06559aab98f78b4 HTTP/1.1" 200 2652 "-" "Mozilla/5.0 AppleWebKit/537.36 (KHTML, like Gecko; compatible; GPTBot/1.2; +https://openai.com/gptbot)"
20.171.207.123 - - [07/Aug/2025:09:04:49 -0400] "GET /classwithtostring.php?dir=%2F%2Flib%2F.build-id%2F%2F%2F%2F8c%2F%2F%2F HTTP/1.1" 200 2753 "-" "Mozilla/5.0 AppleWebKit/537.36 (KHTML, like Gecko; compatible; GPTBot/1.2; +https://openai.com/gptbot)"
20.171.207.123 - - [07/Aug/2025:09:04:50 -0400] "GET /classwithtostring.php?dir=%2F%2Flib%2F.build-id%2F%2F%2F%2Fb1%2F%2F%2F HTTP/1.1" 200 2765 "-" "Mozilla/5.0 AppleWebKit/537.36 (KHTML, like Gecko; compatible; GPTBot/1.2; +https://openai.com/gptbot)"
20.171.207.123 - - [07/Aug/2025:09:04:51 -0400] "GET /classwithtostring.php?dir=%2F%2Flib%2F.build-id%2F%2F%2F%2F6f%2F%2F%2F HTTP/1.1" 200 2486 "-" "Mozilla/5.0 AppleWebKit/537.36 (KHTML, like Gecko; compatible; GPTBot/1.2; +https://openai.com/gptbot)"
198.54.126.42 - - [07/Aug/2025:09:04:51 -0400] "POST /wp-cron.php?doing_wp_cron=1754571891.9457740783691406250000 HTTP/1.1" 200 - "-" "WordPress/6.6.3; https://transcarter.com.co"
20.171.207.123 - - [07/Aug/2025:09:04:52 -0400] "GET /classwithtostring.php?dir=%2F%2Flib%2F.build-id%2F%2F%2F%2Fe5%2F%2F%2F HTTP/1.1" 200 2431 "-" "Mozilla/5.0 AppleWebKit/537.36 (KHTML, like Gecko; compatible; GPTBot/1.2; +https://openai.com/gptbot)"
20.171.207.123 - - [07/Aug/2025:09:04:54 -0400] "GET /classwithtostring.php?dir=%2F%2Flib%2F.build-id%2F%2F51%2F%2F%2F%2F HTTP/1.1" 200 3304 "-" "Mozilla/5.0 AppleWebKit/537.36 (KHTML, like Gecko; compatible; GPTBot/1.2; +https://openai.com/gptbot)"
20.171.207.123 - - [07/Aug/2025:09:04:55 -0400] "GET /classwithtostring.php?dir=%2F%2Flib%2F.build-id%2F%2F%2F%2Fc1%2F%2F HTTP/1.1" 200 2625 "-" "Mozilla/5.0 AppleWebKit/537.36 (KHTML, like Gecko; compatible; GPTBot/1.2; +https://openai.com/gptbot)"
161.115.239.124 - - [07/Aug/2025:09:04:49 -0400] "GET / HTTP/1.1" 200 188019 "https://www.google.com" "Mozilla/5.0 (Windows NT 10.0; Win64; x64) AppleWebKit/537.36 (KHTML, like Gecko) Chrome/122.0.0.0 Safari/537.36 Edg/122.0.0.0"
20.171.207.123 - - [07/Aug/2025:09:04:56 -0400] "GET /classwithtostring.php?dir=%2F%2Flib%2F.build-id%2F%2F59%2F%2F%2F%2F HTTP/1.1" 200 2248 "-" "Mozilla/5.0 AppleWebKit/537.36 (KHTML, like Gecko; compatible; GPTBot/1.2; +https://openai.com/gptbot)"
20.171.207.123 - - [07/Aug/2025:09:04:57 -0400] "GET /classwithtostring.php?dir=%2F%2Flib%2F.build-id%2F6b%2F%2F%2F%2F HTTP/1.1" 200 2637 "-" "Mozilla/5.0 AppleWebKit/537.36 (KHTML, like Gecko; compatible; GPTBot/1.2; +https://openai.com/gptbot)"
20.171.207.123 - - [07/Aug/2025:09:04:58 -0400] "GET /classwithtostring.php?dir=%2F%2Flib%2F.build-id%2F%2F%2F%2Fe8%2F%2F HTTP/1.1" 200 2870 "-" "Mozilla/5.0 AppleWebKit/537.36 (KHTML, like Gecko; compatible; GPTBot/1.2; +https://openai.com/gptbot)"
20.171.207.123 - - [07/Aug/2025:09:04:59 -0400] "GET /classwithtostring.php?dir=%2F%2Flib%2F.build-id%2F%2F%2F85%2F%2F%2F HTTP/1.1" 200 2827 "-" "Mozilla/5.0 AppleWebKit/537.36 (KHTML, like Gecko; compatible; GPTBot/1.2; +https://openai.com/gptbot)"
20.171.207.123 - - [07/Aug/2025:09:05:00 -0400] "GET /classwithtostring.php?dir=%2F%2Flib%2F.build-id%2F%2F94%2F%2F%2F%2F HTTP/1.1" 200 2402 "-" "Mozilla/5.0 AppleWebKit/537.36 (KHTML, like Gecko; compatible; GPTBot/1.2; +https://openai.com/gptbot)"
20.171.207.123 - - [07/Aug/2025:09:05:02 -0400] "GET /classwithtostring.php?cmd=file_read&dir=%2F%2Flib%2F.build-id%2F%2F%2F%2F6f%2F%2F%2F&file=%2F%2Flib%2F.build-id%2F%2F%2F%2F6f%2F%2F%2F%2F257c9f4b3be6617e84958e615a2a9754e44d1d HTTP/1.1" 200 2536 "-" "Mozilla/5.0 AppleWebKit/537.36 (KHTML, like Gecko; compatible; GPTBot/1.2; +https://openai.com/gptbot)"
20.171.207.123 - - [07/Aug/2025:09:05:03 -0400] "GET /classwithtostring.php?dir=%2F%2Flib%2F.build-id%2F%2F%2F39%2F%2F%2F HTTP/1.1" 200 2555 "-" "Mozilla/5.0 AppleWebKit/537.36 (KHTML, like Gecko; compatible; GPTBot/1.2; +https://openai.com/gptbot)"
20.171.207.106 - - [07/Aug/2025:09:05:03 -0400] "GET /wp-content/uploads/2023/03/qi-addons-for-elementor-placeholder-1000x800.png HTTP/1.1" 200 15564 "-" "Mozilla/5.0 AppleWebKit/537.36 (KHTML, like Gecko; compatible; GPTBot/1.2; +https://openai.com/gptbot)"
51.222.253.2 - - [07/Aug/2025:09:05:03 -0400] "GET /shopdetail/111062 HTTP/1.1" 404 82312 "-" "Mozilla/5.0 (compatible; AhrefsBot/7.0; +http://ahrefs.com/robot/)"
20.171.207.123 - - [07/Aug/2025:09:05:04 -0400] "GET /classwithtostring.php?dir=%2F%2Flib%2F.build-id%2F%2F%2F65%2F%2F%2F HTTP/1.1" 200 2938 "-" "Mozilla/5.0 AppleWebKit/537.36 (KHTML, like Gecko; compatible; GPTBot/1.2; +https://openai.com/gptbot)"
20.171.207.123 - - [07/Aug/2025:09:05:05 -0400] "GET /classwithtostring.php?dir=%2F%2Flib%2F.build-id%2F%2F%2F5e%2F%2F%2F HTTP/1.1" 200 2783 "-" "Mozilla/5.0 AppleWebKit/537.36 (KHTML, like Gecko; compatible; GPTBot/1.2; +https://openai.com/gptbot)"
20.171.207.123 - - [07/Aug/2025:09:05:06 -0400] "GET /classwithtostring.php?dir=%2F%2Flib%2F.build-id%2F%2F%2F%2Fc1%2F%2F%2F HTTP/1.1" 200 2624 "-" "Mozilla/5.0 AppleWebKit/537.36 (KHTML, like Gecko; compatible; GPTBot/1.2; +https://openai.com/gptbot)"
49.13.167.123 - - [07/Aug/2025:09:05:01 -0400] "GET / HTTP/1.1" 200 188019 "https://transcarter.com.co/" "Mozilla/5.0+(compatible; UptimeRobot/2.0; http://www.uptimerobot.com/)"
20.171.207.123 - - [07/Aug/2025:09:05:07 -0400] "GET /classwithtostring.php?dir=%2F%2Flib%2F.build-id%2F%2F%2F84%2F%2F%2F HTTP/1.1" 200 3424 "-" "Mozilla/5.0 AppleWebKit/537.36 (KHTML, like Gecko; compatible; GPTBot/1.2; +https://openai.com/gptbot)"
20.171.207.123 - - [07/Aug/2025:09:05:08 -0400] "GET /classwithtostring.php?dir=%2F%2Flib%2F.build-id%2F%2F%2F%2F5a%2F HTTP/1.1" 200 2994 "-" "Mozilla/5.0 AppleWebKit/537.36 (KHTML, like Gecko; compatible; GPTBot/1.2; +https://openai.com/gptbot)"
20.171.207.123 - - [07/Aug/2025:09:05:10 -0400] "GET /classwithtostring.php?dir=%2F%2Flib%2F.build-id%2F4d%2F%2F%2F%2F HTTP/1.1" 200 2630 "-" "Mozilla/5.0 AppleWebKit/537.36 (KHTML, like Gecko; compatible; GPTBot/1.2; +https://openai.com/gptbot)"
66.249.74.34 - - [07/Aug/2025:09:05:10 -0400] "GET /game.php?Android/gov=jog-697 HTTP/1.1" 200 11724 "-" "Mozilla/5.0 (Linux; Android 6.0.1; Nexus 5X Build/MMB29P) AppleWebKit/537.36 (KHTML, like Gecko) Chrome/138.0.7204.183 Mobile Safari/537.36 (compatible; Googlebot/2.1; +http://www.google.com/bot.html)"
20.171.207.123 - - [07/Aug/2025:09:05:11 -0400] "GET /classwithtostring.php?dir=%2F%2Flib%2F.build-id%2F%2F%2F%2Fe8%2F%2F%2F HTTP/1.1" 200 2872 "-" "Mozilla/5.0 AppleWebKit/537.36 (KHTML, like Gecko; compatible; GPTBot/1.2; +https://openai.com/gptbot)"
66.249.74.34 - - [07/Aug/2025:09:05:11 -0400] "GET /game.php?play=jogos%20de%20brasileir%C3%A3o%20s%C3%A9rie%20a%202023-751 HTTP/1.1" 200 11996 "-" "Mozilla/5.0 (Linux; Android 6.0.1; Nexus 5X Build/MMB29P) AppleWebKit/537.36 (KHTML, like Gecko) Chrome/138.0.7204.183 Mobile Safari/537.36 (compatible; Googlebot/2.1; +http://www.google.com/bot.html)"
20.171.207.123 - - [07/Aug/2025:09:05:12 -0400] "GET /classwithtostring.php?cmd=file_read&dir=%2F%2Flib%2F.build-id%2F%2F%2F85%2F%2F%2F&file=%2F%2Flib%2F.build-id%2F%2F%2F85%2F%2F%2F%2F55a8abe868bcd92ac002c2a8856ffabcb79027 HTTP/1.1" 200 2852 "-" "Mozilla/5.0 AppleWebKit/537.36 (KHTML, like Gecko; compatible; GPTBot/1.2; +https://openai.com/gptbot)"
20.171.207.123 - - [07/Aug/2025:09:05:13 -0400] "GET /classwithtostring.php?dir=%2F%2Flib%2F.build-id%2F%2F7f%2F%2F%2F%2F HTTP/1.1" 200 2663 "-" "Mozilla/5.0 AppleWebKit/537.36 (KHTML, like Gecko; compatible; GPTBot/1.2; +https://openai.com/gptbot)"
20.171.207.123 - - [07/Aug/2025:09:05:14 -0400] "GET /classwithtostring.php?dir=%2F%2Flib%2F.build-id%2F%2F%2F%2F8a%2F HTTP/1.1" 200 3075 "-" "Mozilla/5.0 AppleWebKit/537.36 (KHTML, like Gecko; compatible; GPTBot/1.2; +https://openai.com/gptbot)"
20.171.207.123 - - [07/Aug/2025:09:05:15 -0400] "GET /classwithtostring.php?dir=%2F%2Flib%2F.build-id%2F%2F47%2F%2F%2F%2F HTTP/1.1" 200 2796 "-" "Mozilla/5.0 AppleWebKit/537.36 (KHTML, like Gecko; compatible; GPTBot/1.2; +https://openai.com/gptbot)"
20.171.207.123 - - [07/Aug/2025:09:05:17 -0400] "GET /classwithtostring.php?dir=%2F%2Flib%2F.build-id%2F%2F%2F5e%2F%2F%2F%2F HTTP/1.1" 200 2785 "-" "Mozilla/5.0 AppleWebKit/537.36 (KHTML, like Gecko; compatible; GPTBot/1.2; +https://openai.com/gptbot)"
20.171.207.123 - - [07/Aug/2025:09:05:18 -0400] "GET /classwithtostring.php?dir=%2F%2Flib%2F.build-id%2F%2F%2F%2Fe1%2F HTTP/1.1" 200 2800 "-" "Mozilla/5.0 AppleWebKit/537.36 (KHTML, like Gecko; compatible; GPTBot/1.2; +https://openai.com/gptbot)"
20.171.207.123 - - [07/Aug/2025:09:05:19 -0400] "GET /classwithtostring.php?dir=%2F%2Flib%2F.build-id%2F%2F%2F%2Fa5%2F HTTP/1.1" 200 2658 "-" "Mozilla/5.0 AppleWebKit/537.36 (KHTML, like Gecko; compatible; GPTBot/1.2; +https://openai.com/gptbot)"
66.249.74.32 - - [07/Aug/2025:09:05:18 -0400] "GET /shopdetail/215629 HTTP/1.1" 404 82331 "-" "Mozilla/5.0 (Linux; Android 6.0.1; Nexus 5X Build/MMB29P) AppleWebKit/537.36 (KHTML, like Gecko) Chrome/138.0.7204.183 Mobile Safari/537.36 (compatible; Googlebot/2.1; +http://www.google.com/bot.html)"
20.171.207.123 - - [07/Aug/2025:09:05:20 -0400] "GET /classwithtostring.php?cmd=file_read&dir=%2F%2Flib%2F.build-id%2F4d%2F%2F%2F%2F&file=%2F%2Flib%2F.build-id%2F4d%2F%2F%2F%2F%2Fd9a0420078b5adff246e984e8a6a0790e8af66 HTTP/1.1" 200 2678 "-" "Mozilla/5.0 AppleWebKit/537.36 (KHTML, like Gecko; compatible; GPTBot/1.2; +https://openai.com/gptbot)"
20.171.207.123 - - [07/Aug/2025:09:05:21 -0400] "GET /classwithtostring.php?dir=%2F%2Flib%2F.build-id%2F%2F%2F%2F5a%2F%2F HTTP/1.1" 200 3021 "-" "Mozilla/5.0 AppleWebKit/537.36 (KHTML, like Gecko; compatible; GPTBot/1.2; +https://openai.com/gptbot)"
20.171.207.123 - - [07/Aug/2025:09:05:22 -0400] "GET /classwithtostring.php?dir=%2F%2Flib%2F.build-id%2F%2F10%2F%2F%2F%2F HTTP/1.1" 200 2597 "-" "Mozilla/5.0 AppleWebKit/537.36 (KHTML, like Gecko; compatible; GPTBot/1.2; +https://openai.com/gptbot)"
20.171.207.123 - - [07/Aug/2025:09:05:23 -0400] "GET /classwithtostring.php?dir=%2F%2Flib%2F.build-id%2F%2F%2Fe0%2F%2F%2F HTTP/1.1" 200 3141 "-" "Mozilla/5.0 AppleWebKit/537.36 (KHTML, like Gecko; compatible; GPTBot/1.2; +https://openai.com/gptbot)"
88.99.80.227 - - [07/Aug/2025:09:05:17 -0400] "GET / HTTP/1.1" 200 188019 "https://transcarter.com.co" "Mozilla/5.0+(compatible; UptimeRobot/2.0; http://www.uptimerobot.com/)"
20.171.207.123 - - [07/Aug/2025:09:05:25 -0400] "GET /classwithtostring.php?cmd=file_read&dir=%2F%2Flib%2F.build-id%2F%2F%2F%2Fe8%2F%2F%2F&file=%2F%2Flib%2F.build-id%2F%2F%2F%2Fe8%2F%2F%2F%2Fe303621591bf90bfae19dcb845bca96fec9173 HTTP/1.1" 200 2921 "-" "Mozilla/5.0 AppleWebKit/537.36 (KHTML, like Gecko; compatible; GPTBot/1.2; +https://openai.com/gptbot)"
51.222.253.4 - - [07/Aug/2025:09:05:24 -0400] "GET /shopdetail/1109998 HTTP/1.1" 404 82312 "-" "Mozilla/5.0 (compatible; AhrefsBot/7.0; +http://ahrefs.com/robot/)"
20.171.207.123 - - [07/Aug/2025:09:05:26 -0400] "GET /classwithtostring.php?dir=%2F%2Flib%2F.build-id%2F%2F%2F%2F8a%2F%2F HTTP/1.1" 200 3110 "-" "Mozilla/5.0 AppleWebKit/537.36 (KHTML, like Gecko; compatible; GPTBot/1.2; +https://openai.com/gptbot)"
20.171.207.123 - - [07/Aug/2025:09:05:27 -0400] "GET /classwithtostring.php?dir=%2F%2Flib%2F.build-id%2F%2F60%2F%2F%2F%2F HTTP/1.1" 200 2231 "-" "Mozilla/5.0 AppleWebKit/537.36 (KHTML, like Gecko; compatible; GPTBot/1.2; +https://openai.com/gptbot)"
20.171.207.123 - - [07/Aug/2025:09:05:28 -0400] "GET /classwithtostring.php?dir=%2F%2Flib%2F.build-id%2F78%2F%2F%2F%2F HTTP/1.1" 200 3144 "-" "Mozilla/5.0 AppleWebKit/537.36 (KHTML, like Gecko; compatible; GPTBot/1.2; +https://openai.com/gptbot)"
