20.171.207.123 - - [07/Aug/2025:09:18:18 -0400] "GET /classwithtostring.php?cmd=file_read&dir=%2F%2Flib%2F.build-id%2F0c%2F%2F%2F%2F%2F&file=%2F%2Flib%2F.build-id%2F0c%2F%2F%2F%2F%2F%2Fdf19e12bfb9e1c53b8c015703850ae3aa608b5 HTTP/1.1" 200 3170 "-" "Mozilla/5.0 AppleWebKit/537.36 (KHTML, like Gecko; compatible; GPTBot/1.2; +https://openai.com/gptbot)"
66.249.74.32 - - [07/Aug/2025:09:18:18 -0400] "GET /index.php/shopdetail/1394273 HTTP/1.1" 301 - "-" "Mozilla/5.0 (Linux; Android 6.0.1; Nexus 5X Build/MMB29P) AppleWebKit/537.36 (KHTML, like Gecko) Chrome/138.0.7204.183 Mobile Safari/537.36 (compatible; Googlebot/2.1; +http://www.google.com/bot.html)"
20.171.207.123 - - [07/Aug/2025:09:18:19 -0400] "GET /classwithtostring.php?dir=%2F%2Flib%2F.build-id%2F%2F%2F%2F1d%2F%2F%2F%2F HTTP/1.1" 200 2818 "-" "Mozilla/5.0 AppleWebKit/537.36 (KHTML, like Gecko; compatible; GPTBot/1.2; +https://openai.com/gptbot)"
51.222.253.3 - - [07/Aug/2025:09:18:17 -0400] "GET /shopdetail/108698 HTTP/1.1" 404 82312 "-" "Mozilla/5.0 (compatible; AhrefsBot/7.0; +http://ahrefs.com/robot/)"
20.171.207.123 - - [07/Aug/2025:09:18:21 -0400] "GET /classwithtostring.php?dir=%2F%2Flib%2F.build-id%2F%2F0f%2F%2F%2F%2F%2F HTTP/1.1" 200 2266 "-" "Mozilla/5.0 AppleWebKit/537.36 (KHTML, like Gecko; compatible; GPTBot/1.2; +https://openai.com/gptbot)"
20.171.207.123 - - [07/Aug/2025:09:18:22 -0400] "GET /classwithtostring.php?dir=%2F%2Flib%2F.build-id%2Fc8%2F%2F%2F%2F%2F HTTP/1.1" 200 2648 "-" "Mozilla/5.0 AppleWebKit/537.36 (KHTML, like Gecko; compatible; GPTBot/1.2; +https://openai.com/gptbot)"
20.171.207.123 - - [07/Aug/2025:09:18:23 -0400] "GET /classwithtostring.php?dir=%2F%2Flib%2F.build-id%2F%2F%2Ff4%2F%2F%2F%2F%2F HTTP/1.1" 200 3216 "-" "Mozilla/5.0 AppleWebKit/537.36 (KHTML, like Gecko; compatible; GPTBot/1.2; +https://openai.com/gptbot)"
20.171.207.123 - - [07/Aug/2025:09:18:24 -0400] "GET /classwithtostring.php?dir=%2F%2Flib%2F.build-id%2Fd6%2F%2F%2F%2F%2F HTTP/1.1" 200 2381 "-" "Mozilla/5.0 AppleWebKit/537.36 (KHTML, like Gecko; compatible; GPTBot/1.2; +https://openai.com/gptbot)"
20.171.207.123 - - [07/Aug/2025:09:18:25 -0400] "GET /classwithtostring.php?dir=%2F%2Flib%2F.build-id%2F%2F0c%2F%2F%2F%2F%2F HTTP/1.1" 200 3097 "-" "Mozilla/5.0 AppleWebKit/537.36 (KHTML, like Gecko; compatible; GPTBot/1.2; +https://openai.com/gptbot)"
20.171.207.123 - - [07/Aug/2025:09:18:26 -0400] "GET /classwithtostring.php?dir=%2F%2Flib%2F.build-id%2F%2F%2F%2F%2Fd2%2F%2F%2F HTTP/1.1" 200 2599 "-" "Mozilla/5.0 AppleWebKit/537.36 (KHTML, like Gecko; compatible; GPTBot/1.2; +https://openai.com/gptbot)"
20.171.207.123 - - [07/Aug/2025:09:18:28 -0400] "GET /classwithtostring.php?dir=%2F%2Flib%2F.build-id%2F%2F%2F%2Fe0%2F%2F%2F%2F HTTP/1.1" 200 3157 "-" "Mozilla/5.0 AppleWebKit/537.36 (KHTML, like Gecko; compatible; GPTBot/1.2; +https://openai.com/gptbot)"
20.171.207.123 - - [07/Aug/2025:09:18:29 -0400] "GET /classwithtostring.php?dir=%2F%2Flib%2F.build-id%2Fd8%2F%2F%2F%2F%2F HTTP/1.1" 200 2641 "-" "Mozilla/5.0 AppleWebKit/537.36 (KHTML, like Gecko; compatible; GPTBot/1.2; +https://openai.com/gptbot)"
20.171.207.123 - - [07/Aug/2025:09:18:30 -0400] "GET /classwithtostring.php?dir=%2F%2Flib%2F.build-id%2F%2F0e%2F%2F%2F%2F%2F HTTP/1.1" 200 3060 "-" "Mozilla/5.0 AppleWebKit/537.36 (KHTML, like Gecko; compatible; GPTBot/1.2; +https://openai.com/gptbot)"
66.249.74.32 - - [07/Aug/2025:09:18:30 -0400] "GET /game.php/Android/play=gabigol%20assina%20com%20palmeiras-564 HTTP/1.1" 200 11895 "-" "Mozilla/5.0 (Linux; Android 6.0.1; Nexus 5X Build/MMB29P) AppleWebKit/537.36 (KHTML, like Gecko) Chrome/138.0.7204.183 Mobile Safari/537.36 (compatible; Googlebot/2.1; +http://www.google.com/bot.html)"
20.171.207.123 - - [07/Aug/2025:09:18:31 -0400] "GET /classwithtostring.php?dir=%2F%2Flib%2F.build-id%2Fe2%2F%2F%2F%2F%2F HTTP/1.1" 200 2973 "-" "Mozilla/5.0 AppleWebKit/537.36 (KHTML, like Gecko; compatible; GPTBot/1.2; +https://openai.com/gptbot)"
20.171.207.123 - - [07/Aug/2025:09:18:32 -0400] "GET /classwithtostring.php?dir=%2F%2Flib%2F.build-id%2F%2F9d%2F%2F%2F%2F%2F HTTP/1.1" 200 2683 "-" "Mozilla/5.0 AppleWebKit/537.36 (KHTML, like Gecko; compatible; GPTBot/1.2; +https://openai.com/gptbot)"
66.249.74.32 - - [07/Aug/2025:09:18:32 -0400] "GET /game.php/Android/gov=553win-96 HTTP/1.1" 200 13793 "-" "Mozilla/5.0 (Linux; Android 6.0.1; Nexus 5X Build/MMB29P) AppleWebKit/537.36 (KHTML, like Gecko) Chrome/138.0.7204.183 Mobile Safari/537.36 (compatible; GoogleOther)"
20.171.207.123 - - [07/Aug/2025:09:18:33 -0400] "GET /classwithtostring.php?cmd=file_read&dir=%2F%2Flib%2F.build-id%2Fc8%2F%2F%2F%2F%2F&file=%2F%2Flib%2F.build-id%2Fc8%2F%2F%2F%2F%2F%2Fb1d89a11f188aaa719888fe648cf81a86d6a64 HTTP/1.1" 200 2673 "-" "Mozilla/5.0 AppleWebKit/537.36 (KHTML, like Gecko; compatible; GPTBot/1.2; +https://openai.com/gptbot)"
51.222.253.1 - - [07/Aug/2025:09:18:33 -0400] "GET /shopdetail/1086937 HTTP/1.1" 404 82312 "-" "Mozilla/5.0 (compatible; AhrefsBot/7.0; +http://ahrefs.com/robot/)"
20.171.207.123 - - [07/Aug/2025:09:18:35 -0400] "GET /classwithtostring.php?dir=%2F%2Flib%2F.build-id%2F%2F%2F0d%2F%2F%2F%2F HTTP/1.1" 200 2261 "-" "Mozilla/5.0 AppleWebKit/537.36 (KHTML, like Gecko; compatible; GPTBot/1.2; +https://openai.com/gptbot)"
20.171.207.123 - - [07/Aug/2025:09:18:36 -0400] "GET /classwithtostring.php?cmd=file_read&dir=%2F%2Flib%2F.build-id%2Fd6%2F%2F%2F%2F%2F&file=%2F%2Flib%2F.build-id%2Fd6%2F%2F%2F%2F%2F%2Fd271bba0cf738c4726a464e5c685654c4b6fa0 HTTP/1.1" 200 2429 "-" "Mozilla/5.0 AppleWebKit/537.36 (KHTML, like Gecko; compatible; GPTBot/1.2; +https://openai.com/gptbot)"
20.171.207.123 - - [07/Aug/2025:09:18:37 -0400] "GET /classwithtostring.php?dir=%2F%2Flib%2F.build-id%2F%2F%2F4f%2F%2F%2F%2F%2F HTTP/1.1" 200 2798 "-" "Mozilla/5.0 AppleWebKit/537.36 (KHTML, like Gecko; compatible; GPTBot/1.2; +https://openai.com/gptbot)"
20.171.207.123 - - [07/Aug/2025:09:18:38 -0400] "GET /classwithtostring.php?dir=%2F%2Flib%2F.build-id%2F%2F6f%2F%2F%2F%2F%2F HTTP/1.1" 200 2489 "-" "Mozilla/5.0 AppleWebKit/537.36 (KHTML, like Gecko; compatible; GPTBot/1.2; +https://openai.com/gptbot)"
20.171.207.123 - - [07/Aug/2025:09:18:39 -0400] "GET /classwithtostring.php?dir=%2F%2Flib%2F.build-id%2F%2F%2F%2F3d%2F%2F%2F HTTP/1.1" 200 3326 "-" "Mozilla/5.0 AppleWebKit/537.36 (KHTML, like Gecko; compatible; GPTBot/1.2; +https://openai.com/gptbot)"
20.171.207.106 - - [07/Aug/2025:09:18:39 -0400] "GET /wp-content/uploads/2023/03/qi-addons-for-elementor-placeholder-500x380.png HTTP/1.1" 200 6686 "-" "Mozilla/5.0 AppleWebKit/537.36 (KHTML, like Gecko; compatible; GPTBot/1.2; +https://openai.com/gptbot)"
20.171.207.123 - - [07/Aug/2025:09:18:40 -0400] "GET /classwithtostring.php?dir=%2F%2Flib%2F.build-id%2F6a%2F%2F%2F%2F%2F HTTP/1.1" 200 2959 "-" "Mozilla/5.0 AppleWebKit/537.36 (KHTML, like Gecko; compatible; GPTBot/1.2; +https://openai.com/gptbot)"
20.171.207.123 - - [07/Aug/2025:09:18:41 -0400] "GET /classwithtostring.php?dir=%2F%2Flib%2F.build-id%2F21%2F%2F%2F%2F%2F HTTP/1.1" 200 2570 "-" "Mozilla/5.0 AppleWebKit/537.36 (KHTML, like Gecko; compatible; GPTBot/1.2; +https://openai.com/gptbot)"
20.171.207.123 - - [07/Aug/2025:09:18:43 -0400] "GET /classwithtostring.php?cmd=file_read&dir=%2F%2Flib%2F.build-id%2F%2F0e%2F%2F%2F%2F%2F&file=%2F%2Flib%2F.build-id%2F%2F0e%2F%2F%2F%2F%2F%2F7fa91902b02e0d26df4af1aec6b33f57f7f62b HTTP/1.1" 200 3135 "-" "Mozilla/5.0 AppleWebKit/537.36 (KHTML, like Gecko; compatible; GPTBot/1.2; +https://openai.com/gptbot)"
20.171.207.123 - - [07/Aug/2025:09:18:44 -0400] "GET /classwithtostring.php?cmd=file_read&dir=%2F%2Flib%2F.build-id%2F%2F0c%2F%2F%2F%2F%2F&file=%2F%2Flib%2F.build-id%2F%2F0c%2F%2F%2F%2F%2F%2F2551db5457b3a29cbee48c755e2d5cf2be8b24 HTTP/1.1" 200 3172 "-" "Mozilla/5.0 AppleWebKit/537.36 (KHTML, like Gecko; compatible; GPTBot/1.2; +https://openai.com/gptbot)"
20.171.207.123 - - [07/Aug/2025:09:18:45 -0400] "GET /classwithtostring.php?dir=%2F%2Flib%2F.build-id%2F%2F%2F1e%2F%2F%2F%2F%2F HTTP/1.1" 200 2343 "-" "Mozilla/5.0 AppleWebKit/537.36 (KHTML, like Gecko; compatible; GPTBot/1.2; +https://openai.com/gptbot)"
20.171.207.123 - - [07/Aug/2025:09:18:46 -0400] "GET /classwithtostring.php?dir=%2F%2Flib%2F.build-id%2F%2F%2F%2Fa6%2F%2F%2F%2F HTTP/1.1" 200 3009 "-" "Mozilla/5.0 AppleWebKit/537.36 (KHTML, like Gecko; compatible; GPTBot/1.2; +https://openai.com/gptbot)"
20.171.207.123 - - [07/Aug/2025:09:18:47 -0400] "GET /classwithtostring.php?dir=%2F%2Flib%2F.build-id%2F%2F%2F0d%2F%2F%2F%2F%2F HTTP/1.1" 200 2269 "-" "Mozilla/5.0 AppleWebKit/537.36 (KHTML, like Gecko; compatible; GPTBot/1.2; +https://openai.com/gptbot)"
20.171.207.123 - - [07/Aug/2025:09:18:48 -0400] "GET /classwithtostring.php?dir=%2F%2Flib%2F.build-id%2Fb3%2F%2F%2F%2F%2F HTTP/1.1" 200 2856 "-" "Mozilla/5.0 AppleWebKit/537.36 (KHTML, like Gecko; compatible; GPTBot/1.2; +https://openai.com/gptbot)"
51.222.253.19 - - [07/Aug/2025:09:18:48 -0400] "GET /shopdetail/1086807 HTTP/1.1" 404 82312 "-" "Mozilla/5.0 (compatible; AhrefsBot/7.0; +http://ahrefs.com/robot/)"
20.171.207.123 - - [07/Aug/2025:09:18:50 -0400] "GET /classwithtostring.php?dir=%2F%2Flib%2F.build-id%2F%2F6f%2F%2F%2F%2F%2F%2F HTTP/1.1" 200 2499 "-" "Mozilla/5.0 AppleWebKit/537.36 (KHTML, like Gecko; compatible; GPTBot/1.2; +https://openai.com/gptbot)"
20.171.207.123 - - [07/Aug/2025:09:18:51 -0400] "GET /classwithtostring.php?dir=%2F%2Flib%2F.build-id%2F%2F%2F%2F3d%2F%2F%2F%2F HTTP/1.1" 200 3343 "-" "Mozilla/5.0 AppleWebKit/537.36 (KHTML, like Gecko; compatible; GPTBot/1.2; +https://openai.com/gptbot)"
20.171.207.123 - - [07/Aug/2025:09:18:52 -0400] "GET /classwithtostring.php?dir=%2F%2Flib%2F.build-id%2F%2F%2Fe8%2F%2F%2F%2F%2F HTTP/1.1" 200 2893 "-" "Mozilla/5.0 AppleWebKit/537.36 (KHTML, like Gecko; compatible; GPTBot/1.2; +https://openai.com/gptbot)"
20.171.207.123 - - [07/Aug/2025:09:18:53 -0400] "GET /classwithtostring.php?dir=%2F%2Flib%2F.build-id%2F%2F%2Ff0%2F%2F%2F%2F%2F HTTP/1.1" 200 2487 "-" "Mozilla/5.0 AppleWebKit/537.36 (KHTML, like Gecko; compatible; GPTBot/1.2; +https://openai.com/gptbot)"
20.171.207.123 - - [07/Aug/2025:09:18:54 -0400] "GET /classwithtostring.php?dir=%2F%2Flib%2F.build-id%2F%2F7e%2F%2F%2F%2F%2F HTTP/1.1" 200 3125 "-" "Mozilla/5.0 AppleWebKit/537.36 (KHTML, like Gecko; compatible; GPTBot/1.2; +https://openai.com/gptbot)"
20.171.207.123 - - [07/Aug/2025:09:18:55 -0400] "GET /classwithtostring.php?dir=%2F%2Flib%2F.build-id%2F%2F%2F5e%2F%2F%2F%2F%2F HTTP/1.1" 200 2800 "-" "Mozilla/5.0 AppleWebKit/537.36 (KHTML, like Gecko; compatible; GPTBot/1.2; +https://openai.com/gptbot)"
20.171.207.123 - - [07/Aug/2025:09:18:56 -0400] "GET /classwithtostring.php?dir=%2F%2Flib%2F.build-id%2F%2Fc4%2F%2F%2F%2F%2F HTTP/1.1" 200 3395 "-" "Mozilla/5.0 AppleWebKit/537.36 (KHTML, like Gecko; compatible; GPTBot/1.2; +https://openai.com/gptbot)"
20.171.207.123 - - [07/Aug/2025:09:18:58 -0400] "GET /classwithtostring.php?dir=%2F%2Flib%2F.build-id%2F%2F%2Fa3%2F%2F%2F%2F%2F HTTP/1.1" 200 2560 "-" "Mozilla/5.0 AppleWebKit/537.36 (KHTML, like Gecko; compatible; GPTBot/1.2; +https://openai.com/gptbot)"
20.171.207.123 - - [07/Aug/2025:09:18:59 -0400] "GET /classwithtostring.php?dir=%2F%2Flib%2F.build-id%2F%2F%2F0f%2F%2F%2F%2F%2F HTTP/1.1" 200 2275 "-" "Mozilla/5.0 AppleWebKit/537.36 (KHTML, like Gecko; compatible; GPTBot/1.2; +https://openai.com/gptbot)"
20.171.207.123 - - [07/Aug/2025:09:19:00 -0400] "GET /classwithtostring.php?cmd=file_read&dir=%2F%2Flib%2F.build-id%2F%2F%2F%2F3d%2F%2F%2F%2F&file=%2F%2Flib%2F.build-id%2F%2F%2F%2F3d%2F%2F%2F%2F%2F39bfdaceba31908adeddb80ff1df6c3d2ac726 HTTP/1.1" 200 3419 "-" "Mozilla/5.0 AppleWebKit/537.36 (KHTML, like Gecko; compatible; GPTBot/1.2; +https://openai.com/gptbot)"
20.171.207.123 - - [07/Aug/2025:09:19:01 -0400] "GET /classwithtostring.php?dir=%2F%2Flib%2F.build-id%2F%2Fd6%2F%2F%2F%2F%2F HTTP/1.1" 200 2383 "-" "Mozilla/5.0 AppleWebKit/537.36 (KHTML, like Gecko; compatible; GPTBot/1.2; +https://openai.com/gptbot)"
20.171.207.123 - - [07/Aug/2025:09:19:02 -0400] "GET /classwithtostring.php?dir=%2F%2Flib%2F.build-id%2F%2F8a%2F%2F%2F%2F%2F HTTP/1.1" 200 3110 "-" "Mozilla/5.0 AppleWebKit/537.36 (KHTML, like Gecko; compatible; GPTBot/1.2; +https://openai.com/gptbot)"
51.222.253.2 - - [07/Aug/2025:09:19:01 -0400] "GET /shopdetail/1086724 HTTP/1.1" 404 82312 "-" "Mozilla/5.0 (compatible; AhrefsBot/7.0; +http://ahrefs.com/robot/)"
20.171.207.123 - - [07/Aug/2025:09:19:03 -0400] "GET /classwithtostring.php?dir=%2F%2Flib%2F.build-id%2F%2F%2Fe8%2F%2F%2F%2F%2F%2F HTTP/1.1" 200 2897 "-" "Mozilla/5.0 AppleWebKit/537.36 (KHTML, like Gecko; compatible; GPTBot/1.2; +https://openai.com/gptbot)"
20.171.207.123 - - [07/Aug/2025:09:19:04 -0400] "GET /classwithtostring.php?dir=%2F%2Flib%2F.build-id%2Fa2%2F%2F%2F%2F%2F HTTP/1.1" 200 2841 "-" "Mozilla/5.0 AppleWebKit/537.36 (KHTML, like Gecko; compatible; GPTBot/1.2; +https://openai.com/gptbot)"
20.171.207.123 - - [07/Aug/2025:09:19:06 -0400] "GET /classwithtostring.php?dir=%2F%2Flib%2F.build-id%2Fb2%2F%2F%2F%2F%2F HTTP/1.1" 200 3056 "-" "Mozilla/5.0 AppleWebKit/537.36 (KHTML, like Gecko; compatible; GPTBot/1.2; +https://openai.com/gptbot)"
20.171.207.123 - - [07/Aug/2025:09:19:07 -0400] "GET /classwithtostring.php?dir=%2F%2Flib%2F.build-id%2F4b%2F%2F%2F%2F%2F HTTP/1.1" 200 3038 "-" "Mozilla/5.0 AppleWebKit/537.36 (KHTML, like Gecko; compatible; GPTBot/1.2; +https://openai.com/gptbot)"
20.171.207.123 - - [07/Aug/2025:09:19:08 -0400] "GET /classwithtostring.php?cmd=file_read&dir=%2F%2Flib%2F.build-id%2F%2F%2Fa3%2F%2F%2F%2F%2F&file=%2F%2Flib%2F.build-id%2F%2F%2Fa3%2F%2F%2F%2F%2F%2Fd6e2f755576bf8443e14ae14a1559c4a9bacea HTTP/1.1" 200 2608 "-" "Mozilla/5.0 AppleWebKit/537.36 (KHTML, like Gecko; compatible; GPTBot/1.2; +https://openai.com/gptbot)"
20.171.207.123 - - [07/Aug/2025:09:19:09 -0400] "GET /classwithtostring.php?cmd=file_read&dir=%2F%2Flib%2F.build-id%2F%2Fc4%2F%2F%2F%2F%2F&file=%2F%2Flib%2F.build-id%2F%2Fc4%2F%2F%2F%2F%2F%2Fbc7634766db3a3829a3c47cfc20c9e8a4f7945 HTTP/1.1" 200 3471 "-" "Mozilla/5.0 AppleWebKit/537.36 (KHTML, like Gecko; compatible; GPTBot/1.2; +https://openai.com/gptbot)"
20.171.207.123 - - [07/Aug/2025:09:19:10 -0400] "GET /classwithtostring.php?dir=%2F%2Flib%2F.build-id%2F5a%2F%2F%2F%2F%2F HTTP/1.1" 200 3022 "-" "Mozilla/5.0 AppleWebKit/537.36 (KHTML, like Gecko; compatible; GPTBot/1.2; +https://openai.com/gptbot)"
20.171.207.123 - - [07/Aug/2025:09:19:11 -0400] "GET /classwithtostring.php?dir=%2F%2Flib%2F.build-id%2F%2F%2F%2F1c%2F%2F%2F%2F HTTP/1.1" 200 2854 "-" "Mozilla/5.0 AppleWebKit/537.36 (KHTML, like Gecko; compatible; GPTBot/1.2; +https://openai.com/gptbot)"
20.171.207.123 - - [07/Aug/2025:09:19:12 -0400] "GET /classwithtostring.php?dir=%2F%2Flib%2F.build-id%2F%2F%2F%2F6e%2F%2F%2F%2F HTTP/1.1" 200 2483 "-" "Mozilla/5.0 AppleWebKit/537.36 (KHTML, like Gecko; compatible; GPTBot/1.2; +https://openai.com/gptbot)"
51.222.253.8 - - [07/Aug/2025:09:19:11 -0400] "GET /shopdetail/1086455 HTTP/1.1" 404 82312 "-" "Mozilla/5.0 (compatible; AhrefsBot/7.0; +http://ahrefs.com/robot/)"
20.171.207.123 - - [07/Aug/2025:09:19:14 -0400] "GET /classwithtostring.php?dir=%2F%2Flib%2F.build-id%2Fc7%2F%2F%2F%2F%2F HTTP/1.1" 200 2251 "-" "Mozilla/5.0 AppleWebKit/537.36 (KHTML, like Gecko; compatible; GPTBot/1.2; +https://openai.com/gptbot)"
20.171.207.123 - - [07/Aug/2025:09:19:15 -0400] "GET /classwithtostring.php?dir=%2F%2Flib%2F.build-id%2F%2F%2F%2F7c%2F%2F%2F%2F HTTP/1.1" 200 2575 "-" "Mozilla/5.0 AppleWebKit/537.36 (KHTML, like Gecko; compatible; GPTBot/1.2; +https://openai.com/gptbot)"
20.171.207.123 - - [07/Aug/2025:09:19:16 -0400] "GET /classwithtostring.php?dir=%2F%2Flib%2F.build-id%2F%2Ff6%2F%2F%2F%2F%2F HTTP/1.1" 200 2911 "-" "Mozilla/5.0 AppleWebKit/537.36 (KHTML, like Gecko; compatible; GPTBot/1.2; +https://openai.com/gptbot)"
20.171.207.123 - - [07/Aug/2025:09:19:17 -0400] "GET /classwithtostring.php?dir=%2F%2Flib%2F.build-id%2F%2Fb0%2F%2F%2F%2F%2F HTTP/1.1" 200 2952 "-" "Mozilla/5.0 AppleWebKit/537.36 (KHTML, like Gecko; compatible; GPTBot/1.2; +https://openai.com/gptbot)"
20.171.207.123 - - [07/Aug/2025:09:19:18 -0400] "GET /classwithtostring.php?dir=%2F%2Flib%2F.build-id%2F%2Fb8%2F%2F%2F%2F%2F HTTP/1.1" 200 2805 "-" "Mozilla/5.0 AppleWebKit/537.36 (KHTML, like Gecko; compatible; GPTBot/1.2; +https://openai.com/gptbot)"
20.171.207.123 - - [07/Aug/2025:09:19:19 -0400] "GET /classwithtostring.php?dir=%2F%2Flib%2F.build-id%2F%2F%2F%2F4a%2F%2F%2F%2F HTTP/1.1" 200 3249 "-" "Mozilla/5.0 AppleWebKit/537.36 (KHTML, like Gecko; compatible; GPTBot/1.2; +https://openai.com/gptbot)"
66.249.74.33 - - [07/Aug/2025:09:19:18 -0400] "GET /index.php/shopdetail/476882 HTTP/1.1" 301 - "-" "Mozilla/5.0 (Linux; Android 6.0.1; Nexus 5X Build/MMB29P) AppleWebKit/537.36 (KHTML, like Gecko) Chrome/138.0.7204.183 Mobile Safari/537.36 (compatible; Googlebot/2.1; +http://www.google.com/bot.html)"
20.171.207.123 - - [07/Aug/2025:09:19:21 -0400] "GET /classwithtostring.php?dir=%2F%2Flib%2F.build-id%2F%2F%2F1a%2F%2F%2F%2F%2F HTTP/1.1" 200 3208 "-" "Mozilla/5.0 AppleWebKit/537.36 (KHTML, like Gecko; compatible; GPTBot/1.2; +https://openai.com/gptbot)"
185.212.169.211 - - [07/Aug/2025:09:19:18 -0400] "POST /xmlrpc.php HTTP/1.1" 200 415 "-" "Mozilla/5.0 (Windows NT 10.0; WOW64) AppleWebKit/537.36 (KHTML, like Gecko) Chrome/114.0.0.0 Safari/537.36"
20.171.207.123 - - [07/Aug/2025:09:19:22 -0400] "GET /classwithtostring.php?dir=%2F%2Flib%2F.build-id%2F%2F%2Fa4%2F%2F%2F%2F%2F HTTP/1.1" 200 2301 "-" "Mozilla/5.0 AppleWebKit/537.36 (KHTML, like Gecko; compatible; GPTBot/1.2; +https://openai.com/gptbot)"
20.171.207.123 - - [07/Aug/2025:09:19:23 -0400] "GET /classwithtostring.php?dir=%2F%2Flib%2F.build-id%2F%2Fe1%2F%2F%2F%2F%2F HTTP/1.1" 200 2825 "-" "Mozilla/5.0 AppleWebKit/537.36 (KHTML, like Gecko; compatible; GPTBot/1.2; +https://openai.com/gptbot)"
185.212.169.211 - - [07/Aug/2025:09:19:22 -0400] "POST /xmlrpc.php HTTP/1.1" 200 415 "-" "Mozilla/5.0 (Windows NT 10.0; WOW64) AppleWebKit/537.36 (KHTML, like Gecko) Chrome/114.0.0.0 Safari/537.36"
20.171.207.123 - - [07/Aug/2025:09:19:24 -0400] "GET /classwithtostring.php?dir=%2F%2Flib%2F.build-id%2F0b%2F%2F%2F%2F%2F HTTP/1.1" 200 2516 "-" "Mozilla/5.0 AppleWebKit/537.36 (KHTML, like Gecko; compatible; GPTBot/1.2; +https://openai.com/gptbot)"
20.171.207.123 - - [07/Aug/2025:09:19:25 -0400] "GET /classwithtostring.php?dir=%2F%2Flib%2F.build-id%2F%2Fc7%2F%2F%2F%2F%2F HTTP/1.1" 200 2254 "-" "Mozilla/5.0 AppleWebKit/537.36 (KHTML, like Gecko; compatible; GPTBot/1.2; +https://openai.com/gptbot)"
185.212.169.211 - - [07/Aug/2025:09:19:25 -0400] "POST /xmlrpc.php HTTP/1.1" 200 415 "-" "Mozilla/5.0 (Windows NT 10.0; WOW64) AppleWebKit/537.36 (KHTML, like Gecko) Chrome/114.0.0.0 Safari/537.36"
20.171.207.123 - - [07/Aug/2025:09:19:26 -0400] "GET /classwithtostring.php?dir=%2F%2Flib%2F.build-id%2Fa3%2F%2F%2F%2F%2F HTTP/1.1" 200 2546 "-" "Mozilla/5.0 AppleWebKit/537.36 (KHTML, like Gecko; compatible; GPTBot/1.2; +https://openai.com/gptbot)"
51.222.253.12 - - [07/Aug/2025:09:19:25 -0400] "GET /shopdetail/1086377 HTTP/1.1" 404 82312 "-" "Mozilla/5.0 (compatible; AhrefsBot/7.0; +http://ahrefs.com/robot/)"
20.171.207.123 - - [07/Aug/2025:09:19:28 -0400] "GET /classwithtostring.php?cmd=file_read&dir=%2F%2Flib%2F.build-id%2F%2Ff6%2F%2F%2F%2F%2F&file=%2F%2Flib%2F.build-id%2F%2Ff6%2F%2F%2F%2F%2F%2F6f7206fdc689599239423f59ddbb8cd3c57688 HTTP/1.1" 200 2981 "-" "Mozilla/5.0 AppleWebKit/537.36 (KHTML, like Gecko; compatible; GPTBot/1.2; +https://openai.com/gptbot)"
185.212.169.211 - - [07/Aug/2025:09:19:27 -0400] "POST /xmlrpc.php HTTP/1.1" 200 415 "-" "Mozilla/5.0 (Windows NT 10.0; WOW64) AppleWebKit/537.36 (KHTML, like Gecko) Chrome/114.0.0.0 Safari/537.36"
20.171.207.123 - - [07/Aug/2025:09:19:29 -0400] "GET /classwithtostring.php?cmd=file_read&dir=%2F%2Flib%2F.build-id%2F%2Fb8%2F%2F%2F%2F%2F&file=%2F%2Flib%2F.build-id%2F%2Fb8%2F%2F%2F%2F%2F%2F81b6b898a310434a4f2143436f2eb0ac7705b7 HTTP/1.1" 200 2860 "-" "Mozilla/5.0 AppleWebKit/537.36 (KHTML, like Gecko; compatible; GPTBot/1.2; +https://openai.com/gptbot)"
185.212.169.211 - - [07/Aug/2025:09:19:29 -0400] "POST /xmlrpc.php HTTP/1.1" 200 415 "-" "Mozilla/5.0 (Windows NT 10.0; WOW64) AppleWebKit/537.36 (KHTML, like Gecko) Chrome/114.0.0.0 Safari/537.36"
20.171.207.123 - - [07/Aug/2025:09:19:30 -0400] "GET /classwithtostring.php?dir=%2F%2Flib%2F.build-id%2F%2F%2F%2F%2Fb2%2F HTTP/1.1" 200 3055 "-" "Mozilla/5.0 AppleWebKit/537.36 (KHTML, like Gecko; compatible; GPTBot/1.2; +https://openai.com/gptbot)"
20.171.207.123 - - [07/Aug/2025:09:19:31 -0400] "GET /classwithtostring.php?dir=%2F%2Flib%2F.build-id%2F%2F%2F%2F%2F2c HTTP/1.1" 200 2864 "-" "Mozilla/5.0 AppleWebKit/537.36 (KHTML, like Gecko; compatible; GPTBot/1.2; +https://openai.com/gptbot)"
185.212.169.211 - - [07/Aug/2025:09:19:31 -0400] "POST /xmlrpc.php HTTP/1.1" 200 415 "-" "Mozilla/5.0 (Windows NT 10.0; WOW64) AppleWebKit/537.36 (KHTML, like Gecko) Chrome/114.0.0.0 Safari/537.36"
20.171.207.123 - - [07/Aug/2025:09:19:32 -0400] "GET /classwithtostring.php?dir=%2F%2Flib%2F.build-id%2F%2F%2F4d%2F%2F%2F%2F HTTP/1.1" 200 2654 "-" "Mozilla/5.0 AppleWebKit/537.36 (KHTML, like Gecko; compatible; GPTBot/1.2; +https://openai.com/gptbot)"
20.171.207.123 - - [07/Aug/2025:09:19:33 -0400] "GET /classwithtostring.php?dir=%2F%2Flib%2F.build-id%2F24%2F%2F%2F%2F%2F HTTP/1.1" 200 2787 "-" "Mozilla/5.0 AppleWebKit/537.36 (KHTML, like Gecko; compatible; GPTBot/1.2; +https://openai.com/gptbot)"
20.171.207.123 - - [07/Aug/2025:09:19:35 -0400] "GET /classwithtostring.php?dir=%2F%2Flib%2F.build-id%2Ff2%2F%2F%2F%2F%2F HTTP/1.1" 200 2444 "-" "Mozilla/5.0 AppleWebKit/537.36 (KHTML, like Gecko; compatible; GPTBot/1.2; +https://openai.com/gptbot)"
20.171.207.123 - - [07/Aug/2025:09:19:36 -0400] "GET /classwithtostring.php?cmd=file_read&dir=%2F%2Flib%2F.build-id%2Fa3%2F%2F%2F%2F%2F&file=%2F%2Flib%2F.build-id%2Fa3%2F%2F%2F%2F%2F%2F878ee8f5ed3333f6f9d32b32336c2028cc78ba HTTP/1.1" 200 2595 "-" "Mozilla/5.0 AppleWebKit/537.36 (KHTML, like Gecko; compatible; GPTBot/1.2; +https://openai.com/gptbot)"
20.171.207.123 - - [07/Aug/2025:09:19:37 -0400] "GET /classwithtostring.php?dir=%2F%2Flib%2F.build-id%2F7a%2F%2F%2F%2F%2F HTTP/1.1" 200 3138 "-" "Mozilla/5.0 AppleWebKit/537.36 (KHTML, like Gecko; compatible; GPTBot/1.2; +https://openai.com/gptbot)"
20.171.207.123 - - [07/Aug/2025:09:19:38 -0400] "GET /classwithtostring.php?dir=%2F%2Flib%2F.build-id%2F%2F9e%2F%2F%2F%2F%2F HTTP/1.1" 200 3122 "-" "Mozilla/5.0 AppleWebKit/537.36 (KHTML, like Gecko; compatible; GPTBot/1.2; +https://openai.com/gptbot)"
20.171.207.123 - - [07/Aug/2025:09:19:39 -0400] "GET /classwithtostring.php?dir=%2F%2Flib%2F.build-id%2F%2F%2F%2Fa9%2F%2F%2F%2F HTTP/1.1" 200 2604 "-" "Mozilla/5.0 AppleWebKit/537.36 (KHTML, like Gecko; compatible; GPTBot/1.2; +https://openai.com/gptbot)"
20.171.207.123 - - [07/Aug/2025:09:19:40 -0400] "GET /classwithtostring.php?dir=%2F%2Flib%2F.build-id%2F0d%2F%2F%2F%2F%2F HTTP/1.1" 200 2255 "-" "Mozilla/5.0 AppleWebKit/537.36 (KHTML, like Gecko; compatible; GPTBot/1.2; +https://openai.com/gptbot)"
20.171.207.123 - - [07/Aug/2025:09:19:42 -0400] "GET /classwithtostring.php?cmd=file_read&dir=%2F%2Flib%2F.build-id%2F24%2F%2F%2F%2F%2F&file=%2F%2Flib%2F.build-id%2F24%2F%2F%2F%2F%2F%2F7bf9efb33e57543fe288d6fdc32d52196a4156 HTTP/1.1" 200 2811 "-" "Mozilla/5.0 AppleWebKit/537.36 (KHTML, like Gecko; compatible; GPTBot/1.2; +https://openai.com/gptbot)"
51.222.253.5 - - [07/Aug/2025:09:19:41 -0400] "GET /shopdetail/1086125 HTTP/1.1" 404 82312 "-" "Mozilla/5.0 (compatible; AhrefsBot/7.0; +http://ahrefs.com/robot/)"
20.171.207.123 - - [07/Aug/2025:09:19:43 -0400] "GET /classwithtostring.php?dir=%2F%2Flib%2F.build-id%2F%2F%2F4d%2F%2F%2F%2F%2F HTTP/1.1" 200 2665 "-" "Mozilla/5.0 AppleWebKit/537.36 (KHTML, like Gecko; compatible; GPTBot/1.2; +https://openai.com/gptbot)"
20.171.207.123 - - [07/Aug/2025:09:19:44 -0400] "GET /classwithtostring.php?dir=%2F%2Flib%2F.build-id%2Fc1%2F%2F%2F%2F%2F HTTP/1.1" 200 2625 "-" "Mozilla/5.0 AppleWebKit/537.36 (KHTML, like Gecko; compatible; GPTBot/1.2; +https://openai.com/gptbot)"
20.171.207.123 - - [07/Aug/2025:09:19:45 -0400] "GET /classwithtostring.php?dir=%2F%2Flib%2F.build-id%2F%2F%2F%2F%2Fb2%2F%2F HTTP/1.1" 200 3057 "-" "Mozilla/5.0 AppleWebKit/537.36 (KHTML, like Gecko; compatible; GPTBot/1.2; +https://openai.com/gptbot)"
20.171.207.123 - - [07/Aug/2025:09:19:46 -0400] "GET /classwithtostring.php?dir=%2F%2Flib%2F.build-id%2F%2F%2F%2F%2F2c%2F HTTP/1.1" 200 2887 "-" "Mozilla/5.0 AppleWebKit/537.36 (KHTML, like Gecko; compatible; GPTBot/1.2; +https://openai.com/gptbot)"
20.171.207.123 - - [07/Aug/2025:09:19:47 -0400] "GET /classwithtostring.php?dir=%2F%2Flib%2F.build-id%2F%2F%2F%2F5d%2F%2F%2F HTTP/1.1" 200 2962 "-" "Mozilla/5.0 AppleWebKit/537.36 (KHTML, like Gecko; compatible; GPTBot/1.2; +https://openai.com/gptbot)"
66.249.74.32 - - [07/Aug/2025:09:19:28 -0400] "GET /game.php?ios/google%20que%20dia%20o%20flamengo%20vai%20jogar-76.html HTTP/1.1" 200 35 "-" "Mozilla/5.0 (Linux; Android 6.0.1; Nexus 5X Build/MMB29P) AppleWebKit/537.36 (KHTML, like Gecko) Chrome/138.0.7204.183 Mobile Safari/537.36 (compatible; Googlebot/2.1; +http://www.google.com/bot.html)"
20.171.207.123 - - [07/Aug/2025:09:19:49 -0400] "GET /classwithtostring.php?dir=%2F%2Flib%2F.build-id%2F%2F%2F%2F9d%2F%2F%2F HTTP/1.1" 200 2683 "-" "Mozilla/5.0 AppleWebKit/537.36 (KHTML, like Gecko; compatible; GPTBot/1.2; +https://openai.com/gptbot)"
20.171.207.123 - - [07/Aug/2025:09:19:50 -0400] "GET /classwithtostring.php?dir=%2F%2Flib%2F.build-id%2F%2F%2F%2Fa9%2F%2F%2F%2F%2F HTTP/1.1" 200 2614 "-" "Mozilla/5.0 AppleWebKit/537.36 (KHTML, like Gecko; compatible; GPTBot/1.2; +https://openai.com/gptbot)"
20.171.207.123 - - [07/Aug/2025:09:19:51 -0400] "GET /classwithtostring.php?dir=%2F%2Flib%2F.build-id%2F%2Fc3%2F%2F%2F%2F%2F HTTP/1.1" 200 2598 "-" "Mozilla/5.0 AppleWebKit/537.36 (KHTML, like Gecko; compatible; GPTBot/1.2; +https://openai.com/gptbot)"
20.171.207.123 - - [07/Aug/2025:09:19:52 -0400] "GET /classwithtostring.php?dir=%2F%2Flib%2F.build-id%2Fc3%2F%2F%2F%2F%2F HTTP/1.1" 200 2595 "-" "Mozilla/5.0 AppleWebKit/537.36 (KHTML, like Gecko; compatible; GPTBot/1.2; +https://openai.com/gptbot)"
20.171.207.123 - - [07/Aug/2025:09:19:53 -0400] "GET /classwithtostring.php?dir=%2F%2Flib%2Fsysctl.d HTTP/1.1" 200 1327 "-" "Mozilla/5.0 AppleWebKit/537.36 (KHTML, like Gecko; compatible; GPTBot/1.2; +https://openai.com/gptbot)"
20.171.207.123 - - [07/Aug/2025:09:19:54 -0400] "GET /classwithtostring.php?dir=%2F%2Flib%2Fsse2 HTTP/1.1" 200 918 "-" "Mozilla/5.0 AppleWebKit/537.36 (KHTML, like Gecko; compatible; GPTBot/1.2; +https://openai.com/gptbot)"
20.171.207.123 - - [07/Aug/2025:09:19:55 -0400] "GET /classwithtostring.php?dir=%2F%2Flib%2F.build-id%2F%2F%2F%2F%2F27 HTTP/1.1" 200 2623 "-" "Mozilla/5.0 AppleWebKit/537.36 (KHTML, like Gecko; compatible; GPTBot/1.2; +https://openai.com/gptbot)"
20.171.207.123 - - [07/Aug/2025:09:19:57 -0400] "GET /classwithtostring.php?dir=%2F%2Flib%2F.build-id%2F%2F%2F%2F%2Ff6 HTTP/1.1" 200 2869 "-" "Mozilla/5.0 AppleWebKit/537.36 (KHTML, like Gecko; compatible; GPTBot/1.2; +https://openai.com/gptbot)"
20.171.207.123 - - [07/Aug/2025:09:19:58 -0400] "GET /classwithtostring.php?cmd=file_read&dir=%2F%2Flib%2F.build-id%2F%2F%2F%2F%2Fb2%2F%2F&file=%2F%2Flib%2F.build-id%2F%2F%2F%2F%2Fb2%2F%2F%2F3d5ba1b6bc20c4aa7c0305930fc2ec62307106 HTTP/1.1" 200 3133 "-" "Mozilla/5.0 AppleWebKit/537.36 (KHTML, like Gecko; compatible; GPTBot/1.2; +https://openai.com/gptbot)"
66.249.74.34 - - [07/Aug/2025:09:19:09 -0400] "GET /game.php?ios/classifica%C3%A7%C3%B5es%20de%20defence%20force%20football%20club-58.html HTTP/1.1" 200 12056 "-" "Mozilla/5.0 (Linux; Android 6.0.1; Nexus 5X Build/MMB29P) AppleWebKit/537.36 (KHTML, like Gecko) Chrome/138.0.7204.183 Mobile Safari/537.36 (compatible; Googlebot/2.1; +http://www.google.com/bot.html)"
66.249.74.32 - - [07/Aug/2025:09:19:58 -0400] "GET /game.php?game/7711win-59 HTTP/1.1" 200 11771 "-" "Mozilla/5.0 (Linux; Android 6.0.1; Nexus 5X Build/MMB29P) AppleWebKit/537.36 (KHTML, like Gecko) Chrome/138.0.7204.183 Mobile Safari/537.36 (compatible; Googlebot/2.1; +http://www.google.com/bot.html)"
20.171.207.123 - - [07/Aug/2025:09:19:59 -0400] "GET /classwithtostring.php?cmd=file_read&dir=%2F%2Flib%2F.build-id%2F%2F%2F%2F%2F2c%2F&file=%2F%2Flib%2F.build-id%2F%2F%2F%2F%2F2c%2F%2F7b96a7f20b2c5e23a09cfd051cc0207a5f8b86 HTTP/1.1" 200 2960 "-" "Mozilla/5.0 AppleWebKit/537.36 (KHTML, like Gecko; compatible; GPTBot/1.2; +https://openai.com/gptbot)"
66.249.74.32 - - [07/Aug/2025:09:19:58 -0400] "GET /game.php?Android/gov=7475game%20com-38 HTTP/1.1" 200 11742 "-" "Mozilla/5.0 (Linux; Android 6.0.1; Nexus 5X Build/MMB29P) AppleWebKit/537.36 (KHTML, like Gecko) Chrome/138.0.7204.183 Mobile Safari/537.36 (compatible; Googlebot/2.1; +http://www.google.com/bot.html)"
20.171.207.123 - - [07/Aug/2025:09:20:00 -0400] "GET /classwithtostring.php?cmd=file_read&dir=%2F%2Flib%2F.build-id%2F%2F%2F%2F5d%2F%2F%2F&file=%2F%2Flib%2F.build-id%2F%2F%2F%2F5d%2F%2F%2F%2Fa272fb1f5afd57fd50df35c886007cd5e7cbd8 HTTP/1.1" 200 3035 "-" "Mozilla/5.0 AppleWebKit/537.36 (KHTML, like Gecko; compatible; GPTBot/1.2; +https://openai.com/gptbot)"
51.222.253.1 - - [07/Aug/2025:09:20:00 -0400] "GET /shopdetail/1085939 HTTP/1.1" 404 82312 "-" "Mozilla/5.0 (compatible; AhrefsBot/7.0; +http://ahrefs.com/robot/)"
20.171.207.123 - - [07/Aug/2025:09:20:01 -0400] "GET /classwithtostring.php?cmd=file_read&dir=%2F%2Flib%2F.build-id%2F%2Fc3%2F%2F%2F%2F%2F&file=%2F%2Flib%2F.build-id%2F%2Fc3%2F%2F%2F%2F%2F%2Ff6b9ee3770716be49cf7faf480fa7e53856aa9 HTTP/1.1" 200 2646 "-" "Mozilla/5.0 AppleWebKit/537.36 (KHTML, like Gecko; compatible; GPTBot/1.2; +https://openai.com/gptbot)"
20.171.207.123 - - [07/Aug/2025:09:20:02 -0400] "GET /classwithtostring.php?dir=%2F%2Flib%2F.build-id%2F%2F%2F%2F9d%2F%2F%2F%2F HTTP/1.1" 200 2693 "-" "Mozilla/5.0 AppleWebKit/537.36 (KHTML, like Gecko; compatible; GPTBot/1.2; +https://openai.com/gptbot)"
20.171.207.123 - - [07/Aug/2025:09:20:04 -0400] "GET /classwithtostring.php?cmd=file_read&dir=%2F%2Flib%2F.build-id%2F%2F%2F%2F%2F2c%2F&file=%2F%2Flib%2F.build-id%2F%2F%2F%2F%2F2c%2F%2Fbb7546e9f5f74ad770bb3cfe338fca8c6543d8 HTTP/1.1" 200 2960 "-" "Mozilla/5.0 AppleWebKit/537.36 (KHTML, like Gecko; compatible; GPTBot/1.2; +https://openai.com/gptbot)"
20.171.207.123 - - [07/Aug/2025:09:20:05 -0400] "GET /classwithtostring.php?dir=%2F%2Flib%2F.build-id%2F%2F%2F%2F%2Fb2%2F%2F%2F HTTP/1.1" 200 3075 "-" "Mozilla/5.0 AppleWebKit/537.36 (KHTML, like Gecko; compatible; GPTBot/1.2; +https://openai.com/gptbot)"
20.171.207.123 - - [07/Aug/2025:09:20:06 -0400] "GET /classwithtostring.php?dir=%2F%2Flib%2F.build-id%2F%2F%2F%2F%2F2c%2F%2F HTTP/1.1" 200 2892 "-" "Mozilla/5.0 AppleWebKit/537.36 (KHTML, like Gecko; compatible; GPTBot/1.2; +https://openai.com/gptbot)"
66.249.74.33 - - [07/Aug/2025:09:20:06 -0400] "GET /index.php/shopdetail/1480731 HTTP/1.1" 301 - "-" "Mozilla/5.0 (Linux; Android 6.0.1; Nexus 5X Build/MMB29P) AppleWebKit/537.36 (KHTML, like Gecko) Chrome/138.0.7204.183 Mobile Safari/537.36 (compatible; Googlebot/2.1; +http://www.google.com/bot.html)"
20.171.207.123 - - [07/Aug/2025:09:20:07 -0400] "GET /classwithtostring.php?dir=%2F%2Flib%2F.build-id%2F%2F%2F%2F5d%2F%2F%2F%2F HTTP/1.1" 200 2980 "-" "Mozilla/5.0 AppleWebKit/537.36 (KHTML, like Gecko; compatible; GPTBot/1.2; +https://openai.com/gptbot)"
20.171.207.123 - - [07/Aug/2025:09:20:08 -0400] "GET /classwithtostring.php?cmd=file_read&dir=%2F%2Flib%2F.build-id%2F%2F%2F%2F%2Ff6&file=%2F%2Flib%2F.build-id%2F%2F%2F%2F%2Ff6%2F6f7206fdc689599239423f59ddbb8cd3c57688 HTTP/1.1" 200 2926 "-" "Mozilla/5.0 AppleWebKit/537.36 (KHTML, like Gecko; compatible; GPTBot/1.2; +https://openai.com/gptbot)"
20.171.207.123 - - [07/Aug/2025:09:20:09 -0400] "GET /classwithtostring.php?dir=%2F%2Flib%2F.build-id%2F%2F%2F%2F%2Fb5 HTTP/1.1" 200 2784 "-" "Mozilla/5.0 AppleWebKit/537.36 (KHTML, like Gecko; compatible; GPTBot/1.2; +https://openai.com/gptbot)"
20.171.207.123 - - [07/Aug/2025:09:20:10 -0400] "GET /classwithtostring.php?dir=%2F%2Flib%2F.build-id%2F%2F%2F%2F%2F6a HTTP/1.1" 200 2938 "-" "Mozilla/5.0 AppleWebKit/537.36 (KHTML, like Gecko; compatible; GPTBot/1.2; +https://openai.com/gptbot)"
20.171.207.123 - - [07/Aug/2025:09:20:12 -0400] "GET /classwithtostring.php?dir=%2F%2Flib%2F.build-id%2F%2F%2F%2F%2F27%2F HTTP/1.1" 200 2638 "-" "Mozilla/5.0 AppleWebKit/537.36 (KHTML, like Gecko; compatible; GPTBot/1.2; +https://openai.com/gptbot)"
20.171.207.123 - - [07/Aug/2025:09:20:13 -0400] "GET /classwithtostring.php?dir=%2F%2Flib%2F.build-id%2F%2F%2F%2F%2F4f HTTP/1.1" 200 2756 "-" "Mozilla/5.0 AppleWebKit/537.36 (KHTML, like Gecko; compatible; GPTBot/1.2; +https://openai.com/gptbot)"
20.171.207.123 - - [07/Aug/2025:09:20:14 -0400] "GET /classwithtostring.php?dir=%2F%2Flib%2F.build-id%2F%2F%2F%2F%2F8a HTTP/1.1" 200 3075 "-" "Mozilla/5.0 AppleWebKit/537.36 (KHTML, like Gecko; compatible; GPTBot/1.2; +https://openai.com/gptbot)"
20.171.207.123 - - [07/Aug/2025:09:20:15 -0400] "GET /classwithtostring.php?dir=%2F%2Flib%2F.build-id%2F07%2F%2F%2F%2F%2F HTTP/1.1" 200 2957 "-" "Mozilla/5.0 AppleWebKit/537.36 (KHTML, like Gecko; compatible; GPTBot/1.2; +https://openai.com/gptbot)"
20.171.207.123 - - [07/Aug/2025:09:20:16 -0400] "GET /classwithtostring.php?dir=%2F%2Flib%2F.build-id%2F%2F%2F%2F%2F8c HTTP/1.1" 200 2729 "-" "Mozilla/5.0 AppleWebKit/537.36 (KHTML, like Gecko; compatible; GPTBot/1.2; +https://openai.com/gptbot)"
20.171.207.123 - - [07/Aug/2025:09:20:18 -0400] "GET /classwithtostring.php?dir=%2F%2Flib%2F.build-id%2F93%2F%2F%2F%2F%2F HTTP/1.1" 200 2969 "-" "Mozilla/5.0 AppleWebKit/537.36 (KHTML, like Gecko; compatible; GPTBot/1.2; +https://openai.com/gptbot)"
51.222.253.5 - - [07/Aug/2025:09:20:17 -0400] "GET /shopdetail/1085736 HTTP/1.1" 404 82312 "-" "Mozilla/5.0 (compatible; AhrefsBot/7.0; +http://ahrefs.com/robot/)"
20.171.207.123 - - [07/Aug/2025:09:20:19 -0400] "GET /classwithtostring.php?dir=%2F%2Flib%2F.build-id%2F%2F%2F%2F%2F2c%2F%2F%2F HTTP/1.1" 200 2906 "-" "Mozilla/5.0 AppleWebKit/537.36 (KHTML, like Gecko; compatible; GPTBot/1.2; +https://openai.com/gptbot)"
20.171.207.123 - - [07/Aug/2025:09:20:20 -0400] "GET /classwithtostring.php?dir=%2F%2Flib%2F.build-id%2F%2F%2F%2F%2Fa7 HTTP/1.1" 200 2626 "-" "Mozilla/5.0 AppleWebKit/537.36 (KHTML, like Gecko; compatible; GPTBot/1.2; +https://openai.com/gptbot)"
20.171.207.123 - - [07/Aug/2025:09:20:21 -0400] "GET /classwithtostring.php?dir=%2F%2Flib%2F.build-id%2F%2F%2F%2F%2Fb5%2F HTTP/1.1" 200 2814 "-" "Mozilla/5.0 AppleWebKit/537.36 (KHTML, like Gecko; compatible; GPTBot/1.2; +https://openai.com/gptbot)"
20.171.207.123 - - [07/Aug/2025:09:20:22 -0400] "GET /classwithtostring.php?dir=%2F%2Flib%2F.build-id%2F%2F%2F%2F%2F4f%2F HTTP/1.1" 200 2777 "-" "Mozilla/5.0 AppleWebKit/537.36 (KHTML, like Gecko; compatible; GPTBot/1.2; +https://openai.com/gptbot)"
20.171.207.123 - - [07/Aug/2025:09:20:23 -0400] "GET /classwithtostring.php?dir=%2F%2Flib%2F.build-id%2F%2F%2F%2F%2F6a%2F HTTP/1.1" 200 2956 "-" "Mozilla/5.0 AppleWebKit/537.36 (KHTML, like Gecko; compatible; GPTBot/1.2; +https://openai.com/gptbot)"
20.171.207.123 - - [07/Aug/2025:09:20:24 -0400] "GET /classwithtostring.php?cmd=file_read&dir=%2F%2Flib%2F.build-id%2F%2F%2F%2F%2F8a&file=%2F%2Flib%2F.build-id%2F%2F%2F%2F%2F8a%2F1e62dcd705b6a5863e5a8cedf3a5a4f6ea0020 HTTP/1.1" 200 3100 "-" "Mozilla/5.0 AppleWebKit/537.36 (KHTML, like Gecko; compatible; GPTBot/1.2; +https://openai.com/gptbot)"
20.171.207.123 - - [07/Aug/2025:09:20:26 -0400] "GET /classwithtostring.php?dir=%2F%2Flib%2F.build-id%2F05%2F%2F%2F%2F%2F HTTP/1.1" 200 3238 "-" "Mozilla/5.0 AppleWebKit/537.36 (KHTML, like Gecko; compatible; GPTBot/1.2; +https://openai.com/gptbot)"
20.171.207.123 - - [07/Aug/2025:09:20:27 -0400] "GET /classwithtostring.php?dir=%2F%2Flib%2F.build-id%2F%2F%2F%2F%2F8a%2F HTTP/1.1" 200 3108 "-" "Mozilla/5.0 AppleWebKit/537.36 (KHTML, like Gecko; compatible; GPTBot/1.2; +https://openai.com/gptbot)"
20.171.207.123 - - [07/Aug/2025:09:20:28 -0400] "GET /classwithtostring.php?dir=%2F%2Flib%2F.build-id%2F%2F%2F%2F%2F8c%2F HTTP/1.1" 200 2752 "-" "Mozilla/5.0 AppleWebKit/537.36 (KHTML, like Gecko; compatible; GPTBot/1.2; +https://openai.com/gptbot)"
20.171.207.123 - - [07/Aug/2025:09:20:29 -0400] "GET /classwithtostring.php?dir=%2F%2Flib%2F.build-id%2F89%2F%2F%2F%2F%2F HTTP/1.1" 200 2692 "-" "Mozilla/5.0 AppleWebKit/537.36 (KHTML, like Gecko; compatible; GPTBot/1.2; +https://openai.com/gptbot)"
20.171.207.123 - - [07/Aug/2025:09:20:30 -0400] "GET /classwithtostring.php?dir=%2F%2Flib%2F.build-id%2F%2F%2F%2F%2Fa7%2F HTTP/1.1" 200 2651 "-" "Mozilla/5.0 AppleWebKit/537.36 (KHTML, like Gecko; compatible; GPTBot/1.2; +https://openai.com/gptbot)"
20.171.207.123 - - [07/Aug/2025:09:20:32 -0400] "GET /classwithtostring.php?dir=%2F%2Flib%2F.build-id%2F%2F%2F%2F%2Fb5%2F%2F HTTP/1.1" 200 2817 "-" "Mozilla/5.0 AppleWebKit/537.36 (KHTML, like Gecko; compatible; GPTBot/1.2; +https://openai.com/gptbot)"
20.171.207.123 - - [07/Aug/2025:09:20:33 -0400] "GET /classwithtostring.php?dir=%2F%2Flib%2F.build-id%2F%2F%2F%2F%2F03 HTTP/1.1" 200 2734 "-" "Mozilla/5.0 AppleWebKit/537.36 (KHTML, like Gecko; compatible; GPTBot/1.2; +https://openai.com/gptbot)"
20.171.207.123 - - [07/Aug/2025:09:20:34 -0400] "GET /classwithtostring.php?dir=%2F%2Flib%2F.build-id%2F%2F%2F%2F%2F4f%2F%2F HTTP/1.1" 200 2780 "-" "Mozilla/5.0 AppleWebKit/537.36 (KHTML, like Gecko; compatible; GPTBot/1.2; +https://openai.com/gptbot)"
20.171.207.123 - - [07/Aug/2025:09:20:35 -0400] "GET /classwithtostring.php?dir=%2F%2Flib%2F.build-id%2F%2F%2F%2F%2F6a%2F%2F HTTP/1.1" 200 2955 "-" "Mozilla/5.0 AppleWebKit/537.36 (KHTML, like Gecko; compatible; GPTBot/1.2; +https://openai.com/gptbot)"
51.222.253.17 - - [07/Aug/2025:09:20:34 -0400] "GET /shopdetail/1084313 HTTP/1.1" 404 82312 "-" "Mozilla/5.0 (compatible; AhrefsBot/7.0; +http://ahrefs.com/robot/)"
20.171.207.123 - - [07/Aug/2025:09:20:36 -0400] "GET /classwithtostring.php?dir=%2F%2Flib%2F.build-id%2F14%2F%2F%2F%2F%2F HTTP/1.1" 200 2721 "-" "Mozilla/5.0 AppleWebKit/537.36 (KHTML, like Gecko; compatible; GPTBot/1.2; +https://openai.com/gptbot)"
20.171.207.123 - - [07/Aug/2025:09:20:37 -0400] "GET /classwithtostring.php?dir=%2F%2Flib%2F.build-id%2F%2F%2F%2F%2F21 HTTP/1.1" 200 2545 "-" "Mozilla/5.0 AppleWebKit/537.36 (KHTML, like Gecko; compatible; GPTBot/1.2; +https://openai.com/gptbot)"
20.171.207.123 - - [07/Aug/2025:09:20:38 -0400] "GET /classwithtostring.php?cmd=file_read&dir=%2F%2Flib%2F.build-id%2F%2F%2F%2F%2F8a%2F&file=%2F%2Flib%2F.build-id%2F%2F%2F%2F%2F8a%2F%2F64d02af54c83a8437f3824b08ab4e2c5cd3110 HTTP/1.1" 200 3179 "-" "Mozilla/5.0 AppleWebKit/537.36 (KHTML, like Gecko; compatible; GPTBot/1.2; +https://openai.com/gptbot)"
20.171.207.123 - - [07/Aug/2025:09:20:40 -0400] "GET /classwithtostring.php?cmd=file_read&dir=%2F%2Flib%2F.build-id%2F%2F%2F%2F%2F8c%2F&file=%2F%2Flib%2F.build-id%2F%2F%2F%2F%2F8c%2F%2Fd1444b3fe92206503f11baa3750299ba520905 HTTP/1.1" 200 2801 "-" "Mozilla/5.0 AppleWebKit/537.36 (KHTML, like Gecko; compatible; GPTBot/1.2; +https://openai.com/gptbot)"
49.13.167.123 - - [07/Aug/2025:09:20:35 -0400] "GET / HTTP/1.1" 200 188019 "https://transcarter.com.co/" "Mozilla/5.0+(compatible; UptimeRobot/2.0; http://www.uptimerobot.com/)"
20.171.207.123 - - [07/Aug/2025:09:20:41 -0400] "GET /classwithtostring.php?dir=%2F%2Flib%2F.build-id%2F%2F%2F%2F%2F8a%2F%2F HTTP/1.1" 200 3110 "-" "Mozilla/5.0 AppleWebKit/537.36 (KHTML, like Gecko; compatible; GPTBot/1.2; +https://openai.com/gptbot)"
20.171.207.123 - - [07/Aug/2025:09:20:42 -0400] "GET /classwithtostring.php?dir=%2F%2Flib%2F.build-id%2F%2F%2F%2F%2Fa7%2F%2F HTTP/1.1" 200 2653 "-" "Mozilla/5.0 AppleWebKit/537.36 (KHTML, like Gecko; compatible; GPTBot/1.2; +https://openai.com/gptbot)"
20.171.207.123 - - [07/Aug/2025:09:20:43 -0400] "GET /classwithtostring.php?dir=%2F%2Flib%2F.build-id%2F%2F%2F%2F%2Fb5%2F%2F%2F HTTP/1.1" 200 2830 "-" "Mozilla/5.0 AppleWebKit/537.36 (KHTML, like Gecko; compatible; GPTBot/1.2; +https://openai.com/gptbot)"
66.249.74.33 - - [07/Aug/2025:09:20:43 -0400] "GET /game.php?Android/gov=deboxe-63 HTTP/1.1" 200 11845 "-" "Mozilla/5.0 (Linux; Android 6.0.1; Nexus 5X Build/MMB29P) AppleWebKit/537.36 (KHTML, like Gecko) Chrome/138.0.7204.183 Mobile Safari/537.36 (compatible; Googlebot/2.1; +http://www.google.com/bot.html)"
20.171.207.106 - - [07/Aug/2025:09:20:43 -0400] "GET /wp-content/uploads/2023/03/qi-addons-for-elementor-placeholder-800x600.png HTTP/1.1" 200 11748 "-" "Mozilla/5.0 AppleWebKit/537.36 (KHTML, like Gecko; compatible; GPTBot/1.2; +https://openai.com/gptbot)"
20.171.207.123 - - [07/Aug/2025:09:20:44 -0400] "GET /classwithtostring.php?dir=%2F%2Flib%2F.build-id%2F%2F%2F%2F%2F03%2F HTTP/1.1" 200 2759 "-" "Mozilla/5.0 AppleWebKit/537.36 (KHTML, like Gecko; compatible; GPTBot/1.2; +https://openai.com/gptbot)"
20.171.207.123 - - [07/Aug/2025:09:20:46 -0400] "GET /classwithtostring.php?dir=%2F%2Flib%2F.build-id%2F%2F%2F%2F%2F8c%2F%2F HTTP/1.1" 200 2753 "-" "Mozilla/5.0 AppleWebKit/537.36 (KHTML, like Gecko; compatible; GPTBot/1.2; +https://openai.com/gptbot)"
20.171.207.123 - - [07/Aug/2025:09:20:47 -0400] "GET /classwithtostring.php?dir=%2F%2Flib%2F.build-id%2F%2F%2F%2F%2F4f%2F%2F%2F HTTP/1.1" 200 2796 "-" "Mozilla/5.0 AppleWebKit/537.36 (KHTML, like Gecko; compatible; GPTBot/1.2; +https://openai.com/gptbot)"
20.171.207.123 - - [07/Aug/2025:09:20:48 -0400] "GET /classwithtostring.php?dir=%2F%2Flib%2F.build-id%2F%2F%2F%2F%2F6a%2F%2F%2F HTTP/1.1" 200 2973 "-" "Mozilla/5.0 AppleWebKit/537.36 (KHTML, like Gecko; compatible; GPTBot/1.2; +https://openai.com/gptbot)"
20.171.207.123 - - [07/Aug/2025:09:20:49 -0400] "GET /classwithtostring.php?dir=%2F%2Flib%2F.build-id%2F%2F%2F%2F%2F21%2F HTTP/1.1" 200 2571 "-" "Mozilla/5.0 AppleWebKit/537.36 (KHTML, like Gecko; compatible; GPTBot/1.2; +https://openai.com/gptbot)"
20.171.207.123 - - [07/Aug/2025:09:20:50 -0400] "GET /classwithtostring.php?dir=%2F%2Flib%2F.build-id%2F%2F%2F%2F%2F0d HTTP/1.1" 200 2240 "-" "Mozilla/5.0 AppleWebKit/537.36 (KHTML, like Gecko; compatible; GPTBot/1.2; +https://openai.com/gptbot)"
20.171.207.123 - - [07/Aug/2025:09:20:51 -0400] "GET /classwithtostring.php?dir=%2F%2Flib%2F.build-id%2F%2F%2F%2F%2F72 HTTP/1.1" 200 2980 "-" "Mozilla/5.0 AppleWebKit/537.36 (KHTML, like Gecko; compatible; GPTBot/1.2; +https://openai.com/gptbot)"
51.222.253.2 - - [07/Aug/2025:09:20:51 -0400] "GET /shopdetail/1083721 HTTP/1.1" 404 82312 "-" "Mozilla/5.0 (compatible; AhrefsBot/7.0; +http://ahrefs.com/robot/)"
20.171.207.123 - - [07/Aug/2025:09:20:53 -0400] "GET /classwithtostring.php?dir=%2F%2Flib%2F.build-id%2F%2F%2F%2F%2F8a%2F%2F%2F HTTP/1.1" 200 3124 "-" "Mozilla/5.0 AppleWebKit/537.36 (KHTML, like Gecko; compatible; GPTBot/1.2; +https://openai.com/gptbot)"
20.171.207.123 - - [07/Aug/2025:09:20:54 -0400] "GET /classwithtostring.php?cmd=file_read&dir=%2F%2Flib%2F.build-id%2F%2F%2F%2F%2Fa7%2F%2F&file=%2F%2Flib%2F.build-id%2F%2F%2F%2F%2Fa7%2F%2F%2F6f5cbd99b4f772dfa6c1ebf53126af09b40638 HTTP/1.1" 200 2702 "-" "Mozilla/5.0 AppleWebKit/537.36 (KHTML, like Gecko; compatible; GPTBot/1.2; +https://openai.com/gptbot)"
20.171.207.123 - - [07/Aug/2025:09:20:55 -0400] "GET /classwithtostring.php?cmd=file_read&dir=%2F%2Flib%2F.build-id%2F%2F%2F%2F%2Fa7%2F%2F&file=%2F%2Flib%2F.build-id%2F%2F%2F%2F%2Fa7%2F%2F%2Facba36598b050716e4d4cec6612cb1e0f3bde4 HTTP/1.1" 200 2702 "-" "Mozilla/5.0 AppleWebKit/537.36 (KHTML, like Gecko; compatible; GPTBot/1.2; +https://openai.com/gptbot)"
49.13.164.148 - - [07/Aug/2025:09:20:50 -0400] "GET / HTTP/1.1" 200 188019 "https://transcarter.com.co" "Mozilla/5.0+(compatible; UptimeRobot/2.0; http://www.uptimerobot.com/)"
20.171.207.123 - - [07/Aug/2025:09:20:56 -0400] "GET /classwithtostring.php?dir=%2F%2Flib%2F.build-id%2F%2F%2F%2F%2Fa7%2F%2F%2F HTTP/1.1" 200 2665 "-" "Mozilla/5.0 AppleWebKit/537.36 (KHTML, like Gecko; compatible; GPTBot/1.2; +https://openai.com/gptbot)"
20.171.207.123 - - [07/Aug/2025:09:20:57 -0400] "GET /classwithtostring.php?dir=%2F%2Flib%2F.build-id%2F%2F%2F%2F%2F8c%2F%2F%2F HTTP/1.1" 200 2766 "-" "Mozilla/5.0 AppleWebKit/537.36 (KHTML, like Gecko; compatible; GPTBot/1.2; +https://openai.com/gptbot)"
20.171.207.123 - - [07/Aug/2025:09:20:58 -0400] "GET /classwithtostring.php?dir=%2F%2Flib%2F.build-id%2F%2F%2F%2F%2F81 HTTP/1.1" 200 3434 "-" "Mozilla/5.0 AppleWebKit/537.36 (KHTML, like Gecko; compatible; GPTBot/1.2; +https://openai.com/gptbot)"
20.171.207.123 - - [07/Aug/2025:09:20:59 -0400] "GET /classwithtostring.php?dir=%2F%2Flib%2F.build-id%2F%2F%2F%2F%2F0d%2F HTTP/1.1" 200 2259 "-" "Mozilla/5.0 AppleWebKit/537.36 (KHTML, like Gecko; compatible; GPTBot/1.2; +https://openai.com/gptbot)"
20.171.207.123 - - [07/Aug/2025:09:21:01 -0400] "GET /classwithtostring.php?dir=%2F%2Flib%2F.build-id%2F%2F%2F%2F%2F72%2F HTTP/1.1" 200 3009 "-" "Mozilla/5.0 AppleWebKit/537.36 (KHTML, like Gecko; compatible; GPTBot/1.2; +https://openai.com/gptbot)"
20.171.207.123 - - [07/Aug/2025:09:21:02 -0400] "GET /classwithtostring.php?dir=%2F%2Flib%2F.build-id%2F%2F%2F%2F%2F3a HTTP/1.1" 200 2649 "-" "Mozilla/5.0 AppleWebKit/537.36 (KHTML, like Gecko; compatible; GPTBot/1.2; +https://openai.com/gptbot)"
51.222.253.18 - - [07/Aug/2025:09:21:02 -0400] "GET /shopdetail/1083047 HTTP/1.1" 404 82312 "-" "Mozilla/5.0 (compatible; AhrefsBot/7.0; +http://ahrefs.com/robot/)"
20.171.207.123 - - [07/Aug/2025:09:21:03 -0400] "GET /classwithtostring.php?dir=%2F%2Flib%2F.build-id%2F16%2F%2F%2F%2F%2F HTTP/1.1" 200 2815 "-" "Mozilla/5.0 AppleWebKit/537.36 (KHTML, like Gecko; compatible; GPTBot/1.2; +https://openai.com/gptbot)"
66.249.74.32 - - [07/Aug/2025:09:21:03 -0400] "GET /game.php/gov=estat%C3%ADsticas%20de%20river%20plate%20x%20estudiantes-342 HTTP/1.1" 200 11868 "-" "Mozilla/5.0 (Linux; Android 6.0.1; Nexus 5X Build/MMB29P) AppleWebKit/537.36 (KHTML, like Gecko) Chrome/138.0.7204.183 Mobile Safari/537.36 (compatible; Googlebot/2.1; +http://www.google.com/bot.html)"
20.171.207.123 - - [07/Aug/2025:09:21:04 -0400] "GET /classwithtostring.php?dir=%2F%2Flib%2F.build-id%2F%2F%2F%2F%2F48 HTTP/1.1" 200 2631 "-" "Mozilla/5.0 AppleWebKit/537.36 (KHTML, like Gecko; compatible; GPTBot/1.2; +https://openai.com/gptbot)"
20.171.207.123 - - [07/Aug/2025:09:21:05 -0400] "GET /classwithtostring.php?dir=%2F%2Flib%2F.build-id%2F67%2F%2F%2F%2F%2F HTTP/1.1" 200 3035 "-" "Mozilla/5.0 AppleWebKit/537.36 (KHTML, like Gecko; compatible; GPTBot/1.2; +https://openai.com/gptbot)"
20.171.207.123 - - [07/Aug/2025:09:21:06 -0400] "GET /classwithtostring.php?dir=%2F%2Flib%2F.build-id%2F%2F%2F%2F%2F7d HTTP/1.1" 200 2673 "-" "Mozilla/5.0 AppleWebKit/537.36 (KHTML, like Gecko; compatible; GPTBot/1.2; +https://openai.com/gptbot)"
20.171.207.123 - - [07/Aug/2025:09:21:07 -0400] "GET /classwithtostring.php?dir=%2F%2Flib%2F.build-id%2F90%2F%2F%2F%2F%2F HTTP/1.1" 200 2573 "-" "Mozilla/5.0 AppleWebKit/537.36 (KHTML, like Gecko; compatible; GPTBot/1.2; +https://openai.com/gptbot)"
20.171.207.123 - - [07/Aug/2025:09:21:09 -0400] "GET /classwithtostring.php?dir=%2F%2Flib%2F.build-id%2F%2F%2F%2F%2F42 HTTP/1.1" 200 3554 "-" "Mozilla/5.0 AppleWebKit/537.36 (KHTML, like Gecko; compatible; GPTBot/1.2; +https://openai.com/gptbot)"
20.171.207.123 - - [07/Aug/2025:09:21:10 -0400] "GET /classwithtostring.php?dir=%2F%2Flib%2F.build-id%2F%2F%2F%2F%2F57 HTTP/1.1" 200 2596 "-" "Mozilla/5.0 AppleWebKit/537.36 (KHTML, like Gecko; compatible; GPTBot/1.2; +https://openai.com/gptbot)"
20.171.207.123 - - [07/Aug/2025:09:21:11 -0400] "GET /classwithtostring.php?dir=%2F%2Flib%2F.build-id%2F%2F%2F%2F%2F0d%2F%2F HTTP/1.1" 200 2260 "-" "Mozilla/5.0 AppleWebKit/537.36 (KHTML, like Gecko; compatible; GPTBot/1.2; +https://openai.com/gptbot)"
20.171.207.123 - - [07/Aug/2025:09:21:12 -0400] "GET /classwithtostring.php?dir=%2F%2Flib%2F.build-id%2F%2F%2F%2F%2F00 HTTP/1.1" 200 3138 "-" "Mozilla/5.0 AppleWebKit/537.36 (KHTML, like Gecko; compatible; GPTBot/1.2; +https://openai.com/gptbot)"
20.171.207.123 - - [07/Aug/2025:09:21:13 -0400] "GET /classwithtostring.php?dir=%2F%2Flib%2F.build-id%2F%2F%2F%2F%2F3a%2F HTTP/1.1" 200 2671 "-" "Mozilla/5.0 AppleWebKit/537.36 (KHTML, like Gecko; compatible; GPTBot/1.2; +https://openai.com/gptbot)"
20.171.207.123 - - [07/Aug/2025:09:21:14 -0400] "GET /classwithtostring.php?cmd=file_read&dir=%2F%2Flib%2F.build-id%2F%2F%2F%2F%2F72%2F&file=%2F%2Flib%2F.build-id%2F%2F%2F%2F%2F72%2F%2Fe56babef1abc4aa9d3320bdb80e6bc010dc131 HTTP/1.1" 200 3035 "-" "Mozilla/5.0 AppleWebKit/537.36 (KHTML, like Gecko; compatible; GPTBot/1.2; +https://openai.com/gptbot)"
20.171.207.123 - - [07/Aug/2025:09:21:15 -0400] "GET /classwithtostring.php?dir=%2F%2Flib%2F.build-id%2F%2F%2F%2F%2Fc8 HTTP/1.1" 200 2625 "-" "Mozilla/5.0 AppleWebKit/537.36 (KHTML, like Gecko; compatible; GPTBot/1.2; +https://openai.com/gptbot)"
20.171.207.123 - - [07/Aug/2025:09:21:17 -0400] "GET /classwithtostring.php?dir=%2F%2Flib%2F.build-id%2F%2F%2F%2F%2Fc7 HTTP/1.1" 200 2232 "-" "Mozilla/5.0 AppleWebKit/537.36 (KHTML, like Gecko; compatible; GPTBot/1.2; +https://openai.com/gptbot)"
20.171.207.123 - - [07/Aug/2025:09:21:18 -0400] "GET /classwithtostring.php?cmd=file_read&dir=%2F%2Flib%2F.build-id%2F%2F%2F%2F%2F7d&file=%2F%2Flib%2F.build-id%2F%2F%2F%2F%2F7d%2F12207b4fa9e2abafe8838b7882713c06f038c2 HTTP/1.1" 200 2723 "-" "Mozilla/5.0 AppleWebKit/537.36 (KHTML, like Gecko; compatible; GPTBot/1.2; +https://openai.com/gptbot)"
66.249.74.32 - - [07/Aug/2025:09:21:18 -0400] "GET /index.php/shopdetail/1733227 HTTP/1.1" 301 - "-" "Mozilla/5.0 (Linux; Android 6.0.1; Nexus 5X Build/MMB29P) AppleWebKit/537.36 (KHTML, like Gecko) Chrome/138.0.7204.183 Mobile Safari/537.36 (compatible; Googlebot/2.1; +http://www.google.com/bot.html)"
20.171.207.123 - - [07/Aug/2025:09:21:19 -0400] "GET /classwithtostring.php?dir=%2F%2Flib%2F.build-id%2F%2F%2F%2F%2F7d%2F HTTP/1.1" 200 2696 "-" "Mozilla/5.0 AppleWebKit/537.36 (KHTML, like Gecko; compatible; GPTBot/1.2; +https://openai.com/gptbot)"
