20.171.207.123 - - [07/Aug/2025:09:05:29 -0400] "GET /classwithtostring.php?cmd=file_read&dir=%2F%2Flib%2F.build-id%2F%2F%2F%2Fe1%2F&file=%2F%2Flib%2F.build-id%2F%2F%2F%2Fe1%2F%2F0decf9d6054c86be4f88e2076b016b196da37c HTTP/1.1" 200 2825 "-" "Mozilla/5.0 AppleWebKit/537.36 (KHTML, like Gecko; compatible; GPTBot/1.2; +https://openai.com/gptbot)"
20.171.207.123 - - [07/Aug/2025:09:05:30 -0400] "GET /classwithtostring.php?cmd=file_read&dir=%2F%2Flib%2F.build-id%2F%2F%2F%2Fa5%2F&file=%2F%2Flib%2F.build-id%2F%2F%2F%2Fa5%2F%2F686e304dc4fed3ed9a75a07020befc7ac314a3 HTTP/1.1" 200 2681 "-" "Mozilla/5.0 AppleWebKit/537.36 (KHTML, like Gecko; compatible; GPTBot/1.2; +https://openai.com/gptbot)"
20.171.207.123 - - [07/Aug/2025:09:05:32 -0400] "GET /classwithtostring.php?dir=%2F%2Flib%2F.build-id%2F%2F%2F%2Fa5%2F%2F HTTP/1.1" 200 2680 "-" "Mozilla/5.0 AppleWebKit/537.36 (KHTML, like Gecko; compatible; GPTBot/1.2; +https://openai.com/gptbot)"
20.171.207.123 - - [07/Aug/2025:09:05:33 -0400] "GET /classwithtostring.php?cmd=file_read&dir=%2F%2Flib%2F.build-id%2F%2F%2F%2F5a%2F%2F&file=%2F%2Flib%2F.build-id%2F%2F%2F%2F5a%2F%2F%2F92b09a8a2c28f710206b8ea53ec141efa03c4b HTTP/1.1" 200 3095 "-" "Mozilla/5.0 AppleWebKit/537.36 (KHTML, like Gecko; compatible; GPTBot/1.2; +https://openai.com/gptbot)"
20.171.207.123 - - [07/Aug/2025:09:05:34 -0400] "GET /classwithtostring.php?cmd=file_read&dir=%2F%2Flib%2F.build-id%2F%2F10%2F%2F%2F%2F&file=%2F%2Flib%2F.build-id%2F%2F10%2F%2F%2F%2F%2F0422ade307b6f7854411a609018bdf0aa6d4af HTTP/1.1" 200 2623 "-" "Mozilla/5.0 AppleWebKit/537.36 (KHTML, like Gecko; compatible; GPTBot/1.2; +https://openai.com/gptbot)"
20.171.207.123 - - [07/Aug/2025:09:05:35 -0400] "GET /classwithtostring.php?cmd=file_read&dir=%2F%2Flib%2F.build-id%2F%2F%2Fe0%2F%2F%2F&file=%2F%2Flib%2F.build-id%2F%2F%2Fe0%2F%2F%2F%2Facee25a749f4278762f4e253abd3b14615ee4e HTTP/1.1" 200 3219 "-" "Mozilla/5.0 AppleWebKit/537.36 (KHTML, like Gecko; compatible; GPTBot/1.2; +https://openai.com/gptbot)"
20.171.207.123 - - [07/Aug/2025:09:05:36 -0400] "GET /classwithtostring.php?cmd=file_read&dir=%2F%2Flib%2F.build-id%2F%2F%2Fe0%2F%2F%2F&file=%2F%2Flib%2F.build-id%2F%2F%2Fe0%2F%2F%2F%2Fc5b06d1ebbc57e63c06e2b8c8f0f51c66ed3c5 HTTP/1.1" 200 3219 "-" "Mozilla/5.0 AppleWebKit/537.36 (KHTML, like Gecko; compatible; GPTBot/1.2; +https://openai.com/gptbot)"
20.171.207.123 - - [07/Aug/2025:09:05:37 -0400] "GET /classwithtostring.php?dir=%2F%2Flib%2F.build-id%2F%2F%2F%2F5a%2F%2F%2F HTTP/1.1" 200 3023 "-" "Mozilla/5.0 AppleWebKit/537.36 (KHTML, like Gecko; compatible; GPTBot/1.2; +https://openai.com/gptbot)"
20.171.207.123 - - [07/Aug/2025:09:05:38 -0400] "GET /classwithtostring.php?dir=%2F%2Flib%2F.build-id%2F%2F%2F%2F8a%2F%2F%2F HTTP/1.1" 200 3109 "-" "Mozilla/5.0 AppleWebKit/537.36 (KHTML, like Gecko; compatible; GPTBot/1.2; +https://openai.com/gptbot)"
20.171.207.123 - - [07/Aug/2025:09:05:40 -0400] "GET /classwithtostring.php?dir=%2F%2Flib%2F.build-id%2F%2F%2F%2Fe1%2F%2F HTTP/1.1" 200 2824 "-" "Mozilla/5.0 AppleWebKit/537.36 (KHTML, like Gecko; compatible; GPTBot/1.2; +https://openai.com/gptbot)"
20.171.207.123 - - [07/Aug/2025:09:05:41 -0400] "GET /classwithtostring.php?dir=%2F%2Flib%2F.build-id%2F%2F%2F%2F9c%2F HTTP/1.1" 200 2470 "-" "Mozilla/5.0 AppleWebKit/537.36 (KHTML, like Gecko; compatible; GPTBot/1.2; +https://openai.com/gptbot)"
20.171.207.123 - - [07/Aug/2025:09:05:42 -0400] "GET /classwithtostring.php?dir=%2F%2Flib%2F.build-id%2F%2F%2Fe0%2F%2F%2F%2F HTTP/1.1" 200 3143 "-" "Mozilla/5.0 AppleWebKit/537.36 (KHTML, like Gecko; compatible; GPTBot/1.2; +https://openai.com/gptbot)"
20.171.207.123 - - [07/Aug/2025:09:05:43 -0400] "GET /classwithtostring.php?dir=%2F%2Flib%2F.build-id%2F%2F8f%2F%2F%2F%2F HTTP/1.1" 200 2956 "-" "Mozilla/5.0 AppleWebKit/537.36 (KHTML, like Gecko; compatible; GPTBot/1.2; +https://openai.com/gptbot)"
20.171.207.123 - - [07/Aug/2025:09:05:44 -0400] "GET /classwithtostring.php?dir=%2F%2Flib%2F.build-id%2F%2F%2F%2Fa5%2F%2F%2F HTTP/1.1" 200 2681 "-" "Mozilla/5.0 AppleWebKit/537.36 (KHTML, like Gecko; compatible; GPTBot/1.2; +https://openai.com/gptbot)"
20.171.207.123 - - [07/Aug/2025:09:05:45 -0400] "GET /classwithtostring.php?dir=%2F%2Flib%2F.build-id%2F%2F%2F%2Fe6%2F%2F HTTP/1.1" 200 2413 "-" "Mozilla/5.0 AppleWebKit/537.36 (KHTML, like Gecko; compatible; GPTBot/1.2; +https://openai.com/gptbot)"
20.171.207.123 - - [07/Aug/2025:09:05:47 -0400] "GET /classwithtostring.php?dir=%2F%2Flib%2F.build-id%2F%2F4e%2F%2F%2F%2F HTTP/1.1" 200 2881 "-" "Mozilla/5.0 AppleWebKit/537.36 (KHTML, like Gecko; compatible; GPTBot/1.2; +https://openai.com/gptbot)"
20.171.207.123 - - [07/Aug/2025:09:05:48 -0400] "GET /classwithtostring.php?cmd=file_read&dir=%2F%2Flib%2F.build-id%2F%2F%2F%2F5a%2F%2F%2F&file=%2F%2Flib%2F.build-id%2F%2F%2F%2F5a%2F%2F%2F%2F1128fe964629629adcdc6bd2a2f6b9fb5d1fac HTTP/1.1" 200 3098 "-" "Mozilla/5.0 AppleWebKit/537.36 (KHTML, like Gecko; compatible; GPTBot/1.2; +https://openai.com/gptbot)"
20.171.207.123 - - [07/Aug/2025:09:05:49 -0400] "GET /classwithtostring.php?dir=%2F%2Flib%2F.build-id%2F%2F%2F5f%2F%2F%2F HTTP/1.1" 200 2556 "-" "Mozilla/5.0 AppleWebKit/537.36 (KHTML, like Gecko; compatible; GPTBot/1.2; +https://openai.com/gptbot)"
20.171.207.123 - - [07/Aug/2025:09:05:50 -0400] "GET /classwithtostring.php?dir=%2F%2Flib%2F.build-id%2Fc1%2F%2F%2F%2F HTTP/1.1" 200 2602 "-" "Mozilla/5.0 AppleWebKit/537.36 (KHTML, like Gecko; compatible; GPTBot/1.2; +https://openai.com/gptbot)"
66.249.74.32 - - [07/Aug/2025:09:05:50 -0400] "GET /game.php/juliette%20has%20a%20gun-912 HTTP/1.1" 200 11937 "-" "Mozilla/5.0 (Linux; Android 6.0.1; Nexus 5X Build/MMB29P) AppleWebKit/537.36 (KHTML, like Gecko) Chrome/138.0.7204.183 Mobile Safari/537.36 (compatible; Googlebot/2.1; +http://www.google.com/bot.html)"
20.171.207.123 - - [07/Aug/2025:09:05:51 -0400] "GET /classwithtostring.php?cmd=file_read&dir=%2F%2Flib%2F.build-id%2F%2F%2F%2Fe1%2F%2F&file=%2F%2Flib%2F.build-id%2F%2F%2F%2Fe1%2F%2F%2F684a682429e5e5d5545765e87eac7c56628997 HTTP/1.1" 200 2873 "-" "Mozilla/5.0 AppleWebKit/537.36 (KHTML, like Gecko; compatible; GPTBot/1.2; +https://openai.com/gptbot)"
20.171.207.123 - - [07/Aug/2025:09:05:52 -0400] "GET /classwithtostring.php?dir=%2F%2Flib%2F.build-id%2F%2F%2F%2Fe1%2F%2F%2F HTTP/1.1" 200 2824 "-" "Mozilla/5.0 AppleWebKit/537.36 (KHTML, like Gecko; compatible; GPTBot/1.2; +https://openai.com/gptbot)"
20.171.207.123 - - [07/Aug/2025:09:05:54 -0400] "GET /classwithtostring.php?dir=%2F%2Flib%2F.build-id%2F%2F%2F%2F9c%2F%2F HTTP/1.1" 200 2492 "-" "Mozilla/5.0 AppleWebKit/537.36 (KHTML, like Gecko; compatible; GPTBot/1.2; +https://openai.com/gptbot)"
51.222.253.7 - - [07/Aug/2025:09:05:52 -0400] "GET /shopdetail/1109385 HTTP/1.1" 404 82312 "-" "Mozilla/5.0 (compatible; AhrefsBot/7.0; +http://ahrefs.com/robot/)"
20.171.207.123 - - [07/Aug/2025:09:05:55 -0400] "GET /classwithtostring.php?dir=%2F%2Flib%2F.build-id%2F%2F%2F%2F6e%2F HTTP/1.1" 200 2457 "-" "Mozilla/5.0 AppleWebKit/537.36 (KHTML, like Gecko; compatible; GPTBot/1.2; +https://openai.com/gptbot)"
20.171.207.123 - - [07/Aug/2025:09:05:56 -0400] "GET /classwithtostring.php?dir=%2F%2Flib%2F.build-id%2F%2F%2F%2F7b%2F HTTP/1.1" 200 2519 "-" "Mozilla/5.0 AppleWebKit/537.36 (KHTML, like Gecko; compatible; GPTBot/1.2; +https://openai.com/gptbot)"
20.171.207.123 - - [07/Aug/2025:09:05:57 -0400] "GET /classwithtostring.php?dir=%2F%2Flib%2F.build-id%2F%2F%2F%2Fe6%2F%2F%2F HTTP/1.1" 200 2412 "-" "Mozilla/5.0 AppleWebKit/537.36 (KHTML, like Gecko; compatible; GPTBot/1.2; +https://openai.com/gptbot)"
20.171.207.123 - - [07/Aug/2025:09:05:58 -0400] "GET /classwithtostring.php?dir=%2F%2Flib%2F.build-id%2F%2F96%2F%2F%2F%2F HTTP/1.1" 200 3111 "-" "Mozilla/5.0 AppleWebKit/537.36 (KHTML, like Gecko; compatible; GPTBot/1.2; +https://openai.com/gptbot)"
20.171.207.123 - - [07/Aug/2025:09:05:59 -0400] "GET /classwithtostring.php?dir=%2F%2Flib%2F.build-id%2F13%2F%2F%2F%2F HTTP/1.1" 200 3071 "-" "Mozilla/5.0 AppleWebKit/537.36 (KHTML, like Gecko; compatible; GPTBot/1.2; +https://openai.com/gptbot)"
20.171.207.123 - - [07/Aug/2025:09:06:00 -0400] "GET /classwithtostring.php?dir=%2F%2Flib%2F.build-id%2F%2F%2F5f%2F%2F%2F%2F HTTP/1.1" 200 2556 "-" "Mozilla/5.0 AppleWebKit/537.36 (KHTML, like Gecko; compatible; GPTBot/1.2; +https://openai.com/gptbot)"
20.171.207.123 - - [07/Aug/2025:09:06:02 -0400] "GET /classwithtostring.php?dir=%2F%2Flib%2F.build-id%2F%2F54%2F%2F%2F%2F HTTP/1.1" 200 2544 "-" "Mozilla/5.0 AppleWebKit/537.36 (KHTML, like Gecko; compatible; GPTBot/1.2; +https://openai.com/gptbot)"
20.171.207.123 - - [07/Aug/2025:09:06:03 -0400] "GET /classwithtostring.php?dir=%2F%2Flib%2F.build-id%2F96%2F%2F%2F%2F HTTP/1.1" 200 3078 "-" "Mozilla/5.0 AppleWebKit/537.36 (KHTML, like Gecko; compatible; GPTBot/1.2; +https://openai.com/gptbot)"
20.171.207.123 - - [07/Aug/2025:09:06:04 -0400] "GET /classwithtostring.php?cmd=file_read&dir=%2F%2Flib%2F.build-id%2F%2F%2F%2Fe1%2F%2F%2F&file=%2F%2Flib%2F.build-id%2F%2F%2F%2Fe1%2F%2F%2F%2Fe51062a8fce72e2d0a7c40d81a1acd7a288574 HTTP/1.1" 200 2849 "-" "Mozilla/5.0 AppleWebKit/537.36 (KHTML, like Gecko; compatible; GPTBot/1.2; +https://openai.com/gptbot)"
20.171.207.123 - - [07/Aug/2025:09:06:05 -0400] "GET /classwithtostring.php?dir=%2F%2Flib%2F.build-id%2F%2F%2F%2F01%2F HTTP/1.1" 200 2633 "-" "Mozilla/5.0 AppleWebKit/537.36 (KHTML, like Gecko; compatible; GPTBot/1.2; +https://openai.com/gptbot)"
20.171.207.123 - - [07/Aug/2025:09:06:06 -0400] "GET /classwithtostring.php?cmd=file_read&dir=%2F%2Flib%2F.build-id%2F%2F%2F%2F6e%2F&file=%2F%2Flib%2F.build-id%2F%2F%2F%2F6e%2F%2F1d69e6329f9c6d5d7cd6515cc5c2a9ce7b2888 HTTP/1.1" 200 2507 "-" "Mozilla/5.0 AppleWebKit/537.36 (KHTML, like Gecko; compatible; GPTBot/1.2; +https://openai.com/gptbot)"
20.171.207.106 - - [07/Aug/2025:09:06:07 -0400] "GET /wp-content/uploads/2023/03/qi-addons-for-elementor-placeholder.png HTTP/1.1" 200 14165 "-" "Mozilla/5.0 AppleWebKit/537.36 (KHTML, like Gecko; compatible; GPTBot/1.2; +https://openai.com/gptbot)"
20.171.207.123 - - [07/Aug/2025:09:06:07 -0400] "GET /classwithtostring.php?cmd=file_read&dir=%2F%2Flib%2F.build-id%2F%2F%2F%2F7b%2F&file=%2F%2Flib%2F.build-id%2F%2F%2F%2F7b%2F%2F9085c98e6eacebc8c563b6b7301c11fa0ee3d5 HTTP/1.1" 200 2569 "-" "Mozilla/5.0 AppleWebKit/537.36 (KHTML, like Gecko; compatible; GPTBot/1.2; +https://openai.com/gptbot)"
20.171.207.123 - - [07/Aug/2025:09:06:09 -0400] "GET /classwithtostring.php?dir=%2F%2Flib%2F.build-id%2F%2F%2F%2F9c%2F%2F%2F HTTP/1.1" 200 2490 "-" "Mozilla/5.0 AppleWebKit/537.36 (KHTML, like Gecko; compatible; GPTBot/1.2; +https://openai.com/gptbot)"
51.222.253.4 - - [07/Aug/2025:09:06:05 -0400] "GET /shopdetail/1109031 HTTP/1.1" 404 82312 "-" "Mozilla/5.0 (compatible; AhrefsBot/7.0; +http://ahrefs.com/robot/)"
20.171.207.123 - - [07/Aug/2025:09:06:10 -0400] "GET /classwithtostring.php?cmd=file_read&dir=%2F%2Flib%2F.build-id%2F%2F%2F%2Fe6%2F%2F%2F&file=%2F%2Flib%2F.build-id%2F%2F%2F%2Fe6%2F%2F%2F%2F2c713fa641997afb24e8ff590c4abff523cdd8 HTTP/1.1" 200 2460 "-" "Mozilla/5.0 AppleWebKit/537.36 (KHTML, like Gecko; compatible; GPTBot/1.2; +https://openai.com/gptbot)"
66.249.74.34 - - [07/Aug/2025:09:06:10 -0400] "GET /game.php?/rummy-777-game-all-217 HTTP/1.1" 200 11922 "-" "Mozilla/5.0 (Linux; Android 6.0.1; Nexus 5X Build/MMB29P) AppleWebKit/537.36 (KHTML, like Gecko) Chrome/138.0.7204.183 Mobile Safari/537.36 (compatible; Googlebot/2.1; +http://www.google.com/bot.html)"
20.171.207.123 - - [07/Aug/2025:09:06:11 -0400] "GET /classwithtostring.php?cmd=file_read&dir=%2F%2Flib%2F.build-id%2F%2F96%2F%2F%2F%2F&file=%2F%2Flib%2F.build-id%2F%2F96%2F%2F%2F%2F%2Fcd1dae3efc8a541c0a20da914044b91efa43f5 HTTP/1.1" 200 3184 "-" "Mozilla/5.0 AppleWebKit/537.36 (KHTML, like Gecko; compatible; GPTBot/1.2; +https://openai.com/gptbot)"
66.249.74.34 - - [07/Aug/2025:09:06:10 -0400] "GET /game.php?Android/gov=bmy88%20login%20account%20register-344 HTTP/1.1" 200 11890 "-" "Mozilla/5.0 (Linux; Android 6.0.1; Nexus 5X Build/MMB29P) AppleWebKit/537.36 (KHTML, like Gecko) Chrome/138.0.7204.183 Mobile Safari/537.36 (compatible; Googlebot/2.1; +http://www.google.com/bot.html)"
20.171.207.123 - - [07/Aug/2025:09:06:12 -0400] "GET /classwithtostring.php?dir=%2F%2Flib%2F.build-id%2F%2F%2F%2F7b%2F%2F HTTP/1.1" 200 2546 "-" "Mozilla/5.0 AppleWebKit/537.36 (KHTML, like Gecko; compatible; GPTBot/1.2; +https://openai.com/gptbot)"
20.171.207.123 - - [07/Aug/2025:09:06:13 -0400] "GET /classwithtostring.php?dir=%2F%2Flib%2F.build-id%2F%2F%2F%2F43%2F%2F HTTP/1.1" 200 2583 "-" "Mozilla/5.0 AppleWebKit/537.36 (KHTML, like Gecko; compatible; GPTBot/1.2; +https://openai.com/gptbot)"
20.171.207.123 - - [07/Aug/2025:09:06:14 -0400] "GET /classwithtostring.php?dir=%2F%2Flib%2F.build-id%2F%2F%2F%2F6e%2F%2F HTTP/1.1" 200 2470 "-" "Mozilla/5.0 AppleWebKit/537.36 (KHTML, like Gecko; compatible; GPTBot/1.2; +https://openai.com/gptbot)"
20.171.207.123 - - [07/Aug/2025:09:06:16 -0400] "GET /classwithtostring.php?dir=%2F%2Flib%2F.build-id%2F%2F%2F%2Ff0%2F HTTP/1.1" 200 2456 "-" "Mozilla/5.0 AppleWebKit/537.36 (KHTML, like Gecko; compatible; GPTBot/1.2; +https://openai.com/gptbot)"
20.171.207.123 - - [07/Aug/2025:09:06:17 -0400] "GET /classwithtostring.php?dir=%2F%2Flib%2F.build-id%2F%2F%2F%2F01%2F%2F HTTP/1.1" 200 2658 "-" "Mozilla/5.0 AppleWebKit/537.36 (KHTML, like Gecko; compatible; GPTBot/1.2; +https://openai.com/gptbot)"
20.171.207.123 - - [07/Aug/2025:09:06:18 -0400] "GET /classwithtostring.php?dir=%2F%2Flib%2F.build-id%2F%2F%2F%2Fd5%2F HTTP/1.1" 200 2977 "-" "Mozilla/5.0 AppleWebKit/537.36 (KHTML, like Gecko; compatible; GPTBot/1.2; +https://openai.com/gptbot)"
51.222.253.19 - - [07/Aug/2025:09:06:17 -0400] "GET /shopdetail/1108555 HTTP/1.1" 404 82312 "-" "Mozilla/5.0 (compatible; AhrefsBot/7.0; +http://ahrefs.com/robot/)"
20.171.207.123 - - [07/Aug/2025:09:06:19 -0400] "GET /classwithtostring.php?dir=%2F%2Flib%2F.build-id%2F%2F%2F%2Fd6%2F HTTP/1.1" 200 2358 "-" "Mozilla/5.0 AppleWebKit/537.36 (KHTML, like Gecko; compatible; GPTBot/1.2; +https://openai.com/gptbot)"
20.171.207.123 - - [07/Aug/2025:09:06:20 -0400] "GET /classwithtostring.php?dir=%2F%2Flib%2F.build-id%2F88%2F%2F%2F%2F HTTP/1.1" 200 2997 "-" "Mozilla/5.0 AppleWebKit/537.36 (KHTML, like Gecko; compatible; GPTBot/1.2; +https://openai.com/gptbot)"
20.171.207.123 - - [07/Aug/2025:09:06:22 -0400] "GET /classwithtostring.php?dir=%2F%2Flib%2F.build-id%2F%2F%2F7e%2F%2F%2F HTTP/1.1" 200 3123 "-" "Mozilla/5.0 AppleWebKit/537.36 (KHTML, like Gecko; compatible; GPTBot/1.2; +https://openai.com/gptbot)"
20.171.207.123 - - [07/Aug/2025:09:06:23 -0400] "GET /classwithtostring.php?dir=%2F%2Flib%2F.build-id%2F%2F%2F%2F7b%2F%2F%2F HTTP/1.1" 200 2547 "-" "Mozilla/5.0 AppleWebKit/537.36 (KHTML, like Gecko; compatible; GPTBot/1.2; +https://openai.com/gptbot)"
20.171.207.123 - - [07/Aug/2025:09:06:24 -0400] "GET /classwithtostring.php?dir=%2F%2Flib%2F.build-id%2F%2F91%2F%2F%2F%2F HTTP/1.1" 200 2764 "-" "Mozilla/5.0 AppleWebKit/537.36 (KHTML, like Gecko; compatible; GPTBot/1.2; +https://openai.com/gptbot)"
20.171.207.123 - - [07/Aug/2025:09:06:25 -0400] "GET /classwithtostring.php?dir=%2F%2Flib%2F.build-id%2F%2F%2F%2F1e%2F%2F HTTP/1.1" 200 2330 "-" "Mozilla/5.0 AppleWebKit/537.36 (KHTML, like Gecko; compatible; GPTBot/1.2; +https://openai.com/gptbot)"
20.171.207.123 - - [07/Aug/2025:09:06:26 -0400] "GET /classwithtostring.php?dir=%2F%2Flib%2F.build-id%2F%2F%2F%2F6e%2F%2F%2F HTTP/1.1" 200 2469 "-" "Mozilla/5.0 AppleWebKit/537.36 (KHTML, like Gecko; compatible; GPTBot/1.2; +https://openai.com/gptbot)"
20.171.207.123 - - [07/Aug/2025:09:06:27 -0400] "GET /classwithtostring.php?dir=%2F%2Flib%2F.build-id%2F%2F%2F4b%2F%2F%2F%2F%2F HTTP/1.1" 200 3054 "-" "Mozilla/5.0 AppleWebKit/537.36 (KHTML, like Gecko; compatible; GPTBot/1.2; +https://openai.com/gptbot)"
20.171.207.123 - - [07/Aug/2025:09:06:29 -0400] "GET /classwithtostring.php?dir=%2F%2Flib%2F.build-id%2F%2F%2F%2Ff0%2F%2F HTTP/1.1" 200 2471 "-" "Mozilla/5.0 AppleWebKit/537.36 (KHTML, like Gecko; compatible; GPTBot/1.2; +https://openai.com/gptbot)"
20.171.207.123 - - [07/Aug/2025:09:06:30 -0400] "GET /classwithtostring.php?dir=%2F%2Flib%2F.build-id%2F%2F%2F%2Fd5%2F%2F HTTP/1.1" 200 3011 "-" "Mozilla/5.0 AppleWebKit/537.36 (KHTML, like Gecko; compatible; GPTBot/1.2; +https://openai.com/gptbot)"
20.171.207.123 - - [07/Aug/2025:09:06:31 -0400] "GET /classwithtostring.php?dir=%2F%2Flib%2F.build-id%2F%2F%2F2b%2F%2F%2F%2F%2F HTTP/1.1" 200 2813 "-" "Mozilla/5.0 AppleWebKit/537.36 (KHTML, like Gecko; compatible; GPTBot/1.2; +https://openai.com/gptbot)"
20.171.207.123 - - [07/Aug/2025:09:06:32 -0400] "GET /classwithtostring.php?dir=%2F%2Flib%2F.build-id%2F%2F%2F%2Fd6%2F%2F HTTP/1.1" 200 2380 "-" "Mozilla/5.0 AppleWebKit/537.36 (KHTML, like Gecko; compatible; GPTBot/1.2; +https://openai.com/gptbot)"
20.171.207.123 - - [07/Aug/2025:09:06:33 -0400] "GET /classwithtostring.php?dir=%2F%2Flib%2F.build-id%2F%2F%2F7e%2F%2F%2F%2F HTTP/1.1" 200 3125 "-" "Mozilla/5.0 AppleWebKit/537.36 (KHTML, like Gecko; compatible; GPTBot/1.2; +https://openai.com/gptbot)"
51.222.253.14 - - [07/Aug/2025:09:06:33 -0400] "GET /shopdetail/1108275 HTTP/1.1" 404 82312 "-" "Mozilla/5.0 (compatible; AhrefsBot/7.0; +http://ahrefs.com/robot/)"
20.171.207.123 - - [07/Aug/2025:09:06:34 -0400] "GET /classwithtostring.php?dir=%2F%2Flib%2F.build-id%2F%2F%2Fb6%2F%2F%2F%2F%2F HTTP/1.1" 200 3222 "-" "Mozilla/5.0 AppleWebKit/537.36 (KHTML, like Gecko; compatible; GPTBot/1.2; +https://openai.com/gptbot)"
20.171.207.123 - - [07/Aug/2025:09:06:35 -0400] "GET /classwithtostring.php?dir=%2F%2Flib%2F.build-id%2F%2F%2F%2Fb6%2F%2F%2F%2F HTTP/1.1" 200 3223 "-" "Mozilla/5.0 AppleWebKit/537.36 (KHTML, like Gecko; compatible; GPTBot/1.2; +https://openai.com/gptbot)"
20.171.207.123 - - [07/Aug/2025:09:06:37 -0400] "GET /classwithtostring.php?dir=%2F%2Flib%2F.build-id%2F%2F%2F%2Fd2%2F%2F%2F%2F HTTP/1.1" 200 2598 "-" "Mozilla/5.0 AppleWebKit/537.36 (KHTML, like Gecko; compatible; GPTBot/1.2; +https://openai.com/gptbot)"
20.171.207.123 - - [07/Aug/2025:09:06:38 -0400] "GET /classwithtostring.php?dir=%2F%2Flib%2F.build-id%2F%2F%2F%2Fd8%2F%2F%2F%2F HTTP/1.1" 200 2651 "-" "Mozilla/5.0 AppleWebKit/537.36 (KHTML, like Gecko; compatible; GPTBot/1.2; +https://openai.com/gptbot)"
20.171.207.123 - - [07/Aug/2025:09:06:39 -0400] "GET /classwithtostring.php?dir=%2F%2Flib%2F.build-id%2F%2F%2F%2F1e%2F%2F%2F HTTP/1.1" 200 2331 "-" "Mozilla/5.0 AppleWebKit/537.36 (KHTML, like Gecko; compatible; GPTBot/1.2; +https://openai.com/gptbot)"
20.171.207.123 - - [07/Aug/2025:09:06:40 -0400] "GET /classwithtostring.php?dir=%2F%2Flib%2F.build-id%2F%2F%2F%2Ff0%2F%2F%2F HTTP/1.1" 200 2471 "-" "Mozilla/5.0 AppleWebKit/537.36 (KHTML, like Gecko; compatible; GPTBot/1.2; +https://openai.com/gptbot)"
20.171.207.123 - - [07/Aug/2025:09:06:41 -0400] "GET /classwithtostring.php?dir=%2F%2Flib%2F.build-id%2F%2F%2F%2Fd5%2F%2F%2F HTTP/1.1" 200 3012 "-" "Mozilla/5.0 AppleWebKit/537.36 (KHTML, like Gecko; compatible; GPTBot/1.2; +https://openai.com/gptbot)"
20.171.207.123 - - [07/Aug/2025:09:06:42 -0400] "GET /classwithtostring.php?cmd=file_read&dir=%2F%2Flib%2F.build-id%2F%2F%2F7e%2F%2F%2F%2F&file=%2F%2Flib%2F.build-id%2F%2F%2F7e%2F%2F%2F%2F%2F25eabfed59e2754e87a48ab05be2ba3badd24d HTTP/1.1" 200 3201 "-" "Mozilla/5.0 AppleWebKit/537.36 (KHTML, like Gecko; compatible; GPTBot/1.2; +https://openai.com/gptbot)"
20.171.207.123 - - [07/Aug/2025:09:06:43 -0400] "GET /classwithtostring.php?dir=%2F%2Flib%2F.build-id%2F%2F%2F%2F2b%2F%2F%2F%2F HTTP/1.1" 200 2812 "-" "Mozilla/5.0 AppleWebKit/537.36 (KHTML, like Gecko; compatible; GPTBot/1.2; +https://openai.com/gptbot)"
20.171.207.123 - - [07/Aug/2025:09:06:45 -0400] "GET /classwithtostring.php?cmd=file_read&dir=%2F%2Flib%2F.build-id%2F%2F%2F%2Fd6%2F%2F&file=%2F%2Flib%2F.build-id%2F%2F%2F%2Fd6%2F%2F%2Fe8c89afa128e6b903f963fcb7c400137617099 HTTP/1.1" 200 2429 "-" "Mozilla/5.0 AppleWebKit/537.36 (KHTML, like Gecko; compatible; GPTBot/1.2; +https://openai.com/gptbot)"
66.249.74.33 - - [07/Aug/2025:09:06:44 -0400] "GET /game.php?ios/play=sao%20paulo%20e%20palmeiras%20ao%20vivo-65 HTTP/1.1" 200 11862 "-" "Googlebot-Image/1.0"
20.171.207.123 - - [07/Aug/2025:09:06:46 -0400] "GET /classwithtostring.php?dir=%2F%2Flib%2F.build-id%2F%2F%2F2a%2F%2F%2F%2F%2F HTTP/1.1" 200 2987 "-" "Mozilla/5.0 AppleWebKit/537.36 (KHTML, like Gecko; compatible; GPTBot/1.2; +https://openai.com/gptbot)"
20.171.207.123 - - [07/Aug/2025:09:06:47 -0400] "GET /classwithtostring.php?dir=%2F%2Flib%2F.build-id%2F%2F%2F%2Fd6%2F%2F%2F HTTP/1.1" 200 2381 "-" "Mozilla/5.0 AppleWebKit/537.36 (KHTML, like Gecko; compatible; GPTBot/1.2; +https://openai.com/gptbot)"
20.171.207.123 - - [07/Aug/2025:09:06:48 -0400] "GET /classwithtostring.php?cmd=file_read&dir=%2F%2Flib%2F.build-id%2F%2F%2F%2Fd2%2F%2F%2F%2F&file=%2F%2Flib%2F.build-id%2F%2F%2F%2Fd2%2F%2F%2F%2F%2F02cf250c023c55cb8d3af403c30ddf812d1be4 HTTP/1.1" 200 2646 "-" "Mozilla/5.0 AppleWebKit/537.36 (KHTML, like Gecko; compatible; GPTBot/1.2; +https://openai.com/gptbot)"
20.171.207.123 - - [07/Aug/2025:09:06:49 -0400] "GET /classwithtostring.php?dir=%2F%2Flib%2F.build-id%2F%2F%2F%2Fb5%2F%2F%2F%2F HTTP/1.1" 200 2829 "-" "Mozilla/5.0 AppleWebKit/537.36 (KHTML, like Gecko; compatible; GPTBot/1.2; +https://openai.com/gptbot)"
66.249.74.32 - - [07/Aug/2025:09:06:50 -0400] "GET /game.php/game/p9%20plataforma-888.html HTTP/1.1" 200 11931 "-" "Mozilla/5.0 (Linux; Android 6.0.1; Nexus 5X Build/MMB29P) AppleWebKit/537.36 (KHTML, like Gecko) Chrome/138.0.7204.183 Mobile Safari/537.36 (compatible; Googlebot/2.1; +http://www.google.com/bot.html)"
20.171.207.123 - - [07/Aug/2025:09:06:51 -0400] "GET /classwithtostring.php?dir=%2F%2Flib%2F.build-id%2F%2F%2F%2Fd4%2F%2F%2F%2F HTTP/1.1" 200 2549 "-" "Mozilla/5.0 AppleWebKit/537.36 (KHTML, like Gecko; compatible; GPTBot/1.2; +https://openai.com/gptbot)"
20.171.207.123 - - [07/Aug/2025:09:06:52 -0400] "GET /classwithtostring.php?dir=%2F%2Flib%2F.build-id%2F%2F%2Fd6%2F%2F%2F%2F%2F HTTP/1.1" 200 2392 "-" "Mozilla/5.0 AppleWebKit/537.36 (KHTML, like Gecko; compatible; GPTBot/1.2; +https://openai.com/gptbot)"
20.171.207.123 - - [07/Aug/2025:09:06:53 -0400] "GET /classwithtostring.php?dir=%2F%2Flib%2F.build-id%2F%2F%2F2e%2F%2F%2F%2F%2F HTTP/1.1" 200 2499 "-" "Mozilla/5.0 AppleWebKit/537.36 (KHTML, like Gecko; compatible; GPTBot/1.2; +https://openai.com/gptbot)"
51.222.253.20 - - [07/Aug/2025:09:06:48 -0400] "GET /shopdetail/1108149 HTTP/1.1" 404 82312 "-" "Mozilla/5.0 (compatible; AhrefsBot/7.0; +http://ahrefs.com/robot/)"
20.171.207.123 - - [07/Aug/2025:09:06:54 -0400] "GET /classwithtostring.php?dir=%2F%2Flib%2F.build-id%2F%2F%2F%2F7b%2F%2F%2F%2F HTTP/1.1" 200 2554 "-" "Mozilla/5.0 AppleWebKit/537.36 (KHTML, like Gecko; compatible; GPTBot/1.2; +https://openai.com/gptbot)"
20.171.207.123 - - [07/Aug/2025:09:06:55 -0400] "GET /classwithtostring.php?dir=%2F%2Flib%2F.build-id%2F%2F%2Fd2%2F%2F%2F%2F%2F HTTP/1.1" 200 2599 "-" "Mozilla/5.0 AppleWebKit/537.36 (KHTML, like Gecko; compatible; GPTBot/1.2; +https://openai.com/gptbot)"
20.171.207.123 - - [07/Aug/2025:09:06:56 -0400] "GET /classwithtostring.php?dir=%2F%2Flib%2F.build-id%2F%2F%2F%2Fb2%2F%2F%2F%2F HTTP/1.1" 200 3075 "-" "Mozilla/5.0 AppleWebKit/537.36 (KHTML, like Gecko; compatible; GPTBot/1.2; +https://openai.com/gptbot)"
20.171.207.123 - - [07/Aug/2025:09:06:58 -0400] "GET /classwithtostring.php?dir=%2F%2Flib%2F.build-id%2F%2F%2Fb3%2F%2F%2F%2F%2F HTTP/1.1" 200 2869 "-" "Mozilla/5.0 AppleWebKit/537.36 (KHTML, like Gecko; compatible; GPTBot/1.2; +https://openai.com/gptbot)"
20.171.207.123 - - [07/Aug/2025:09:06:59 -0400] "GET /classwithtostring.php?dir=%2F%2Flib%2F.build-id%2F%2F%2F%2Fd3%2F%2F%2F%2F HTTP/1.1" 200 2316 "-" "Mozilla/5.0 AppleWebKit/537.36 (KHTML, like Gecko; compatible; GPTBot/1.2; +https://openai.com/gptbot)"
20.171.207.123 - - [07/Aug/2025:09:07:00 -0400] "GET /classwithtostring.php?dir=%2F%2Flib%2F.build-id%2F%2F%2F%2F8b%2F%2F%2F%2F HTTP/1.1" 200 2896 "-" "Mozilla/5.0 AppleWebKit/537.36 (KHTML, like Gecko; compatible; GPTBot/1.2; +https://openai.com/gptbot)"
20.171.207.123 - - [07/Aug/2025:09:07:01 -0400] "GET /classwithtostring.php?dir=%2F%2Flib%2F.build-id%2F%2F%2F%2Fb4%2F%2F%2F%2F HTTP/1.1" 200 2741 "-" "Mozilla/5.0 AppleWebKit/537.36 (KHTML, like Gecko; compatible; GPTBot/1.2; +https://openai.com/gptbot)"
20.171.207.123 - - [07/Aug/2025:09:07:02 -0400] "GET /classwithtostring.php?dir=%2F%2Flib%2F.build-id%2F%2F%2F%2Fd5%2F%2F%2F%2F HTTP/1.1" 200 3026 "-" "Mozilla/5.0 AppleWebKit/537.36 (KHTML, like Gecko; compatible; GPTBot/1.2; +https://openai.com/gptbot)"
20.171.207.123 - - [07/Aug/2025:09:07:03 -0400] "GET /classwithtostring.php?dir=%2F%2Flib%2F.build-id%2F%2F%2Fb2%2F%2F%2F%2F%2F HTTP/1.1" 200 3075 "-" "Mozilla/5.0 AppleWebKit/537.36 (KHTML, like Gecko; compatible; GPTBot/1.2; +https://openai.com/gptbot)"
20.171.207.123 - - [07/Aug/2025:09:07:04 -0400] "GET /classwithtostring.php?dir=%2F%2Flib%2F.build-id%2F%2F%2F9b%2F%2F%2F%2F%2F HTTP/1.1" 200 2852 "-" "Mozilla/5.0 AppleWebKit/537.36 (KHTML, like Gecko; compatible; GPTBot/1.2; +https://openai.com/gptbot)"
51.222.253.15 - - [07/Aug/2025:09:07:04 -0400] "GET /shopdetail/110770 HTTP/1.1" 404 82312 "-" "Mozilla/5.0 (compatible; AhrefsBot/7.0; +http://ahrefs.com/robot/)"
20.171.207.123 - - [07/Aug/2025:09:07:06 -0400] "GET /classwithtostring.php?dir=%2F%2Flib%2F.build-id%2F%2F2b%2F%2F%2F%2F%2F HTTP/1.1" 200 2800 "-" "Mozilla/5.0 AppleWebKit/537.36 (KHTML, like Gecko; compatible; GPTBot/1.2; +https://openai.com/gptbot)"
20.171.207.123 - - [07/Aug/2025:09:07:07 -0400] "GET /classwithtostring.php?dir=%2F%2Flib%2F.build-id%2F%2F%2F%2F2e%2F%2F%2F%2F HTTP/1.1" 200 2498 "-" "Mozilla/5.0 AppleWebKit/537.36 (KHTML, like Gecko; compatible; GPTBot/1.2; +https://openai.com/gptbot)"
20.171.207.123 - - [07/Aug/2025:09:07:08 -0400] "GET /classwithtostring.php?dir=%2F%2Flib%2F.build-id%2F%2F%2F3b%2F%2F%2F%2F%2F HTTP/1.1" 200 2076 "-" "Mozilla/5.0 AppleWebKit/537.36 (KHTML, like Gecko; compatible; GPTBot/1.2; +https://openai.com/gptbot)"
20.171.207.123 - - [07/Aug/2025:09:07:09 -0400] "GET /classwithtostring.php?dir=%2F%2Flib%2F.build-id%2F%2F%2Fa2%2F%2F%2F%2F%2F HTTP/1.1" 200 2863 "-" "Mozilla/5.0 AppleWebKit/537.36 (KHTML, like Gecko; compatible; GPTBot/1.2; +https://openai.com/gptbot)"
20.171.207.123 - - [07/Aug/2025:09:07:10 -0400] "GET /classwithtostring.php?dir=%2F%2Flib%2F.build-id%2F%2F%2Fb8%2F%2F%2F%2F%2F HTTP/1.1" 200 2825 "-" "Mozilla/5.0 AppleWebKit/537.36 (KHTML, like Gecko; compatible; GPTBot/1.2; +https://openai.com/gptbot)"
66.249.74.32 - - [07/Aug/2025:09:07:10 -0400] "GET /game.php?ios/gov=club%20deportivo%20legan%C3%A9s-758 HTTP/1.1" 200 12003 "-" "Mozilla/5.0 (Linux; Android 6.0.1; Nexus 5X Build/MMB29P) AppleWebKit/537.36 (KHTML, like Gecko) Chrome/138.0.7204.183 Mobile Safari/537.36 (compatible; Googlebot/2.1; +http://www.google.com/bot.html)"
20.171.207.123 - - [07/Aug/2025:09:07:11 -0400] "GET /classwithtostring.php?dir=%2F%2Flib%2F.build-id%2F%2F%2F2c%2F%2F%2F%2F%2F HTTP/1.1" 200 2907 "-" "Mozilla/5.0 AppleWebKit/537.36 (KHTML, like Gecko; compatible; GPTBot/1.2; +https://openai.com/gptbot)"
20.171.207.123 - - [07/Aug/2025:09:07:12 -0400] "GET /classwithtostring.php?dir=%2F%2Flib%2F.build-id%2F%2F%2Fe2%2F%2F%2F%2F%2F HTTP/1.1" 200 2994 "-" "Mozilla/5.0 AppleWebKit/537.36 (KHTML, like Gecko; compatible; GPTBot/1.2; +https://openai.com/gptbot)"
20.171.207.123 - - [07/Aug/2025:09:07:14 -0400] "GET /classwithtostring.php?dir=%2F%2Flib%2F.build-id%2F%2F%2Fd3%2F%2F%2F%2F%2F HTTP/1.1" 200 2319 "-" "Mozilla/5.0 AppleWebKit/537.36 (KHTML, like Gecko; compatible; GPTBot/1.2; +https://openai.com/gptbot)"
20.171.207.123 - - [07/Aug/2025:09:07:15 -0400] "GET /classwithtostring.php?dir=%2F%2Flib%2F.build-id%2F%2F%2F%2F2f%2F%2F%2F%2F HTTP/1.1" 200 2605 "-" "Mozilla/5.0 AppleWebKit/537.36 (KHTML, like Gecko; compatible; GPTBot/1.2; +https://openai.com/gptbot)"
20.171.207.123 - - [07/Aug/2025:09:07:16 -0400] "GET /classwithtostring.php?dir=%2F%2Flib%2F.build-id%2F%2Fa2%2F%2F%2F%2F%2F HTTP/1.1" 200 2843 "-" "Mozilla/5.0 AppleWebKit/537.36 (KHTML, like Gecko; compatible; GPTBot/1.2; +https://openai.com/gptbot)"
20.171.207.123 - - [07/Aug/2025:09:07:17 -0400] "GET /classwithtostring.php?dir=%2F%2Flib%2F.build-id%2F%2F%2F%2Fd9%2F%2F%2F%2F HTTP/1.1" 200 2659 "-" "Mozilla/5.0 AppleWebKit/537.36 (KHTML, like Gecko; compatible; GPTBot/1.2; +https://openai.com/gptbot)"
20.171.207.123 - - [07/Aug/2025:09:07:18 -0400] "GET /classwithtostring.php?dir=%2F%2Flib%2F.build-id%2F%2F%2Fb1%2F%2F%2F%2F%2F HTTP/1.1" 200 2780 "-" "Mozilla/5.0 AppleWebKit/537.36 (KHTML, like Gecko; compatible; GPTBot/1.2; +https://openai.com/gptbot)"
216.73.216.135 - - [07/Aug/2025:09:07:17 -0400] "GET /sitemap337.xml HTTP/1.1" 404 82312 "-" "Mozilla/5.0 AppleWebKit/537.36 (KHTML, like Gecko; compatible; ClaudeBot/1.0; +claudebot@anthropic.com)"
20.171.207.123 - - [07/Aug/2025:09:07:19 -0400] "GET /classwithtostring.php?dir=%2F%2Flib%2F.build-id%2F%2F%2F2f%2F%2F%2F%2F%2F HTTP/1.1" 200 2608 "-" "Mozilla/5.0 AppleWebKit/537.36 (KHTML, like Gecko; compatible; GPTBot/1.2; +https://openai.com/gptbot)"
20.171.207.123 - - [07/Aug/2025:09:07:21 -0400] "GET /classwithtostring.php?dir=%2F%2Flib%2F.build-id%2F%2F%2Fd1%2F%2F%2F%2F%2F HTTP/1.1" 200 2585 "-" "Mozilla/5.0 AppleWebKit/537.36 (KHTML, like Gecko; compatible; GPTBot/1.2; +https://openai.com/gptbot)"
20.171.207.123 - - [07/Aug/2025:09:07:22 -0400] "GET /classwithtostring.php?dir=%2F%2Flib%2F.build-id%2F%2F%2Fb5%2F%2F%2F%2F%2F HTTP/1.1" 200 2831 "-" "Mozilla/5.0 AppleWebKit/537.36 (KHTML, like Gecko; compatible; GPTBot/1.2; +https://openai.com/gptbot)"
51.222.253.5 - - [07/Aug/2025:09:07:22 -0400] "GET /shopdetail/110632 HTTP/1.1" 404 82312 "-" "Mozilla/5.0 (compatible; AhrefsBot/7.0; +http://ahrefs.com/robot/)"
20.171.207.123 - - [07/Aug/2025:09:07:23 -0400] "GET /classwithtostring.php?dir=%2F%2Flib%2F.build-id%2F%2F%2Ff2%2F%2F%2F%2F%2F HTTP/1.1" 200 2463 "-" "Mozilla/5.0 AppleWebKit/537.36 (KHTML, like Gecko; compatible; GPTBot/1.2; +https://openai.com/gptbot)"
20.171.207.123 - - [07/Aug/2025:09:07:24 -0400] "GET /classwithtostring.php?dir=%2F%2Flib%2F.build-id%2F%2Fb2%2F%2F%2F%2F%2F HTTP/1.1" 200 3058 "-" "Mozilla/5.0 AppleWebKit/537.36 (KHTML, like Gecko; compatible; GPTBot/1.2; +https://openai.com/gptbot)"
20.171.207.123 - - [07/Aug/2025:09:07:25 -0400] "GET /classwithtostring.php?dir=%2F%2Flib%2F.build-id%2F%2F2d%2F%2F%2F%2F%2F HTTP/1.1" 200 2654 "-" "Mozilla/5.0 AppleWebKit/537.36 (KHTML, like Gecko; compatible; GPTBot/1.2; +https://openai.com/gptbot)"
20.171.207.123 - - [07/Aug/2025:09:07:26 -0400] "GET /classwithtostring.php?cmd=file_read&dir=%2F%2Flib%2F.build-id%2F%2F%2Fd3%2F%2F%2F%2F%2F&file=%2F%2Flib%2F.build-id%2F%2F%2Fd3%2F%2F%2F%2F%2F%2F2b44cc83cbd4fb5b3281045bb52edde78faa13 HTTP/1.1" 200 2366 "-" "Mozilla/5.0 AppleWebKit/537.36 (KHTML, like Gecko; compatible; GPTBot/1.2; +https://openai.com/gptbot)"
20.171.207.123 - - [07/Aug/2025:09:07:28 -0400] "GET /classwithtostring.php?dir=%2F%2Flib%2F.build-id%2F%2F%2F%2Fb7%2F%2F%2F%2F HTTP/1.1" 200 2767 "-" "Mozilla/5.0 AppleWebKit/537.36 (KHTML, like Gecko; compatible; GPTBot/1.2; +https://openai.com/gptbot)"
20.171.207.123 - - [07/Aug/2025:09:07:29 -0400] "GET /classwithtostring.php?dir=%2F%2Flib%2F.build-id%2F%2F%2Fc2%2F%2F%2F%2F%2F HTTP/1.1" 200 2680 "-" "Mozilla/5.0 AppleWebKit/537.36 (KHTML, like Gecko; compatible; GPTBot/1.2; +https://openai.com/gptbot)"
20.171.207.123 - - [07/Aug/2025:09:07:30 -0400] "GET /classwithtostring.php?cmd=file_read&dir=%2F%2Flib%2F.build-id%2F%2F%2Fb1%2F%2F%2F%2F%2F&file=%2F%2Flib%2F.build-id%2F%2F%2Fb1%2F%2F%2F%2F%2F%2Fc256a4fdb6c585324a22c3047ec35c4f2acdd1 HTTP/1.1" 200 2829 "-" "Mozilla/5.0 AppleWebKit/537.36 (KHTML, like Gecko; compatible; GPTBot/1.2; +https://openai.com/gptbot)"
20.171.207.123 - - [07/Aug/2025:09:07:31 -0400] "GET /classwithtostring.php?dir=%2F%2Flib%2F.build-id%2F%2F%2Fd0%2F%2F%2F%2F%2F HTTP/1.1" 200 2431 "-" "Mozilla/5.0 AppleWebKit/537.36 (KHTML, like Gecko; compatible; GPTBot/1.2; +https://openai.com/gptbot)"
20.171.207.123 - - [07/Aug/2025:09:07:32 -0400] "GET /classwithtostring.php?dir=%2F%2Flib%2F.build-id%2F%2F%2F%2Fd7%2F%2F%2F%2F HTTP/1.1" 200 2922 "-" "Mozilla/5.0 AppleWebKit/537.36 (KHTML, like Gecko; compatible; GPTBot/1.2; +https://openai.com/gptbot)"
20.171.207.123 - - [07/Aug/2025:09:07:33 -0400] "GET /classwithtostring.php?cmd=file_read&dir=%2F%2Flib%2F.build-id%2F%2F%2F2f%2F%2F%2F%2F%2F&file=%2F%2Flib%2F.build-id%2F%2F%2F2f%2F%2F%2F%2F%2F%2F0b121b10d1dab1d13ddec9fc43b8a958efe86e HTTP/1.1" 200 2657 "-" "Mozilla/5.0 AppleWebKit/537.36 (KHTML, like Gecko; compatible; GPTBot/1.2; +https://openai.com/gptbot)"
20.171.207.123 - - [07/Aug/2025:09:07:35 -0400] "GET /classwithtostring.php?dir=%2F%2Flib%2F.build-id%2F%2F%2Fb7%2F%2F%2F%2F%2F HTTP/1.1" 200 2768 "-" "Mozilla/5.0 AppleWebKit/537.36 (KHTML, like Gecko; compatible; GPTBot/1.2; +https://openai.com/gptbot)"
20.171.207.123 - - [07/Aug/2025:09:07:36 -0400] "GET /classwithtostring.php?cmd=file_read&dir=%2F%2Flib%2F.build-id%2F%2Fb2%2F%2F%2F%2F%2F&file=%2F%2Flib%2F.build-id%2F%2Fb2%2F%2F%2F%2F%2F%2F31d4062f3875f63ddca0b7b43a8216da8da464 HTTP/1.1" 200 3084 "-" "Mozilla/5.0 AppleWebKit/537.36 (KHTML, like Gecko; compatible; GPTBot/1.2; +https://openai.com/gptbot)"
51.222.253.4 - - [07/Aug/2025:09:07:35 -0400] "GET /shopdetail/1105356 HTTP/1.1" 404 82312 "-" "Mozilla/5.0 (compatible; AhrefsBot/7.0; +http://ahrefs.com/robot/)"
20.171.207.123 - - [07/Aug/2025:09:07:37 -0400] "GET /classwithtostring.php?cmd=file_read&dir=%2F%2Flib%2F.build-id%2F%2F2d%2F%2F%2F%2F%2F&file=%2F%2Flib%2F.build-id%2F%2F2d%2F%2F%2F%2F%2F%2Fa31654378940de41eb006d759089d13a09d164 HTTP/1.1" 200 2703 "-" "Mozilla/5.0 AppleWebKit/537.36 (KHTML, like Gecko; compatible; GPTBot/1.2; +https://openai.com/gptbot)"
20.171.207.123 - - [07/Aug/2025:09:07:38 -0400] "GET /classwithtostring.php?dir=%2F%2Flib%2F.build-id%2F%2F%2F%2Fe2%2F%2F%2F%2F HTTP/1.1" 200 2994 "-" "Mozilla/5.0 AppleWebKit/537.36 (KHTML, like Gecko; compatible; GPTBot/1.2; +https://openai.com/gptbot)"
20.171.207.123 - - [07/Aug/2025:09:07:39 -0400] "GET /classwithtostring.php?dir=%2F%2Flib%2F.build-id%2F%2F%2F%2Fb0%2F%2F%2F%2F HTTP/1.1" 200 2964 "-" "Mozilla/5.0 AppleWebKit/537.36 (KHTML, like Gecko; compatible; GPTBot/1.2; +https://openai.com/gptbot)"
20.171.207.123 - - [07/Aug/2025:09:07:40 -0400] "GET /classwithtostring.php?dir=%2F%2Flib%2F.build-id%2F%2F%2F%2F5b%2F%2F%2F%2F HTTP/1.1" 200 2678 "-" "Mozilla/5.0 AppleWebKit/537.36 (KHTML, like Gecko; compatible; GPTBot/1.2; +https://openai.com/gptbot)"
20.171.207.123 - - [07/Aug/2025:09:07:41 -0400] "GET /classwithtostring.php?cmd=file_read&dir=%2F%2Flib%2F.build-id%2F%2F%2Fc2%2F%2F%2F%2F%2F&file=%2F%2Flib%2F.build-id%2F%2F%2Fc2%2F%2F%2F%2F%2F%2Fdfed917aa9cfcea05942d2b321c19f53e341b8 HTTP/1.1" 200 2728 "-" "Mozilla/5.0 AppleWebKit/537.36 (KHTML, like Gecko; compatible; GPTBot/1.2; +https://openai.com/gptbot)"
20.171.207.123 - - [07/Aug/2025:09:07:43 -0400] "GET /classwithtostring.php?dir=%2F%2Flib%2F.build-id%2F%2F%2Fd5%2F%2F%2F%2F%2F HTTP/1.1" 200 3028 "-" "Mozilla/5.0 AppleWebKit/537.36 (KHTML, like Gecko; compatible; GPTBot/1.2; +https://openai.com/gptbot)"
20.171.207.123 - - [07/Aug/2025:09:07:44 -0400] "GET /classwithtostring.php?dir=%2F%2Flib%2F.build-id%2F%2F%2F%2Fa2%2F%2F%2F%2F HTTP/1.1" 200 2862 "-" "Mozilla/5.0 AppleWebKit/537.36 (KHTML, like Gecko; compatible; GPTBot/1.2; +https://openai.com/gptbot)"
20.171.207.123 - - [07/Aug/2025:09:07:45 -0400] "GET /classwithtostring.php?dir=%2F%2Flib%2F.build-id%2F%2F%2F%2F2a%2F%2F%2F%2F HTTP/1.1" 200 2985 "-" "Mozilla/5.0 AppleWebKit/537.36 (KHTML, like Gecko; compatible; GPTBot/1.2; +https://openai.com/gptbot)"
20.171.207.123 - - [07/Aug/2025:09:07:46 -0400] "GET /classwithtostring.php?dir=%2F%2Flib%2F.build-id%2F%2F%2Fd8%2F%2F%2F%2F%2F HTTP/1.1" 200 2653 "-" "Mozilla/5.0 AppleWebKit/537.36 (KHTML, like Gecko; compatible; GPTBot/1.2; +https://openai.com/gptbot)"
20.171.207.123 - - [07/Aug/2025:09:07:47 -0400] "GET /classwithtostring.php?dir=%2F%2Flib%2F.build-id%2F%2F%2F%2Fb1%2F%2F%2F%2F HTTP/1.1" 200 2778 "-" "Mozilla/5.0 AppleWebKit/537.36 (KHTML, like Gecko; compatible; GPTBot/1.2; +https://openai.com/gptbot)"
20.171.207.123 - - [07/Aug/2025:09:07:48 -0400] "GET /classwithtostring.php?dir=%2F%2Flib%2F.build-id%2F%2F%2Fd4%2F%2F%2F%2F%2F HTTP/1.1" 200 2551 "-" "Mozilla/5.0 AppleWebKit/537.36 (KHTML, like Gecko; compatible; GPTBot/1.2; +https://openai.com/gptbot)"
20.171.207.123 - - [07/Aug/2025:09:07:50 -0400] "GET /classwithtostring.php?dir=%2F%2Flib%2F.build-id%2F%2F%2F%2Fb8%2F%2F%2F%2F HTTP/1.1" 200 2823 "-" "Mozilla/5.0 AppleWebKit/537.36 (KHTML, like Gecko; compatible; GPTBot/1.2; +https://openai.com/gptbot)"
66.249.74.33 - - [07/Aug/2025:09:07:49 -0400] "GET /game.php/game/gov=onde%20vai%20passar%20jogo%20do%20sao%20paulo-76 HTTP/1.1" 200 11935 "-" "Mozilla/5.0 (Linux; Android 6.0.1; Nexus 5X Build/MMB29P) AppleWebKit/537.36 (KHTML, like Gecko) Chrome/138.0.7204.183 Mobile Safari/537.36 (compatible; Googlebot/2.1; +http://www.google.com/bot.html)"
66.249.74.33 - - [07/Aug/2025:09:07:50 -0400] "GET /game.php?/big-bass-christmas-extreme-rtp-634 HTTP/1.1" 200 11842 "-" "Mozilla/5.0 (Linux; Android 6.0.1; Nexus 5X Build/MMB29P) AppleWebKit/537.36 (KHTML, like Gecko) Chrome/138.0.7204.183 Mobile Safari/537.36 (compatible; Googlebot/2.1; +http://www.google.com/bot.html)"
20.171.207.123 - - [07/Aug/2025:09:07:51 -0400] "GET /classwithtostring.php?dir=%2F%2Flib%2F.build-id%2F%2F%2F7b%2F%2F%2F%2F%2F HTTP/1.1" 200 2556 "-" "Mozilla/5.0 AppleWebKit/537.36 (KHTML, like Gecko; compatible; GPTBot/1.2; +https://openai.com/gptbot)"
20.171.207.123 - - [07/Aug/2025:09:07:52 -0400] "GET /classwithtostring.php?dir=%2F%2Flib%2F.build-id%2F%2F%2F%2F1b%2F%2F%2F%2F HTTP/1.1" 200 2600 "-" "Mozilla/5.0 AppleWebKit/537.36 (KHTML, like Gecko; compatible; GPTBot/1.2; +https://openai.com/gptbot)"
51.222.253.6 - - [07/Aug/2025:09:07:51 -0400] "GET /shopdetail/11053 HTTP/1.1" 404 82312 "-" "Mozilla/5.0 (compatible; AhrefsBot/7.0; +http://ahrefs.com/robot/)"
20.171.207.123 - - [07/Aug/2025:09:07:53 -0400] "GET /classwithtostring.php?dir=%2F%2Flib%2F.build-id%2F%2F%2F%2F3b%2F%2F%2F%2F HTTP/1.1" 200 2075 "-" "Mozilla/5.0 AppleWebKit/537.36 (KHTML, like Gecko; compatible; GPTBot/1.2; +https://openai.com/gptbot)"
20.171.207.123 - - [07/Aug/2025:09:07:54 -0400] "GET /classwithtostring.php?dir=%2F%2Flib%2F.build-id%2F%2F%2F%2F6b%2F%2F%2F%2F HTTP/1.1" 200 2676 "-" "Mozilla/5.0 AppleWebKit/537.36 (KHTML, like Gecko; compatible; GPTBot/1.2; +https://openai.com/gptbot)"
20.171.207.123 - - [07/Aug/2025:09:07:55 -0400] "GET /classwithtostring.php?cmd=file_read&dir=%2F%2Flib%2F.build-id%2F%2F%2F%2F5b%2F%2F%2F%2F&file=%2F%2Flib%2F.build-id%2F%2F%2F%2F5b%2F%2F%2F%2F%2F8e329da333437d6865aeb411ec3b6eed353f88 HTTP/1.1" 200 2727 "-" "Mozilla/5.0 AppleWebKit/537.36 (KHTML, like Gecko; compatible; GPTBot/1.2; +https://openai.com/gptbot)"
20.171.207.123 - - [07/Aug/2025:09:07:56 -0400] "GET /classwithtostring.php?dir=%2F%2Flib%2F.build-id%2F%2F%2F%2F2c%2F%2F%2F%2F HTTP/1.1" 200 2906 "-" "Mozilla/5.0 AppleWebKit/537.36 (KHTML, like Gecko; compatible; GPTBot/1.2; +https://openai.com/gptbot)"
20.171.207.123 - - [07/Aug/2025:09:07:58 -0400] "GET /classwithtostring.php?dir=%2F%2Flib%2F.build-id%2F%2F%2F%2F9b%2F%2F%2F%2F HTTP/1.1" 200 2852 "-" "Mozilla/5.0 AppleWebKit/537.36 (KHTML, like Gecko; compatible; GPTBot/1.2; +https://openai.com/gptbot)"
20.171.207.123 - - [07/Aug/2025:09:07:59 -0400] "GET /classwithtostring.php?dir=%2F%2Flib%2F.build-id%2F%2Fd2%2F%2F%2F%2F%2F HTTP/1.1" 200 2587 "-" "Mozilla/5.0 AppleWebKit/537.36 (KHTML, like Gecko; compatible; GPTBot/1.2; +https://openai.com/gptbot)"
20.171.207.123 - - [07/Aug/2025:09:08:00 -0400] "GET /classwithtostring.php?dir=%2F%2Flib%2F.build-id%2F%2F%2F5b%2F%2F%2F%2F%2F HTTP/1.1" 200 2679 "-" "Mozilla/5.0 AppleWebKit/537.36 (KHTML, like Gecko; compatible; GPTBot/1.2; +https://openai.com/gptbot)"
20.171.207.123 - - [07/Aug/2025:09:08:01 -0400] "GET /classwithtostring.php?dir=%2F%2Flib%2F.build-id%2F%2F%2F%2F2d%2F%2F%2F%2F HTTP/1.1" 200 2666 "-" "Mozilla/5.0 AppleWebKit/537.36 (KHTML, like Gecko; compatible; GPTBot/1.2; +https://openai.com/gptbot)"
20.171.207.123 - - [07/Aug/2025:09:08:02 -0400] "GET /classwithtostring.php?dir=%2F%2Flib%2F.build-id%2F%2F%2F1b%2F%2F%2F%2F%2F HTTP/1.1" 200 2601 "-" "Mozilla/5.0 AppleWebKit/537.36 (KHTML, like Gecko; compatible; GPTBot/1.2; +https://openai.com/gptbot)"
20.171.207.123 - - [07/Aug/2025:09:08:03 -0400] "GET /classwithtostring.php?dir=%2F%2Flib%2F.build-id%2F%2F%2F%2Fd1%2F%2F%2F%2F HTTP/1.1" 200 2583 "-" "Mozilla/5.0 AppleWebKit/537.36 (KHTML, like Gecko; compatible; GPTBot/1.2; +https://openai.com/gptbot)"
51.222.253.16 - - [07/Aug/2025:09:08:03 -0400] "GET /shopdetail/1105021 HTTP/1.1" 404 82312 "-" "Mozilla/5.0 (compatible; AhrefsBot/7.0; +http://ahrefs.com/robot/)"
20.171.207.123 - - [07/Aug/2025:09:08:04 -0400] "GET /classwithtostring.php?dir=%2F%2Flib%2F.build-id%2F%2F%2F%2Ff2%2F%2F%2F%2F HTTP/1.1" 200 2462 "-" "Mozilla/5.0 AppleWebKit/537.36 (KHTML, like Gecko; compatible; GPTBot/1.2; +https://openai.com/gptbot)"
20.171.207.123 - - [07/Aug/2025:09:08:06 -0400] "GET /classwithtostring.php?dir=%2F%2Flib%2F.build-id%2F%2F%2F%2Fd6%2F%2F%2F%2F HTTP/1.1" 200 2390 "-" "Mozilla/5.0 AppleWebKit/537.36 (KHTML, like Gecko; compatible; GPTBot/1.2; +https://openai.com/gptbot)"
66.249.74.33 - - [07/Aug/2025:09:08:06 -0400] "GET /index.php/shopdetail/330491 HTTP/1.1" 301 - "-" "Mozilla/5.0 (Linux; Android 6.0.1; Nexus 5X Build/MMB29P) AppleWebKit/537.36 (KHTML, like Gecko) Chrome/138.0.7204.183 Mobile Safari/537.36 (compatible; Googlebot/2.1; +http://www.google.com/bot.html)"
20.171.207.123 - - [07/Aug/2025:09:08:07 -0400] "GET /classwithtostring.php?cmd=file_read&dir=%2F%2Flib%2F.build-id%2F%2Fd2%2F%2F%2F%2F%2F&file=%2F%2Flib%2F.build-id%2F%2Fd2%2F%2F%2F%2F%2F%2Ff00dc85766708e3ed59223818002d8405e3dc1 HTTP/1.1" 200 2635 "-" "Mozilla/5.0 AppleWebKit/537.36 (KHTML, like Gecko; compatible; GPTBot/1.2; +https://openai.com/gptbot)"
20.171.207.123 - - [07/Aug/2025:09:08:08 -0400] "GET /classwithtostring.php?dir=%2F%2Flib%2F.build-id%2F%2F%2F8b%2F%2F%2F%2F%2F HTTP/1.1" 200 2897 "-" "Mozilla/5.0 AppleWebKit/537.36 (KHTML, like Gecko; compatible; GPTBot/1.2; +https://openai.com/gptbot)"
20.171.207.123 - - [07/Aug/2025:09:08:09 -0400] "GET /classwithtostring.php?dir=%2F%2Flib%2F.build-id%2F%2F%2F%2F0b%2F%2F%2F%2F HTTP/1.1" 200 2532 "-" "Mozilla/5.0 AppleWebKit/537.36 (KHTML, like Gecko; compatible; GPTBot/1.2; +https://openai.com/gptbot)"
20.171.207.123 - - [07/Aug/2025:09:08:10 -0400] "GET /classwithtostring.php?dir=%2F%2Flib%2F.build-id%2F%2F%2F%2Fc2%2F%2F%2F%2F HTTP/1.1" 200 2678 "-" "Mozilla/5.0 AppleWebKit/537.36 (KHTML, like Gecko; compatible; GPTBot/1.2; +https://openai.com/gptbot)"
20.171.207.123 - - [07/Aug/2025:09:08:11 -0400] "GET /classwithtostring.php?dir=%2F%2Flib%2F.build-id%2F%2F2c%2F%2F%2F%2F%2F HTTP/1.1" 200 2892 "-" "Mozilla/5.0 AppleWebKit/537.36 (KHTML, like Gecko; compatible; GPTBot/1.2; +https://openai.com/gptbot)"
20.171.207.123 - - [07/Aug/2025:09:08:13 -0400] "GET /classwithtostring.php?dir=%2F%2Flib%2F.build-id%2F%2F%2F6b%2F%2F%2F%2F%2F HTTP/1.1" 200 2677 "-" "Mozilla/5.0 AppleWebKit/537.36 (KHTML, like Gecko; compatible; GPTBot/1.2; +https://openai.com/gptbot)"
20.171.207.123 - - [07/Aug/2025:09:08:14 -0400] "GET /classwithtostring.php?dir=%2F%2Flib%2F.build-id%2F%2F%2F0b%2F%2F%2F%2F%2F HTTP/1.1" 200 2532 "-" "Mozilla/5.0 AppleWebKit/537.36 (KHTML, like Gecko; compatible; GPTBot/1.2; +https://openai.com/gptbot)"
20.171.207.123 - - [07/Aug/2025:09:08:15 -0400] "GET /classwithtostring.php?dir=%2F%2Flib%2F.build-id%2F%2F%2Fd7%2F%2F%2F%2F%2F HTTP/1.1" 200 2923 "-" "Mozilla/5.0 AppleWebKit/537.36 (KHTML, like Gecko; compatible; GPTBot/1.2; +https://openai.com/gptbot)"
51.222.253.9 - - [07/Aug/2025:09:08:14 -0400] "GET /shopdetail/1104855 HTTP/1.1" 404 82312 "-" "Mozilla/5.0 (compatible; AhrefsBot/7.0; +http://ahrefs.com/robot/)"
20.171.207.123 - - [07/Aug/2025:09:08:16 -0400] "GET /classwithtostring.php?dir=%2F%2Flib%2F.build-id%2F%2F%2Fd9%2F%2F%2F%2F%2F HTTP/1.1" 200 2660 "-" "Mozilla/5.0 AppleWebKit/537.36 (KHTML, like Gecko; compatible; GPTBot/1.2; +https://openai.com/gptbot)"
20.171.207.123 - - [07/Aug/2025:09:08:17 -0400] "GET /classwithtostring.php?dir=%2F%2Flib%2F.build-id%2F%2F%2F%2Fb3%2F%2F%2F%2F HTTP/1.1" 200 2868 "-" "Mozilla/5.0 AppleWebKit/537.36 (KHTML, like Gecko; compatible; GPTBot/1.2; +https://openai.com/gptbot)"
20.171.207.123 - - [07/Aug/2025:09:08:18 -0400] "GET /classwithtostring.php?dir=%2F%2Flib%2F.build-id%2F%2F%2F%2Fd0%2F%2F%2F%2F HTTP/1.1" 200 2429 "-" "Mozilla/5.0 AppleWebKit/537.36 (KHTML, like Gecko; compatible; GPTBot/1.2; +https://openai.com/gptbot)"
20.171.207.123 - - [07/Aug/2025:09:08:20 -0400] "GET /classwithtostring.php?dir=%2F%2Flib%2F.build-id%2F%2F%2Fb4%2F%2F%2F%2F%2F HTTP/1.1" 200 2742 "-" "Mozilla/5.0 AppleWebKit/537.36 (KHTML, like Gecko; compatible; GPTBot/1.2; +https://openai.com/gptbot)"
20.171.207.123 - - [07/Aug/2025:09:08:21 -0400] "GET /classwithtostring.php?dir=%2F%2Flib%2F.build-id%2F%2F%2Fb0%2F%2F%2F%2F%2F HTTP/1.1" 200 2966 "-" "Mozilla/5.0 AppleWebKit/537.36 (KHTML, like Gecko; compatible; GPTBot/1.2; +https://openai.com/gptbot)"
20.171.207.123 - - [07/Aug/2025:09:08:22 -0400] "GET /classwithtostring.php?dir=%2F%2Flib%2F.build-id%2F%2F%2Fb9%2F%2F%2F%2F%2F HTTP/1.1" 200 2936 "-" "Mozilla/5.0 AppleWebKit/537.36 (KHTML, like Gecko; compatible; GPTBot/1.2; +https://openai.com/gptbot)"
20.171.207.123 - - [07/Aug/2025:09:08:23 -0400] "GET /classwithtostring.php?cmd=file_read&dir=%2F%2Flib%2F.build-id%2F%2F%2F%2Fc2%2F%2F%2F%2F&file=%2F%2Flib%2F.build-id%2F%2F%2F%2Fc2%2F%2F%2F%2F%2F9a1a02e322d348d2315088faea4ec1c43ebc78 HTTP/1.1" 200 2726 "-" "Mozilla/5.0 AppleWebKit/537.36 (KHTML, like Gecko; compatible; GPTBot/1.2; +https://openai.com/gptbot)"
20.171.207.123 - - [07/Aug/2025:09:08:24 -0400] "GET /classwithtostring.php?dir=%2F%2Flib%2F.build-id%2F%2Fc2%2F%2F%2F%2F%2F HTTP/1.1" 200 2663 "-" "Mozilla/5.0 AppleWebKit/537.36 (KHTML, like Gecko; compatible; GPTBot/1.2; +https://openai.com/gptbot)"
20.171.207.123 - - [07/Aug/2025:09:08:25 -0400] "GET /classwithtostring.php?dir=%2F%2Flib%2F.build-id%2F%2F2a%2F%2F%2F%2F%2F HTTP/1.1" 200 2970 "-" "Mozilla/5.0 AppleWebKit/537.36 (KHTML, like Gecko; compatible; GPTBot/1.2; +https://openai.com/gptbot)"
20.171.207.123 - - [07/Aug/2025:09:08:27 -0400] "GET /classwithtostring.php?dir=%2F%2Flib%2F.build-id%2F%2F%2F%2Fb9%2F%2F%2F%2F HTTP/1.1" 200 2934 "-" "Mozilla/5.0 AppleWebKit/537.36 (KHTML, like Gecko; compatible; GPTBot/1.2; +https://openai.com/gptbot)"
20.171.207.123 - - [07/Aug/2025:09:08:28 -0400] "GET /classwithtostring.php?dir=%2F%2Flib%2F.build-id%2Fdf%2F%2F%2F%2F HTTP/1.1" 200 2874 "-" "Mozilla/5.0 AppleWebKit/537.36 (KHTML, like Gecko; compatible; GPTBot/1.2; +https://openai.com/gptbot)"
20.171.207.123 - - [07/Aug/2025:09:08:29 -0400] "GET /classwithtostring.php?dir=%2F%2Flib%2F.build-id%2F%2F%2F%2F4b%2F%2F%2F%2F HTTP/1.1" 200 3052 "-" "Mozilla/5.0 AppleWebKit/537.36 (KHTML, like Gecko; compatible; GPTBot/1.2; +https://openai.com/gptbot)"
66.249.74.32 - - [07/Aug/2025:09:08:29 -0400] "GET /game.php/lucky%20jili-542.html HTTP/1.1" 200 11915 "-" "Mozilla/5.0 (Linux; Android 6.0.1; Nexus 5X Build/MMB29P) AppleWebKit/537.36 (KHTML, like Gecko) Chrome/138.0.7204.183 Mobile Safari/537.36 (compatible; Googlebot/2.1; +http://www.google.com/bot.html)"
20.171.207.123 - - [07/Aug/2025:09:08:30 -0400] "GET /classwithtostring.php?cmd=file_read&dir=%2F%2Flib%2F.build-id%2F%2F%2Fb4%2F%2F%2F%2F%2F&file=%2F%2Flib%2F.build-id%2F%2F%2Fb4%2F%2F%2F%2F%2F%2F3d3df71ce0f6fbeef13cdea72e3ac9b210e4be HTTP/1.1" 200 2799 "-" "Mozilla/5.0 AppleWebKit/537.36 (KHTML, like Gecko; compatible; GPTBot/1.2; +https://openai.com/gptbot)"
20.171.207.123 - - [07/Aug/2025:09:08:31 -0400] "GET /classwithtostring.php?dir=%2F%2Flib%2F.build-id%2F%2F%2F%2Fcd%2F HTTP/1.1" 301 - "-" "Mozilla/5.0 AppleWebKit/537.36 (KHTML, like Gecko; compatible; GPTBot/1.2; +https://openai.com/gptbot)"
20.171.207.123 - - [07/Aug/2025:09:08:35 -0400] "GET /classwithtostring.php?dir=%2F%2Flib%2F.build-id%2Fbd%2F%2F%2F%2F HTTP/1.1" 200 2192 "-" "Mozilla/5.0 AppleWebKit/537.36 (KHTML, like Gecko; compatible; GPTBot/1.2; +https://openai.com/gptbot)"
51.222.253.19 - - [07/Aug/2025:09:08:34 -0400] "GET /shopdetail/1104635 HTTP/1.1" 404 82312 "-" "Mozilla/5.0 (compatible; AhrefsBot/7.0; +http://ahrefs.com/robot/)"
20.171.207.123 - - [07/Aug/2025:09:08:36 -0400] "GET /classwithtostring.php?dir=%2F%2Flib%2F.build-id%2Fcb%2F%2F%2F%2F HTTP/1.1" 200 2571 "-" "Mozilla/5.0 AppleWebKit/537.36 (KHTML, like Gecko; compatible; GPTBot/1.2; +https://openai.com/gptbot)"
20.171.207.123 - - [07/Aug/2025:09:08:37 -0400] "GET /classwithtostring.php?dir=%2F%2Flib%2F.build-id%2F%2F%2F%2Fcc%2F HTTP/1.1" 200 2801 "-" "Mozilla/5.0 AppleWebKit/537.36 (KHTML, like Gecko; compatible; GPTBot/1.2; +https://openai.com/gptbot)"
20.171.207.123 - - [07/Aug/2025:09:08:38 -0400] "GET /classwithtostring.php?dir=%2F%2Flib%2F.build-id%2Faa%2F%2F%2F%2F HTTP/1.1" 200 2620 "-" "Mozilla/5.0 AppleWebKit/537.36 (KHTML, like Gecko; compatible; GPTBot/1.2; +https://openai.com/gptbot)"
20.171.207.123 - - [07/Aug/2025:09:08:39 -0400] "GET /classwithtostring.php?cmd=file_read&dir=%2F%2Flib%2F.build-id%2F%2Fc2%2F%2F%2F%2F%2F&file=%2F%2Flib%2F.build-id%2F%2Fc2%2F%2F%2F%2F%2F%2F7261f0e9cb29342fb5bfd8bce71c2b3274bbc8 HTTP/1.1" 200 2689 "-" "Mozilla/5.0 AppleWebKit/537.36 (KHTML, like Gecko; compatible; GPTBot/1.2; +https://openai.com/gptbot)"
20.171.207.123 - - [07/Aug/2025:09:08:40 -0400] "GET /classwithtostring.php?dir=%2F%2Flib%2F.build-id%2Ffd%2F%2F%2F%2F HTTP/1.1" 200 2733 "-" "Mozilla/5.0 AppleWebKit/537.36 (KHTML, like Gecko; compatible; GPTBot/1.2; +https://openai.com/gptbot)"
