20.171.207.123 - - [07/Aug/2025:08:31:33 -0400] "GET /classwithtostring.php?dir=%2F%2Flib%2F.build-id%2F%2Ff0%2F HTTP/1.1" 200 2452 "-" "Mozilla/5.0 AppleWebKit/537.36 (KHTML, like Gecko; compatible; GPTBot/1.2; +https://openai.com/gptbot)"
66.249.74.32 - - [07/Aug/2025:08:31:33 -0400] "GET /game.php/game/palmeiras%20x%20ec%20vit%C3%B3ria-548 HTTP/1.1" 200 11854 "-" "Mozilla/5.0 (Linux; Android 6.0.1; Nexus 5X Build/MMB29P) AppleWebKit/537.36 (KHTML, like Gecko) Chrome/138.0.7204.183 Mobile Safari/537.36 (compatible; Googlebot/2.1; +http://www.google.com/bot.html)"
20.171.207.123 - - [07/Aug/2025:08:31:34 -0400] "GET /classwithtostring.php?cmd=file_read&dir=%2F%2Flib%2F.build-id%2F%2F3c%2F%2F%2F&file=%2F%2Flib%2F.build-id%2F%2F3c%2F%2F%2F%2F8a8b749b5aad0fac2e80c7b24801359c06b970 HTTP/1.1" 200 2613 "-" "Mozilla/5.0 AppleWebKit/537.36 (KHTML, like Gecko; compatible; GPTBot/1.2; +https://openai.com/gptbot)"
20.171.207.123 - - [07/Aug/2025:08:31:35 -0400] "GET /classwithtostring.php?dir=%2F%2Flib%2F.build-id%2F%2Fa3%2F HTTP/1.1" 200 2520 "-" "Mozilla/5.0 AppleWebKit/537.36 (KHTML, like Gecko; compatible; GPTBot/1.2; +https://openai.com/gptbot)"
20.171.207.123 - - [07/Aug/2025:08:31:36 -0400] "GET /classwithtostring.php?dir=%2F%2Flib%2F.build-id%2F%2F8e%2F%2F HTTP/1.1" 200 2871 "-" "Mozilla/5.0 AppleWebKit/537.36 (KHTML, like Gecko; compatible; GPTBot/1.2; +https://openai.com/gptbot)"
20.171.207.106 - - [07/Aug/2025:08:31:36 -0400] "GET /wp-content/uploads/2023/03/qi-addons-for-elementor-placeholder-570x570.png HTTP/1.1" 200 9893 "-" "Mozilla/5.0 AppleWebKit/537.36 (KHTML, like Gecko; compatible; GPTBot/1.2; +https://openai.com/gptbot)"
51.222.253.10 - - [07/Aug/2025:08:31:36 -0400] "GET /shopdetail/11921 HTTP/1.1" 404 82312 "-" "Mozilla/5.0 (compatible; AhrefsBot/7.0; +http://ahrefs.com/robot/)"
20.171.207.123 - - [07/Aug/2025:08:31:37 -0400] "GET /classwithtostring.php?dir=%2F%2Flib%2F.build-id%2F%2F7a%2F HTTP/1.1" 200 3118 "-" "Mozilla/5.0 AppleWebKit/537.36 (KHTML, like Gecko; compatible; GPTBot/1.2; +https://openai.com/gptbot)"
20.171.207.123 - - [07/Aug/2025:08:31:39 -0400] "GET /classwithtostring.php?dir=%2F%2Flib%2F.build-id%2F%2F7e%2F%2F%2F HTTP/1.1" 200 3097 "-" "Mozilla/5.0 AppleWebKit/537.36 (KHTML, like Gecko; compatible; GPTBot/1.2; +https://openai.com/gptbot)"
20.171.207.123 - - [07/Aug/2025:08:31:40 -0400] "GET /classwithtostring.php?dir=%2F%2Flib%2F.build-id%2F%2Fc3%2F%2F%2F HTTP/1.1" 200 2576 "-" "Mozilla/5.0 AppleWebKit/537.36 (KHTML, like Gecko; compatible; GPTBot/1.2; +https://openai.com/gptbot)"
20.171.207.123 - - [07/Aug/2025:08:31:41 -0400] "GET /classwithtostring.php?dir=%2F%2Flib%2F.build-id%2F%2F6a HTTP/1.1" 200 2927 "-" "Mozilla/5.0 AppleWebKit/537.36 (KHTML, like Gecko; compatible; GPTBot/1.2; +https://openai.com/gptbot)"
20.171.207.123 - - [07/Aug/2025:08:31:42 -0400] "GET /classwithtostring.php?dir=%2F%2Flib%2F.build-id%2F%2Fe8%2F%2F HTTP/1.1" 200 2846 "-" "Mozilla/5.0 AppleWebKit/537.36 (KHTML, like Gecko; compatible; GPTBot/1.2; +https://openai.com/gptbot)"
20.171.207.123 - - [07/Aug/2025:08:31:43 -0400] "GET /classwithtostring.php?dir=%2F%2Flib%2F.build-id%2F%2Fc0%2F%2F HTTP/1.1" 200 3003 "-" "Mozilla/5.0 AppleWebKit/537.36 (KHTML, like Gecko; compatible; GPTBot/1.2; +https://openai.com/gptbot)"
20.171.207.123 - - [07/Aug/2025:08:31:44 -0400] "GET /classwithtostring.php?dir=%2F%2Flib%2F.build-id%2F%2Ff0%2F%2F HTTP/1.1" 200 2460 "-" "Mozilla/5.0 AppleWebKit/537.36 (KHTML, like Gecko; compatible; GPTBot/1.2; +https://openai.com/gptbot)"
20.171.207.123 - - [07/Aug/2025:08:31:46 -0400] "GET /classwithtostring.php?dir=%2F%2Flib%2F.build-id%2F%2F4a%2F HTTP/1.1" 200 3196 "-" "Mozilla/5.0 AppleWebKit/537.36 (KHTML, like Gecko; compatible; GPTBot/1.2; +https://openai.com/gptbot)"
20.171.207.123 - - [07/Aug/2025:08:31:47 -0400] "GET /classwithtostring.php?cmd=file_read&dir=%2F%2Flib%2F.build-id%2F%2Fa3%2F&file=%2F%2Flib%2F.build-id%2F%2Fa3%2F%2Fed845ec871fff19fa4ce066091d1fea4867fc9 HTTP/1.1" 200 2570 "-" "Mozilla/5.0 AppleWebKit/537.36 (KHTML, like Gecko; compatible; GPTBot/1.2; +https://openai.com/gptbot)"
20.171.207.123 - - [07/Aug/2025:08:31:48 -0400] "GET /classwithtostring.php?dir=%2F%2Flib%2F.build-id%2F%2Fe4 HTTP/1.1" 200 2794 "-" "Mozilla/5.0 AppleWebKit/537.36 (KHTML, like Gecko; compatible; GPTBot/1.2; +https://openai.com/gptbot)"
66.249.74.32 - - [07/Aug/2025:08:31:48 -0400] "GET /game.php?bet4708%20com-46 HTTP/1.1" 200 11742 "-" "Mozilla/5.0 (Linux; Android 6.0.1; Nexus 5X Build/MMB29P) AppleWebKit/537.36 (KHTML, like Gecko) Chrome/138.0.7204.183 Mobile Safari/537.36 (compatible; Googlebot/2.1; +http://www.google.com/bot.html)"
20.171.207.123 - - [07/Aug/2025:08:31:49 -0400] "GET /classwithtostring.php?dir=%2F%2Flib%2F.build-id%2F%2Fc0%2F%2F%2F HTTP/1.1" 200 2998 "-" "Mozilla/5.0 AppleWebKit/537.36 (KHTML, like Gecko; compatible; GPTBot/1.2; +https://openai.com/gptbot)"
20.171.207.123 - - [07/Aug/2025:08:31:50 -0400] "GET /classwithtostring.php?dir=%2F%2Flib%2F.build-id%2F%2F6a%2F HTTP/1.1" 200 2931 "-" "Mozilla/5.0 AppleWebKit/537.36 (KHTML, like Gecko; compatible; GPTBot/1.2; +https://openai.com/gptbot)"
20.171.207.123 - - [07/Aug/2025:08:31:51 -0400] "GET /classwithtostring.php?dir=%2F%2Flib%2F.build-id%2F%2Fa3%2F%2F HTTP/1.1" 200 2529 "-" "Mozilla/5.0 AppleWebKit/537.36 (KHTML, like Gecko; compatible; GPTBot/1.2; +https://openai.com/gptbot)"
20.171.207.123 - - [07/Aug/2025:08:31:53 -0400] "GET /classwithtostring.php?dir=%2F%2Flib%2F.build-id%2F%2F4a%2F%2F HTTP/1.1" 200 3210 "-" "Mozilla/5.0 AppleWebKit/537.36 (KHTML, like Gecko; compatible; GPTBot/1.2; +https://openai.com/gptbot)"
114.119.151.81 - - [07/Aug/2025:08:31:52 -0400] "GET /index.php/category/zenginsozluk-com/ HTTP/1.1" 301 - "https://transcarter.com.co/index.php/2025/07/17/en-yi-online-casino-secenekleri-2025-rehberien-yi/" "Mozilla/5.0 (Linux; Android 7.0;) AppleWebKit/537.36 (KHTML, like Gecko) Mobile Safari/537.36 (compatible; PetalBot;+https://webmaster.petalsearch.com/site/petalbot)"
20.171.207.123 - - [07/Aug/2025:08:31:54 -0400] "GET /classwithtostring.php?dir=%2F%2Flib%2F.build-id%2F%2Fe8%2F%2F%2F HTTP/1.1" 200 2839 "-" "Mozilla/5.0 AppleWebKit/537.36 (KHTML, like Gecko; compatible; GPTBot/1.2; +https://openai.com/gptbot)"
114.119.151.81 - - [07/Aug/2025:08:31:54 -0400] "GET /category/zenginsozluk-com/ HTTP/1.1" 404 82331 "https://transcarter.com.co/index.php/2025/07/17/en-yi-online-casino-secenekleri-2025-rehberien-yi/" "Mozilla/5.0 (Linux; Android 7.0;) AppleWebKit/537.36 (KHTML, like Gecko) Mobile Safari/537.36 (compatible; PetalBot;+https://webmaster.petalsearch.com/site/petalbot)"
20.171.207.123 - - [07/Aug/2025:08:31:55 -0400] "GET /classwithtostring.php?dir=%2F%2Flib%2F.build-id%2F%2F7a%2F%2F HTTP/1.1" 200 3127 "-" "Mozilla/5.0 AppleWebKit/537.36 (KHTML, like Gecko; compatible; GPTBot/1.2; +https://openai.com/gptbot)"
20.171.207.123 - - [07/Aug/2025:08:31:56 -0400] "GET /classwithtostring.php?dir=%2F%2Flib%2F.build-id%2F%2F3f HTTP/1.1" 200 2818 "-" "Mozilla/5.0 AppleWebKit/537.36 (KHTML, like Gecko; compatible; GPTBot/1.2; +https://openai.com/gptbot)"
20.171.207.123 - - [07/Aug/2025:08:31:57 -0400] "GET /classwithtostring.php?dir=%2F%2Flib%2F.build-id%2F%2F8e%2F%2F%2F HTTP/1.1" 200 2874 "-" "Mozilla/5.0 AppleWebKit/537.36 (KHTML, like Gecko; compatible; GPTBot/1.2; +https://openai.com/gptbot)"
51.222.253.14 - - [07/Aug/2025:08:31:58 -0400] "GET /shopdetail/1189654 HTTP/1.1" 404 82312 "-" "Mozilla/5.0 (compatible; AhrefsBot/7.0; +http://ahrefs.com/robot/)"
20.171.207.123 - - [07/Aug/2025:08:31:58 -0400] "GET /classwithtostring.php?cmd=file_read&dir=%2F%2Flib%2F.build-id%2F%2Fe8%2F%2F&file=%2F%2Flib%2F.build-id%2F%2Fe8%2F%2F%2Fba5af9a7ac79882a37047889a009bd56586362 HTTP/1.1" 200 2896 "-" "Mozilla/5.0 AppleWebKit/537.36 (KHTML, like Gecko; compatible; GPTBot/1.2; +https://openai.com/gptbot)"
20.171.207.123 - - [07/Aug/2025:08:31:59 -0400] "GET /classwithtostring.php?dir=%2F%2Flib%2F.build-id%2F%2Fe4%2F HTTP/1.1" 200 2796 "-" "Mozilla/5.0 AppleWebKit/537.36 (KHTML, like Gecko; compatible; GPTBot/1.2; +https://openai.com/gptbot)"
20.171.207.123 - - [07/Aug/2025:08:32:01 -0400] "GET /classwithtostring.php?dir=%2F%2Flib%2F.build-id%2F%2Ff0%2F%2F%2F HTTP/1.1" 200 2457 "-" "Mozilla/5.0 AppleWebKit/537.36 (KHTML, like Gecko; compatible; GPTBot/1.2; +https://openai.com/gptbot)"
20.171.207.123 - - [07/Aug/2025:08:32:02 -0400] "GET /classwithtostring.php?dir=%2F%2Flib%2F.build-id%2F%2F6a%2F%2F HTTP/1.1" 200 2943 "-" "Mozilla/5.0 AppleWebKit/537.36 (KHTML, like Gecko; compatible; GPTBot/1.2; +https://openai.com/gptbot)"
20.171.207.123 - - [07/Aug/2025:08:32:03 -0400] "GET /classwithtostring.php?dir=%2F%2Flib%2F.build-id%2F%2Fa3%2F%2F%2F HTTP/1.1" 200 2523 "-" "Mozilla/5.0 AppleWebKit/537.36 (KHTML, like Gecko; compatible; GPTBot/1.2; +https://openai.com/gptbot)"
20.171.207.123 - - [07/Aug/2025:08:32:04 -0400] "GET /classwithtostring.php?dir=%2F%2Flib%2F.build-id%2F%2F4a%2F%2F%2F HTTP/1.1" 200 3196 "-" "Mozilla/5.0 AppleWebKit/537.36 (KHTML, like Gecko; compatible; GPTBot/1.2; +https://openai.com/gptbot)"
20.171.207.123 - - [07/Aug/2025:08:32:05 -0400] "GET /classwithtostring.php?dir=%2F%2Flib%2F.build-id%2F%2Fa1 HTTP/1.1" 200 2977 "-" "Mozilla/5.0 AppleWebKit/537.36 (KHTML, like Gecko; compatible; GPTBot/1.2; +https://openai.com/gptbot)"
20.171.207.123 - - [07/Aug/2025:08:32:06 -0400] "GET /classwithtostring.php?dir=%2F%2Flib%2F.build-id%2F%2F7a%2F%2F%2F HTTP/1.1" 200 3121 "-" "Mozilla/5.0 AppleWebKit/537.36 (KHTML, like Gecko; compatible; GPTBot/1.2; +https://openai.com/gptbot)"
20.171.207.123 - - [07/Aug/2025:08:32:08 -0400] "GET /classwithtostring.php?dir=%2F%2Flib%2F.build-id%2F%2F3f%2F HTTP/1.1" 200 2820 "-" "Mozilla/5.0 AppleWebKit/537.36 (KHTML, like Gecko; compatible; GPTBot/1.2; +https://openai.com/gptbot)"
20.171.207.123 - - [07/Aug/2025:08:32:09 -0400] "GET /classwithtostring.php?dir=%2F%2Flib%2F.build-id%2F%2F3e HTTP/1.1" 200 2959 "-" "Mozilla/5.0 AppleWebKit/537.36 (KHTML, like Gecko; compatible; GPTBot/1.2; +https://openai.com/gptbot)"
20.171.207.123 - - [07/Aug/2025:08:32:10 -0400] "GET /classwithtostring.php?dir=%2F%2Flib%2F.build-id%2F%2Fa1%2F HTTP/1.1" 200 2981 "-" "Mozilla/5.0 AppleWebKit/537.36 (KHTML, like Gecko; compatible; GPTBot/1.2; +https://openai.com/gptbot)"
20.171.207.123 - - [07/Aug/2025:08:32:11 -0400] "GET /classwithtostring.php?dir=%2F%2Flib%2F.build-id%2F%2Ff7 HTTP/1.1" 200 2427 "-" "Mozilla/5.0 AppleWebKit/537.36 (KHTML, like Gecko; compatible; GPTBot/1.2; +https://openai.com/gptbot)"
51.222.253.1 - - [07/Aug/2025:08:32:11 -0400] "GET /shopdetail/118886 HTTP/1.1" 404 82312 "-" "Mozilla/5.0 (compatible; AhrefsBot/7.0; +http://ahrefs.com/robot/)"
20.171.207.123 - - [07/Aug/2025:08:32:12 -0400] "GET /classwithtostring.php?dir=%2F%2Flib%2F.build-id%2F%2Fc8 HTTP/1.1" 200 2617 "-" "Mozilla/5.0 AppleWebKit/537.36 (KHTML, like Gecko; compatible; GPTBot/1.2; +https://openai.com/gptbot)"
66.249.74.33 - - [07/Aug/2025:08:32:12 -0400] "GET /game.php?/electronic-bingo-machines-suppliers-534 HTTP/1.1" 200 12042 "-" "Mozilla/5.0 (Linux; Android 6.0.1; Nexus 5X Build/MMB29P) AppleWebKit/537.36 (KHTML, like Gecko) Chrome/138.0.7204.183 Mobile Safari/537.36 (compatible; Googlebot/2.1; +http://www.google.com/bot.html)"
20.171.207.123 - - [07/Aug/2025:08:32:13 -0400] "GET /classwithtostring.php?dir=%2F%2Flib%2F.build-id%2F%2F6a%2F%2F%2F HTTP/1.1" 200 2938 "-" "Mozilla/5.0 AppleWebKit/537.36 (KHTML, like Gecko; compatible; GPTBot/1.2; +https://openai.com/gptbot)"
66.249.74.33 - - [07/Aug/2025:08:32:13 -0400] "GET /game.php/5472game%20com-357 HTTP/1.1" 200 11890 "-" "Mozilla/5.0 (Linux; Android 6.0.1; Nexus 5X Build/MMB29P) AppleWebKit/537.36 (KHTML, like Gecko) Chrome/138.0.7204.183 Mobile Safari/537.36 (compatible; Googlebot/2.1; +http://www.google.com/bot.html)"
66.249.74.32 - - [07/Aug/2025:08:32:13 -0400] "GET /62583289935.htm HTTP/1.1" 404 82331 "-" "Mozilla/5.0 (Linux; Android 6.0.1; Nexus 5X Build/MMB29P) AppleWebKit/537.36 (KHTML, like Gecko) Chrome/138.0.7204.183 Mobile Safari/537.36 (compatible; Googlebot/2.1; +http://www.google.com/bot.html)"
20.171.207.123 - - [07/Aug/2025:08:32:15 -0400] "GET /classwithtostring.php?dir=%2F%2Flib%2F.build-id%2F%2F5e HTTP/1.1" 200 2750 "-" "Mozilla/5.0 AppleWebKit/537.36 (KHTML, like Gecko; compatible; GPTBot/1.2; +https://openai.com/gptbot)"
20.171.207.123 - - [07/Aug/2025:08:32:16 -0400] "GET /classwithtostring.php?dir=%2F%2Flib%2F.build-id%2F%2Fe4%2F%2F HTTP/1.1" 200 2805 "-" "Mozilla/5.0 AppleWebKit/537.36 (KHTML, like Gecko; compatible; GPTBot/1.2; +https://openai.com/gptbot)"
20.171.207.123 - - [07/Aug/2025:08:32:17 -0400] "GET /classwithtostring.php?dir=%2F%2Flib%2F.build-id%2F%2F9f HTTP/1.1" 200 2870 "-" "Mozilla/5.0 AppleWebKit/537.36 (KHTML, like Gecko; compatible; GPTBot/1.2; +https://openai.com/gptbot)"
20.171.207.123 - - [07/Aug/2025:08:32:18 -0400] "GET /classwithtostring.php?dir=%2F%2Flib%2F.build-id%2F%2F8a HTTP/1.1" 200 3073 "-" "Mozilla/5.0 AppleWebKit/537.36 (KHTML, like Gecko; compatible; GPTBot/1.2; +https://openai.com/gptbot)"
66.249.74.32 - - [07/Aug/2025:08:32:18 -0400] "GET /game.php/game/play=8219game%20com-218 HTTP/1.1" 200 13793 "-" "Mozilla/5.0 (Linux; Android 6.0.1; Nexus 5X Build/MMB29P) AppleWebKit/537.36 (KHTML, like Gecko) Chrome/138.0.7204.183 Mobile Safari/537.36 (compatible; GoogleOther)"
20.171.207.123 - - [07/Aug/2025:08:32:19 -0400] "GET /classwithtostring.php?cmd=file_read&dir=%2F%2Flib%2F.build-id%2F%2Fa3%2F%2F%2F&file=%2F%2Flib%2F.build-id%2F%2Fa3%2F%2F%2F%2F92a517b10f780f5abe812fc39ee741e5237a73 HTTP/1.1" 200 2573 "-" "Mozilla/5.0 AppleWebKit/537.36 (KHTML, like Gecko; compatible; GPTBot/1.2; +https://openai.com/gptbot)"
20.171.207.123 - - [07/Aug/2025:08:32:20 -0400] "GET /classwithtostring.php?dir=%2F%2Flib%2F.build-id%2F%2F3f%2F%2F HTTP/1.1" 200 2832 "-" "Mozilla/5.0 AppleWebKit/537.36 (KHTML, like Gecko; compatible; GPTBot/1.2; +https://openai.com/gptbot)"
20.171.207.123 - - [07/Aug/2025:08:32:21 -0400] "GET /classwithtostring.php?dir=%2F%2Flib%2F.build-id%2F%2Fa1%2F%2F HTTP/1.1" 200 2992 "-" "Mozilla/5.0 AppleWebKit/537.36 (KHTML, like Gecko; compatible; GPTBot/1.2; +https://openai.com/gptbot)"
20.171.207.123 - - [07/Aug/2025:08:32:23 -0400] "GET /classwithtostring.php?cmd=file_read&dir=%2F%2Flib%2F.build-id%2F%2Ff7&file=%2F%2Flib%2F.build-id%2F%2Ff7%2F9aaa9535f66ba54acac9086de724f7ec85c0a6 HTTP/1.1" 200 2474 "-" "Mozilla/5.0 AppleWebKit/537.36 (KHTML, like Gecko; compatible; GPTBot/1.2; +https://openai.com/gptbot)"
20.171.207.123 - - [07/Aug/2025:08:32:24 -0400] "GET /classwithtostring.php?dir=%2F%2Flib%2F.build-id%2F%2F3e%2F HTTP/1.1" 200 2963 "-" "Mozilla/5.0 AppleWebKit/537.36 (KHTML, like Gecko; compatible; GPTBot/1.2; +https://openai.com/gptbot)"
20.171.207.123 - - [07/Aug/2025:08:32:25 -0400] "GET /classwithtostring.php?dir=%2F%2Flib%2F.build-id%2F%2Ff7%2F HTTP/1.1" 200 2430 "-" "Mozilla/5.0 AppleWebKit/537.36 (KHTML, like Gecko; compatible; GPTBot/1.2; +https://openai.com/gptbot)"
20.171.207.123 - - [07/Aug/2025:08:32:26 -0400] "GET /classwithtostring.php?dir=%2F%2Flib%2F.build-id%2F%2F5e%2F HTTP/1.1" 200 2753 "-" "Mozilla/5.0 AppleWebKit/537.36 (KHTML, like Gecko; compatible; GPTBot/1.2; +https://openai.com/gptbot)"
20.171.207.123 - - [07/Aug/2025:08:32:27 -0400] "GET /classwithtostring.php?dir=%2F%2Flib%2F.build-id%2F%2Fc8%2F HTTP/1.1" 200 2620 "-" "Mozilla/5.0 AppleWebKit/537.36 (KHTML, like Gecko; compatible; GPTBot/1.2; +https://openai.com/gptbot)"
66.249.74.32 - - [07/Aug/2025:08:32:27 -0400] "GET /game.php?ios/gacor%20slot%20168-57.html HTTP/1.1" 200 11738 "-" "Mozilla/5.0 (Linux; Android 6.0.1; Nexus 5X Build/MMB29P) AppleWebKit/537.36 (KHTML, like Gecko) Chrome/138.0.7204.183 Mobile Safari/537.36 (compatible; Googlebot/2.1; +http://www.google.com/bot.html)"
20.171.207.123 - - [07/Aug/2025:08:32:28 -0400] "GET /classwithtostring.php?dir=%2F%2Flib%2F.build-id%2F%2F9f%2F HTTP/1.1" 200 2879 "-" "Mozilla/5.0 AppleWebKit/537.36 (KHTML, like Gecko; compatible; GPTBot/1.2; +https://openai.com/gptbot)"
20.171.207.123 - - [07/Aug/2025:08:32:30 -0400] "GET /classwithtostring.php?dir=%2F%2Flib%2F.build-id%2F%2F3f%2F%2F%2F HTTP/1.1" 200 2829 "-" "Mozilla/5.0 AppleWebKit/537.36 (KHTML, like Gecko; compatible; GPTBot/1.2; +https://openai.com/gptbot)"
20.171.207.123 - - [07/Aug/2025:08:32:31 -0400] "GET /classwithtostring.php?dir=%2F%2Flib%2F.build-id%2F%2Ff7%2F%2F HTTP/1.1" 200 2437 "-" "Mozilla/5.0 AppleWebKit/537.36 (KHTML, like Gecko; compatible; GPTBot/1.2; +https://openai.com/gptbot)"
20.171.207.123 - - [07/Aug/2025:08:32:32 -0400] "GET /classwithtostring.php?dir=%2F%2Flib%2F.build-id%2F%2F8a%2F HTTP/1.1" 200 3076 "-" "Mozilla/5.0 AppleWebKit/537.36 (KHTML, like Gecko; compatible; GPTBot/1.2; +https://openai.com/gptbot)"
51.222.253.19 - - [07/Aug/2025:08:32:32 -0400] "GET /shopdetail/1187346 HTTP/1.1" 404 82312 "-" "Mozilla/5.0 (compatible; AhrefsBot/7.0; +http://ahrefs.com/robot/)"
20.171.207.123 - - [07/Aug/2025:08:32:33 -0400] "GET /classwithtostring.php?dir=%2F%2Flib%2F.build-id%2F%2Fc8%2F%2F HTTP/1.1" 200 2629 "-" "Mozilla/5.0 AppleWebKit/537.36 (KHTML, like Gecko; compatible; GPTBot/1.2; +https://openai.com/gptbot)"
20.171.207.123 - - [07/Aug/2025:08:32:34 -0400] "GET /classwithtostring.php?dir=%2F%2Flib%2F.build-id%2F%2Fe4%2F%2F%2F HTTP/1.1" 200 2804 "-" "Mozilla/5.0 AppleWebKit/537.36 (KHTML, like Gecko; compatible; GPTBot/1.2; +https://openai.com/gptbot)"
20.171.207.123 - - [07/Aug/2025:08:32:35 -0400] "GET /classwithtostring.php?cmd=file_read&dir=%2F%2Flib%2F.build-id%2F%2F5e%2F&file=%2F%2Flib%2F.build-id%2F%2F5e%2F%2Fb883c9111918963553b0b1ffd855d7ee9782d9 HTTP/1.1" 200 2776 "-" "Mozilla/5.0 AppleWebKit/537.36 (KHTML, like Gecko; compatible; GPTBot/1.2; +https://openai.com/gptbot)"
20.171.207.123 - - [07/Aug/2025:08:32:37 -0400] "GET /classwithtostring.php?dir=%2F%2Flib%2F.build-id%2F%2F5e%2F%2F HTTP/1.1" 200 2759 "-" "Mozilla/5.0 AppleWebKit/537.36 (KHTML, like Gecko; compatible; GPTBot/1.2; +https://openai.com/gptbot)"
20.171.207.123 - - [07/Aug/2025:08:32:38 -0400] "GET /classwithtostring.php?dir=%2F%2Flib%2F.build-id%2F%2Fa1%2F%2F%2F HTTP/1.1" 200 2988 "-" "Mozilla/5.0 AppleWebKit/537.36 (KHTML, like Gecko; compatible; GPTBot/1.2; +https://openai.com/gptbot)"
66.249.74.32 - - [07/Aug/2025:08:32:38 -0400] "GET /game.php?Android/gov=9430game-761 HTTP/1.1" 200 11715 "-" "Mozilla/5.0 (Linux; Android 6.0.1; Nexus 5X Build/MMB29P) AppleWebKit/537.36 (KHTML, like Gecko) Chrome/138.0.7204.183 Mobile Safari/537.36 (compatible; Googlebot/2.1; +http://www.google.com/bot.html)"
20.171.207.123 - - [07/Aug/2025:08:32:39 -0400] "GET /classwithtostring.php?dir=%2F%2Flib%2F.build-id%2F%2F3e%2F%2F HTTP/1.1" 200 2974 "-" "Mozilla/5.0 AppleWebKit/537.36 (KHTML, like Gecko; compatible; GPTBot/1.2; +https://openai.com/gptbot)"
20.171.207.123 - - [07/Aug/2025:08:32:40 -0400] "GET /classwithtostring.php?cmd=file_read&dir=%2F%2Flib%2F.build-id%2F%2F3f%2F%2F&file=%2F%2Flib%2F.build-id%2F%2F3f%2F%2F%2F03331bdc982814c1ed0100d5cfb6d40daed232 HTTP/1.1" 200 2880 "-" "Mozilla/5.0 AppleWebKit/537.36 (KHTML, like Gecko; compatible; GPTBot/1.2; +https://openai.com/gptbot)"
20.171.207.123 - - [07/Aug/2025:08:32:41 -0400] "GET /classwithtostring.php?dir=%2F%2Flib%2F.build-id%2F%2F9f%2F%2F HTTP/1.1" 200 2890 "-" "Mozilla/5.0 AppleWebKit/537.36 (KHTML, like Gecko; compatible; GPTBot/1.2; +https://openai.com/gptbot)"
20.171.207.123 - - [07/Aug/2025:08:32:42 -0400] "GET /classwithtostring.php?dir=%2F%2Flib%2F.build-id%2F%2Fa0 HTTP/1.1" 200 2139 "-" "Mozilla/5.0 AppleWebKit/537.36 (KHTML, like Gecko; compatible; GPTBot/1.2; +https://openai.com/gptbot)"
20.171.207.123 - - [07/Aug/2025:08:32:43 -0400] "GET /classwithtostring.php?dir=%2F%2Flib%2F.build-id%2F%2F8a%2F%2F HTTP/1.1" 200 3086 "-" "Mozilla/5.0 AppleWebKit/537.36 (KHTML, like Gecko; compatible; GPTBot/1.2; +https://openai.com/gptbot)"
20.171.207.123 - - [07/Aug/2025:08:32:45 -0400] "GET /classwithtostring.php?dir=%2F%2Flib%2F.build-id%2F%2Fc8%2F%2F%2F HTTP/1.1" 200 2626 "-" "Mozilla/5.0 AppleWebKit/537.36 (KHTML, like Gecko; compatible; GPTBot/1.2; +https://openai.com/gptbot)"
20.171.207.123 - - [07/Aug/2025:08:32:46 -0400] "GET /classwithtostring.php?dir=%2F%2Flib%2F.build-id%2F%2Ff7%2F%2F%2F HTTP/1.1" 200 2432 "-" "Mozilla/5.0 AppleWebKit/537.36 (KHTML, like Gecko; compatible; GPTBot/1.2; +https://openai.com/gptbot)"
20.171.207.123 - - [07/Aug/2025:08:32:47 -0400] "GET /classwithtostring.php?dir=%2F%2Flib%2F.build-id%2F%2F5f HTTP/1.1" 200 2529 "-" "Mozilla/5.0 AppleWebKit/537.36 (KHTML, like Gecko; compatible; GPTBot/1.2; +https://openai.com/gptbot)"
66.249.74.32 - - [07/Aug/2025:08:32:47 -0400] "GET /game.php?/5052-john-deere-363 HTTP/1.1" 200 11926 "-" "Mozilla/5.0 (Linux; Android 6.0.1; Nexus 5X Build/MMB29P) AppleWebKit/537.36 (KHTML, like Gecko) Chrome/138.0.7204.183 Mobile Safari/537.36 (compatible; Googlebot/2.1; +http://www.google.com/bot.html)"
20.171.207.123 - - [07/Aug/2025:08:32:48 -0400] "GET /classwithtostring.php?dir=%2F%2Flib%2F.build-id%2F%2F5e%2F%2F%2F HTTP/1.1" 200 2755 "-" "Mozilla/5.0 AppleWebKit/537.36 (KHTML, like Gecko; compatible; GPTBot/1.2; +https://openai.com/gptbot)"
66.249.74.32 - - [07/Aug/2025:08:32:47 -0400] "GET /game.php/Android/play=estat%C3%ADsticas%20de%20palmeiras%20sub%2020%20x%20sport%20sub%2020-71 HTTP/1.1" 200 11790 "-" "Mozilla/5.0 (Linux; Android 6.0.1; Nexus 5X Build/MMB29P) AppleWebKit/537.36 (KHTML, like Gecko) Chrome/138.0.7204.183 Mobile Safari/537.36 (compatible; Googlebot/2.1; +http://www.google.com/bot.html)"
20.171.207.123 - - [07/Aug/2025:08:32:49 -0400] "GET /classwithtostring.php?cmd=file_read&dir=%2F%2Flib%2F.build-id%2F%2Fa1%2F%2F%2F&file=%2F%2Flib%2F.build-id%2F%2Fa1%2F%2F%2F%2F281d4577412af2481b9b9675113ac42c9489ca HTTP/1.1" 200 3062 "-" "Mozilla/5.0 AppleWebKit/537.36 (KHTML, like Gecko; compatible; GPTBot/1.2; +https://openai.com/gptbot)"
20.171.207.123 - - [07/Aug/2025:08:32:51 -0400] "GET /classwithtostring.php?dir=%2F%2Flib%2F.build-id%2F%2F5a HTTP/1.1" 200 2988 "-" "Mozilla/5.0 AppleWebKit/537.36 (KHTML, like Gecko; compatible; GPTBot/1.2; +https://openai.com/gptbot)"
20.171.207.123 - - [07/Aug/2025:08:32:52 -0400] "GET /classwithtostring.php?dir=%2F%2Flib%2F.build-id%2F%2F3e%2F%2F%2F HTTP/1.1" 200 2971 "-" "Mozilla/5.0 AppleWebKit/537.36 (KHTML, like Gecko; compatible; GPTBot/1.2; +https://openai.com/gptbot)"
80.255.2.89 - - [07/Aug/2025:08:32:51 -0400] "POST /xmlrpc.php HTTP/1.1" 200 415 "-" "Mozilla/5.0 (Windows NT 10.0; Win64; x64) AppleWebKit/537.36 (KHTML, like Gecko) Chrome/114.0.0.0 Safari/537.36 OPR/89.0.4447.51"
20.171.207.123 - - [07/Aug/2025:08:32:53 -0400] "GET /classwithtostring.php?dir=%2F%2Flib%2F.build-id%2F%2F8a%2F%2F%2F HTTP/1.1" 200 3076 "-" "Mozilla/5.0 AppleWebKit/537.36 (KHTML, like Gecko; compatible; GPTBot/1.2; +https://openai.com/gptbot)"
80.255.2.89 - - [07/Aug/2025:08:32:53 -0400] "POST /xmlrpc.php HTTP/1.1" 200 415 "-" "Mozilla/5.0 (Windows NT 10.0; Win64; x64) AppleWebKit/537.36 (KHTML, like Gecko) Chrome/114.0.0.0 Safari/537.36 OPR/89.0.4447.51"
20.171.207.123 - - [07/Aug/2025:08:32:54 -0400] "GET /classwithtostring.php?cmd=file_read&dir=%2F%2Flib%2F.build-id%2F%2F5e%2F%2F%2F&file=%2F%2Flib%2F.build-id%2F%2F5e%2F%2F%2F%2Ff5ac1ac892946bc8cadb66581180a4347370a0 HTTP/1.1" 200 2780 "-" "Mozilla/5.0 AppleWebKit/537.36 (KHTML, like Gecko; compatible; GPTBot/1.2; +https://openai.com/gptbot)"
20.171.207.123 - - [07/Aug/2025:08:32:55 -0400] "GET /classwithtostring.php?dir=%2F%2Flib%2F.build-id%2F%2F9f%2F%2F%2F HTTP/1.1" 200 2884 "-" "Mozilla/5.0 AppleWebKit/537.36 (KHTML, like Gecko; compatible; GPTBot/1.2; +https://openai.com/gptbot)"
80.255.2.89 - - [07/Aug/2025:08:32:55 -0400] "POST /xmlrpc.php HTTP/1.1" 200 415 "-" "Mozilla/5.0 (Windows NT 10.0; Win64; x64) AppleWebKit/537.36 (KHTML, like Gecko) Chrome/114.0.0.0 Safari/537.36 OPR/89.0.4447.51"
20.171.207.123 - - [07/Aug/2025:08:32:56 -0400] "GET /classwithtostring.php?dir=%2F%2Flib%2F.build-id%2F%2Fa7 HTTP/1.1" 200 2620 "-" "Mozilla/5.0 AppleWebKit/537.36 (KHTML, like Gecko; compatible; GPTBot/1.2; +https://openai.com/gptbot)"
80.255.2.89 - - [07/Aug/2025:08:32:56 -0400] "POST /xmlrpc.php HTTP/1.1" 200 415 "-" "Mozilla/5.0 (Windows NT 10.0; Win64; x64) AppleWebKit/537.36 (KHTML, like Gecko) Chrome/114.0.0.0 Safari/537.36 OPR/89.0.4447.51"
20.171.207.123 - - [07/Aug/2025:08:32:57 -0400] "GET /classwithtostring.php?dir=%2F%2Flib%2F.build-id%2F%2Fa4 HTTP/1.1" 200 2269 "-" "Mozilla/5.0 AppleWebKit/537.36 (KHTML, like Gecko; compatible; GPTBot/1.2; +https://openai.com/gptbot)"
20.171.207.123 - - [07/Aug/2025:08:32:58 -0400] "GET /classwithtostring.php?dir=%2F%2Flib%2F.build-id%2F%2Fa0%2F HTTP/1.1" 200 2142 "-" "Mozilla/5.0 AppleWebKit/537.36 (KHTML, like Gecko; compatible; GPTBot/1.2; +https://openai.com/gptbot)"
80.255.2.89 - - [07/Aug/2025:08:32:58 -0400] "POST /xmlrpc.php HTTP/1.1" 200 415 "-" "Mozilla/5.0 (Windows NT 10.0; Win64; x64) AppleWebKit/537.36 (KHTML, like Gecko) Chrome/114.0.0.0 Safari/537.36 OPR/89.0.4447.51"
66.249.74.32 - - [07/Aug/2025:08:32:58 -0400] "GET /game.php/game/gov=smart%20club%20tv-72 HTTP/1.1" 200 11807 "-" "Mozilla/5.0 (compatible; Googlebot/2.1; +http://www.google.com/bot.html)"
20.171.207.123 - - [07/Aug/2025:08:33:00 -0400] "GET /classwithtostring.php?dir=%2F%2Flib%2F.build-id%2F%2Fc4 HTTP/1.1" 200 3356 "-" "Mozilla/5.0 AppleWebKit/537.36 (KHTML, like Gecko; compatible; GPTBot/1.2; +https://openai.com/gptbot)"
80.255.2.89 - - [07/Aug/2025:08:32:59 -0400] "POST /xmlrpc.php HTTP/1.1" 200 415 "-" "Mozilla/5.0 (Windows NT 10.0; Win64; x64) AppleWebKit/537.36 (KHTML, like Gecko) Chrome/114.0.0.0 Safari/537.36 OPR/89.0.4447.51"
20.171.207.123 - - [07/Aug/2025:08:33:01 -0400] "GET /classwithtostring.php?dir=%2F%2Flib%2F.build-id%2F%2F5f%2F HTTP/1.1" 200 2532 "-" "Mozilla/5.0 AppleWebKit/537.36 (KHTML, like Gecko; compatible; GPTBot/1.2; +https://openai.com/gptbot)"
20.171.207.123 - - [07/Aug/2025:08:33:02 -0400] "GET /classwithtostring.php?dir=%2F%2Flib%2F.build-id%2F%2F5a%2F HTTP/1.1" 200 2992 "-" "Mozilla/5.0 AppleWebKit/537.36 (KHTML, like Gecko; compatible; GPTBot/1.2; +https://openai.com/gptbot)"
20.171.207.123 - - [07/Aug/2025:08:33:03 -0400] "GET /classwithtostring.php?dir=%2F%2Flib%2F.build-id%2F%2Fc1 HTTP/1.1" 200 2596 "-" "Mozilla/5.0 AppleWebKit/537.36 (KHTML, like Gecko; compatible; GPTBot/1.2; +https://openai.com/gptbot)"
20.171.207.123 - - [07/Aug/2025:08:33:04 -0400] "GET /classwithtostring.php?dir=%2F%2Flib%2F.build-id%2F%2F5c HTTP/1.1" 200 2493 "-" "Mozilla/5.0 AppleWebKit/537.36 (KHTML, like Gecko; compatible; GPTBot/1.2; +https://openai.com/gptbot)"
51.222.253.6 - - [07/Aug/2025:08:33:04 -0400] "GET /shopdetail/1185214 HTTP/1.1" 404 82312 "-" "Mozilla/5.0 (compatible; AhrefsBot/7.0; +http://ahrefs.com/robot/)"
20.171.207.123 - - [07/Aug/2025:08:33:05 -0400] "GET /classwithtostring.php?dir=%2F%2Flib%2F.build-id%2F%2Fe7 HTTP/1.1" 200 2924 "-" "Mozilla/5.0 AppleWebKit/537.36 (KHTML, like Gecko; compatible; GPTBot/1.2; +https://openai.com/gptbot)"
20.171.207.123 - - [07/Aug/2025:08:33:06 -0400] "GET /classwithtostring.php?dir=%2F%2Flib%2F.build-id%2F%2F9a HTTP/1.1" 200 2707 "-" "Mozilla/5.0 AppleWebKit/537.36 (KHTML, like Gecko; compatible; GPTBot/1.2; +https://openai.com/gptbot)"
20.171.207.123 - - [07/Aug/2025:08:33:08 -0400] "GET /classwithtostring.php?dir=%2F%2Flib%2F.build-id%2F%2Fa7%2F HTTP/1.1" 200 2624 "-" "Mozilla/5.0 AppleWebKit/537.36 (KHTML, like Gecko; compatible; GPTBot/1.2; +https://openai.com/gptbot)"
20.171.207.123 - - [07/Aug/2025:08:33:09 -0400] "GET /classwithtostring.php?dir=%2F%2Flib%2F.build-id%2F%2Fa4 HTTP/1.1" 200 2269 "-" "Mozilla/5.0 AppleWebKit/537.36 (KHTML, like Gecko; compatible; GPTBot/1.2; +https://openai.com/gptbot)"
20.171.207.123 - - [07/Aug/2025:08:33:10 -0400] "GET /classwithtostring.php?dir=%2F%2Flib%2F.build-id%2F%2Fa4%2F HTTP/1.1" 200 2272 "-" "Mozilla/5.0 AppleWebKit/537.36 (KHTML, like Gecko; compatible; GPTBot/1.2; +https://openai.com/gptbot)"
20.171.207.123 - - [07/Aug/2025:08:33:11 -0400] "GET /classwithtostring.php?dir=%2F%2Flib%2F.build-id%2F%2Fa0%2F%2F HTTP/1.1" 200 2149 "-" "Mozilla/5.0 AppleWebKit/537.36 (KHTML, like Gecko; compatible; GPTBot/1.2; +https://openai.com/gptbot)"
20.171.207.123 - - [07/Aug/2025:08:33:12 -0400] "GET /classwithtostring.php?dir=%2F%2Flib%2F.build-id%2F%2Fa4%2F%2F HTTP/1.1" 200 2279 "-" "Mozilla/5.0 AppleWebKit/537.36 (KHTML, like Gecko; compatible; GPTBot/1.2; +https://openai.com/gptbot)"
20.171.207.123 - - [07/Aug/2025:08:33:13 -0400] "GET /classwithtostring.php?dir=%2F%2Flib%2F.build-id%2F%2F9a%2F HTTP/1.1" 200 2710 "-" "Mozilla/5.0 AppleWebKit/537.36 (KHTML, like Gecko; compatible; GPTBot/1.2; +https://openai.com/gptbot)"
114.119.155.203 - - [07/Aug/2025:08:33:14 -0400] "GET /index.php/author/site_web_admin/page/51/ HTTP/1.1" 301 - "https://transcarter.com.co/index.php/author/site_web_admin/page/33/" "Mozilla/5.0 (Linux; Android 7.0;) AppleWebKit/537.36 (KHTML, like Gecko) Mobile Safari/537.36 (compatible; PetalBot;+https://webmaster.petalsearch.com/site/petalbot)"
20.171.207.123 - - [07/Aug/2025:08:33:14 -0400] "GET /classwithtostring.php?dir=%2F%2Flib%2F.build-id%2F%2Fc1%2F HTTP/1.1" 200 2599 "-" "Mozilla/5.0 AppleWebKit/537.36 (KHTML, like Gecko; compatible; GPTBot/1.2; +https://openai.com/gptbot)"
20.171.207.123 - - [07/Aug/2025:08:33:16 -0400] "GET /classwithtostring.php?dir=%2F%2Flib%2F.build-id%2F%2F5c%2F HTTP/1.1" 200 2496 "-" "Mozilla/5.0 AppleWebKit/537.36 (KHTML, like Gecko; compatible; GPTBot/1.2; +https://openai.com/gptbot)"
114.119.155.203 - - [07/Aug/2025:08:33:15 -0400] "GET /author/site_web_admin/page/51/ HTTP/1.1" 404 82331 "https://transcarter.com.co/index.php/author/site_web_admin/page/33/" "Mozilla/5.0 (Linux; Android 7.0;) AppleWebKit/537.36 (KHTML, like Gecko) Mobile Safari/537.36 (compatible; PetalBot;+https://webmaster.petalsearch.com/site/petalbot)"
20.171.207.123 - - [07/Aug/2025:08:33:17 -0400] "GET /classwithtostring.php?dir=%2F%2Flib%2F.build-id%2F%2F5f%2F%2F HTTP/1.1" 200 2541 "-" "Mozilla/5.0 AppleWebKit/537.36 (KHTML, like Gecko; compatible; GPTBot/1.2; +https://openai.com/gptbot)"
20.171.207.123 - - [07/Aug/2025:08:33:18 -0400] "GET /classwithtostring.php?cmd=file_read&dir=%2F%2Flib%2F.build-id%2F%2Fa0%2F%2F&file=%2F%2Flib%2F.build-id%2F%2Fa0%2F%2F%2F6ebd111ba086fefda16a9508131660a777c211 HTTP/1.1" 200 2197 "-" "Mozilla/5.0 AppleWebKit/537.36 (KHTML, like Gecko; compatible; GPTBot/1.2; +https://openai.com/gptbot)"
66.249.74.34 - - [07/Aug/2025:08:33:17 -0400] "GET /game.php?game/gov=2992game%20com-17 HTTP/1.1" 200 11846 "-" "Mozilla/5.0 (Linux; Android 6.0.1; Nexus 5X Build/MMB29P) AppleWebKit/537.36 (KHTML, like Gecko) Chrome/138.0.7204.183 Mobile Safari/537.36 (compatible; Googlebot/2.1; +http://www.google.com/bot.html)"
20.171.207.123 - - [07/Aug/2025:08:33:19 -0400] "GET /classwithtostring.php?dir=%2F%2Flib%2F.build-id%2F%2Fe7%2F HTTP/1.1" 200 2929 "-" "Mozilla/5.0 AppleWebKit/537.36 (KHTML, like Gecko; compatible; GPTBot/1.2; +https://openai.com/gptbot)"
20.171.207.123 - - [07/Aug/2025:08:33:20 -0400] "GET /classwithtostring.php?dir=%2F%2Flib%2F.build-id%2F%2F5a%2F%2F HTTP/1.1" 200 3004 "-" "Mozilla/5.0 AppleWebKit/537.36 (KHTML, like Gecko; compatible; GPTBot/1.2; +https://openai.com/gptbot)"
20.171.207.123 - - [07/Aug/2025:08:33:21 -0400] "GET /classwithtostring.php?dir=%2F%2Flib%2F.build-id%2F%2Fc4%2F HTTP/1.1" 200 3357 "-" "Mozilla/5.0 AppleWebKit/537.36 (KHTML, like Gecko; compatible; GPTBot/1.2; +https://openai.com/gptbot)"
20.171.207.123 - - [07/Aug/2025:08:33:22 -0400] "GET /classwithtostring.php?dir=%2F%2Flib%2F.build-id%2F%2F7f HTTP/1.1" 200 2629 "-" "Mozilla/5.0 AppleWebKit/537.36 (KHTML, like Gecko; compatible; GPTBot/1.2; +https://openai.com/gptbot)"
20.171.207.123 - - [07/Aug/2025:08:33:24 -0400] "GET /classwithtostring.php?dir=%2F%2Flib%2F.build-id%2F%2Fa7%2F%2F HTTP/1.1" 200 2633 "-" "Mozilla/5.0 AppleWebKit/537.36 (KHTML, like Gecko; compatible; GPTBot/1.2; +https://openai.com/gptbot)"
51.222.253.20 - - [07/Aug/2025:08:33:23 -0400] "GET /shopdetail/1185211 HTTP/1.1" 404 82312 "-" "Mozilla/5.0 (compatible; AhrefsBot/7.0; +http://ahrefs.com/robot/)"
20.171.207.123 - - [07/Aug/2025:08:33:25 -0400] "GET /classwithtostring.php?dir=%2F%2Flib%2F.build-id%2F%2F9a%2F%2F HTTP/1.1" 200 2719 "-" "Mozilla/5.0 AppleWebKit/537.36 (KHTML, like Gecko; compatible; GPTBot/1.2; +https://openai.com/gptbot)"
20.171.207.123 - - [07/Aug/2025:08:33:26 -0400] "GET /classwithtostring.php?dir=%2F%2Flib%2F.build-id%2F%2Fc1%2F%2F HTTP/1.1" 200 2609 "-" "Mozilla/5.0 AppleWebKit/537.36 (KHTML, like Gecko; compatible; GPTBot/1.2; +https://openai.com/gptbot)"
20.171.207.123 - - [07/Aug/2025:08:33:27 -0400] "GET /classwithtostring.php?cmd=file_read&dir=%2F%2Flib%2F.build-id%2F%2F5c%2F&file=%2F%2Flib%2F.build-id%2F%2F5c%2F%2F0893e4db7b3a8b5ebd6651be166eed99299b14 HTTP/1.1" 200 2545 "-" "Mozilla/5.0 AppleWebKit/537.36 (KHTML, like Gecko; compatible; GPTBot/1.2; +https://openai.com/gptbot)"
66.249.74.32 - - [07/Aug/2025:08:33:27 -0400] "GET /game.php?Android/bet999%20com-53 HTTP/1.1" 200 11867 "-" "Mozilla/5.0 (Linux; Android 6.0.1; Nexus 5X Build/MMB29P) AppleWebKit/537.36 (KHTML, like Gecko) Chrome/138.0.7204.183 Mobile Safari/537.36 (compatible; Googlebot/2.1; +http://www.google.com/bot.html)"
20.171.207.123 - - [07/Aug/2025:08:33:28 -0400] "GET /classwithtostring.php?dir=%2F%2Flib%2F.build-id%2F%2F5c%2F%2F HTTP/1.1" 200 2503 "-" "Mozilla/5.0 AppleWebKit/537.36 (KHTML, like Gecko; compatible; GPTBot/1.2; +https://openai.com/gptbot)"
20.171.207.123 - - [07/Aug/2025:08:33:29 -0400] "GET /classwithtostring.php?dir=%2F%2Flib%2F.build-id%2F%2Fa4%2F%2F%2F HTTP/1.1" 200 2276 "-" "Mozilla/5.0 AppleWebKit/537.36 (KHTML, like Gecko; compatible; GPTBot/1.2; +https://openai.com/gptbot)"
20.171.207.123 - - [07/Aug/2025:08:33:31 -0400] "GET /classwithtostring.php?dir=%2F%2Flib%2F.build-id%2F%2Fe7%2F%2F HTTP/1.1" 200 2939 "-" "Mozilla/5.0 AppleWebKit/537.36 (KHTML, like Gecko; compatible; GPTBot/1.2; +https://openai.com/gptbot)"
20.171.207.123 - - [07/Aug/2025:08:33:32 -0400] "GET /classwithtostring.php?dir=%2F%2Flib%2F.build-id%2F%2F5f%2F%2F%2F HTTP/1.1" 200 2538 "-" "Mozilla/5.0 AppleWebKit/537.36 (KHTML, like Gecko; compatible; GPTBot/1.2; +https://openai.com/gptbot)"
20.171.207.123 - - [07/Aug/2025:08:33:33 -0400] "GET /classwithtostring.php?dir=%2F%2Flib%2F.build-id%2F%2Fa7%2F%2F%2F HTTP/1.1" 200 2628 "-" "Mozilla/5.0 AppleWebKit/537.36 (KHTML, like Gecko; compatible; GPTBot/1.2; +https://openai.com/gptbot)"
20.171.207.123 - - [07/Aug/2025:08:33:34 -0400] "GET /classwithtostring.php?dir=%2F%2Flib%2F.build-id%2F%2Fc4%2F%2F HTTP/1.1" 200 3380 "-" "Mozilla/5.0 AppleWebKit/537.36 (KHTML, like Gecko; compatible; GPTBot/1.2; +https://openai.com/gptbot)"
20.171.207.123 - - [07/Aug/2025:08:33:35 -0400] "GET /classwithtostring.php?cmd=file_read&dir=%2F%2Flib%2F.build-id%2F%2Fa4%2F%2F%2F&file=%2F%2Flib%2F.build-id%2F%2Fa4%2F%2F%2F%2F91c4aab21a74a5682bf02b90119740b04768a8 HTTP/1.1" 200 2324 "-" "Mozilla/5.0 AppleWebKit/537.36 (KHTML, like Gecko; compatible; GPTBot/1.2; +https://openai.com/gptbot)"
20.171.207.123 - - [07/Aug/2025:08:33:36 -0400] "GET /classwithtostring.php?dir=%2F%2Flib%2F.build-id%2F%2Fa0%2F%2F%2F HTTP/1.1" 200 2146 "-" "Mozilla/5.0 AppleWebKit/537.36 (KHTML, like Gecko; compatible; GPTBot/1.2; +https://openai.com/gptbot)"
20.171.207.123 - - [07/Aug/2025:08:33:38 -0400] "GET /classwithtostring.php?dir=%2F%2Flib%2F.build-id%2F%2Fe7%2F%2F%2F HTTP/1.1" 200 2934 "-" "Mozilla/5.0 AppleWebKit/537.36 (KHTML, like Gecko; compatible; GPTBot/1.2; +https://openai.com/gptbot)"
20.171.207.106 - - [07/Aug/2025:08:33:38 -0400] "GET /wp-content/uploads/2023/03/qi-addons-for-elementor-placeholder-700x467.png HTTP/1.1" 200 9040 "-" "Mozilla/5.0 AppleWebKit/537.36 (KHTML, like Gecko; compatible; GPTBot/1.2; +https://openai.com/gptbot)"
66.249.74.32 - - [07/Aug/2025:08:33:38 -0400] "GET /game.php/Android/resultado%20dia%20sorte-331 HTTP/1.1" 200 11923 "-" "Mozilla/5.0 (Linux; Android 6.0.1; Nexus 5X Build/MMB29P) AppleWebKit/537.36 (KHTML, like Gecko) Chrome/138.0.7204.183 Mobile Safari/537.36 (compatible; Googlebot/2.1; +http://www.google.com/bot.html)"
20.171.207.123 - - [07/Aug/2025:08:33:39 -0400] "GET /classwithtostring.php?dir=%2F%2Flib%2F.build-id%2F%2F5a%2F%2F%2F HTTP/1.1" 200 2996 "-" "Mozilla/5.0 AppleWebKit/537.36 (KHTML, like Gecko; compatible; GPTBot/1.2; +https://openai.com/gptbot)"
20.171.207.123 - - [07/Aug/2025:08:33:40 -0400] "GET /classwithtostring.php?dir=%2F%2Flib%2F.build-id%2F%2F5c%2F%2F%2F HTTP/1.1" 200 2503 "-" "Mozilla/5.0 AppleWebKit/537.36 (KHTML, like Gecko; compatible; GPTBot/1.2; +https://openai.com/gptbot)"
20.171.207.123 - - [07/Aug/2025:08:33:41 -0400] "GET /classwithtostring.php?dir=%2F%2Flib%2F.build-id%2F%2F7f%2F HTTP/1.1" 200 2633 "-" "Mozilla/5.0 AppleWebKit/537.36 (KHTML, like Gecko; compatible; GPTBot/1.2; +https://openai.com/gptbot)"
20.171.207.123 - - [07/Aug/2025:08:33:42 -0400] "GET /classwithtostring.php?dir=%2F%2Flib%2F.build-id%2F%2F9a%2F%2F%2F HTTP/1.1" 200 2720 "-" "Mozilla/5.0 AppleWebKit/537.36 (KHTML, like Gecko; compatible; GPTBot/1.2; +https://openai.com/gptbot)"
20.171.207.123 - - [07/Aug/2025:08:33:43 -0400] "GET /classwithtostring.php?dir=%2F%2Flib%2F.build-id%2F%2Fc1%2F%2F%2F HTTP/1.1" 200 2603 "-" "Mozilla/5.0 AppleWebKit/537.36 (KHTML, like Gecko; compatible; GPTBot/1.2; +https://openai.com/gptbot)"
20.171.207.123 - - [07/Aug/2025:08:33:44 -0400] "GET /classwithtostring.php?dir=%2F%2Flib%2F.build-id%2F%2F6c HTTP/1.1" 200 2932 "-" "Mozilla/5.0 AppleWebKit/537.36 (KHTML, like Gecko; compatible; GPTBot/1.2; +https://openai.com/gptbot)"
51.222.253.6 - - [07/Aug/2025:08:33:44 -0400] "GET /shopdetail/1184314 HTTP/1.1" 404 82312 "-" "Mozilla/5.0 (compatible; AhrefsBot/7.0; +http://ahrefs.com/robot/)"
20.171.207.123 - - [07/Aug/2025:08:33:46 -0400] "GET /classwithtostring.php?dir=%2F%2Flib%2F.build-id%2F%2Fc4%2F%2F%2F HTTP/1.1" 200 3373 "-" "Mozilla/5.0 AppleWebKit/537.36 (KHTML, like Gecko; compatible; GPTBot/1.2; +https://openai.com/gptbot)"
20.171.207.123 - - [07/Aug/2025:08:33:47 -0400] "GET /classwithtostring.php?dir=%2F%2Flib%2F.build-id%2F%2Fc7 HTTP/1.1" 200 2226 "-" "Mozilla/5.0 AppleWebKit/537.36 (KHTML, like Gecko; compatible; GPTBot/1.2; +https://openai.com/gptbot)"
66.249.74.32 - - [07/Aug/2025:08:33:47 -0400] "GET /game.php/ios/play=kinggame%20register-773 HTTP/1.1" 200 11788 "-" "Mozilla/5.0 (Linux; Android 6.0.1; Nexus 5X Build/MMB29P) AppleWebKit/537.36 (KHTML, like Gecko) Chrome/138.0.7204.183 Mobile Safari/537.36 (compatible; Googlebot/2.1; +http://www.google.com/bot.html)"
20.171.207.123 - - [07/Aug/2025:08:33:48 -0400] "GET /classwithtostring.php?dir=%2F%2Flib%2F.build-id%2F%2F4e HTTP/1.1" 200 2836 "-" "Mozilla/5.0 AppleWebKit/537.36 (KHTML, like Gecko; compatible; GPTBot/1.2; +https://openai.com/gptbot)"
20.171.207.123 - - [07/Aug/2025:08:33:49 -0400] "GET /classwithtostring.php?dir=%2F%2Flib%2F.build-id%2F%2Fe3 HTTP/1.1" 200 2375 "-" "Mozilla/5.0 AppleWebKit/537.36 (KHTML, like Gecko; compatible; GPTBot/1.2; +https://openai.com/gptbot)"
20.171.207.123 - - [07/Aug/2025:08:33:50 -0400] "GET /classwithtostring.php?dir=%2F%2Flib%2F.build-id%2F%2Fa8 HTTP/1.1" 200 2932 "-" "Mozilla/5.0 AppleWebKit/537.36 (KHTML, like Gecko; compatible; GPTBot/1.2; +https://openai.com/gptbot)"
20.171.207.123 - - [07/Aug/2025:08:33:52 -0400] "GET /classwithtostring.php?dir=%2F%2Flib%2F.build-id%2F%2Fa9 HTTP/1.1" 200 2558 "-" "Mozilla/5.0 AppleWebKit/537.36 (KHTML, like Gecko; compatible; GPTBot/1.2; +https://openai.com/gptbot)"
20.171.207.123 - - [07/Aug/2025:08:33:53 -0400] "GET /classwithtostring.php?dir=%2F%2Flib%2F.build-id%2F%2F7f%2F%2F HTTP/1.1" 200 2642 "-" "Mozilla/5.0 AppleWebKit/537.36 (KHTML, like Gecko; compatible; GPTBot/1.2; +https://openai.com/gptbot)"
20.171.207.123 - - [07/Aug/2025:08:33:54 -0400] "GET /classwithtostring.php?dir=%2F%2Flib%2F.build-id%2F%2Ff8 HTTP/1.1" 200 2469 "-" "Mozilla/5.0 AppleWebKit/537.36 (KHTML, like Gecko; compatible; GPTBot/1.2; +https://openai.com/gptbot)"
20.171.207.123 - - [07/Aug/2025:08:33:55 -0400] "GET /classwithtostring.php?dir=%2F%2Flib%2F.build-id%2F%2F6c%2F HTTP/1.1" 200 2937 "-" "Mozilla/5.0 AppleWebKit/537.36 (KHTML, like Gecko; compatible; GPTBot/1.2; +https://openai.com/gptbot)"
20.171.207.123 - - [07/Aug/2025:08:33:56 -0400] "GET /classwithtostring.php?dir=%2F%2Flib%2F.build-id%2F%2Fe3%2F HTTP/1.1" 200 2379 "-" "Mozilla/5.0 AppleWebKit/537.36 (KHTML, like Gecko; compatible; GPTBot/1.2; +https://openai.com/gptbot)"
20.171.207.123 - - [07/Aug/2025:08:33:57 -0400] "GET /classwithtostring.php?dir=%2F%2Flib%2F.build-id%2F%2Fc7%2F HTTP/1.1" 200 2230 "-" "Mozilla/5.0 AppleWebKit/537.36 (KHTML, like Gecko; compatible; GPTBot/1.2; +https://openai.com/gptbot)"
20.171.207.123 - - [07/Aug/2025:08:33:59 -0400] "GET /classwithtostring.php?cmd=file_read&dir=%2F%2Flib%2F.build-id%2F%2Fa8&file=%2F%2Flib%2F.build-id%2F%2Fa8%2F7c7d13b922b014148f4a5d58db4197a8ac0d22 HTTP/1.1" 200 3005 "-" "Mozilla/5.0 AppleWebKit/537.36 (KHTML, like Gecko; compatible; GPTBot/1.2; +https://openai.com/gptbot)"
20.171.207.123 - - [07/Aug/2025:08:34:00 -0400] "GET /classwithtostring.php?dir=%2F%2Flib%2F.build-id%2F%2F8c HTTP/1.1" 200 2723 "-" "Mozilla/5.0 AppleWebKit/537.36 (KHTML, like Gecko; compatible; GPTBot/1.2; +https://openai.com/gptbot)"
20.171.207.123 - - [07/Aug/2025:08:34:01 -0400] "GET /classwithtostring.php?dir=%2F%2Flib%2F.build-id%2F%2Fa9%2F HTTP/1.1" 200 2562 "-" "Mozilla/5.0 AppleWebKit/537.36 (KHTML, like Gecko; compatible; GPTBot/1.2; +https://openai.com/gptbot)"
20.171.207.123 - - [07/Aug/2025:08:34:02 -0400] "GET /classwithtostring.php?cmd=file_read&dir=%2F%2Flib%2F.build-id%2F%2F9a%2F%2F%2F&file=%2F%2Flib%2F.build-id%2F%2F9a%2F%2F%2F%2Fe1609972c77db65b3a180af1653f061781c190 HTTP/1.1" 200 2767 "-" "Mozilla/5.0 AppleWebKit/537.36 (KHTML, like Gecko; compatible; GPTBot/1.2; +https://openai.com/gptbot)"
20.171.207.123 - - [07/Aug/2025:08:34:03 -0400] "GET /classwithtostring.php?dir=%2F%2Flib%2F.build-id%2F%2F4e%2F HTTP/1.1" 200 2854 "-" "Mozilla/5.0 AppleWebKit/537.36 (KHTML, like Gecko; compatible; GPTBot/1.2; +https://openai.com/gptbot)"
20.171.207.123 - - [07/Aug/2025:08:34:04 -0400] "GET /classwithtostring.php?dir=%2F%2Flib%2F.build-id%2F%2Fa8%2F HTTP/1.1" 200 2936 "-" "Mozilla/5.0 AppleWebKit/537.36 (KHTML, like Gecko; compatible; GPTBot/1.2; +https://openai.com/gptbot)"
20.171.207.123 - - [07/Aug/2025:08:34:05 -0400] "GET /classwithtostring.php?dir=%2F%2Flib%2F.build-id%2F%2Ff8%2F HTTP/1.1" 200 2473 "-" "Mozilla/5.0 AppleWebKit/537.36 (KHTML, like Gecko; compatible; GPTBot/1.2; +https://openai.com/gptbot)"
20.171.207.123 - - [07/Aug/2025:08:34:07 -0400] "GET /classwithtostring.php?cmd=file_read&dir=%2F%2Flib%2F.build-id%2F%2F6c%2F&file=%2F%2Flib%2F.build-id%2F%2F6c%2F%2F52836ee5f56e82ce9a5e647cd529f63ac2074d HTTP/1.1" 200 3002 "-" "Mozilla/5.0 AppleWebKit/537.36 (KHTML, like Gecko; compatible; GPTBot/1.2; +https://openai.com/gptbot)"
51.222.253.3 - - [07/Aug/2025:08:34:05 -0400] "GET /shopdetail/1183248 HTTP/1.1" 404 82312 "-" "Mozilla/5.0 (compatible; AhrefsBot/7.0; +http://ahrefs.com/robot/)"
20.171.207.123 - - [07/Aug/2025:08:34:08 -0400] "GET /classwithtostring.php?dir=%2F%2Flib%2F.build-id%2F%2F6c%2F%2F HTTP/1.1" 200 2963 "-" "Mozilla/5.0 AppleWebKit/537.36 (KHTML, like Gecko; compatible; GPTBot/1.2; +https://openai.com/gptbot)"
20.171.207.123 - - [07/Aug/2025:08:34:09 -0400] "GET /classwithtostring.php?dir=%2F%2Flib%2F.build-id%2F%2Fc7%2F%2F HTTP/1.1" 200 2236 "-" "Mozilla/5.0 AppleWebKit/537.36 (KHTML, like Gecko; compatible; GPTBot/1.2; +https://openai.com/gptbot)"
20.171.207.123 - - [07/Aug/2025:08:34:10 -0400] "GET /classwithtostring.php?dir=%2F%2Flib%2F.build-id%2F%2Fe3%2F%2F HTTP/1.1" 200 2388 "-" "Mozilla/5.0 AppleWebKit/537.36 (KHTML, like Gecko; compatible; GPTBot/1.2; +https://openai.com/gptbot)"
20.171.207.123 - - [07/Aug/2025:08:34:11 -0400] "GET /classwithtostring.php?dir=%2F%2Flib%2F.build-id%2F%2F8c%2F HTTP/1.1" 200 2726 "-" "Mozilla/5.0 AppleWebKit/537.36 (KHTML, like Gecko; compatible; GPTBot/1.2; +https://openai.com/gptbot)"
128.140.106.114 - - [07/Aug/2025:08:34:07 -0400] "GET / HTTP/1.1" 200 188019 "https://transcarter.com.co/" "Mozilla/5.0+(compatible; UptimeRobot/2.0; http://www.uptimerobot.com/)"
20.171.207.123 - - [07/Aug/2025:08:34:12 -0400] "GET /classwithtostring.php?dir=%2F%2Flib%2F.build-id%2F%2F7f%2F%2F%2F HTTP/1.1" 200 2635 "-" "Mozilla/5.0 AppleWebKit/537.36 (KHTML, like Gecko; compatible; GPTBot/1.2; +https://openai.com/gptbot)"
20.171.207.123 - - [07/Aug/2025:08:34:14 -0400] "GET /classwithtostring.php?dir=%2F%2Flib%2F.build-id%2F%2Fa9%2F%2F HTTP/1.1" 200 2570 "-" "Mozilla/5.0 AppleWebKit/537.36 (KHTML, like Gecko; compatible; GPTBot/1.2; +https://openai.com/gptbot)"
20.171.207.123 - - [07/Aug/2025:08:34:15 -0400] "GET /classwithtostring.php?dir=%2F%2Flib%2F.build-id%2F%2F8c%2F%2F HTTP/1.1" 200 2736 "-" "Mozilla/5.0 AppleWebKit/537.36 (KHTML, like Gecko; compatible; GPTBot/1.2; +https://openai.com/gptbot)"
20.171.207.123 - - [07/Aug/2025:08:34:16 -0400] "GET /classwithtostring.php?dir=%2F%2Flib%2F.build-id%2F%2Fa9%2F%2F%2F HTTP/1.1" 200 2567 "-" "Mozilla/5.0 AppleWebKit/537.36 (KHTML, like Gecko; compatible; GPTBot/1.2; +https://openai.com/gptbot)"
20.171.207.123 - - [07/Aug/2025:08:34:17 -0400] "GET /classwithtostring.php?dir=%2F%2Flib%2F.build-id%2F%2Fe3%2F%2F%2F HTTP/1.1" 200 2383 "-" "Mozilla/5.0 AppleWebKit/537.36 (KHTML, like Gecko; compatible; GPTBot/1.2; +https://openai.com/gptbot)"
66.249.74.34 - - [07/Aug/2025:08:34:17 -0400] "GET /game.php?Android/gov=777%20rummy%20game-58 HTTP/1.1" 200 11885 "-" "Mozilla/5.0 (Linux; Android 6.0.1; Nexus 5X Build/MMB29P) AppleWebKit/537.36 (KHTML, like Gecko) Chrome/138.0.7204.183 Mobile Safari/537.36 (compatible; Googlebot/2.1; +http://www.google.com/bot.html)"
20.171.207.123 - - [07/Aug/2025:08:34:18 -0400] "GET /classwithtostring.php?dir=%2F%2Flib%2F.build-id%2F%2Fc7%2F%2F%2F HTTP/1.1" 200 2234 "-" "Mozilla/5.0 AppleWebKit/537.36 (KHTML, like Gecko; compatible; GPTBot/1.2; +https://openai.com/gptbot)"
20.171.207.123 - - [07/Aug/2025:08:34:19 -0400] "GET /classwithtostring.php?dir=%2F%2Flib%2F.build-id%2F%2F9e HTTP/1.1" 200 3076 "-" "Mozilla/5.0 AppleWebKit/537.36 (KHTML, like Gecko; compatible; GPTBot/1.2; +https://openai.com/gptbot)"
20.171.207.123 - - [07/Aug/2025:08:34:21 -0400] "GET /classwithtostring.php?dir=%2F%2Flib%2F.build-id%2F%2Fe0 HTTP/1.1" 200 3101 "-" "Mozilla/5.0 AppleWebKit/537.36 (KHTML, like Gecko; compatible; GPTBot/1.2; +https://openai.com/gptbot)"
49.13.134.145 - - [07/Aug/2025:08:34:16 -0400] "GET / HTTP/1.1" 200 188019 "https://transcarter.com.co" "Mozilla/5.0+(compatible; UptimeRobot/2.0; http://www.uptimerobot.com/)"
20.171.207.123 - - [07/Aug/2025:08:34:22 -0400] "GET /classwithtostring.php?dir=%2F%2Flib%2F.build-id%2F%2F4e%2F%2F HTTP/1.1" 200 2863 "-" "Mozilla/5.0 AppleWebKit/537.36 (KHTML, like Gecko; compatible; GPTBot/1.2; +https://openai.com/gptbot)"
20.171.207.123 - - [07/Aug/2025:08:34:23 -0400] "GET /classwithtostring.php?dir=%2F%2Flib%2F.build-id%2F%2Fa8%2F%2F HTTP/1.1" 200 2946 "-" "Mozilla/5.0 AppleWebKit/537.36 (KHTML, like Gecko; compatible; GPTBot/1.2; +https://openai.com/gptbot)"
20.171.207.123 - - [07/Aug/2025:08:34:24 -0400] "GET /classwithtostring.php?dir=%2F%2Flib%2F.build-id%2F%2Ff8%2F%2F HTTP/1.1" 200 2481 "-" "Mozilla/5.0 AppleWebKit/537.36 (KHTML, like Gecko; compatible; GPTBot/1.2; +https://openai.com/gptbot)"
20.171.207.123 - - [07/Aug/2025:08:34:25 -0400] "GET /classwithtostring.php?dir=%2F%2Flib%2F.build-id%2F%2F6c%2F%2F%2F HTTP/1.1" 200 2955 "-" "Mozilla/5.0 AppleWebKit/537.36 (KHTML, like Gecko; compatible; GPTBot/1.2; +https://openai.com/gptbot)"
20.171.207.123 - - [07/Aug/2025:08:34:26 -0400] "GET /classwithtostring.php?dir=%2F%2Flib%2F.build-id%2F%2F8c%2F%2F%2F HTTP/1.1" 200 2731 "-" "Mozilla/5.0 AppleWebKit/537.36 (KHTML, like Gecko; compatible; GPTBot/1.2; +https://openai.com/gptbot)"
66.249.74.33 - - [07/Aug/2025:08:34:27 -0400] "GET /game.php?o%20cruzeiro%20joga%20hoje-76 HTTP/1.1" 200 11781 "-" "Mozilla/5.0 (Linux; Android 6.0.1; Nexus 5X Build/MMB29P) AppleWebKit/537.36 (KHTML, like Gecko) Chrome/138.0.7204.183 Mobile Safari/537.36 (compatible; Googlebot/2.1; +http://www.google.com/bot.html)"
20.171.207.123 - - [07/Aug/2025:08:34:27 -0400] "GET /classwithtostring.php?dir=%2F%2Flib%2F.build-id%2F%2F6e HTTP/1.1" 200 2446 "-" "Mozilla/5.0 AppleWebKit/537.36 (KHTML, like Gecko; compatible; GPTBot/1.2; +https://openai.com/gptbot)"
20.171.207.123 - - [07/Aug/2025:08:34:29 -0400] "GET /classwithtostring.php?dir=%2F%2Flib%2F.build-id%2F%2F1a HTTP/1.1" 200 3153 "-" "Mozilla/5.0 AppleWebKit/537.36 (KHTML, like Gecko; compatible; GPTBot/1.2; +https://openai.com/gptbot)"
20.171.207.123 - - [07/Aug/2025:08:34:30 -0400] "GET /classwithtostring.php?cmd=file_read&dir=%2F%2Flib%2F.build-id%2F%2Fc7%2F%2F%2F&file=%2F%2Flib%2F.build-id%2F%2Fc7%2F%2F%2F%2F1d6c5f22f970534fe3b51ebf0fa2e88c7f66e5 HTTP/1.1" 200 2281 "-" "Mozilla/5.0 AppleWebKit/537.36 (KHTML, like Gecko; compatible; GPTBot/1.2; +https://openai.com/gptbot)"
51.222.253.4 - - [07/Aug/2025:08:34:30 -0400] "GET /shopdetail/1183245 HTTP/1.1" 404 82312 "-" "Mozilla/5.0 (compatible; AhrefsBot/7.0; +http://ahrefs.com/robot/)"
20.171.207.123 - - [07/Aug/2025:08:34:31 -0400] "GET /classwithtostring.php?cmd=file_read&dir=%2F%2Flib%2F.build-id%2F%2F9e&file=%2F%2Flib%2F.build-id%2F%2F9e%2F17a57708611ae9ed9a8326006ebeb5f5c9dbb8 HTTP/1.1" 200 3102 "-" "Mozilla/5.0 AppleWebKit/537.36 (KHTML, like Gecko; compatible; GPTBot/1.2; +https://openai.com/gptbot)"
20.171.207.123 - - [07/Aug/2025:08:34:32 -0400] "GET /classwithtostring.php?cmd=file_read&dir=%2F%2Flib%2F.build-id%2F%2Fe0&file=%2F%2Flib%2F.build-id%2F%2Fe0%2F71802488028a1f5bef4e9b5220230e885afb0f HTTP/1.1" 200 3176 "-" "Mozilla/5.0 AppleWebKit/537.36 (KHTML, like Gecko; compatible; GPTBot/1.2; +https://openai.com/gptbot)"
