20.171.207.123 - - [07/Aug/2025:09:30:58 -0400] "GET /classwithtostring.php?dir=%2F%2Flib%2F.build-id%2F47%2F%2F%2F%2F%2F HTTP/1.1" 200 2794 "-" "Mozilla/5.0 AppleWebKit/537.36 (KHTML, like Gecko; compatible; GPTBot/1.2; +https://openai.com/gptbot)"
49.13.164.148 - - [07/Aug/2025:09:30:53 -0400] "GET / HTTP/1.1" 200 188019 "https://transcarter.com.co/" "Mozilla/5.0+(compatible; UptimeRobot/2.0; http://www.uptimerobot.com/)"
20.171.207.123 - - [07/Aug/2025:09:30:59 -0400] "GET /classwithtostring.php?dir=%2F%2Flib%2F.build-id%2F%2F%2F%2F%2F35 HTTP/1.1" 200 2867 "-" "Mozilla/5.0 AppleWebKit/537.36 (KHTML, like Gecko; compatible; GPTBot/1.2; +https://openai.com/gptbot)"
20.171.207.123 - - [07/Aug/2025:09:31:00 -0400] "GET /classwithtostring.php?dir=%2F%2Flib%2F.build-id%2F%2F%2F%2F%2Fc9%2F HTTP/1.1" 200 2339 "-" "Mozilla/5.0 AppleWebKit/537.36 (KHTML, like Gecko; compatible; GPTBot/1.2; +https://openai.com/gptbot)"
20.171.207.123 - - [07/Aug/2025:09:31:01 -0400] "GET /classwithtostring.php?cmd=file_read&dir=%2F%2Flib%2F.build-id%2F%2F%2F%2F%2Fb7&file=%2F%2Flib%2F.build-id%2F%2F%2F%2F%2Fb7%2F17aab17f019c2b7eeb53f0c3c64a6f3f58f48f HTTP/1.1" 200 2776 "-" "Mozilla/5.0 AppleWebKit/537.36 (KHTML, like Gecko; compatible; GPTBot/1.2; +https://openai.com/gptbot)"
20.171.207.123 - - [07/Aug/2025:09:31:02 -0400] "GET /classwithtostring.php?dir=%2F%2Flib%2F.build-id%2F%2F%2F%2F%2Fb7%2F HTTP/1.1" 200 2752 "-" "Mozilla/5.0 AppleWebKit/537.36 (KHTML, like Gecko; compatible; GPTBot/1.2; +https://openai.com/gptbot)"
51.222.253.19 - - [07/Aug/2025:09:31:00 -0400] "GET /shopdetail/1058486 HTTP/1.1" 404 82312 "-" "Mozilla/5.0 (compatible; AhrefsBot/7.0; +http://ahrefs.com/robot/)"
20.171.207.123 - - [07/Aug/2025:09:31:03 -0400] "GET /classwithtostring.php?dir=%2F%2Flib%2F.build-id%2F%2F%2F%2F%2F46%2F HTTP/1.1" 200 2528 "-" "Mozilla/5.0 AppleWebKit/537.36 (KHTML, like Gecko; compatible; GPTBot/1.2; +https://openai.com/gptbot)"
20.171.207.123 - - [07/Aug/2025:09:31:05 -0400] "GET /classwithtostring.php?dir=%2F%2Flib%2F.build-id%2F78%2F%2F%2F%2F%2F HTTP/1.1" 200 3172 "-" "Mozilla/5.0 AppleWebKit/537.36 (KHTML, like Gecko; compatible; GPTBot/1.2; +https://openai.com/gptbot)"
20.171.207.123 - - [07/Aug/2025:09:31:06 -0400] "GET /classwithtostring.php?dir=%2F%2Flib%2F.build-id%2F%2F%2F%2F%2Fe2 HTTP/1.1" 200 2943 "-" "Mozilla/5.0 AppleWebKit/537.36 (KHTML, like Gecko; compatible; GPTBot/1.2; +https://openai.com/gptbot)"
20.171.207.123 - - [07/Aug/2025:09:31:07 -0400] "GET /classwithtostring.php?dir=%2F%2Flib%2F.build-id%2F%2F%2F%2F%2F3c%2F HTTP/1.1" 200 2583 "-" "Mozilla/5.0 AppleWebKit/537.36 (KHTML, like Gecko; compatible; GPTBot/1.2; +https://openai.com/gptbot)"
20.171.207.123 - - [07/Aug/2025:09:31:08 -0400] "GET /classwithtostring.php?dir=%2F%2Flib%2F.build-id%2F%2F%2F%2F%2F51%2F HTTP/1.1" 200 3301 "-" "Mozilla/5.0 AppleWebKit/537.36 (KHTML, like Gecko; compatible; GPTBot/1.2; +https://openai.com/gptbot)"
20.171.207.123 - - [07/Aug/2025:09:31:09 -0400] "GET /classwithtostring.php?dir=%2F%2Flib%2F.build-id%2F%2F%2F%2F%2F04%2F HTTP/1.1" 200 2546 "-" "Mozilla/5.0 AppleWebKit/537.36 (KHTML, like Gecko; compatible; GPTBot/1.2; +https://openai.com/gptbot)"
20.171.207.123 - - [07/Aug/2025:09:31:10 -0400] "GET /classwithtostring.php?dir=%2F%2Flib%2F.build-id%2F%2F%2F%2F%2Fb7%2F%2F HTTP/1.1" 200 2756 "-" "Mozilla/5.0 AppleWebKit/537.36 (KHTML, like Gecko; compatible; GPTBot/1.2; +https://openai.com/gptbot)"
20.171.207.123 - - [07/Aug/2025:09:31:11 -0400] "GET /classwithtostring.php?dir=%2F%2Flib%2F.build-id%2F%2F%2F%2F%2Fc9%2F%2F HTTP/1.1" 200 2343 "-" "Mozilla/5.0 AppleWebKit/537.36 (KHTML, like Gecko; compatible; GPTBot/1.2; +https://openai.com/gptbot)"
20.171.207.123 - - [07/Aug/2025:09:31:13 -0400] "GET /classwithtostring.php?dir=%2F%2Flib%2F.build-id%2F%2F%2F%2F%2F45 HTTP/1.1" 200 2989 "-" "Mozilla/5.0 AppleWebKit/537.36 (KHTML, like Gecko; compatible; GPTBot/1.2; +https://openai.com/gptbot)"
20.171.207.123 - - [07/Aug/2025:09:31:14 -0400] "GET /classwithtostring.php?dir=%2F%2Flib%2F.build-id%2F%2F%2F%2F%2F35%2F HTTP/1.1" 200 2882 "-" "Mozilla/5.0 AppleWebKit/537.36 (KHTML, like Gecko; compatible; GPTBot/1.2; +https://openai.com/gptbot)"
159.69.158.189 - - [07/Aug/2025:09:31:09 -0400] "GET / HTTP/1.1" 200 188019 "https://transcarter.com.co" "Mozilla/5.0+(compatible; UptimeRobot/2.0; http://www.uptimerobot.com/)"
114.119.150.208 - - [07/Aug/2025:09:31:14 -0400] "GET /index.php/2025/06/23/plinko-is-deze-software-betrouwbaar-of-een-scam/ HTTP/1.1" 301 - "https://transcarter.com.co/index.php/2025/06/23/plinko-is-deze-software-betrouwbaar-of-een-scam/" "Mozilla/5.0 (Linux; Android 7.0;) AppleWebKit/537.36 (KHTML, like Gecko) Mobile Safari/537.36 (compatible; PetalBot;+https://webmaster.petalsearch.com/site/petalbot)"
20.171.207.123 - - [07/Aug/2025:09:31:15 -0400] "GET /classwithtostring.php?dir=%2F%2Flib%2F.build-id%2F%2F%2F%2F%2Ff3%2F HTTP/1.1" 200 2959 "-" "Mozilla/5.0 AppleWebKit/537.36 (KHTML, like Gecko; compatible; GPTBot/1.2; +https://openai.com/gptbot)"
20.171.207.123 - - [07/Aug/2025:09:31:16 -0400] "GET /classwithtostring.php?dir=%2F%2Flib%2F.build-id%2F%2F%2F%2F%2Fa8 HTTP/1.1" 200 2939 "-" "Mozilla/5.0 AppleWebKit/537.36 (KHTML, like Gecko; compatible; GPTBot/1.2; +https://openai.com/gptbot)"
114.119.150.208 - - [07/Aug/2025:09:31:15 -0400] "GET /2025/06/23/plinko-is-deze-software-betrouwbaar-of-een-scam/ HTTP/1.1" 404 82331 "https://transcarter.com.co/index.php/2025/06/23/plinko-is-deze-software-betrouwbaar-of-een-scam/" "Mozilla/5.0 (Linux; Android 7.0;) AppleWebKit/537.36 (KHTML, like Gecko) Mobile Safari/537.36 (compatible; PetalBot;+https://webmaster.petalsearch.com/site/petalbot)"
20.171.207.123 - - [07/Aug/2025:09:31:17 -0400] "GET /classwithtostring.php?cmd=file_read&dir=%2F%2Flib%2F.build-id%2F%2F%2F%2F%2Fe2&file=%2F%2Flib%2F.build-id%2F%2F%2F%2F%2Fe2%2Fa5babf9fd598984f62333e88e930ee38cbc96f HTTP/1.1" 200 3020 "-" "Mozilla/5.0 AppleWebKit/537.36 (KHTML, like Gecko; compatible; GPTBot/1.2; +https://openai.com/gptbot)"
20.171.207.123 - - [07/Aug/2025:09:31:18 -0400] "GET /classwithtostring.php?dir=%2F%2Flib%2F.build-id%2F%2F%2F%2F%2F3c%2F%2F HTTP/1.1" 200 2583 "-" "Mozilla/5.0 AppleWebKit/537.36 (KHTML, like Gecko; compatible; GPTBot/1.2; +https://openai.com/gptbot)"
66.249.74.34 - - [07/Aug/2025:09:31:18 -0400] "GET /index.php/shopdetail/528720 HTTP/1.1" 301 - "-" "Mozilla/5.0 (Linux; Android 6.0.1; Nexus 5X Build/MMB29P) AppleWebKit/537.36 (KHTML, like Gecko) Chrome/138.0.7204.183 Mobile Safari/537.36 (compatible; Googlebot/2.1; +http://www.google.com/bot.html)"
51.222.253.14 - - [07/Aug/2025:09:31:18 -0400] "GET /shopdetail/1058479 HTTP/1.1" 404 82312 "-" "Mozilla/5.0 (compatible; AhrefsBot/7.0; +http://ahrefs.com/robot/)"
20.171.207.123 - - [07/Aug/2025:09:31:19 -0400] "GET /classwithtostring.php?dir=%2F%2Flib%2F.build-id%2F%2F%2F%2F%2Fe2%2F HTTP/1.1" 200 2972 "-" "Mozilla/5.0 AppleWebKit/537.36 (KHTML, like Gecko; compatible; GPTBot/1.2; +https://openai.com/gptbot)"
20.171.207.106 - - [07/Aug/2025:09:31:20 -0400] "GET /wp-content/uploads/2023/03/qi-addons-for-elementor-placeholder-500x800.png HTTP/1.1" 200 8677 "-" "Mozilla/5.0 AppleWebKit/537.36 (KHTML, like Gecko; compatible; GPTBot/1.2; +https://openai.com/gptbot)"
20.171.207.123 - - [07/Aug/2025:09:31:21 -0400] "GET /classwithtostring.php?cmd=file_read&dir=%2F%2Flib%2F.build-id%2F%2F%2F%2F%2F51%2F&file=%2F%2Flib%2F.build-id%2F%2F%2F%2F%2F51%2F%2F01bbb1a1f210ba8cb6aa319d0519574a0495ef HTTP/1.1" 200 3397 "-" "Mozilla/5.0 AppleWebKit/537.36 (KHTML, like Gecko; compatible; GPTBot/1.2; +https://openai.com/gptbot)"
20.171.207.123 - - [07/Aug/2025:09:31:22 -0400] "GET /classwithtostring.php?dir=%2F%2Flib%2F.build-id%2F%2F%2F%2F%2Fb7%2F%2F%2F HTTP/1.1" 200 2768 "-" "Mozilla/5.0 AppleWebKit/537.36 (KHTML, like Gecko; compatible; GPTBot/1.2; +https://openai.com/gptbot)"
20.171.207.123 - - [07/Aug/2025:09:31:23 -0400] "GET /classwithtostring.php?dir=%2F%2Flib%2F.build-id%2F%2F%2F%2F%2Fc9%2F%2F%2F HTTP/1.1" 200 2353 "-" "Mozilla/5.0 AppleWebKit/537.36 (KHTML, like Gecko; compatible; GPTBot/1.2; +https://openai.com/gptbot)"
20.171.207.123 - - [07/Aug/2025:09:31:24 -0400] "GET /classwithtostring.php?cmd=file_read&dir=%2F%2Flib%2F.build-id%2F%2F%2F%2F%2F45&file=%2F%2Flib%2F.build-id%2F%2F%2F%2F%2F45%2Fb475375b0d9667fd2efbb43f7c0f67be0b4d87 HTTP/1.1" 200 3061 "-" "Mozilla/5.0 AppleWebKit/537.36 (KHTML, like Gecko; compatible; GPTBot/1.2; +https://openai.com/gptbot)"
20.171.207.123 - - [07/Aug/2025:09:31:25 -0400] "GET /classwithtostring.php?dir=%2F%2Flib%2F.build-id%2F%2F%2F%2F%2F45%2F HTTP/1.1" 200 3020 "-" "Mozilla/5.0 AppleWebKit/537.36 (KHTML, like Gecko; compatible; GPTBot/1.2; +https://openai.com/gptbot)"
20.171.207.123 - - [07/Aug/2025:09:31:26 -0400] "GET /classwithtostring.php?cmd=file_read&dir=%2F%2Flib%2F.build-id%2F%2F%2F%2F%2Ff3%2F&file=%2F%2Flib%2F.build-id%2F%2F%2F%2F%2Ff3%2F%2Fbf31e146ec4c6d392b16daf1d997948649a777 HTTP/1.1" 200 2984 "-" "Mozilla/5.0 AppleWebKit/537.36 (KHTML, like Gecko; compatible; GPTBot/1.2; +https://openai.com/gptbot)"
20.171.207.123 - - [07/Aug/2025:09:31:28 -0400] "GET /classwithtostring.php?dir=%2F%2Flib%2F.build-id%2F%2F%2F%2F%2Fa8%2F HTTP/1.1" 200 2960 "-" "Mozilla/5.0 AppleWebKit/537.36 (KHTML, like Gecko; compatible; GPTBot/1.2; +https://openai.com/gptbot)"
20.171.207.123 - - [07/Aug/2025:09:31:29 -0400] "GET /classwithtostring.php?dir=%2F%2Flib%2F.build-id%2F%2F%2F%2F%2Ff3%2F%2F HTTP/1.1" 200 2961 "-" "Mozilla/5.0 AppleWebKit/537.36 (KHTML, like Gecko; compatible; GPTBot/1.2; +https://openai.com/gptbot)"
20.171.207.123 - - [07/Aug/2025:09:31:30 -0400] "GET /classwithtostring.php?dir=%2F%2Flib%2F.build-id%2F%2F%2F%2F%2F56%2F HTTP/1.1" 200 2782 "-" "Mozilla/5.0 AppleWebKit/537.36 (KHTML, like Gecko; compatible; GPTBot/1.2; +https://openai.com/gptbot)"
20.171.207.123 - - [07/Aug/2025:09:31:31 -0400] "GET /classwithtostring.php?dir=%2F%2Flib%2F.build-id%2F%2F%2F%2F%2Fe2%2F%2F HTTP/1.1" 200 2979 "-" "Mozilla/5.0 AppleWebKit/537.36 (KHTML, like Gecko; compatible; GPTBot/1.2; +https://openai.com/gptbot)"
20.171.207.123 - - [07/Aug/2025:09:31:32 -0400] "GET /classwithtostring.php?cmd=file_read&dir=%2F%2Flib%2F.build-id%2F%2F%2F%2F%2F3c%2F%2F&file=%2F%2Flib%2F.build-id%2F%2F%2F%2F%2F3c%2F%2F%2Fcd0713af5f4917d60e04cffdb2467ebb670988 HTTP/1.1" 200 2632 "-" "Mozilla/5.0 AppleWebKit/537.36 (KHTML, like Gecko; compatible; GPTBot/1.2; +https://openai.com/gptbot)"
20.171.207.123 - - [07/Aug/2025:09:31:33 -0400] "GET /classwithtostring.php?dir=%2F%2Flib%2F.build-id%2F%2F%2F%2F%2F3c%2F%2F%2F HTTP/1.1" 200 2595 "-" "Mozilla/5.0 AppleWebKit/537.36 (KHTML, like Gecko; compatible; GPTBot/1.2; +https://openai.com/gptbot)"
20.171.207.123 - - [07/Aug/2025:09:31:34 -0400] "GET /classwithtostring.php?dir=%2F%2Flib%2F.build-id%2F%2F%2F%2F%2F81%2F HTTP/1.1" 200 3464 "-" "Mozilla/5.0 AppleWebKit/537.36 (KHTML, like Gecko; compatible; GPTBot/1.2; +https://openai.com/gptbot)"
20.171.207.123 - - [07/Aug/2025:09:31:36 -0400] "GET /classwithtostring.php?dir=%2F%2Flib%2F.build-id%2F%2F%2F%2F%2F89%2F HTTP/1.1" 200 2690 "-" "Mozilla/5.0 AppleWebKit/537.36 (KHTML, like Gecko; compatible; GPTBot/1.2; +https://openai.com/gptbot)"
20.171.207.123 - - [07/Aug/2025:09:31:37 -0400] "GET /classwithtostring.php?cmd=file_read&dir=%2F%2Flib%2F.build-id%2F%2F%2F%2F%2F45%2F&file=%2F%2Flib%2F.build-id%2F%2F%2F%2F%2F45%2F%2Fd07243410f844ea0cfa7191aca71366ab2896a HTTP/1.1" 200 3096 "-" "Mozilla/5.0 AppleWebKit/537.36 (KHTML, like Gecko; compatible; GPTBot/1.2; +https://openai.com/gptbot)"
51.222.253.6 - - [07/Aug/2025:09:31:36 -0400] "GET /shopdetail/1058296 HTTP/1.1" 404 82312 "-" "Mozilla/5.0 (compatible; AhrefsBot/7.0; +http://ahrefs.com/robot/)"
20.171.207.123 - - [07/Aug/2025:09:31:38 -0400] "GET /classwithtostring.php?dir=%2F%2Flib%2F.build-id%2F%2F%2F%2F%2Ff8 HTTP/1.1" 200 2476 "-" "Mozilla/5.0 AppleWebKit/537.36 (KHTML, like Gecko; compatible; GPTBot/1.2; +https://openai.com/gptbot)"
20.171.207.123 - - [07/Aug/2025:09:31:39 -0400] "GET /classwithtostring.php?dir=%2F%2Flib%2F.build-id%2F%2F%2F%2F%2Fa8%2F%2F HTTP/1.1" 200 2965 "-" "Mozilla/5.0 AppleWebKit/537.36 (KHTML, like Gecko; compatible; GPTBot/1.2; +https://openai.com/gptbot)"
20.171.207.123 - - [07/Aug/2025:09:31:40 -0400] "GET /classwithtostring.php?cmd=file_read&dir=%2F%2Flib%2F.build-id%2F%2F%2F%2F%2Ff3%2F%2F&file=%2F%2Flib%2F.build-id%2F%2F%2F%2F%2Ff3%2F%2F%2Fd26425df2921dba3a0cc6522baac0a437cb7f7 HTTP/1.1" 200 3033 "-" "Mozilla/5.0 AppleWebKit/537.36 (KHTML, like Gecko; compatible; GPTBot/1.2; +https://openai.com/gptbot)"
20.171.207.123 - - [07/Aug/2025:09:31:41 -0400] "GET /classwithtostring.php?dir=%2F%2Flib%2F.build-id%2F%2F%2F%2F%2Ff3%2F%2F%2F HTTP/1.1" 200 2978 "-" "Mozilla/5.0 AppleWebKit/537.36 (KHTML, like Gecko; compatible; GPTBot/1.2; +https://openai.com/gptbot)"
20.171.207.123 - - [07/Aug/2025:09:31:42 -0400] "GET /classwithtostring.php?dir=%2F%2Flib%2F.build-id%2F%2F%2F%2F%2Fe2%2F%2F%2F HTTP/1.1" 200 2996 "-" "Mozilla/5.0 AppleWebKit/537.36 (KHTML, like Gecko; compatible; GPTBot/1.2; +https://openai.com/gptbot)"
20.171.207.123 - - [07/Aug/2025:09:31:44 -0400] "GET /classwithtostring.php?dir=%2F%2Flib%2F.build-id%2F%2F%2F%2F%2F60 HTTP/1.1" 200 2221 "-" "Mozilla/5.0 AppleWebKit/537.36 (KHTML, like Gecko; compatible; GPTBot/1.2; +https://openai.com/gptbot)"
20.171.207.123 - - [07/Aug/2025:09:31:45 -0400] "GET /classwithtostring.php?dir=%2F%2Flib%2F.build-id%2F%2F%2F%2F%2F2f HTTP/1.1" 200 2569 "-" "Mozilla/5.0 AppleWebKit/537.36 (KHTML, like Gecko; compatible; GPTBot/1.2; +https://openai.com/gptbot)"
20.171.207.123 - - [07/Aug/2025:09:31:46 -0400] "GET /classwithtostring.php?dir=%2F%2Flib%2F.build-id%2F87%2F%2F%2F%2F%2F HTTP/1.1" 200 2764 "-" "Mozilla/5.0 AppleWebKit/537.36 (KHTML, like Gecko; compatible; GPTBot/1.2; +https://openai.com/gptbot)"
20.171.207.123 - - [07/Aug/2025:09:31:47 -0400] "GET /classwithtostring.php?dir=%2F%2Flib%2F.build-id%2F03%2F%2F%2F%2F%2F HTTP/1.1" 200 2758 "-" "Mozilla/5.0 AppleWebKit/537.36 (KHTML, like Gecko; compatible; GPTBot/1.2; +https://openai.com/gptbot)"
20.171.207.123 - - [07/Aug/2025:09:31:48 -0400] "GET /classwithtostring.php?dir=%2F%2Flib%2F.build-id%2F%2F%2F%2F%2F85 HTTP/1.1" 200 2799 "-" "Mozilla/5.0 AppleWebKit/537.36 (KHTML, like Gecko; compatible; GPTBot/1.2; +https://openai.com/gptbot)"
216.73.216.135 - - [07/Aug/2025:09:31:49 -0400] "GET /classwithtostring.php?cmd=file_read&dir=%2Fhome%2Ftranscarter%2Fpublic_html%2Fwp-admin%2Fjs&file=%2Fhome%2Ftranscarter%2Fpublic_html%2Fwp-admin%2Fjs%2Fuser-suggest.js HTTP/1.1" 200 5487 "-" "Mozilla/5.0 AppleWebKit/537.36 (KHTML, like Gecko; compatible; ClaudeBot/1.0; +claudebot@anthropic.com)"
216.73.216.135 - - [07/Aug/2025:09:31:49 -0400] "GET /classwithtostring.php?cmd=file_read&dir=%2Fhome%2Ftranscarter%2Fpublic_html%2Fwp-admin%2Fjs&file=%2Fhome%2Ftranscarter%2Fpublic_html%2Fwp-admin%2Fjs%2Fprivacy-tools.js HTTP/1.1" 200 7334 "-" "Mozilla/5.0 AppleWebKit/537.36 (KHTML, like Gecko; compatible; ClaudeBot/1.0; +claudebot@anthropic.com)"
216.73.216.135 - - [07/Aug/2025:09:31:49 -0400] "GET /classwithtostring.php?cmd=file_read&dir=%2Fhome%2Ftranscarter%2Fpublic_html%2Fwp-admin%2Fjs&file=%2Fhome%2Ftranscarter%2Fpublic_html%2Fwp-admin%2Fjs%2Fedit-comments.min.js HTTP/1.1" 200 10057 "-" "Mozilla/5.0 AppleWebKit/537.36 (KHTML, like Gecko; compatible; ClaudeBot/1.0; +claudebot@anthropic.com)"
20.171.207.123 - - [07/Aug/2025:09:31:49 -0400] "GET /classwithtostring.php?cmd=file_read&dir=%2F%2Flib%2F.build-id%2F%2F%2F%2F%2Ff8&file=%2F%2Flib%2F.build-id%2F%2F%2F%2F%2Ff8%2F24b13cf0787a4e7044d373cc51f7cc1cc1d6ed HTTP/1.1" 200 2527 "-" "Mozilla/5.0 AppleWebKit/537.36 (KHTML, like Gecko; compatible; GPTBot/1.2; +https://openai.com/gptbot)"
216.73.216.135 - - [07/Aug/2025:09:31:50 -0400] "GET /classwithtostring.php?cmd=file_read&dir=%2Fhome%2Ftranscarter%2Fpublic_html%2Fwp-admin%2Fjs&file=%2Fhome%2Ftranscarter%2Fpublic_html%2Fwp-admin%2Fjs%2Fcommon.min.js HTTP/1.1" 200 12369 "-" "Mozilla/5.0 AppleWebKit/537.36 (KHTML, like Gecko; compatible; ClaudeBot/1.0; +claudebot@anthropic.com)"
216.73.216.135 - - [07/Aug/2025:09:31:50 -0400] "GET /classwithtostring.php?cmd=file_read&dir=%2Fhome%2Ftranscarter%2Fpublic_html%2Fwp-admin%2Fjs&file=%2Fhome%2Ftranscarter%2Fpublic_html%2Fwp-admin%2Fjs%2Flink.min.js HTTP/1.1" 200 5278 "-" "Mozilla/5.0 AppleWebKit/537.36 (KHTML, like Gecko; compatible; ClaudeBot/1.0; +claudebot@anthropic.com)"
20.171.207.123 - - [07/Aug/2025:09:31:51 -0400] "GET /classwithtostring.php?dir=%2F%2Flib%2F.build-id%2F%2F%2F%2F%2F55 HTTP/1.1" 200 3016 "-" "Mozilla/5.0 AppleWebKit/537.36 (KHTML, like Gecko; compatible; GPTBot/1.2; +https://openai.com/gptbot)"
216.73.216.135 - - [07/Aug/2025:09:31:51 -0400] "GET /classwithtostring.php?cmd=file_read&dir=%2Fhome%2Ftranscarter%2Fpublic_html%2Fwp-admin%2Fjs&file=%2Fhome%2Ftranscarter%2Fpublic_html%2Fwp-admin%2Fjs%2Fimage-edit.min.js HTTP/1.1" 200 9433 "-" "Mozilla/5.0 AppleWebKit/537.36 (KHTML, like Gecko; compatible; ClaudeBot/1.0; +claudebot@anthropic.com)"
216.73.216.135 - - [07/Aug/2025:09:31:51 -0400] "GET /classwithtostring.php?cmd=file_read&dir=%2Fhome%2Ftranscarter%2Fpublic_html%2Fwp-admin%2Fjs&file=%2Fhome%2Ftranscarter%2Fpublic_html%2Fwp-admin%2Fjs%2Fpassword-toggle.min.js HTTP/1.1" 200 4877 "-" "Mozilla/5.0 AppleWebKit/537.36 (KHTML, like Gecko; compatible; ClaudeBot/1.0; +claudebot@anthropic.com)"
216.73.216.135 - - [07/Aug/2025:09:31:52 -0400] "GET /classwithtostring.php?cmd=file_read&dir=%2Fhome%2Ftranscarter%2Fpublic_html%2Fwp-admin%2Fjs&file=%2Fhome%2Ftranscarter%2Fpublic_html%2Fwp-admin%2Fjs%2Fwidgets.min.js HTTP/1.1" 200 8508 "-" "Mozilla/5.0 AppleWebKit/537.36 (KHTML, like Gecko; compatible; ClaudeBot/1.0; +claudebot@anthropic.com)"
20.171.207.123 - - [07/Aug/2025:09:31:52 -0400] "GET /classwithtostring.php?dir=%2F%2Flib%2F.build-id%2F%2F%2F%2F%2Ff8%2F HTTP/1.1" 200 2502 "-" "Mozilla/5.0 AppleWebKit/537.36 (KHTML, like Gecko; compatible; GPTBot/1.2; +https://openai.com/gptbot)"
216.73.216.135 - - [07/Aug/2025:09:31:52 -0400] "GET /classwithtostring.php?cmd=file_read&dir=%2Fhome%2Ftranscarter%2Fpublic_html%2Fwp-admin%2Fjs&file=%2Fhome%2Ftranscarter%2Fpublic_html%2Fwp-admin%2Fjs%2Fcustomize-controls.min.js HTTP/1.1" 200 34628 "-" "Mozilla/5.0 AppleWebKit/537.36 (KHTML, like Gecko; compatible; ClaudeBot/1.0; +claudebot@anthropic.com)"
216.73.216.135 - - [07/Aug/2025:09:31:52 -0400] "GET /classwithtostring.php?cmd=file_read&dir=%2Fhome%2Ftranscarter%2Fpublic_html%2Fwp-admin%2Fjs&file=%2Fhome%2Ftranscarter%2Fpublic_html%2Fwp-admin%2Fjs%2Fgallery.js HTTP/1.1" 200 6405 "-" "Mozilla/5.0 AppleWebKit/537.36 (KHTML, like Gecko; compatible; ClaudeBot/1.0; +claudebot@anthropic.com)"
216.73.216.135 - - [07/Aug/2025:09:31:52 -0400] "GET /classwithtostring.php?cmd=file_read&dir=%2Fhome%2Ftranscarter%2Fpublic_html%2Fwp-admin%2Fjs&file=%2Fhome%2Ftranscarter%2Fpublic_html%2Fwp-admin%2Fjs%2Feditor.min.js HTTP/1.1" 200 9655 "-" "Mozilla/5.0 AppleWebKit/537.36 (KHTML, like Gecko; compatible; ClaudeBot/1.0; +claudebot@anthropic.com)"
216.73.216.135 - - [07/Aug/2025:09:31:53 -0400] "GET /classwithtostring.php?cmd=file_read&dir=%2Fhome%2Ftranscarter%2Fpublic_html%2Fwp-admin%2Fjs&file=%2Fhome%2Ftranscarter%2Fpublic_html%2Fwp-admin%2Fjs%2Faccordion.js HTTP/1.1" 200 5631 "-" "Mozilla/5.0 AppleWebKit/537.36 (KHTML, like Gecko; compatible; ClaudeBot/1.0; +claudebot@anthropic.com)"
20.171.207.123 - - [07/Aug/2025:09:31:53 -0400] "GET /classwithtostring.php?dir=%2F%2Flib%2F.build-id%2F%2F%2F%2F%2Fa8%2F%2F%2F HTTP/1.1" 200 2987 "-" "Mozilla/5.0 AppleWebKit/537.36 (KHTML, like Gecko; compatible; GPTBot/1.2; +https://openai.com/gptbot)"
216.73.216.135 - - [07/Aug/2025:09:31:53 -0400] "GET /classwithtostring.php?cmd=file_read&dir=%2Fhome%2Ftranscarter%2Fpublic_html%2Fwp-admin%2Fjs&file=%2Fhome%2Ftranscarter%2Fpublic_html%2Fwp-admin%2Fjs%2Fuser-profile.js HTTP/1.1" 200 9209 "-" "Mozilla/5.0 AppleWebKit/537.36 (KHTML, like Gecko; compatible; ClaudeBot/1.0; +claudebot@anthropic.com)"
216.73.216.135 - - [07/Aug/2025:09:31:53 -0400] "GET /classwithtostring.php?cmd=file_read&dir=%2Fhome%2Ftranscarter%2Fpublic_html%2Fwp-admin%2Fjs&file=%2Fhome%2Ftranscarter%2Fpublic_html%2Fwp-admin%2Fjs%2Fcustomize-widgets.min.js HTTP/1.1" 200 13023 "-" "Mozilla/5.0 AppleWebKit/537.36 (KHTML, like Gecko; compatible; ClaudeBot/1.0; +claudebot@anthropic.com)"
216.73.216.135 - - [07/Aug/2025:09:31:54 -0400] "GET /classwithtostring.php?cmd=file_read&dir=%2Fhome%2Ftranscarter%2Fpublic_html%2Fwp-admin%2Fjs&file=%2Fhome%2Ftranscarter%2Fpublic_html%2Fwp-admin%2Fjs%2Fapplication-passwords.js HTTP/1.1" 200 6440 "-" "Mozilla/5.0 AppleWebKit/537.36 (KHTML, like Gecko; compatible; ClaudeBot/1.0; +claudebot@anthropic.com)"
216.73.216.135 - - [07/Aug/2025:09:31:54 -0400] "GET /classwithtostring.php?cmd=file_read&dir=%2Fhome%2Ftranscarter%2Fpublic_html%2Fwp-admin%2Fjs&file=%2Fhome%2Ftranscarter%2Fpublic_html%2Fwp-admin%2Fjs%2Fsite-icon.js HTTP/1.1" 200 6382 "-" "Mozilla/5.0 AppleWebKit/537.36 (KHTML, like Gecko; compatible; ClaudeBot/1.0; +claudebot@anthropic.com)"
216.73.216.135 - - [07/Aug/2025:09:31:54 -0400] "GET /classwithtostring.php?cmd=file_read&dir=%2Fhome%2Ftranscarter%2Fpublic_html%2Fwp-admin%2Fjs&file=%2Fhome%2Ftranscarter%2Fpublic_html%2Fwp-admin%2Fjs%2Fauth-app.js HTTP/1.1" 200 6487 "-" "Mozilla/5.0 AppleWebKit/537.36 (KHTML, like Gecko; compatible; ClaudeBot/1.0; +claudebot@anthropic.com)"
20.171.207.123 - - [07/Aug/2025:09:31:54 -0400] "GET /classwithtostring.php?dir=%2F%2Flib%2F.build-id%2F%2F%2F%2F%2Fd0 HTTP/1.1" 200 2397 "-" "Mozilla/5.0 AppleWebKit/537.36 (KHTML, like Gecko; compatible; GPTBot/1.2; +https://openai.com/gptbot)"
216.73.216.135 - - [07/Aug/2025:09:31:54 -0400] "GET /classwithtostring.php?cmd=file_read&dir=%2Fhome%2Ftranscarter%2Fpublic_html%2Fwp-admin%2Fjs&file=%2Fhome%2Ftranscarter%2Fpublic_html%2Fwp-admin%2Fjs%2Ftheme.js HTTP/1.1" 200 19031 "-" "Mozilla/5.0 AppleWebKit/537.36 (KHTML, like Gecko; compatible; ClaudeBot/1.0; +claudebot@anthropic.com)"
216.73.216.135 - - [07/Aug/2025:09:31:54 -0400] "GET /classwithtostring.php?cmd=file_read&dir=%2Fhome%2Ftranscarter%2Fpublic_html%2Fwp-admin%2Fjs&file=%2Fhome%2Ftranscarter%2Fpublic_html%2Fwp-admin%2Fjs%2Frevisions.js HTTP/1.1" 200 13358 "-" "Mozilla/5.0 AppleWebKit/537.36 (KHTML, like Gecko; compatible; ClaudeBot/1.0; +claudebot@anthropic.com)"
216.73.216.135 - - [07/Aug/2025:09:31:55 -0400] "GET /classwithtostring.php?cmd=file_read&dir=%2Fhome%2Ftranscarter%2Fpublic_html%2Fwp-admin%2Fjs&file=%2Fhome%2Ftranscarter%2Fpublic_html%2Fwp-admin%2Fjs%2Flanguage-chooser.js HTTP/1.1" 200 4930 "-" "Mozilla/5.0 AppleWebKit/537.36 (KHTML, like Gecko; compatible; ClaudeBot/1.0; +claudebot@anthropic.com)"
216.73.216.135 - - [07/Aug/2025:09:31:55 -0400] "GET /classwithtostring.php?cmd=file_read&dir=%2Fhome%2Ftranscarter%2Fpublic_html%2Fwp-admin%2Fjs&file=%2Fhome%2Ftranscarter%2Fpublic_html%2Fwp-admin%2Fjs%2Feditor-expand.js HTTP/1.1" 200 14730 "-" "Mozilla/5.0 AppleWebKit/537.36 (KHTML, like Gecko; compatible; ClaudeBot/1.0; +claudebot@anthropic.com)"
216.73.216.135 - - [07/Aug/2025:09:31:55 -0400] "GET /classwithtostring.php?cmd=file_read&dir=%2Fhome%2Ftranscarter%2Fpublic_html%2Fwp-admin%2Fjs&file=%2Fhome%2Ftranscarter%2Fpublic_html%2Fwp-admin%2Fjs%2Fnav-menu.js HTTP/1.1" 200 17813 "-" "Mozilla/5.0 AppleWebKit/537.36 (KHTML, like Gecko; compatible; ClaudeBot/1.0; +claudebot@anthropic.com)"
216.73.216.135 - - [07/Aug/2025:09:31:55 -0400] "GET /classwithtostring.php?cmd=file_read&dir=%2Fhome%2Ftranscarter%2Fpublic_html%2Fwp-admin%2Fjs&file=%2Fhome%2Ftranscarter%2Fpublic_html%2Fwp-admin%2Fjs%2Fpostbox.js HTTP/1.1" 200 9658 "-" "Mozilla/5.0 AppleWebKit/537.36 (KHTML, like Gecko; compatible; ClaudeBot/1.0; +claudebot@anthropic.com)"
20.171.207.123 - - [07/Aug/2025:09:31:55 -0400] "GET /classwithtostring.php?dir=%2F%2Flib%2F.build-id%2F76%2F%2F%2F%2F%2F HTTP/1.1" 200 2596 "-" "Mozilla/5.0 AppleWebKit/537.36 (KHTML, like Gecko; compatible; GPTBot/1.2; +https://openai.com/gptbot)"
216.73.216.135 - - [07/Aug/2025:09:31:55 -0400] "GET /classwithtostring.php?cmd=file_read&dir=%2Fhome%2Ftranscarter%2Fpublic_html%2Fwp-admin%2Fjs&file=%2Fhome%2Ftranscarter%2Fpublic_html%2Fwp-admin%2Fjs%2Fcomment.js HTTP/1.1" 200 5593 "-" "Mozilla/5.0 AppleWebKit/537.36 (KHTML, like Gecko; compatible; ClaudeBot/1.0; +claudebot@anthropic.com)"
216.73.216.135 - - [07/Aug/2025:09:31:56 -0400] "GET /classwithtostring.php?cmd=file_read&dir=%2Fhome%2Ftranscarter%2Fpublic_html%2Fwp-admin%2Fjs&file=%2Fhome%2Ftranscarter%2Fpublic_html%2Fwp-admin%2Fjs%2Fmedia-upload.js HTTP/1.1" 200 5963 "-" "Mozilla/5.0 AppleWebKit/537.36 (KHTML, like Gecko; compatible; ClaudeBot/1.0; +claudebot@anthropic.com)"
216.73.216.135 - - [07/Aug/2025:09:31:56 -0400] "GET /classwithtostring.php?cmd=file_read&dir=%2Fhome%2Ftranscarter%2Fpublic_html%2Fwp-admin%2Fjs&file=%2Fhome%2Ftranscarter%2Fpublic_html%2Fwp-admin%2Fjs%2Fplugin-install.js HTTP/1.1" 200 7230 "-" "Mozilla/5.0 AppleWebKit/537.36 (KHTML, like Gecko; compatible; ClaudeBot/1.0; +claudebot@anthropic.com)"
216.73.216.135 - - [07/Aug/2025:09:31:56 -0400] "GET /classwithtostring.php?cmd=file_read&dir=%2Fhome%2Ftranscarter%2Fpublic_html%2Fwp-admin%2Fjs&file=%2Fhome%2Ftranscarter%2Fpublic_html%2Fwp-admin%2Fjs%2Fcustom-background.js HTTP/1.1" 200 5684 "-" "Mozilla/5.0 AppleWebKit/537.36 (KHTML, like Gecko; compatible; ClaudeBot/1.0; +claudebot@anthropic.com)"
216.73.216.135 - - [07/Aug/2025:09:31:56 -0400] "GET /classwithtostring.php?cmd=file_read&dir=%2Fhome%2Ftranscarter%2Fpublic_html%2Fwp-admin%2Fjs&file=%2Fhome%2Ftranscarter%2Fpublic_html%2Fwp-admin%2Fjs%2Fdashboard.js HTTP/1.1" 200 13197 "-" "Mozilla/5.0 AppleWebKit/537.36 (KHTML, like Gecko; compatible; ClaudeBot/1.0; +claudebot@anthropic.com)"
216.73.216.135 - - [07/Aug/2025:09:31:56 -0400] "GET /classwithtostring.php?cmd=file_read&dir=%2Fhome%2Ftranscarter%2Fpublic_html%2Fwp-admin%2Fjs&file=%2Fhome%2Ftranscarter%2Fpublic_html%2Fwp-admin%2Fjs%2Fcustomize-nav-menus.js HTTP/1.1" 200 29661 "-" "Mozilla/5.0 AppleWebKit/537.36 (KHTML, like Gecko; compatible; ClaudeBot/1.0; +claudebot@anthropic.com)"
216.73.216.135 - - [07/Aug/2025:09:31:56 -0400] "GET /classwithtostring.php?cmd=file_read&dir=%2Fhome%2Ftranscarter%2Fpublic_html%2Fwp-admin%2Fjs&file=%2Fhome%2Ftranscarter%2Fpublic_html%2Fwp-admin%2Fjs%2Ftheme-plugin-editor.min.js HTTP/1.1" 200 8404 "-" "Mozilla/5.0 AppleWebKit/537.36 (KHTML, like Gecko; compatible; ClaudeBot/1.0; +claudebot@anthropic.com)"
20.171.207.123 - - [07/Aug/2025:09:31:56 -0400] "GET /classwithtostring.php?dir=%2F%2Flib%2F.build-id%2F57%2F%2F%2F%2F%2F HTTP/1.1" 200 2617 "-" "Mozilla/5.0 AppleWebKit/537.36 (KHTML, like Gecko; compatible; GPTBot/1.2; +https://openai.com/gptbot)"
216.73.216.135 - - [07/Aug/2025:09:31:56 -0400] "GET /classwithtostring.php?cmd=file_read&dir=%2Fhome%2Ftranscarter%2Fpublic_html%2Fwp-admin%2Fjs&file=%2Fhome%2Ftranscarter%2Fpublic_html%2Fwp-admin%2Fjs%2Fedit-comments.js HTTP/1.1" 200 14599 "-" "Mozilla/5.0 AppleWebKit/537.36 (KHTML, like Gecko; compatible; ClaudeBot/1.0; +claudebot@anthropic.com)"
216.73.216.135 - - [07/Aug/2025:09:31:57 -0400] "GET /classwithtostring.php?cmd=file_read&dir=%2Fhome%2Ftranscarter%2Fpublic_html%2Fwp-admin%2Fjs&file=%2Fhome%2Ftranscarter%2Fpublic_html%2Fwp-admin%2Fjs%2Fcommon.js HTTP/1.1" 200 20495 "-" "Mozilla/5.0 AppleWebKit/537.36 (KHTML, like Gecko; compatible; ClaudeBot/1.0; +claudebot@anthropic.com)"
216.73.216.135 - - [07/Aug/2025:09:31:57 -0400] "GET /classwithtostring.php?cmd=file_read&dir=%2Fhome%2Ftranscarter%2Fpublic_html%2Fwp-admin%2Fjs&file=%2Fhome%2Ftranscarter%2Fpublic_html%2Fwp-admin%2Fjs%2Fpassword-toggle.js HTTP/1.1" 200 5006 "-" "Mozilla/5.0 AppleWebKit/537.36 (KHTML, like Gecko; compatible; ClaudeBot/1.0; +claudebot@anthropic.com)"
216.73.216.135 - - [07/Aug/2025:09:31:57 -0400] "GET /classwithtostring.php?cmd=file_read&dir=%2Fhome%2Ftranscarter%2Fpublic_html%2Fwp-admin%2Fjs&file=%2Fhome%2Ftranscarter%2Fpublic_html%2Fwp-admin%2Fjs%2Fimage-edit.js HTTP/1.1" 200 14523 "-" "Mozilla/5.0 AppleWebKit/537.36 (KHTML, like Gecko; compatible; ClaudeBot/1.0; +claudebot@anthropic.com)"
216.73.216.135 - - [07/Aug/2025:09:31:57 -0400] "GET /classwithtostring.php?cmd=file_read&dir=%2Fhome%2Ftranscarter%2Fpublic_html%2Fwp-admin%2Fjs&file=%2Fhome%2Ftranscarter%2Fpublic_html%2Fwp-admin%2Fjs%2Fcustomize-controls.js HTTP/1.1" 200 71386 "-" "Mozilla/5.0 AppleWebKit/537.36 (KHTML, like Gecko; compatible; ClaudeBot/1.0; +claudebot@anthropic.com)"
216.73.216.135 - - [07/Aug/2025:09:31:57 -0400] "GET /classwithtostring.php?cmd=file_read&dir=%2Fhome%2Ftranscarter%2Fpublic_html%2Fwp-admin%2Fjs&file=%2Fhome%2Ftranscarter%2Fpublic_html%2Fwp-admin%2Fjs%2Flink.js HTTP/1.1" 200 6109 "-" "Mozilla/5.0 AppleWebKit/537.36 (KHTML, like Gecko; compatible; ClaudeBot/1.0; +claudebot@anthropic.com)"
216.73.216.135 - - [07/Aug/2025:09:31:57 -0400] "GET /classwithtostring.php?cmd=file_read&dir=%2Fhome%2Ftranscarter%2Fpublic_html%2Fwp-admin%2Fjs&file=%2Fhome%2Ftranscarter%2Fpublic_html%2Fwp-admin%2Fjs%2Fwidgets.js HTTP/1.1" 200 10984 "-" "Mozilla/5.0 AppleWebKit/537.36 (KHTML, like Gecko; compatible; ClaudeBot/1.0; +claudebot@anthropic.com)"
216.73.216.135 - - [07/Aug/2025:09:31:57 -0400] "GET /classwithtostring.php?cmd=file_read&dir=%2Fhome%2Ftranscarter%2Fpublic_html%2Fwp-admin%2Fjs&file=%2Fhome%2Ftranscarter%2Fpublic_html%2Fwp-admin%2Fjs%2Feditor.js HTTP/1.1" 200 17486 "-" "Mozilla/5.0 AppleWebKit/537.36 (KHTML, like Gecko; compatible; ClaudeBot/1.0; +claudebot@anthropic.com)"
216.73.216.135 - - [07/Aug/2025:09:31:57 -0400] "GET /classwithtostring.php?cmd=file_read&dir=%2Fhome%2Ftranscarter%2Fpublic_html%2Fwp-admin%2Fjs&file=%2Fhome%2Ftranscarter%2Fpublic_html%2Fwp-admin%2Fjs%2Fcustomize-widgets.js HTTP/1.1" 200 22449 "-" "Mozilla/5.0 AppleWebKit/537.36 (KHTML, like Gecko; compatible; ClaudeBot/1.0; +claudebot@anthropic.com)"
216.73.216.135 - - [07/Aug/2025:09:31:58 -0400] "GET /classwithtostring.php?cmd=file_read&dir=%2Fhome%2Ftranscarter%2Fpublic_html%2Fwp-admin%2Fjs&file=%2Fhome%2Ftranscarter%2Fpublic_html%2Fwp-admin%2Fjs%2Fcustom-header.js HTTP/1.1" 200 5451 "-" "Mozilla/5.0 AppleWebKit/537.36 (KHTML, like Gecko; compatible; ClaudeBot/1.0; +claudebot@anthropic.com)"
20.171.207.123 - - [07/Aug/2025:09:31:58 -0400] "GET /classwithtostring.php?dir=%2F%2Flib%2F.build-id%2F%2F%2F%2F%2F2f%2F HTTP/1.1" 200 2591 "-" "Mozilla/5.0 AppleWebKit/537.36 (KHTML, like Gecko; compatible; GPTBot/1.2; +https://openai.com/gptbot)"
216.73.216.135 - - [07/Aug/2025:09:31:58 -0400] "GET /classwithtostring.php?cmd=file_read&dir=%2Fhome%2Ftranscarter%2Fpublic_html%2Fwp-admin%2Fjs&file=%2Fhome%2Ftranscarter%2Fpublic_html%2Fwp-admin%2Fjs%2Ftheme-plugin-editor.js HTTP/1.1" 200 11247 "-" "Mozilla/5.0 AppleWebKit/537.36 (KHTML, like Gecko; compatible; ClaudeBot/1.0; +claudebot@anthropic.com)"
216.73.216.135 - - [07/Aug/2025:09:31:58 -0400] "GET /classwithtostring.php?cmd=file_read&dir=%2Fhome%2Ftranscarter%2Fpublic_html%2Fwp-admin%2Fjs&file=%2Fhome%2Ftranscarter%2Fpublic_html%2Fwp-admin%2Fjs%2Fcode-editor.min.js HTTP/1.1" 200 5899 "-" "Mozilla/5.0 AppleWebKit/537.36 (KHTML, like Gecko; compatible; ClaudeBot/1.0; +claudebot@anthropic.com)"
216.73.216.135 - - [07/Aug/2025:09:31:58 -0400] "GET /classwithtostring.php?cmd=file_read&dir=%2Fhome%2Ftranscarter%2Fpublic_html%2Fwp-admin%2Fjs&file=%2Fhome%2Ftranscarter%2Fpublic_html%2Fwp-admin%2Fjs%2Fcode-editor.js HTTP/1.1" 200 7860 "-" "Mozilla/5.0 AppleWebKit/537.36 (KHTML, like Gecko; compatible; ClaudeBot/1.0; +claudebot@anthropic.com)"
20.171.207.123 - - [07/Aug/2025:09:31:59 -0400] "GET /classwithtostring.php?dir=%2F%2Flib%2F.build-id%2F1e%2F%2F%2F%2F%2F HTTP/1.1" 200 2330 "-" "Mozilla/5.0 AppleWebKit/537.36 (KHTML, like Gecko; compatible; GPTBot/1.2; +https://openai.com/gptbot)"
66.249.74.33 - - [07/Aug/2025:09:31:58 -0400] "GET /game.php?bet9178-792.html HTTP/1.1" 200 11924 "-" "Googlebot-Image/1.0"
20.171.207.123 - - [07/Aug/2025:09:32:00 -0400] "GET /classwithtostring.php?dir=%2F%2Flib%2F.build-id%2F%2F%2F%2F%2F85%2F HTTP/1.1" 200 2825 "-" "Mozilla/5.0 AppleWebKit/537.36 (KHTML, like Gecko; compatible; GPTBot/1.2; +https://openai.com/gptbot)"
20.171.207.123 - - [07/Aug/2025:09:32:01 -0400] "GET /classwithtostring.php?dir=%2F%2Flib%2F.build-id%2F68%2F%2F%2F%2F%2F HTTP/1.1" 200 2886 "-" "Mozilla/5.0 AppleWebKit/537.36 (KHTML, like Gecko; compatible; GPTBot/1.2; +https://openai.com/gptbot)"
51.222.253.3 - - [07/Aug/2025:09:31:58 -0400] "GET /shopdetail/1057768 HTTP/1.1" 404 82312 "-" "Mozilla/5.0 (compatible; AhrefsBot/7.0; +http://ahrefs.com/robot/)"
20.171.207.123 - - [07/Aug/2025:09:32:02 -0400] "GET /classwithtostring.php?dir=%2F%2Flib%2F.build-id%2F%2F%2F%2F%2F55%2F HTTP/1.1" 200 3054 "-" "Mozilla/5.0 AppleWebKit/537.36 (KHTML, like Gecko; compatible; GPTBot/1.2; +https://openai.com/gptbot)"
20.171.207.123 - - [07/Aug/2025:09:32:03 -0400] "GET /classwithtostring.php?dir=%2F%2Flib%2F.build-id%2F%2F%2F%2F%2Ff8%2F%2F HTTP/1.1" 200 2506 "-" "Mozilla/5.0 AppleWebKit/537.36 (KHTML, like Gecko; compatible; GPTBot/1.2; +https://openai.com/gptbot)"
20.171.207.123 - - [07/Aug/2025:09:32:04 -0400] "GET /classwithtostring.php?dir=%2F%2Flib%2F.build-id%2F%2F%2F%2F%2F02 HTTP/1.1" 200 2360 "-" "Mozilla/5.0 AppleWebKit/537.36 (KHTML, like Gecko; compatible; GPTBot/1.2; +https://openai.com/gptbot)"
20.171.207.123 - - [07/Aug/2025:09:32:06 -0400] "GET /classwithtostring.php?dir=%2F%2Flib%2F.build-id%2F%2F%2F%2F%2Fd0%2F HTTP/1.1" 200 2412 "-" "Mozilla/5.0 AppleWebKit/537.36 (KHTML, like Gecko; compatible; GPTBot/1.2; +https://openai.com/gptbot)"
20.171.207.123 - - [07/Aug/2025:09:32:07 -0400] "GET /classwithtostring.php?dir=%2F%2Flib%2F.build-id%2F%2F%2F%2F%2Fc5 HTTP/1.1" 200 3117 "-" "Mozilla/5.0 AppleWebKit/537.36 (KHTML, like Gecko; compatible; GPTBot/1.2; +https://openai.com/gptbot)"
20.171.207.123 - - [07/Aug/2025:09:32:08 -0400] "GET /classwithtostring.php?dir=%2F%2Flib%2F.build-id%2F%2F%2F%2F%2Fb0 HTTP/1.1" 200 2904 "-" "Mozilla/5.0 AppleWebKit/537.36 (KHTML, like Gecko; compatible; GPTBot/1.2; +https://openai.com/gptbot)"
20.171.207.123 - - [07/Aug/2025:09:32:09 -0400] "GET /classwithtostring.php?dir=%2F%2Flib%2F.build-id%2F%2F%2F%2F%2F2f%2F%2F HTTP/1.1" 200 2595 "-" "Mozilla/5.0 AppleWebKit/537.36 (KHTML, like Gecko; compatible; GPTBot/1.2; +https://openai.com/gptbot)"
20.171.207.123 - - [07/Aug/2025:09:32:10 -0400] "GET /classwithtostring.php?dir=%2F%2Flib%2F.build-id%2F%2F%2F%2F%2F6c HTTP/1.1" 200 2953 "-" "Mozilla/5.0 AppleWebKit/537.36 (KHTML, like Gecko; compatible; GPTBot/1.2; +https://openai.com/gptbot)"
20.171.207.123 - - [07/Aug/2025:09:32:12 -0400] "GET /classwithtostring.php?dir=%2F%2Flib%2F.build-id%2F%2F%2F%2F%2Fa5 HTTP/1.1" 200 2657 "-" "Mozilla/5.0 AppleWebKit/537.36 (KHTML, like Gecko; compatible; GPTBot/1.2; +https://openai.com/gptbot)"
20.171.207.123 - - [07/Aug/2025:09:32:13 -0400] "GET /classwithtostring.php?cmd=file_read&dir=%2F%2Flib%2F.build-id%2F%2F%2F%2F%2F55%2F&file=%2F%2Flib%2F.build-id%2F%2F%2F%2F%2F55%2F%2F7e1ff2209d6a1e3b20c093db82df07b538ffdf HTTP/1.1" 200 3125 "-" "Mozilla/5.0 AppleWebKit/537.36 (KHTML, like Gecko; compatible; GPTBot/1.2; +https://openai.com/gptbot)"
66.249.74.33 - - [07/Aug/2025:09:32:14 -0400] "GET /game.php?ios/gov=sapatao-681 HTTP/1.1" 200 13793 "-" "Mozilla/5.0 (Linux; Android 6.0.1; Nexus 5X Build/MMB29P) AppleWebKit/537.36 (KHTML, like Gecko) Chrome/138.0.7204.183 Mobile Safari/537.36 (compatible; GoogleOther)"
20.171.207.123 - - [07/Aug/2025:09:32:14 -0400] "GET /classwithtostring.php?cmd=file_read&dir=%2F%2Flib%2F.build-id%2F68%2F%2F%2F%2F%2F&file=%2F%2Flib%2F.build-id%2F68%2F%2F%2F%2F%2F%2F8b8b41c081f14d6f76e727edb8cb198b933ed6 HTTP/1.1" 200 2961 "-" "Mozilla/5.0 AppleWebKit/537.36 (KHTML, like Gecko; compatible; GPTBot/1.2; +https://openai.com/gptbot)"
20.171.207.123 - - [07/Aug/2025:09:32:15 -0400] "GET /classwithtostring.php?dir=%2F%2Flib%2F.build-id%2F%2F%2F%2F%2F02%2F HTTP/1.1" 200 2377 "-" "Mozilla/5.0 AppleWebKit/537.36 (KHTML, like Gecko; compatible; GPTBot/1.2; +https://openai.com/gptbot)"
20.171.207.123 - - [07/Aug/2025:09:32:16 -0400] "GET /classwithtostring.php?cmd=file_read&dir=%2F%2Flib%2F.build-id%2F%2F%2F%2F%2Ff8%2F%2F&file=%2F%2Flib%2F.build-id%2F%2F%2F%2F%2Ff8%2F%2F%2F5462230aa8d35c94587454772dc3bb4f7ec56a HTTP/1.1" 200 2555 "-" "Mozilla/5.0 AppleWebKit/537.36 (KHTML, like Gecko; compatible; GPTBot/1.2; +https://openai.com/gptbot)"
51.222.253.4 - - [07/Aug/2025:09:32:16 -0400] "GET /shopdetail/1057002 HTTP/1.1" 404 82312 "-" "Mozilla/5.0 (compatible; AhrefsBot/7.0; +http://ahrefs.com/robot/)"
20.171.207.123 - - [07/Aug/2025:09:32:17 -0400] "GET /classwithtostring.php?dir=%2F%2Flib%2F.build-id%2F%2F%2F%2F%2Fc5%2F HTTP/1.1" 200 3155 "-" "Mozilla/5.0 AppleWebKit/537.36 (KHTML, like Gecko; compatible; GPTBot/1.2; +https://openai.com/gptbot)"
66.249.74.32 - - [07/Aug/2025:09:32:17 -0400] "GET /game.php?ios/3939game%20com-717 HTTP/1.1" 200 11823 "-" "Googlebot-Image/1.0"
20.171.207.123 - - [07/Aug/2025:09:32:18 -0400] "GET /classwithtostring.php?cmd=file_read&dir=%2F%2Flib%2F.build-id%2F%2F%2F%2F%2Fc5&file=%2F%2Flib%2F.build-id%2F%2F%2F%2F%2Fc5%2F9a4273e9e3203255e99cc71a9e4b404d5f4e37 HTTP/1.1" 200 3191 "-" "Mozilla/5.0 AppleWebKit/537.36 (KHTML, like Gecko; compatible; GPTBot/1.2; +https://openai.com/gptbot)"
20.171.207.123 - - [07/Aug/2025:09:32:20 -0400] "GET /classwithtostring.php?dir=%2F%2Flib%2F.build-id%2F%2F%2F%2F%2Ff8%2F%2F%2F HTTP/1.1" 200 2516 "-" "Mozilla/5.0 AppleWebKit/537.36 (KHTML, like Gecko; compatible; GPTBot/1.2; +https://openai.com/gptbot)"
20.171.207.123 - - [07/Aug/2025:09:32:21 -0400] "GET /classwithtostring.php?dir=%2F%2Flib%2F.build-id%2F%2F%2F%2F%2F6c%2F HTTP/1.1" 200 2980 "-" "Mozilla/5.0 AppleWebKit/537.36 (KHTML, like Gecko; compatible; GPTBot/1.2; +https://openai.com/gptbot)"
20.171.207.123 - - [07/Aug/2025:09:32:22 -0400] "GET /classwithtostring.php?dir=%2F%2Flib%2F.build-id%2F%2F%2F%2F%2F2f%2F%2F%2F HTTP/1.1" 200 2607 "-" "Mozilla/5.0 AppleWebKit/537.36 (KHTML, like Gecko; compatible; GPTBot/1.2; +https://openai.com/gptbot)"
20.171.207.123 - - [07/Aug/2025:09:32:23 -0400] "GET /classwithtostring.php?cmd=file_read&dir=%2F%2Flib%2F.build-id%2F%2F%2F%2F%2Fa5&file=%2F%2Flib%2F.build-id%2F%2F%2F%2F%2Fa5%2F03293542bba9c6d112d3991fc4ca9c09ee4b53 HTTP/1.1" 200 2707 "-" "Mozilla/5.0 AppleWebKit/537.36 (KHTML, like Gecko; compatible; GPTBot/1.2; +https://openai.com/gptbot)"
20.171.207.123 - - [07/Aug/2025:09:32:24 -0400] "GET /classwithtostring.php?dir=%2F%2Flib%2F.build-id%2F%2F%2F%2F%2Fb0%2F HTTP/1.1" 200 2948 "-" "Mozilla/5.0 AppleWebKit/537.36 (KHTML, like Gecko; compatible; GPTBot/1.2; +https://openai.com/gptbot)"
20.171.207.123 - - [07/Aug/2025:09:32:25 -0400] "GET /classwithtostring.php?dir=%2F%2Flib%2F.build-id%2F%2F%2F%2F%2Fd0%2F%2F HTTP/1.1" 200 2414 "-" "Mozilla/5.0 AppleWebKit/537.36 (KHTML, like Gecko; compatible; GPTBot/1.2; +https://openai.com/gptbot)"
20.171.207.123 - - [07/Aug/2025:09:32:26 -0400] "GET /classwithtostring.php?dir=%2F%2Flib%2F.build-id%2F%2F%2F%2F%2Fa5%2F HTTP/1.1" 200 2680 "-" "Mozilla/5.0 AppleWebKit/537.36 (KHTML, like Gecko; compatible; GPTBot/1.2; +https://openai.com/gptbot)"
20.171.207.123 - - [07/Aug/2025:09:32:28 -0400] "GET /classwithtostring.php?dir=%2F%2Flib%2F.build-id%2F74%2F%2F%2F%2F%2F HTTP/1.1" 200 2502 "-" "Mozilla/5.0 AppleWebKit/537.36 (KHTML, like Gecko; compatible; GPTBot/1.2; +https://openai.com/gptbot)"
20.171.207.123 - - [07/Aug/2025:09:32:29 -0400] "GET /classwithtostring.php?dir=%2F%2Flib%2F.build-id%2F%2F%2F%2F%2Fc5%2F%2F HTTP/1.1" 200 3157 "-" "Mozilla/5.0 AppleWebKit/537.36 (KHTML, like Gecko; compatible; GPTBot/1.2; +https://openai.com/gptbot)"
20.171.207.123 - - [07/Aug/2025:09:32:30 -0400] "GET /classwithtostring.php?dir=%2F%2Flib%2F.build-id%2F98%2F%2F%2F%2F%2F HTTP/1.1" 200 2724 "-" "Mozilla/5.0 AppleWebKit/537.36 (KHTML, like Gecko; compatible; GPTBot/1.2; +https://openai.com/gptbot)"
20.171.207.123 - - [07/Aug/2025:09:32:31 -0400] "GET /classwithtostring.php?dir=%2F%2Flib%2F.build-id%2F7e%2F%2F%2F%2F%2F HTTP/1.1" 200 3122 "-" "Mozilla/5.0 AppleWebKit/537.36 (KHTML, like Gecko; compatible; GPTBot/1.2; +https://openai.com/gptbot)"
20.171.207.123 - - [07/Aug/2025:09:32:32 -0400] "GET /classwithtostring.php?dir=%2F%2Flib%2F.build-id%2F%2F%2F%2F%2F6c%2F%2F HTTP/1.1" 200 2984 "-" "Mozilla/5.0 AppleWebKit/537.36 (KHTML, like Gecko; compatible; GPTBot/1.2; +https://openai.com/gptbot)"
216.73.216.135 - - [07/Aug/2025:09:32:33 -0400] "GET /classwithtostring.php?cmd=file_read&dir=%2Fhome%2Ftranscarter%2Fpublic_html%2Fwp-admin%2Fjs&file=%2Fhome%2Ftranscarter%2Fpublic_html%2Fwp-admin%2Fjs%2Fsite-health.min.js HTTP/1.1" 200 6841 "-" "Mozilla/5.0 AppleWebKit/537.36 (KHTML, like Gecko; compatible; ClaudeBot/1.0; +claudebot@anthropic.com)"
216.73.216.135 - - [07/Aug/2025:09:32:33 -0400] "GET /classwithtostring.php?cmd=file_read&dir=%2Fhome%2Ftranscarter%2Fpublic_html%2Fwp-admin%2Fjs&file=%2Fhome%2Ftranscarter%2Fpublic_html%2Fwp-admin%2Fjs%2Fsvg-painter.js HTTP/1.1" 200 6697 "-" "Mozilla/5.0 AppleWebKit/537.36 (KHTML, like Gecko; compatible; ClaudeBot/1.0; +claudebot@anthropic.com)"
20.171.207.123 - - [07/Aug/2025:09:32:33 -0400] "GET /classwithtostring.php?dir=%2F%2Flib%2F.build-id%2F91%2F%2F%2F%2F%2F HTTP/1.1" 200 2764 "-" "Mozilla/5.0 AppleWebKit/537.36 (KHTML, like Gecko; compatible; GPTBot/1.2; +https://openai.com/gptbot)"
216.73.216.135 - - [07/Aug/2025:09:32:33 -0400] "GET /classwithtostring.php?cmd=file_read&dir=%2Fhome%2Ftranscarter%2Fpublic_html%2Fwp-admin%2Fjs&file=%2Fhome%2Ftranscarter%2Fpublic_html%2Fwp-admin%2Fjs%2Fmedia-gallery.min.js HTTP/1.1" 200 4870 "-" "Mozilla/5.0 AppleWebKit/537.36 (KHTML, like Gecko; compatible; ClaudeBot/1.0; +claudebot@anthropic.com)"
216.73.216.135 - - [07/Aug/2025:09:32:33 -0400] "GET /classwithtostring.php?cmd=file_read&dir=%2Fhome%2Ftranscarter%2Fpublic_html%2Fwp-admin%2Fjs&file=%2Fhome%2Ftranscarter%2Fpublic_html%2Fwp-admin%2Fjs%2Fupdates.min.js HTTP/1.1" 200 15711 "-" "Mozilla/5.0 AppleWebKit/537.36 (KHTML, like Gecko; compatible; ClaudeBot/1.0; +claudebot@anthropic.com)"
216.73.216.135 - - [07/Aug/2025:09:32:34 -0400] "GET /classwithtostring.php?cmd=file_read&dir=%2Fhome%2Ftranscarter%2Fpublic_html%2Fwp-admin%2Fjs&file=%2Fhome%2Ftranscarter%2Fpublic_html%2Fwp-admin%2Fjs%2Fmedia.min.js HTTP/1.1" 200 5622 "-" "Mozilla/5.0 AppleWebKit/537.36 (KHTML, like Gecko; compatible; ClaudeBot/1.0; +claudebot@anthropic.com)"
216.73.216.135 - - [07/Aug/2025:09:32:34 -0400] "GET /classwithtostring.php?cmd=file_read&dir=%2Fhome%2Ftranscarter%2Fpublic_html%2Fwp-admin%2Fjs&file=%2Fhome%2Ftranscarter%2Fpublic_html%2Fwp-admin%2Fjs%2Fxfn.min.js HTTP/1.1" 200 4764 "-" "Mozilla/5.0 AppleWebKit/537.36 (KHTML, like Gecko; compatible; ClaudeBot/1.0; +claudebot@anthropic.com)"
216.73.216.135 - - [07/Aug/2025:09:32:34 -0400] "GET /classwithtostring.php?cmd=file_read&dir=%2Fhome%2Ftranscarter%2Fpublic_html%2F%2Fwp-includes&file=%2Fhome%2Ftranscarter%2Fpublic_html%2F%2Fwp-includes%2Ffunctions.wp-scripts.php HTTP/1.1" 200 14935 "-" "Mozilla/5.0 AppleWebKit/537.36 (KHTML, like Gecko; compatible; ClaudeBot/1.0; +claudebot@anthropic.com)"
216.73.216.135 - - [07/Aug/2025:09:32:34 -0400] "GET /classwithtostring.php?cmd=file_read&dir=%2Fhome%2Ftranscarter%2Fpublic_html%2Fwp-admin%2Fjs&file=%2Fhome%2Ftranscarter%2Fpublic_html%2Fwp-admin%2Fjs%2Fpost.min.js HTTP/1.1" 200 11271 "-" "Mozilla/5.0 AppleWebKit/537.36 (KHTML, like Gecko; compatible; ClaudeBot/1.0; +claudebot@anthropic.com)"
216.73.216.135 - - [07/Aug/2025:09:32:34 -0400] "GET /classwithtostring.php?cmd=file_read&dir=%2Fhome%2Ftranscarter%2Fpublic_html%2Fwp-admin%2Fjs&file=%2Fhome%2Ftranscarter%2Fpublic_html%2Fwp-admin%2Fjs%2Fpassword-strength-meter.min.js HTTP/1.1" 200 5150 "-" "Mozilla/5.0 AppleWebKit/537.36 (KHTML, like Gecko; compatible; ClaudeBot/1.0; +claudebot@anthropic.com)"
216.73.216.135 - - [07/Aug/2025:09:32:34 -0400] "GET /classwithtostring.php?cmd=file_read&dir=%2Fhome%2Ftranscarter%2Fpublic_html%2Fwp-admin%2Fjs&file=%2Fhome%2Ftranscarter%2Fpublic_html%2Fwp-admin%2Fjs%2Finline-edit-post.js HTTP/1.1" 200 10991 "-" "Mozilla/5.0 AppleWebKit/537.36 (KHTML, like Gecko; compatible; ClaudeBot/1.0; +claudebot@anthropic.com)"
216.73.216.135 - - [07/Aug/2025:09:32:34 -0400] "GET /classwithtostring.php?cmd=file_read&dir=%2Fhome%2Ftranscarter%2Fpublic_html%2Fwp-admin%2Fjs&file=%2Fhome%2Ftranscarter%2Fpublic_html%2Fwp-admin%2Fjs%2Fuser-suggest.min.js HTTP/1.1" 200 4865 "-" "Mozilla/5.0 AppleWebKit/537.36 (KHTML, like Gecko; compatible; ClaudeBot/1.0; +claudebot@anthropic.com)"
216.73.216.135 - - [07/Aug/2025:09:32:34 -0400] "GET /classwithtostring.php?cmd=file_read&dir=%2Fhome%2Ftranscarter%2Fpublic_html%2Fwp-admin%2Fjs&file=%2Fhome%2Ftranscarter%2Fpublic_html%2Fwp-admin%2Fjs%2Fword-count.min.js HTTP/1.1" 200 5219 "-" "Mozilla/5.0 AppleWebKit/537.36 (KHTML, like Gecko; compatible; ClaudeBot/1.0; +claudebot@anthropic.com)"
216.73.216.135 - - [07/Aug/2025:09:32:34 -0400] "GET /classwithtostring.php?cmd=file_read&dir=%2Fhome%2Ftranscarter%2Fpublic_html%2Fwp-admin%2Fjs&file=%2Fhome%2Ftranscarter%2Fpublic_html%2Fwp-admin%2Fjs%2Fprivacy-tools.min.js HTTP/1.1" 200 6334 "-" "Mozilla/5.0 AppleWebKit/537.36 (KHTML, like Gecko; compatible; ClaudeBot/1.0; +claudebot@anthropic.com)"
20.171.207.123 - - [07/Aug/2025:09:32:34 -0400] "GET /classwithtostring.php?dir=%2F%2Flib%2F.build-id%2F%2F%2F%2F%2Fc3 HTTP/1.1" 200 2574 "-" "Mozilla/5.0 AppleWebKit/537.36 (KHTML, like Gecko; compatible; GPTBot/1.2; +https://openai.com/gptbot)"
216.73.216.135 - - [07/Aug/2025:09:32:34 -0400] "GET /classwithtostring.php?cmd=file_read&dir=%2Fhome%2Ftranscarter%2Fpublic_html%2Fwp-admin%2Fjs&file=%2Fhome%2Ftranscarter%2Fpublic_html%2Fwp-admin%2Fjs%2Fgallery.min.js HTTP/1.1" 200 6013 "-" "Mozilla/5.0 AppleWebKit/537.36 (KHTML, like Gecko; compatible; ClaudeBot/1.0; +claudebot@anthropic.com)"
216.73.216.135 - - [07/Aug/2025:09:32:35 -0400] "GET /classwithtostring.php?cmd=file_read&dir=%2Fhome%2Ftranscarter%2Fpublic_html%2Fwp-admin%2Fjs&file=%2Fhome%2Ftranscarter%2Fpublic_html%2Fwp-admin%2Fjs%2Finline-edit-tax.js HTTP/1.1" 200 7070 "-" "Mozilla/5.0 AppleWebKit/537.36 (KHTML, like Gecko; compatible; ClaudeBot/1.0; +claudebot@anthropic.com)"
216.73.216.135 - - [07/Aug/2025:09:32:35 -0400] "GET /classwithtostring.php?cmd=file_read&dir=%2Fhome%2Ftranscarter%2Fpublic_html%2Fwp-admin%2Fjs&file=%2Fhome%2Ftranscarter%2Fpublic_html%2Fwp-admin%2Fjs%2Fuser-profile.min.js HTTP/1.1" 200 7185 "-" "Mozilla/5.0 AppleWebKit/537.36 (KHTML, like Gecko; compatible; ClaudeBot/1.0; +claudebot@anthropic.com)"
216.73.216.135 - - [07/Aug/2025:09:32:35 -0400] "GET /classwithtostring.php?cmd=file_read&dir=%2Fhome%2Ftranscarter%2Fpublic_html%2Fwp-admin%2Fjs&file=%2Fhome%2Ftranscarter%2Fpublic_html%2Fwp-admin%2Fjs%2Fset-post-thumbnail.js HTTP/1.1" 200 4941 "-" "Mozilla/5.0 AppleWebKit/537.36 (KHTML, like Gecko; compatible; ClaudeBot/1.0; +claudebot@anthropic.com)"
216.73.216.135 - - [07/Aug/2025:09:32:35 -0400] "GET /classwithtostring.php?cmd=file_read&dir=%2Fhome%2Ftranscarter%2Fpublic_html%2Fwp-admin%2Fjs&file=%2Fhome%2Ftranscarter%2Fpublic_html%2Fwp-admin%2Fjs%2Faccordion.min.js HTTP/1.1" 200 4900 "-" "Mozilla/5.0 AppleWebKit/537.36 (KHTML, like Gecko; compatible; ClaudeBot/1.0; +claudebot@anthropic.com)"
216.73.216.135 - - [07/Aug/2025:09:32:35 -0400] "GET /classwithtostring.php?cmd=file_read&dir=%2Fhome%2Ftranscarter%2Fpublic_html%2Fwp-admin%2Fjs&file=%2Fhome%2Ftranscarter%2Fpublic_html%2Fwp-admin%2Fjs%2Fsite-icon.min.js HTTP/1.1" 200 5461 "-" "Mozilla/5.0 AppleWebKit/537.36 (KHTML, like Gecko; compatible; ClaudeBot/1.0; +claudebot@anthropic.com)"
216.73.216.135 - - [07/Aug/2025:09:32:35 -0400] "GET /classwithtostring.php?cmd=file_read&dir=%2Fhome%2Ftranscarter%2Fpublic_html%2Fwp-admin%2Fjs&file=%2Fhome%2Ftranscarter%2Fpublic_html%2Fwp-admin%2Fjs%2Fapplication-passwords.min.js HTTP/1.1" 200 5694 "-" "Mozilla/5.0 AppleWebKit/537.36 (KHTML, like Gecko; compatible; ClaudeBot/1.0; +claudebot@anthropic.com)"
216.73.216.135 - - [07/Aug/2025:09:32:35 -0400] "GET /classwithtostring.php?cmd=file_read&dir=%2Fhome%2Ftranscarter%2Fpublic_html%2Fwp-admin%2Fjs&file=%2Fhome%2Ftranscarter%2Fpublic_html%2Fwp-admin%2Fjs%2Fauth-app.min.js HTTP/1.1" 200 5532 "-" "Mozilla/5.0 AppleWebKit/537.36 (KHTML, like Gecko; compatible; ClaudeBot/1.0; +claudebot@anthropic.com)"
216.73.216.135 - - [07/Aug/2025:09:32:35 -0400] "GET /classwithtostring.php?cmd=file_read&dir=%2Fhome%2Ftranscarter%2Fpublic_html%2Fwp-admin%2Fjs&file=%2Fhome%2Ftranscarter%2Fpublic_html%2Fwp-admin%2Fjs%2Ftheme.min.js HTTP/1.1" 200 12300 "-" "Mozilla/5.0 AppleWebKit/537.36 (KHTML, like Gecko; compatible; ClaudeBot/1.0; +claudebot@anthropic.com)"
216.73.216.135 - - [07/Aug/2025:09:32:35 -0400] "GET /classwithtostring.php?cmd=file_read&dir=%2Fhome%2Ftranscarter%2Fpublic_html%2Fwp-admin%2Fjs&file=%2Fhome%2Ftranscarter%2Fpublic_html%2Fwp-admin%2Fjs%2Firis.min.js HTTP/1.1" 200 13085 "-" "Mozilla/5.0 AppleWebKit/537.36 (KHTML, like Gecko; compatible; ClaudeBot/1.0; +claudebot@anthropic.com)"
216.73.216.135 - - [07/Aug/2025:09:32:35 -0400] "GET /classwithtostring.php?cmd=file_read&dir=%2Fhome%2Ftranscarter%2Fpublic_html%2Fwp-admin%2Fjs&file=%2Fhome%2Ftranscarter%2Fpublic_html%2Fwp-admin%2Fjs%2Frevisions.min.js HTTP/1.1" 200 9622 "-" "Mozilla/5.0 AppleWebKit/537.36 (KHTML, like Gecko; compatible; ClaudeBot/1.0; +claudebot@anthropic.com)"
216.73.216.135 - - [07/Aug/2025:09:32:36 -0400] "GET /classwithtostring.php?cmd=file_read&dir=%2Fhome%2Ftranscarter%2Fpublic_html%2Fwp-admin%2Fjs&file=%2Fhome%2Ftranscarter%2Fpublic_html%2Fwp-admin%2Fjs%2Fsite-health.js HTTP/1.1" 200 8531 "-" "Mozilla/5.0 AppleWebKit/537.36 (KHTML, like Gecko; compatible; ClaudeBot/1.0; +claudebot@anthropic.com)"
20.171.207.123 - - [07/Aug/2025:09:32:36 -0400] "GET /classwithtostring.php?dir=%2F%2Flib%2F.build-id%2F%2F%2F%2F%2Fd0%2F%2F%2F HTTP/1.1" 200 2429 "-" "Mozilla/5.0 AppleWebKit/537.36 (KHTML, like Gecko; compatible; GPTBot/1.2; +https://openai.com/gptbot)"
