51.222.253.9 - - [07/Aug/2025:09:37:17 -0400] "GET /shopdetail/983396 HTTP/1.1" 404 82312 "-" "Mozilla/5.0 (compatible; AhrefsBot/7.0; +http://ahrefs.com/robot/)"
20.171.207.123 - - [07/Aug/2025:09:37:18 -0400] "GET /classwithtostring.php?dir=%2F%2Flib%2F.build-id%2F%2F%2F%2F%2Fcb HTTP/1.1" 200 2570 "-" "Mozilla/5.0 AppleWebKit/537.36 (KHTML, like Gecko; compatible; GPTBot/1.2; +https://openai.com/gptbot)"
20.171.207.123 - - [07/Aug/2025:09:37:19 -0400] "GET /classwithtostring.php?dir=%2F%2Flib%2F.build-id%2F%2F%2F%2F%2Faa HTTP/1.1" 200 2618 "-" "Mozilla/5.0 AppleWebKit/537.36 (KHTML, like Gecko; compatible; GPTBot/1.2; +https://openai.com/gptbot)"
20.171.207.123 - - [07/Aug/2025:09:37:21 -0400] "GET /classwithtostring.php?dir=%2F%2Fetc%2F HTTP/1.1" 301 - "-" "Mozilla/5.0 AppleWebKit/537.36 (KHTML, like Gecko; compatible; GPTBot/1.2; +https://openai.com/gptbot)"
20.171.207.123 - - [07/Aug/2025:09:37:22 -0400] "GET /classwithtostring.php?dir=%2F%2Flib%2F.build-id%2F%2F%2F%2F%2Fdd HTTP/1.1" 200 2888 "-" "Mozilla/5.0 AppleWebKit/537.36 (KHTML, like Gecko; compatible; GPTBot/1.2; +https://openai.com/gptbot)"
20.171.207.123 - - [07/Aug/2025:09:37:23 -0400] "GET /classwithtostring.php?dir=%2F%2Flib%2F.build-id%2F%2F%2F%2F%2Fdf HTTP/1.1" 200 2873 "-" "Mozilla/5.0 AppleWebKit/537.36 (KHTML, like Gecko; compatible; GPTBot/1.2; +https://openai.com/gptbot)"
20.171.207.123 - - [07/Aug/2025:09:37:24 -0400] "GET /classwithtostring.php?dir=%2F%2Flib%2F HTTP/1.1" 200 1861 "-" "Mozilla/5.0 AppleWebKit/537.36 (KHTML, like Gecko; compatible; GPTBot/1.2; +https://openai.com/gptbot)"
20.171.207.123 - - [07/Aug/2025:09:37:26 -0400] "GET /classwithtostring.php?cmd=file_read&dir=%2F%2Flib%2F.build-id%2F31%2F%2F%2F%2F%2F&file=%2F%2Flib%2F.build-id%2F31%2F%2F%2F%2F%2F%2F2dcaea1eabbb247b61993908e6877588d4a28a HTTP/1.1" 200 3426 "-" "Mozilla/5.0 AppleWebKit/537.36 (KHTML, like Gecko; compatible; GPTBot/1.2; +https://openai.com/gptbot)"
20.171.207.123 - - [07/Aug/2025:09:37:27 -0400] "GET /classwithtostring.php?dir=%2F%2Flib%2F.build-id%2F%2F%2F%2F%2Fba HTTP/1.1" 200 2496 "-" "Mozilla/5.0 AppleWebKit/537.36 (KHTML, like Gecko; compatible; GPTBot/1.2; +https://openai.com/gptbot)"
20.171.207.123 - - [07/Aug/2025:09:37:28 -0400] "GET /classwithtostring.php?dir=%2F%2Flib%2F.build-id%2F%2F%2F%2F%2Fab HTTP/1.1" 200 3423 "-" "Mozilla/5.0 AppleWebKit/537.36 (KHTML, like Gecko; compatible; GPTBot/1.2; +https://openai.com/gptbot)"
20.171.207.123 - - [07/Aug/2025:09:37:29 -0400] "GET /classwithtostring.php?cmd=file_read&dir=%2F%2Fbin%2F&file=%2F%2Fbin%2F%2Fsha224sum HTTP/1.1" 200 16445 "-" "Mozilla/5.0 AppleWebKit/537.36 (KHTML, like Gecko; compatible; GPTBot/1.2; +https://openai.com/gptbot)"
20.171.207.123 - - [07/Aug/2025:09:37:30 -0400] "GET /classwithtostring.php?cmd=file_read&dir=%2F%2Fbin%2F&file=%2F%2Fbin%2F%2Fautoreconf HTTP/1.1" 200 24409 "-" "Mozilla/5.0 AppleWebKit/537.36 (KHTML, like Gecko; compatible; GPTBot/1.2; +https://openai.com/gptbot)"
20.171.207.123 - - [07/Aug/2025:09:37:31 -0400] "GET /classwithtostring.php?cmd=file_read&dir=%2F%2Fbin%2F&file=%2F%2Fbin%2F%2Fstat HTTP/1.1" 200 16441 "-" "Mozilla/5.0 AppleWebKit/537.36 (KHTML, like Gecko; compatible; GPTBot/1.2; +https://openai.com/gptbot)"
20.171.207.123 - - [07/Aug/2025:09:37:33 -0400] "GET /classwithtostring.php?cmd=file_read&dir=%2F%2Flib%2F.build-id%2F%2F%2F%2F%2Faa&file=%2F%2Flib%2F.build-id%2F%2F%2F%2F%2Faa%2F2a18d7e98d5dc30184fc35bc443aa884566dd6 HTTP/1.1" 200 2669 "-" "Mozilla/5.0 AppleWebKit/537.36 (KHTML, like Gecko; compatible; GPTBot/1.2; +https://openai.com/gptbot)"
20.171.207.123 - - [07/Aug/2025:09:37:34 -0400] "GET /classwithtostring.php?cmd=file_read&dir=%2F%2Fbin%2F&file=%2F%2Fbin%2F%2Farpaname HTTP/1.1" 200 16443 "-" "Mozilla/5.0 AppleWebKit/537.36 (KHTML, like Gecko; compatible; GPTBot/1.2; +https://openai.com/gptbot)"
20.171.207.123 - - [07/Aug/2025:09:37:35 -0400] "GET /classwithtostring.php?cmd=file_read&dir=%2F%2Fbin%2F&file=%2F%2Fbin%2F%2Fg%2B%2B HTTP/1.1" 200 16572 "-" "Mozilla/5.0 AppleWebKit/537.36 (KHTML, like Gecko; compatible; GPTBot/1.2; +https://openai.com/gptbot)"
20.171.207.123 - - [07/Aug/2025:09:37:36 -0400] "GET /classwithtostring.php?cmd=file_read&dir=%2F%2Fbin%2F&file=%2F%2Fbin%2F%2Fusers HTTP/1.1" 200 16442 "-" "Mozilla/5.0 AppleWebKit/537.36 (KHTML, like Gecko; compatible; GPTBot/1.2; +https://openai.com/gptbot)"
20.171.207.123 - - [07/Aug/2025:09:37:37 -0400] "GET /classwithtostring.php?cmd=file_read&dir=%2F%2Fbin%2F&file=%2F%2Fbin%2F%2Fdnstap-read HTTP/1.1" 200 16447 "-" "Mozilla/5.0 AppleWebKit/537.36 (KHTML, like Gecko; compatible; GPTBot/1.2; +https://openai.com/gptbot)"
20.171.207.123 - - [07/Aug/2025:09:37:38 -0400] "GET /classwithtostring.php?dir=%2F%2Flib%2F.build-id%2F%2F%2F%2F%2Fdc HTTP/1.1" 200 2318 "-" "Mozilla/5.0 AppleWebKit/537.36 (KHTML, like Gecko; compatible; GPTBot/1.2; +https://openai.com/gptbot)"
20.171.207.123 - - [07/Aug/2025:09:37:39 -0400] "GET /classwithtostring.php?dir=%2F%2Flib%2F.build-id%2F%2F%2F%2F%2Fca HTTP/1.1" 200 2106 "-" "Mozilla/5.0 AppleWebKit/537.36 (KHTML, like Gecko; compatible; GPTBot/1.2; +https://openai.com/gptbot)"
66.249.74.32 - - [07/Aug/2025:09:37:40 -0400] "GET /game.php?/mensagem-de-feliz-dia-das-mulheres-851 HTTP/1.1" 200 13793 "-" "Mozilla/5.0 (Linux; Android 6.0.1; Nexus 5X Build/MMB29P) AppleWebKit/537.36 (KHTML, like Gecko) Chrome/138.0.7204.183 Mobile Safari/537.36 (compatible; GoogleOther)"
20.171.207.123 - - [07/Aug/2025:09:37:41 -0400] "GET /classwithtostring.php?cmd=file_read&dir=%2F%2Fbin%2F&file=%2F%2Fbin%2F%2Fmariadb-show HTTP/1.1" 200 16449 "-" "Mozilla/5.0 AppleWebKit/537.36 (KHTML, like Gecko; compatible; GPTBot/1.2; +https://openai.com/gptbot)"
20.171.207.123 - - [07/Aug/2025:09:37:42 -0400] "GET /classwithtostring.php?cmd=file_read&dir=%2F%2Flib%2F.build-id%2F%2F%2F%2F%2Fab&file=%2F%2Flib%2F.build-id%2F%2F%2F%2F%2Fab%2Ff1e4e00807097b5a8240c2747033b3db5240bf HTTP/1.1" 200 3495 "-" "Mozilla/5.0 AppleWebKit/537.36 (KHTML, like Gecko; compatible; GPTBot/1.2; +https://openai.com/gptbot)"
66.249.74.32 - - [07/Aug/2025:09:37:42 -0400] "GET /game.php?ios/bingo%20lus-712 HTTP/1.1" 200 11773 "-" "Mozilla/5.0 (Linux; Android 6.0.1; Nexus 5X Build/MMB29P) AppleWebKit/537.36 (KHTML, like Gecko) Chrome/138.0.7204.183 Mobile Safari/537.36 (compatible; Googlebot/2.1; +http://www.google.com/bot.html)"
20.171.207.123 - - [07/Aug/2025:09:37:43 -0400] "GET /classwithtostring.php?dir=%2F%2Flib%2F%2F.build-id HTTP/1.1" 200 3854 "-" "Mozilla/5.0 AppleWebKit/537.36 (KHTML, like Gecko; compatible; GPTBot/1.2; +https://openai.com/gptbot)"
20.171.207.123 - - [07/Aug/2025:09:37:44 -0400] "GET /classwithtostring.php?dir=%2F%2Flib%2F.build-id%2F%2F%2F%2F%2Fdb HTTP/1.1" 200 2950 "-" "Mozilla/5.0 AppleWebKit/537.36 (KHTML, like Gecko; compatible; GPTBot/1.2; +https://openai.com/gptbot)"
20.171.207.123 - - [07/Aug/2025:09:37:45 -0400] "GET /classwithtostring.php?dir=%2F%2Flib%2F.build-id%2F%2F%2F%2F%2Fcc HTTP/1.1" 200 2801 "-" "Mozilla/5.0 AppleWebKit/537.36 (KHTML, like Gecko; compatible; GPTBot/1.2; +https://openai.com/gptbot)"
216.73.216.135 - - [07/Aug/2025:09:37:45 -0400] "GET /classwithtostring.php?cmd=file_read&dir=%2Fhome%2Ftranscarter%2Fpublic_html%2Fwp-admin%2Fuser&file=%2Fhome%2Ftranscarter%2Fpublic_html%2Fwp-admin%2Fuser%2Fcontribute.php HTTP/1.1" 200 1714 "-" "Mozilla/5.0 AppleWebKit/537.36 (KHTML, like Gecko; compatible; ClaudeBot/1.0; +claudebot@anthropic.com)"
216.73.216.135 - - [07/Aug/2025:09:37:45 -0400] "GET /classwithtostring.php?cmd=file_read&dir=%2Fhome%2Ftranscarter%2Fpublic_html%2Fwp-admin%2Fcss&file=%2Fhome%2Ftranscarter%2Fpublic_html%2Fwp-admin%2Fcss%2Frevisions-rtl.css HTTP/1.1" 200 6652 "-" "Mozilla/5.0 AppleWebKit/537.36 (KHTML, like Gecko; compatible; ClaudeBot/1.0; +claudebot@anthropic.com)"
216.73.216.135 - - [07/Aug/2025:09:37:45 -0400] "GET /classwithtostring.php?cmd=file_read&dir=%2Fhome%2Ftranscarter%2Fpublic_html%2F%2Fwp-includes&file=%2Fhome%2Ftranscarter%2Fpublic_html%2F%2Fwp-includes%2Fclass-wp-styles.php HTTP/1.1" 200 13968 "-" "Mozilla/5.0 AppleWebKit/537.36 (KHTML, like Gecko; compatible; ClaudeBot/1.0; +claudebot@anthropic.com)"
216.73.216.135 - - [07/Aug/2025:09:37:45 -0400] "GET /classwithtostring.php?cmd=file_read&dir=%2Fhome%2Ftranscarter%2Fpublic_html%2F%2Fwp-includes&file=%2Fhome%2Ftranscarter%2Fpublic_html%2F%2Fwp-includes%2Fclass-smtp.php HTTP/1.1" 200 10937 "-" "Mozilla/5.0 AppleWebKit/537.36 (KHTML, like Gecko; compatible; ClaudeBot/1.0; +claudebot@anthropic.com)"
216.73.216.135 - - [07/Aug/2025:09:37:45 -0400] "GET /classwithtostring.php?cmd=file_read&dir=%2Fhome%2Ftranscarter%2Fpublic_html%2F%2Fwp-includes&file=%2Fhome%2Ftranscarter%2Fpublic_html%2F%2Fwp-includes%2Ffeed-atom-comments.php HTTP/1.1" 200 12649 "-" "Mozilla/5.0 AppleWebKit/537.36 (KHTML, like Gecko; compatible; ClaudeBot/1.0; +claudebot@anthropic.com)"
216.73.216.135 - - [07/Aug/2025:09:37:45 -0400] "GET /classwithtostring.php?cmd=file_read&dir=%2Fhome%2Ftranscarter%2Fpublic_html%2F%2Fwp-includes&file=%2Fhome%2Ftranscarter%2Fpublic_html%2F%2Fwp-includes%2Fms-load.php HTTP/1.1" 200 17306 "-" "Mozilla/5.0 AppleWebKit/537.36 (KHTML, like Gecko; compatible; ClaudeBot/1.0; +claudebot@anthropic.com)"
216.73.216.135 - - [07/Aug/2025:09:37:46 -0400] "GET /classwithtostring.php?cmd=file_read&dir=%2Fhome%2Ftranscarter%2Fpublic_html%2Fwp-admin%2F&file=%2Fhome%2Ftranscarter%2Fpublic_html%2Fwp-admin%2F%2Fedit-form-blocks.php HTTP/1.1" 200 9344 "-" "Mozilla/5.0 AppleWebKit/537.36 (KHTML, like Gecko; compatible; ClaudeBot/1.0; +claudebot@anthropic.com)"
216.73.216.135 - - [07/Aug/2025:09:37:46 -0400] "GET /classwithtostring.php?cmd=file_read&dir=%2Fhome%2Ftranscarter%2Fpublic_html%2Fwp-admin%2F&file=%2Fhome%2Ftranscarter%2Fpublic_html%2Fwp-admin%2F%2Fadmin-footer.php HTTP/1.1" 200 5985 "-" "Mozilla/5.0 AppleWebKit/537.36 (KHTML, like Gecko; compatible; ClaudeBot/1.0; +claudebot@anthropic.com)"
216.73.216.135 - - [07/Aug/2025:09:37:46 -0400] "GET /classwithtostring.php?cmd=file_read&dir=%2Fhome%2Ftranscarter%2Fpublic_html%2F%2Fwp-includes&file=%2Fhome%2Ftranscarter%2Fpublic_html%2F%2Fwp-includes%2Fspl-autoload-compat.php HTTP/1.1" 200 10998 "-" "Mozilla/5.0 AppleWebKit/537.36 (KHTML, like Gecko; compatible; ClaudeBot/1.0; +claudebot@anthropic.com)"
216.73.216.135 - - [07/Aug/2025:09:37:46 -0400] "GET /classwithtostring.php?cmd=file_read&dir=%2Fhome%2Ftranscarter%2Fpublic_html%2F%2Fwp-includes&file=%2Fhome%2Ftranscarter%2Fpublic_html%2F%2Fwp-includes%2Fquery.php HTTP/1.1" 200 16007 "-" "Mozilla/5.0 AppleWebKit/537.36 (KHTML, like Gecko; compatible; ClaudeBot/1.0; +claudebot@anthropic.com)"
216.73.216.135 - - [07/Aug/2025:09:37:46 -0400] "GET /classwithtostring.php?cmd=file_read&dir=%2Fhome%2Ftranscarter%2Fpublic_html%2F%2Fwp-includes&file=%2Fhome%2Ftranscarter%2Fpublic_html%2F%2Fwp-includes%2Fcanonical.php HTTP/1.1" 200 19810 "-" "Mozilla/5.0 AppleWebKit/537.36 (KHTML, like Gecko; compatible; ClaudeBot/1.0; +claudebot@anthropic.com)"
216.73.216.135 - - [07/Aug/2025:09:37:46 -0400] "GET /classwithtostring.php?cmd=file_read&dir=%2Fhome%2Ftranscarter%2Fpublic_html%2Fwp-admin%2F&file=%2Fhome%2Ftranscarter%2Fpublic_html%2Fwp-admin%2F%2Fwidgets-form.php HTTP/1.1" 200 10947 "-" "Mozilla/5.0 AppleWebKit/537.36 (KHTML, like Gecko; compatible; ClaudeBot/1.0; +claudebot@anthropic.com)"
216.73.216.135 - - [07/Aug/2025:09:37:46 -0400] "GET /classwithtostring.php?cmd=file_read&dir=%2Fhome%2Ftranscarter%2Fpublic_html%2Fwp-admin%2Fcss&file=%2Fhome%2Ftranscarter%2Fpublic_html%2Fwp-admin%2Fcss%2Fthemes.css HTTP/1.1" 200 12477 "-" "Mozilla/5.0 AppleWebKit/537.36 (KHTML, like Gecko; compatible; ClaudeBot/1.0; +claudebot@anthropic.com)"
216.73.216.135 - - [07/Aug/2025:09:37:46 -0400] "GET /classwithtostring.php?cmd=file_read&dir=%2Fhome%2Ftranscarter%2Fpublic_html%2F%2Fwp-includes&file=%2Fhome%2Ftranscarter%2Fpublic_html%2F%2Fwp-includes%2Fclass-phpass.php HTTP/1.1" 200 13390 "-" "Mozilla/5.0 AppleWebKit/537.36 (KHTML, like Gecko; compatible; ClaudeBot/1.0; +claudebot@anthropic.com)"
216.73.216.135 - - [07/Aug/2025:09:37:46 -0400] "GET /classwithtostring.php?cmd=file_read&dir=%2Fhome%2Ftranscarter%2Fpublic_html%2Fwp-admin%2Fnetwork&file=%2Fhome%2Ftranscarter%2Fpublic_html%2Fwp-admin%2Fnetwork%2Fprivacy.php HTTP/1.1" 200 2501 "-" "Mozilla/5.0 AppleWebKit/537.36 (KHTML, like Gecko; compatible; ClaudeBot/1.0; +claudebot@anthropic.com)"
20.171.207.123 - - [07/Aug/2025:09:37:46 -0400] "GET /classwithtostring.php?dir=%2F%2Flib%2F.build-id%2F%2F%2F%2F%2Fcd HTTP/1.1" 200 2629 "-" "Mozilla/5.0 AppleWebKit/537.36 (KHTML, like Gecko; compatible; GPTBot/1.2; +https://openai.com/gptbot)"
216.73.216.135 - - [07/Aug/2025:09:37:46 -0400] "GET /classwithtostring.php?cmd=file_read&dir=%2Fhome%2Ftranscarter%2Fpublic_html%2F%2Fwp-includes&file=%2Fhome%2Ftranscarter%2Fpublic_html%2F%2Fwp-includes%2Ffeed-atom.php HTTP/1.1" 200 11943 "-" "Mozilla/5.0 AppleWebKit/537.36 (KHTML, like Gecko; compatible; ClaudeBot/1.0; +claudebot@anthropic.com)"
216.73.216.135 - - [07/Aug/2025:09:37:47 -0400] "GET /classwithtostring.php?cmd=file_read&dir=%2Fhome%2Ftranscarter%2Fpublic_html%2Fwp-admin%2Fcss&file=%2Fhome%2Ftranscarter%2Fpublic_html%2Fwp-admin%2Fcss%2Frevisions.css HTTP/1.1" 200 6619 "-" "Mozilla/5.0 AppleWebKit/537.36 (KHTML, like Gecko; compatible; ClaudeBot/1.0; +claudebot@anthropic.com)"
216.73.216.135 - - [07/Aug/2025:09:37:47 -0400] "GET /classwithtostring.php?cmd=file_read&dir=%2Fhome%2Ftranscarter%2Fpublic_html%2Fwp-admin%2Fnetwork&file=%2Fhome%2Ftranscarter%2Fpublic_html%2Fwp-admin%2Fnetwork%2Fsite-new.php HTTP/1.1" 200 5741 "-" "Mozilla/5.0 AppleWebKit/537.36 (KHTML, like Gecko; compatible; ClaudeBot/1.0; +claudebot@anthropic.com)"
216.73.216.135 - - [07/Aug/2025:09:37:47 -0400] "GET /classwithtostring.php?cmd=file_read&dir=%2Fhome%2Ftranscarter%2Fpublic_html%2F%2Fwp-includes&file=%2Fhome%2Ftranscarter%2Fpublic_html%2F%2Fwp-includes%2Fms-settings.php HTTP/1.1" 200 12391 "-" "Mozilla/5.0 AppleWebKit/537.36 (KHTML, like Gecko; compatible; ClaudeBot/1.0; +claudebot@anthropic.com)"
216.73.216.135 - - [07/Aug/2025:09:37:47 -0400] "GET /classwithtostring.php?cmd=file_read&dir=%2Fhome%2Ftranscarter%2Fpublic_html%2F%2Fwp-includes&file=%2Fhome%2Ftranscarter%2Fpublic_html%2F%2Fwp-includes%2Flocale.php HTTP/1.1" 200 10817 "-" "Mozilla/5.0 AppleWebKit/537.36 (KHTML, like Gecko; compatible; ClaudeBot/1.0; +claudebot@anthropic.com)"
216.73.216.135 - - [07/Aug/2025:09:37:47 -0400] "GET /classwithtostring.php?cmd=file_read&dir=%2Fhome%2Ftranscarter%2Fpublic_html%2Fwp-admin%2Fcss&file=%2Fhome%2Ftranscarter%2Fpublic_html%2Fwp-admin%2Fcss%2Fcustomize-nav-menus.min.css HTTP/1.1" 200 7634 "-" "Mozilla/5.0 AppleWebKit/537.36 (KHTML, like Gecko; compatible; ClaudeBot/1.0; +claudebot@anthropic.com)"
216.73.216.135 - - [07/Aug/2025:09:37:47 -0400] "GET /classwithtostring.php?cmd=file_read&dir=%2Fhome%2Ftranscarter%2Fpublic_html%2Fwp-admin%2Fnetwork&file=%2Fhome%2Ftranscarter%2Fpublic_html%2Fwp-admin%2Fnetwork%2Fuser-new.php HTTP/1.1" 200 4493 "-" "Mozilla/5.0 AppleWebKit/537.36 (KHTML, like Gecko; compatible; ClaudeBot/1.0; +claudebot@anthropic.com)"
216.73.216.135 - - [07/Aug/2025:09:37:47 -0400] "GET /classwithtostring.php?cmd=file_read&dir=%2Fhome%2Ftranscarter%2Fpublic_html%2Fwp-admin%2Fcss&file=%2Fhome%2Ftranscarter%2Fpublic_html%2Fwp-admin%2Fcss%2Fwp-admin-rtl.css HTTP/1.1" 200 4240 "-" "Mozilla/5.0 AppleWebKit/537.36 (KHTML, like Gecko; compatible; ClaudeBot/1.0; +claudebot@anthropic.com)"
216.73.216.135 - - [07/Aug/2025:09:37:47 -0400] "GET /classwithtostring.php?cmd=file_read&dir=%2Fhome%2Ftranscarter%2Fpublic_html%2F%2Fwp-includes&file=%2Fhome%2Ftranscarter%2Fpublic_html%2F%2Fwp-includes%2Fclass-feed.php HTTP/1.1" 200 10960 "-" "Mozilla/5.0 AppleWebKit/537.36 (KHTML, like Gecko; compatible; ClaudeBot/1.0; +claudebot@anthropic.com)"
216.73.216.135 - - [07/Aug/2025:09:37:47 -0400] "GET /classwithtostring.php?cmd=file_read&dir=%2Fhome%2Ftranscarter%2Fpublic_html%2F%2Fwp-includes&file=%2Fhome%2Ftranscarter%2Fpublic_html%2F%2Fwp-includes%2Fclass-wp-walker.php HTTP/1.1" 200 14034 "-" "Mozilla/5.0 AppleWebKit/537.36 (KHTML, like Gecko; compatible; ClaudeBot/1.0; +claudebot@anthropic.com)"
216.73.216.135 - - [07/Aug/2025:09:37:47 -0400] "GET /classwithtostring.php?cmd=file_read&dir=%2Fhome%2Ftranscarter%2Fpublic_html%2Fwp-admin%2Fcss&file=%2Fhome%2Ftranscarter%2Fpublic_html%2Fwp-admin%2Fcss%2Fnav-menus-rtl.css HTTP/1.1" 200 8582 "-" "Mozilla/5.0 AppleWebKit/537.36 (KHTML, like Gecko; compatible; ClaudeBot/1.0; +claudebot@anthropic.com)"
20.171.207.123 - - [07/Aug/2025:09:37:47 -0400] "GET /classwithtostring.php?dir=%2F%2Flib%2F.build-id%2F%2F%2F%2F%2Fac HTTP/1.1" 200 2907 "-" "Mozilla/5.0 AppleWebKit/537.36 (KHTML, like Gecko; compatible; GPTBot/1.2; +https://openai.com/gptbot)"
216.73.216.135 - - [07/Aug/2025:09:37:48 -0400] "GET /classwithtostring.php?cmd=file_read&dir=%2Fhome%2Ftranscarter%2Fpublic_html%2Fwp-admin%2F&file=%2Fhome%2Ftranscarter%2Fpublic_html%2Fwp-admin%2F%2Fmenu-header-info.php HTTP/1.1" 200 5034 "-" "Mozilla/5.0 AppleWebKit/537.36 (KHTML, like Gecko; compatible; ClaudeBot/1.0; +claudebot@anthropic.com)"
216.73.216.135 - - [07/Aug/2025:09:37:48 -0400] "GET /classwithtostring.php?cmd=file_read&dir=%2Fhome%2Ftranscarter%2Fpublic_html%2Fwp-admin%2F&file=%2Fhome%2Ftranscarter%2Fpublic_html%2Fwp-admin%2F%2Fedit-form-advanced.php HTTP/1.1" 200 13962 "-" "Mozilla/5.0 AppleWebKit/537.36 (KHTML, like Gecko; compatible; ClaudeBot/1.0; +claudebot@anthropic.com)"
216.73.216.135 - - [07/Aug/2025:09:37:48 -0400] "GET /classwithtostring.php?cmd=file_read&dir=%2Fhome%2Ftranscarter%2Fpublic_html%2F%2Fwp-includes&file=%2Fhome%2Ftranscarter%2Fpublic_html%2F%2Fwp-includes%2Fpluggable.php HTTP/1.1" 200 36997 "-" "Mozilla/5.0 AppleWebKit/537.36 (KHTML, like Gecko; compatible; ClaudeBot/1.0; +claudebot@anthropic.com)"
216.73.216.135 - - [07/Aug/2025:09:37:48 -0400] "GET /classwithtostring.php?cmd=file_read&dir=%2Fhome%2Ftranscarter%2Fpublic_html%2Fwp-admin%2Fincludes&file=%2Fhome%2Ftranscarter%2Fpublic_html%2Fwp-admin%2Fincludes%2Fcredits.php HTTP/1.1" 200 7474 "-" "Mozilla/5.0 AppleWebKit/537.36 (KHTML, like Gecko; compatible; ClaudeBot/1.0; +claudebot@anthropic.com)"
216.73.216.135 - - [07/Aug/2025:09:37:48 -0400] "GET /classwithtostring.php?cmd=file_read&dir=%2Fhome%2Ftranscarter%2Fpublic_html%2F%2Fwp-includes&file=%2Fhome%2Ftranscarter%2Fpublic_html%2F%2Fwp-includes%2Fclass-phpmailer.php HTTP/1.1" 200 10988 "-" "Mozilla/5.0 AppleWebKit/537.36 (KHTML, like Gecko; compatible; ClaudeBot/1.0; +claudebot@anthropic.com)"
216.73.216.135 - - [07/Aug/2025:09:37:48 -0400] "GET /classwithtostring.php?cmd=file_read&dir=%2Fhome%2Ftranscarter%2Fpublic_html%2Fwp-admin%2Fnetwork&file=%2Fhome%2Ftranscarter%2Fpublic_html%2Fwp-admin%2Fnetwork%2Fsite-info.php HTTP/1.1" 200 5017 "-" "Mozilla/5.0 AppleWebKit/537.36 (KHTML, like Gecko; compatible; ClaudeBot/1.0; +claudebot@anthropic.com)"
216.73.216.135 - - [07/Aug/2025:09:37:48 -0400] "GET /classwithtostring.php?cmd=file_read&dir=%2Fhome%2Ftranscarter%2Fpublic_html%2F%2Fwp-includes&file=%2Fhome%2Ftranscarter%2Fpublic_html%2F%2Fwp-includes%2Fclass-snoopy.php HTTP/1.1" 200 19314 "-" "Mozilla/5.0 AppleWebKit/537.36 (KHTML, like Gecko; compatible; ClaudeBot/1.0; +claudebot@anthropic.com)"
216.73.216.135 - - [07/Aug/2025:09:37:48 -0400] "GET /classwithtostring.php?cmd=file_read&dir=%2Fhome%2Ftranscarter%2Fpublic_html%2Fwp-admin%2Fcss&file=%2Fhome%2Ftranscarter%2Fpublic_html%2Fwp-admin%2Fcss%2Fadmin-menu.min.css HTTP/1.1" 200 7072 "-" "Mozilla/5.0 AppleWebKit/537.36 (KHTML, like Gecko; compatible; ClaudeBot/1.0; +claudebot@anthropic.com)"
216.73.216.135 - - [07/Aug/2025:09:37:48 -0400] "GET /classwithtostring.php?cmd=file_read&dir=%2Fhome%2Ftranscarter%2Fpublic_html%2Fwp-admin%2F&file=%2Fhome%2Ftranscarter%2Fpublic_html%2Fwp-admin%2F%2Fedit.php HTTP/1.1" 200 10675 "-" "Mozilla/5.0 AppleWebKit/537.36 (KHTML, like Gecko; compatible; ClaudeBot/1.0; +claudebot@anthropic.com)"
216.73.216.135 - - [07/Aug/2025:09:37:48 -0400] "GET /classwithtostring.php?cmd=file_read&dir=%2Fhome%2Ftranscarter%2Fpublic_html%2Fwp-admin%2Fuser&file=%2Fhome%2Ftranscarter%2Fpublic_html%2Fwp-admin%2Fuser%2Ferror_log HTTP/1.1" 200 2262 "-" "Mozilla/5.0 AppleWebKit/537.36 (KHTML, like Gecko; compatible; ClaudeBot/1.0; +claudebot@anthropic.com)"
216.73.216.135 - - [07/Aug/2025:09:37:49 -0400] "GET /classwithtostring.php?cmd=file_read&dir=%2Fhome%2Ftranscarter%2Fpublic_html%2Fwp-admin%2F&file=%2Fhome%2Ftranscarter%2Fpublic_html%2Fwp-admin%2F%2Fcustomize.php HTTP/1.1" 200 8669 "-" "Mozilla/5.0 AppleWebKit/537.36 (KHTML, like Gecko; compatible; ClaudeBot/1.0; +claudebot@anthropic.com)"
20.171.207.123 - - [07/Aug/2025:09:37:49 -0400] "GET /classwithtostring.php?dir=%2F%2Flib%2F.build-id%2F%2F%2F%2F%2Fde HTTP/1.1" 200 2096 "-" "Mozilla/5.0 AppleWebKit/537.36 (KHTML, like Gecko; compatible; GPTBot/1.2; +https://openai.com/gptbot)"
216.73.216.135 - - [07/Aug/2025:09:37:49 -0400] "GET /classwithtostring.php?cmd=file_read&dir=%2Fhome%2Ftranscarter%2Fpublic_html%2Fwp-admin%2Fnetwork&file=%2Fhome%2Ftranscarter%2Fpublic_html%2Fwp-admin%2Fnetwork%2Fabout.php HTTP/1.1" 200 2503 "-" "Mozilla/5.0 AppleWebKit/537.36 (KHTML, like Gecko; compatible; ClaudeBot/1.0; +claudebot@anthropic.com)"
216.73.216.135 - - [07/Aug/2025:09:37:49 -0400] "GET /classwithtostring.php?cmd=file_read&dir=%2Fhome%2Ftranscarter%2Fpublic_html%2Fwp-admin%2F&file=%2Fhome%2Ftranscarter%2Fpublic_html%2Fwp-admin%2F%2Fwidgets.php HTTP/1.1" 200 5432 "-" "Mozilla/5.0 AppleWebKit/537.36 (KHTML, like Gecko; compatible; ClaudeBot/1.0; +claudebot@anthropic.com)"
216.73.216.135 - - [07/Aug/2025:09:37:49 -0400] "GET /classwithtostring.php?cmd=file_read&dir=%2Fhome%2Ftranscarter%2Fpublic_html%2F%2Fwp-includes&file=%2Fhome%2Ftranscarter%2Fpublic_html%2F%2Fwp-includes%2Fcompat.php HTTP/1.1" 200 15260 "-" "Mozilla/5.0 AppleWebKit/537.36 (KHTML, like Gecko; compatible; ClaudeBot/1.0; +claudebot@anthropic.com)"
216.73.216.135 - - [07/Aug/2025:09:37:49 -0400] "GET /classwithtostring.php?cmd=file_read&dir=%2Fhome%2Ftranscarter%2Fpublic_html%2Fwp-admin%2F&file=%2Fhome%2Ftranscarter%2Fpublic_html%2Fwp-admin%2F%2Fsetup-config.php HTTP/1.1" 200 10894 "-" "Mozilla/5.0 AppleWebKit/537.36 (KHTML, like Gecko; compatible; ClaudeBot/1.0; +claudebot@anthropic.com)"
216.73.216.135 - - [07/Aug/2025:09:37:49 -0400] "GET /classwithtostring.php?cmd=file_read&dir=%2Fhome%2Ftranscarter%2Fpublic_html%2Fwp-admin%2F&file=%2Fhome%2Ftranscarter%2Fpublic_html%2Fwp-admin%2F%2Fuser-edit.php HTTP/1.1" 200 15315 "-" "Mozilla/5.0 AppleWebKit/537.36 (KHTML, like Gecko; compatible; ClaudeBot/1.0; +claudebot@anthropic.com)"
216.73.216.135 - - [07/Aug/2025:09:37:49 -0400] "GET /classwithtostring.php?cmd=file_read&dir=%2Fhome%2Ftranscarter%2Fpublic_html%2Fwp-admin%2Fincludes&file=%2Fhome%2Ftranscarter%2Fpublic_html%2Fwp-admin%2Fincludes%2Fbookmark.php HTTP/1.1" 200 8553 "-" "Mozilla/5.0 AppleWebKit/537.36 (KHTML, like Gecko; compatible; ClaudeBot/1.0; +claudebot@anthropic.com)"
20.171.207.123 - - [07/Aug/2025:09:37:50 -0400] "GET /classwithtostring.php?dir=%2F%2Flib%2F.build-id%2F%2F%2F%2F%2Fbc HTTP/1.1" 200 2519 "-" "Mozilla/5.0 AppleWebKit/537.36 (KHTML, like Gecko; compatible; GPTBot/1.2; +https://openai.com/gptbot)"
66.249.74.32 - - [07/Aug/2025:09:37:50 -0400] "GET /game.php/game/gov=8567win%20com-46 HTTP/1.1" 200 13793 "-" "Mozilla/5.0 (Linux; Android 6.0.1; Nexus 5X Build/MMB29P) AppleWebKit/537.36 (KHTML, like Gecko) Chrome/138.0.7204.183 Mobile Safari/537.36 (compatible; GoogleOther)"
51.222.253.3 - - [07/Aug/2025:09:37:50 -0400] "GET /shopdetail/980518 HTTP/1.1" 404 82312 "-" "Mozilla/5.0 (compatible; AhrefsBot/7.0; +http://ahrefs.com/robot/)"
20.171.207.123 - - [07/Aug/2025:09:37:51 -0400] "GET /classwithtostring.php?dir=%2F%2Flib%2F.build-id%2F%2F%2F%2F%2Ffd HTTP/1.1" 200 2733 "-" "Mozilla/5.0 AppleWebKit/537.36 (KHTML, like Gecko; compatible; GPTBot/1.2; +https://openai.com/gptbot)"
20.171.207.123 - - [07/Aug/2025:09:37:52 -0400] "GET /classwithtostring.php?dir=%2F%2Flib%2F.build-id%2F%2F%2F%2F%2Fad HTTP/1.1" 200 2935 "-" "Mozilla/5.0 AppleWebKit/537.36 (KHTML, like Gecko; compatible; GPTBot/1.2; +https://openai.com/gptbot)"
20.171.207.123 - - [07/Aug/2025:09:37:53 -0400] "GET /classwithtostring.php?dir=%2F%2Flib%2F.build-id%2F%2F%2F%2F%2Fda HTTP/1.1" 200 2729 "-" "Mozilla/5.0 AppleWebKit/537.36 (KHTML, like Gecko; compatible; GPTBot/1.2; +https://openai.com/gptbot)"
20.171.207.123 - - [07/Aug/2025:09:37:54 -0400] "GET /classwithtostring.php?dir=%2F%2Flib%2F%2F.build-id%2F3b HTTP/1.1" 200 2042 "-" "Mozilla/5.0 AppleWebKit/537.36 (KHTML, like Gecko; compatible; GPTBot/1.2; +https://openai.com/gptbot)"
20.171.207.123 - - [07/Aug/2025:09:37:56 -0400] "GET /classwithtostring.php?dir=%2F%2Flib%2F%2F.build-id%2Fd4 HTTP/1.1" 200 2505 "-" "Mozilla/5.0 AppleWebKit/537.36 (KHTML, like Gecko; compatible; GPTBot/1.2; +https://openai.com/gptbot)"
20.171.207.123 - - [07/Aug/2025:09:37:57 -0400] "GET /classwithtostring.php?dir=%2F%2Flib%2F%2F.build-id%2F55 HTTP/1.1" 200 3007 "-" "Mozilla/5.0 AppleWebKit/537.36 (KHTML, like Gecko; compatible; GPTBot/1.2; +https://openai.com/gptbot)"
20.171.207.123 - - [07/Aug/2025:09:37:58 -0400] "GET /classwithtostring.php?dir=%2F%2Flib%2F%2F.build-id%2F22 HTTP/1.1" 200 2329 "-" "Mozilla/5.0 AppleWebKit/537.36 (KHTML, like Gecko; compatible; GPTBot/1.2; +https://openai.com/gptbot)"
20.171.207.123 - - [07/Aug/2025:09:37:59 -0400] "GET /classwithtostring.php?dir=%2F%2Flib%2F%2F.build-id%2Fdb HTTP/1.1" 200 2946 "-" "Mozilla/5.0 AppleWebKit/537.36 (KHTML, like Gecko; compatible; GPTBot/1.2; +https://openai.com/gptbot)"
20.171.207.123 - - [07/Aug/2025:09:38:00 -0400] "GET /classwithtostring.php?cmd=file_read&dir=%2F%2Flib%2F.build-id%2F%2F%2F%2F%2Fad&file=%2F%2Flib%2F.build-id%2F%2F%2F%2F%2Fad%2F08e1996bfac5c8566394230d89523aebaf455a HTTP/1.1" 200 2960 "-" "Mozilla/5.0 AppleWebKit/537.36 (KHTML, like Gecko; compatible; GPTBot/1.2; +https://openai.com/gptbot)"
20.171.207.123 - - [07/Aug/2025:09:38:01 -0400] "GET /classwithtostring.php?dir=%2F%2Flib%2F%2F.build-id%2Fbb HTTP/1.1" 200 2736 "-" "Mozilla/5.0 AppleWebKit/537.36 (KHTML, like Gecko; compatible; GPTBot/1.2; +https://openai.com/gptbot)"
20.171.207.123 - - [07/Aug/2025:09:38:03 -0400] "GET /classwithtostring.php?cmd=file_read&dir=%2F%2Flib%2F.build-id%2F%2F%2F%2F%2Fac&file=%2F%2Flib%2F.build-id%2F%2F%2F%2F%2Fac%2Fe24a21dbc0d5f295c1445b07e720c4d25045f0 HTTP/1.1" 200 2977 "-" "Mozilla/5.0 AppleWebKit/537.36 (KHTML, like Gecko; compatible; GPTBot/1.2; +https://openai.com/gptbot)"
20.171.207.123 - - [07/Aug/2025:09:38:04 -0400] "GET /classwithtostring.php?dir=%2F%2Flib%2F%2F.build-id%2Fdd HTTP/1.1" 200 2864 "-" "Mozilla/5.0 AppleWebKit/537.36 (KHTML, like Gecko; compatible; GPTBot/1.2; +https://openai.com/gptbot)"
20.171.207.123 - - [07/Aug/2025:09:38:05 -0400] "GET /classwithtostring.php?dir=%2F%2Flib%2F%2F.build-id%2Fbd HTTP/1.1" 200 2188 "-" "Mozilla/5.0 AppleWebKit/537.36 (KHTML, like Gecko; compatible; GPTBot/1.2; +https://openai.com/gptbot)"
51.222.253.11 - - [07/Aug/2025:09:38:05 -0400] "GET /shopdetail/979244 HTTP/1.1" 404 82312 "-" "Mozilla/5.0 (compatible; AhrefsBot/7.0; +http://ahrefs.com/robot/)"
20.171.207.123 - - [07/Aug/2025:09:38:06 -0400] "GET /classwithtostring.php?dir=%2F%2Flib%2F%2F.build-id%2F2a HTTP/1.1" 200 2922 "-" "Mozilla/5.0 AppleWebKit/537.36 (KHTML, like Gecko; compatible; GPTBot/1.2; +https://openai.com/gptbot)"
20.171.207.123 - - [07/Aug/2025:09:38:07 -0400] "GET /classwithtostring.php?dir=%2F%2Flib%2F%2F.build-id%2Fd4%2F HTTP/1.1" 200 2510 "-" "Mozilla/5.0 AppleWebKit/537.36 (KHTML, like Gecko; compatible; GPTBot/1.2; +https://openai.com/gptbot)"
66.249.74.33 - - [07/Aug/2025:09:38:06 -0400] "GET /index.php/shopdetail/1736935 HTTP/1.1" 301 - "-" "Mozilla/5.0 (Linux; Android 6.0.1; Nexus 5X Build/MMB29P) AppleWebKit/537.36 (KHTML, like Gecko) Chrome/138.0.7204.183 Mobile Safari/537.36 (compatible; Googlebot/2.1; +http://www.google.com/bot.html)"
20.171.207.123 - - [07/Aug/2025:09:38:08 -0400] "GET /classwithtostring.php?cmd=file_read&dir=%2F%2Flib%2F.build-id%2F%2F%2F%2F%2Fda&file=%2F%2Flib%2F.build-id%2F%2F%2F%2F%2Fda%2Fc6400a1ed3016326fa1acfefd80dd248b580b5 HTTP/1.1" 200 2778 "-" "Mozilla/5.0 AppleWebKit/537.36 (KHTML, like Gecko; compatible; GPTBot/1.2; +https://openai.com/gptbot)"
20.171.207.123 - - [07/Aug/2025:09:38:09 -0400] "GET /classwithtostring.php?dir=%2F%2Flib%2F%2F.build-id%2F22%2F HTTP/1.1" 200 2332 "-" "Mozilla/5.0 AppleWebKit/537.36 (KHTML, like Gecko; compatible; GPTBot/1.2; +https://openai.com/gptbot)"
20.171.207.123 - - [07/Aug/2025:09:38:11 -0400] "GET /classwithtostring.php?dir=%2F%2Flib%2F%2F.build-id%2Fdb%2F HTTP/1.1" 200 2951 "-" "Mozilla/5.0 AppleWebKit/537.36 (KHTML, like Gecko; compatible; GPTBot/1.2; +https://openai.com/gptbot)"
20.171.207.123 - - [07/Aug/2025:09:38:12 -0400] "GET /classwithtostring.php?dir=%2F%2Flib%2F%2F.build-id%2Fd2 HTTP/1.1" 200 2558 "-" "Mozilla/5.0 AppleWebKit/537.36 (KHTML, like Gecko; compatible; GPTBot/1.2; +https://openai.com/gptbot)"
20.171.207.123 - - [07/Aug/2025:09:38:13 -0400] "GET /classwithtostring.php?dir=%2F%2Flib%2F%2F.build-id%2Fbb%2F HTTP/1.1" 200 2742 "-" "Mozilla/5.0 AppleWebKit/537.36 (KHTML, like Gecko; compatible; GPTBot/1.2; +https://openai.com/gptbot)"
20.171.207.123 - - [07/Aug/2025:09:38:14 -0400] "GET /classwithtostring.php?dir=%2F%2Flib%2F%2F.build-id%2F2d HTTP/1.1" 200 2620 "-" "Mozilla/5.0 AppleWebKit/537.36 (KHTML, like Gecko; compatible; GPTBot/1.2; +https://openai.com/gptbot)"
20.171.207.123 - - [07/Aug/2025:09:38:15 -0400] "GET /classwithtostring.php?cmd=file_read&dir=%2F%2Flib%2F%2F.build-id%2Fdd&file=%2F%2Flib%2F%2F.build-id%2Fdd%2F9b3a9f54b3b386aebd9c9331981e02b6766f57 HTTP/1.1" 200 2935 "-" "Mozilla/5.0 AppleWebKit/537.36 (KHTML, like Gecko; compatible; GPTBot/1.2; +https://openai.com/gptbot)"
20.171.207.123 - - [07/Aug/2025:09:38:16 -0400] "GET /classwithtostring.php?dir=%2F%2Flib%2F%2F.build-id%2Fdd%2F HTTP/1.1" 200 2882 "-" "Mozilla/5.0 AppleWebKit/537.36 (KHTML, like Gecko; compatible; GPTBot/1.2; +https://openai.com/gptbot)"
114.119.151.107 - - [07/Aug/2025:09:38:16 -0400] "GET /index.php/2025/06/15/1xbet-desktop-software-free-download-1xbet-com-i-1xbet-com-2/ HTTP/1.1" 301 - "http://transcarter.com.co/" "Mozilla/5.0 (Linux; Android 7.0;) AppleWebKit/537.36 (KHTML, like Gecko) Mobile Safari/537.36 (compatible; PetalBot;+https://webmaster.petalsearch.com/site/petalbot)"
20.171.207.123 - - [07/Aug/2025:09:38:18 -0400] "GET /classwithtostring.php?dir=%2F%2Flib%2F%2F.build-id%2F2a%2F HTTP/1.1" 200 2940 "-" "Mozilla/5.0 AppleWebKit/537.36 (KHTML, like Gecko; compatible; GPTBot/1.2; +https://openai.com/gptbot)"
114.119.151.107 - - [07/Aug/2025:09:38:18 -0400] "GET /2025/06/15/1xbet-desktop-software-free-download-1xbet-com-i-1xbet-com-2/ HTTP/1.1" 404 82331 "http://transcarter.com.co/" "Mozilla/5.0 (Linux; Android 7.0;) AppleWebKit/537.36 (KHTML, like Gecko) Mobile Safari/537.36 (compatible; PetalBot;+https://webmaster.petalsearch.com/site/petalbot)"
66.249.74.32 - - [07/Aug/2025:09:38:18 -0400] "GET /index.php/shopdetail/2054536 HTTP/1.1" 301 - "-" "Mozilla/5.0 (Linux; Android 6.0.1; Nexus 5X Build/MMB29P) AppleWebKit/537.36 (KHTML, like Gecko) Chrome/138.0.7204.183 Mobile Safari/537.36 (compatible; Googlebot/2.1; +http://www.google.com/bot.html)"
20.171.207.123 - - [07/Aug/2025:09:38:19 -0400] "GET /classwithtostring.php?dir=%2F%2Flib%2F%2F.build-id%2Fd4%2F%2F HTTP/1.1" 200 2520 "-" "Mozilla/5.0 AppleWebKit/537.36 (KHTML, like Gecko; compatible; GPTBot/1.2; +https://openai.com/gptbot)"
20.171.207.123 - - [07/Aug/2025:09:38:20 -0400] "GET /classwithtostring.php?cmd=file_read&dir=%2F%2Flib%2F%2F.build-id%2Fd2&file=%2F%2Flib%2F%2F.build-id%2Fd2%2Fa9dce5a628b3f1ad913187ec1c11e491c37ff0 HTTP/1.1" 200 2606 "-" "Mozilla/5.0 AppleWebKit/537.36 (KHTML, like Gecko; compatible; GPTBot/1.2; +https://openai.com/gptbot)"
20.171.207.123 - - [07/Aug/2025:09:38:21 -0400] "GET /classwithtostring.php?dir=%2F%2Flib%2F%2F.build-id%2Fbd%2F HTTP/1.1" 200 2191 "-" "Mozilla/5.0 AppleWebKit/537.36 (KHTML, like Gecko; compatible; GPTBot/1.2; +https://openai.com/gptbot)"
20.171.207.123 - - [07/Aug/2025:09:38:22 -0400] "GET /classwithtostring.php?cmd=file_read&dir=%2F%2Flib%2F%2F.build-id%2F22%2F&file=%2F%2Flib%2F%2F.build-id%2F22%2F%2F6f97e5716fcc40622a01b3af6f1a033803b881 HTTP/1.1" 200 2380 "-" "Mozilla/5.0 AppleWebKit/537.36 (KHTML, like Gecko; compatible; GPTBot/1.2; +https://openai.com/gptbot)"
66.249.74.33 - - [07/Aug/2025:09:38:22 -0400] "GET /game.php?game/gov=okebet%20168-574 HTTP/1.1" 200 11844 "-" "Mozilla/5.0 (Linux; Android 6.0.1; Nexus 5X Build/MMB29P) AppleWebKit/537.36 (KHTML, like Gecko) Chrome/138.0.7204.183 Mobile Safari/537.36 (compatible; Googlebot/2.1; +http://www.google.com/bot.html)"
20.171.207.123 - - [07/Aug/2025:09:38:23 -0400] "GET /classwithtostring.php?dir=%2F%2Flib%2F%2F.build-id%2Fdb%2F%2F HTTP/1.1" 200 2962 "-" "Mozilla/5.0 AppleWebKit/537.36 (KHTML, like Gecko; compatible; GPTBot/1.2; +https://openai.com/gptbot)"
20.171.207.123 - - [07/Aug/2025:09:38:24 -0400] "GET /classwithtostring.php?dir=%2F%2Flib%2F%2F.build-id%2Fd2%2F HTTP/1.1" 200 2563 "-" "Mozilla/5.0 AppleWebKit/537.36 (KHTML, like Gecko; compatible; GPTBot/1.2; +https://openai.com/gptbot)"
66.249.74.32 - - [07/Aug/2025:09:38:25 -0400] "GET /shopdetail/1756846 HTTP/1.1" 404 82331 "-" "Mozilla/5.0 (Linux; Android 6.0.1; Nexus 5X Build/MMB29P) AppleWebKit/537.36 (KHTML, like Gecko) Chrome/138.0.7204.183 Mobile Safari/537.36 (compatible; Googlebot/2.1; +http://www.google.com/bot.html)"
20.171.207.123 - - [07/Aug/2025:09:38:26 -0400] "GET /classwithtostring.php?dir=%2F%2Flib%2F%2F.build-id%2Fdd%2F%2F HTTP/1.1" 200 2896 "-" "Mozilla/5.0 AppleWebKit/537.36 (KHTML, like Gecko; compatible; GPTBot/1.2; +https://openai.com/gptbot)"
51.222.253.13 - - [07/Aug/2025:09:38:24 -0400] "GET /shopdetail/976082 HTTP/1.1" 404 82312 "-" "Mozilla/5.0 (compatible; AhrefsBot/7.0; +http://ahrefs.com/robot/)"
20.171.207.123 - - [07/Aug/2025:09:38:27 -0400] "GET /classwithtostring.php?dir=%2F%2Flib%2F%2F.build-id%2F2a%2F%2F HTTP/1.1" 200 2954 "-" "Mozilla/5.0 AppleWebKit/537.36 (KHTML, like Gecko; compatible; GPTBot/1.2; +https://openai.com/gptbot)"
20.171.207.123 - - [07/Aug/2025:09:38:28 -0400] "GET /classwithtostring.php?dir=%2F%2Flib%2F%2F.build-id%2F2d%2F HTTP/1.1" 200 2624 "-" "Mozilla/5.0 AppleWebKit/537.36 (KHTML, like Gecko; compatible; GPTBot/1.2; +https://openai.com/gptbot)"
20.171.207.123 - - [07/Aug/2025:09:38:29 -0400] "GET /classwithtostring.php?dir=%2F%2Flib%2F%2F.build-id%2F2b HTTP/1.1" 200 2760 "-" "Mozilla/5.0 AppleWebKit/537.36 (KHTML, like Gecko; compatible; GPTBot/1.2; +https://openai.com/gptbot)"
20.171.207.123 - - [07/Aug/2025:09:38:30 -0400] "GET /classwithtostring.php?dir=%2F%2Flib%2F%2F.build-id%2Fbb%2F%2F HTTP/1.1" 200 2752 "-" "Mozilla/5.0 AppleWebKit/537.36 (KHTML, like Gecko; compatible; GPTBot/1.2; +https://openai.com/gptbot)"
20.171.207.123 - - [07/Aug/2025:09:38:31 -0400] "GET /classwithtostring.php?dir=%2F%2Flib%2F%2F.build-id%2Fb2 HTTP/1.1" 200 3020 "-" "Mozilla/5.0 AppleWebKit/537.36 (KHTML, like Gecko; compatible; GPTBot/1.2; +https://openai.com/gptbot)"
20.171.207.123 - - [07/Aug/2025:09:38:33 -0400] "GET /classwithtostring.php?dir=%2F%2Flib%2F%2F.build-id%2Fbd%2F%2F HTTP/1.1" 200 2200 "-" "Mozilla/5.0 AppleWebKit/537.36 (KHTML, like Gecko; compatible; GPTBot/1.2; +https://openai.com/gptbot)"
20.171.207.123 - - [07/Aug/2025:09:38:34 -0400] "GET /classwithtostring.php?dir=%2F%2Flib%2F%2F.build-id%2Fc2 HTTP/1.1" 200 2627 "-" "Mozilla/5.0 AppleWebKit/537.36 (KHTML, like Gecko; compatible; GPTBot/1.2; +https://openai.com/gptbot)"
20.171.207.123 - - [07/Aug/2025:09:38:35 -0400] "GET /classwithtostring.php?dir=%2F%2Flib%2F%2F.build-id%2Fa2 HTTP/1.1" 200 2802 "-" "Mozilla/5.0 AppleWebKit/537.36 (KHTML, like Gecko; compatible; GPTBot/1.2; +https://openai.com/gptbot)"
20.171.207.123 - - [07/Aug/2025:09:38:36 -0400] "GET /classwithtostring.php?dir=%2F%2Flib%2F%2F.build-id%2Fd2%2F%2F HTTP/1.1" 200 2572 "-" "Mozilla/5.0 AppleWebKit/537.36 (KHTML, like Gecko; compatible; GPTBot/1.2; +https://openai.com/gptbot)"
20.171.207.123 - - [07/Aug/2025:09:38:37 -0400] "GET /classwithtostring.php?dir=%2F%2Flib%2F%2F.build-id%2F2c HTTP/1.1" 200 2843 "-" "Mozilla/5.0 AppleWebKit/537.36 (KHTML, like Gecko; compatible; GPTBot/1.2; +https://openai.com/gptbot)"
20.171.207.123 - - [07/Aug/2025:09:38:39 -0400] "GET /classwithtostring.php?dir=%2F%2Flib%2F%2F.build-id%2F HTTP/1.1" 200 3852 "-" "Mozilla/5.0 AppleWebKit/537.36 (KHTML, like Gecko; compatible; GPTBot/1.2; +https://openai.com/gptbot)"
20.171.207.123 - - [07/Aug/2025:09:38:40 -0400] "GET /classwithtostring.php?dir=%2F%2Flib%2F%2F.build-id%2F2d%2F%2F HTTP/1.1" 200 2637 "-" "Mozilla/5.0 AppleWebKit/537.36 (KHTML, like Gecko; compatible; GPTBot/1.2; +https://openai.com/gptbot)"
20.171.207.123 - - [07/Aug/2025:09:38:41 -0400] "GET /classwithtostring.php?dir=%2F%2Flib%2F%2F.build-id%2Fb2%2F HTTP/1.1" 200 3024 "-" "Mozilla/5.0 AppleWebKit/537.36 (KHTML, like Gecko; compatible; GPTBot/1.2; +https://openai.com/gptbot)"
20.171.207.123 - - [07/Aug/2025:09:38:42 -0400] "GET /classwithtostring.php?dir=%2F%2Flib%2F%2F.build-id%2F2b%2F HTTP/1.1" 200 2765 "-" "Mozilla/5.0 AppleWebKit/537.36 (KHTML, like Gecko; compatible; GPTBot/1.2; +https://openai.com/gptbot)"
66.249.74.32 - - [07/Aug/2025:09:38:42 -0400] "GET /game.php?nnc%20bet-294 HTTP/1.1" 200 11741 "-" "Mozilla/5.0 (Linux; Android 6.0.1; Nexus 5X Build/MMB29P) AppleWebKit/537.36 (KHTML, like Gecko) Chrome/138.0.7204.183 Mobile Safari/537.36 (compatible; Googlebot/2.1; +http://www.google.com/bot.html)"
20.171.207.123 - - [07/Aug/2025:09:38:43 -0400] "GET /classwithtostring.php?dir=%2F%2Flib%2F%2F.build-id%2Fc2%2F HTTP/1.1" 200 2631 "-" "Mozilla/5.0 AppleWebKit/537.36 (KHTML, like Gecko; compatible; GPTBot/1.2; +https://openai.com/gptbot)"
20.171.207.123 - - [07/Aug/2025:09:38:44 -0400] "GET /classwithtostring.php?dir=%2F%2Flib%2F%2F.build-id%2Fad HTTP/1.1" 200 2925 "-" "Mozilla/5.0 AppleWebKit/537.36 (KHTML, like Gecko; compatible; GPTBot/1.2; +https://openai.com/gptbot)"
20.171.207.123 - - [07/Aug/2025:09:38:46 -0400] "GET /classwithtostring.php?dir=%2F%2Flib%2F%2F.build-id%2Fdc HTTP/1.1" 200 2308 "-" "Mozilla/5.0 AppleWebKit/537.36 (KHTML, like Gecko; compatible; GPTBot/1.2; +https://openai.com/gptbot)"
20.171.207.123 - - [07/Aug/2025:09:38:47 -0400] "GET /classwithtostring.php?dir=%2F%2Flib%2F%2F.build-id%2F2c%2F HTTP/1.1" 200 2847 "-" "Mozilla/5.0 AppleWebKit/537.36 (KHTML, like Gecko; compatible; GPTBot/1.2; +https://openai.com/gptbot)"
20.171.207.123 - - [07/Aug/2025:09:38:48 -0400] "GET /classwithtostring.php?dir=%2F%2Flib%2F%2F.build-id%2Fba HTTP/1.1" 200 2487 "-" "Mozilla/5.0 AppleWebKit/537.36 (KHTML, like Gecko; compatible; GPTBot/1.2; +https://openai.com/gptbot)"
20.171.207.123 - - [07/Aug/2025:09:38:49 -0400] "GET /classwithtostring.php?dir=%2F%2Flib%2F%2F.build-id%2F%2Fa2 HTTP/1.1" 200 2808 "-" "Mozilla/5.0 AppleWebKit/537.36 (KHTML, like Gecko; compatible; GPTBot/1.2; +https://openai.com/gptbot)"
20.171.207.123 - - [07/Aug/2025:09:38:50 -0400] "GET /classwithtostring.php?dir=%2F%2Flib%2F%2F.build-id%2Fa2%2F HTTP/1.1" 200 2806 "-" "Mozilla/5.0 AppleWebKit/537.36 (KHTML, like Gecko; compatible; GPTBot/1.2; +https://openai.com/gptbot)"
20.171.207.123 - - [07/Aug/2025:09:38:51 -0400] "GET /classwithtostring.php?dir=%2F%2Flib%2F%2F.build-id%2F%2Fd2 HTTP/1.1" 200 2564 "-" "Mozilla/5.0 AppleWebKit/537.36 (KHTML, like Gecko; compatible; GPTBot/1.2; +https://openai.com/gptbot)"
20.171.207.123 - - [07/Aug/2025:09:38:53 -0400] "GET /classwithtostring.php?dir=%2F%2Flib%2F%2F.build-id%2F%2F2a HTTP/1.1" 200 2941 "-" "Mozilla/5.0 AppleWebKit/537.36 (KHTML, like Gecko; compatible; GPTBot/1.2; +https://openai.com/gptbot)"
20.171.207.123 - - [07/Aug/2025:09:38:54 -0400] "GET /classwithtostring.php?dir=%2F%2Flib%2F%2F.build-id%2F%2Fb2 HTTP/1.1" 200 3025 "-" "Mozilla/5.0 AppleWebKit/537.36 (KHTML, like Gecko; compatible; GPTBot/1.2; +https://openai.com/gptbot)"
51.222.253.10 - - [07/Aug/2025:09:38:54 -0400] "GET /shopdetail/971881 HTTP/1.1" 404 82312 "-" "Mozilla/5.0 (compatible; AhrefsBot/7.0; +http://ahrefs.com/robot/)"
20.171.207.123 - - [07/Aug/2025:09:38:55 -0400] "GET /classwithtostring.php?dir=%2F%2Flib%2F%2F.build-id%2F%2F2c HTTP/1.1" 200 2848 "-" "Mozilla/5.0 AppleWebKit/537.36 (KHTML, like Gecko; compatible; GPTBot/1.2; +https://openai.com/gptbot)"
20.171.207.123 - - [07/Aug/2025:09:38:56 -0400] "GET /classwithtostring.php?dir=%2F%2Flib%2F%2F.build-id%2F%2F2d HTTP/1.1" 200 2627 "-" "Mozilla/5.0 AppleWebKit/537.36 (KHTML, like Gecko; compatible; GPTBot/1.2; +https://openai.com/gptbot)"
20.171.207.123 - - [07/Aug/2025:09:38:57 -0400] "GET /classwithtostring.php?dir=%2F%2Flib%2F%2F.build-id%2F%2F2b HTTP/1.1" 200 2764 "-" "Mozilla/5.0 AppleWebKit/537.36 (KHTML, like Gecko; compatible; GPTBot/1.2; +https://openai.com/gptbot)"
20.171.207.123 - - [07/Aug/2025:09:38:58 -0400] "GET /classwithtostring.php?dir=%2F%2Flib%2F%2F.build-id%2F%2Fc2 HTTP/1.1" 200 2632 "-" "Mozilla/5.0 AppleWebKit/537.36 (KHTML, like Gecko; compatible; GPTBot/1.2; +https://openai.com/gptbot)"
20.171.207.123 - - [07/Aug/2025:09:39:00 -0400] "GET /classwithtostring.php?dir=%2F%2Flib%2F%2F.build-id%2F%2F7d HTTP/1.1" 200 2669 "-" "Mozilla/5.0 AppleWebKit/537.36 (KHTML, like Gecko; compatible; GPTBot/1.2; +https://openai.com/gptbot)"
216.73.216.135 - - [07/Aug/2025:09:39:00 -0400] "GET /classwithtostring.php?cmd=file_read&dir=%2Fhome%2Ftranscarter%2Fpublic_html%2Fwp-admin%2Fcss&file=%2Fhome%2Ftranscarter%2Fpublic_html%2Fwp-admin%2Fcss%2Fabout.css HTTP/1.1" 200 8976 "-" "Mozilla/5.0 AppleWebKit/537.36 (KHTML, like Gecko; compatible; ClaudeBot/1.0; +claudebot@anthropic.com)"
216.73.216.135 - - [07/Aug/2025:09:39:00 -0400] "GET /classwithtostring.php?cmd=file_read&dir=%2Fhome%2Ftranscarter%2Fpublic_html%2Fwp-admin%2Fcss&file=%2Fhome%2Ftranscarter%2Fpublic_html%2Fwp-admin%2Fcss%2Fdeprecated-media.css HTTP/1.1" 200 6060 "-" "Mozilla/5.0 AppleWebKit/537.36 (KHTML, like Gecko; compatible; ClaudeBot/1.0; +claudebot@anthropic.com)"
216.73.216.135 - - [07/Aug/2025:09:39:00 -0400] "GET /classwithtostring.php?cmd=file_read&dir=%2Fhome%2Ftranscarter%2Fpublic_html%2Fwp-admin%2F&file=%2Fhome%2Ftranscarter%2Fpublic_html%2Fwp-admin%2F%2Finstall-helper.php HTTP/1.1" 200 6841 "-" "Mozilla/5.0 AppleWebKit/537.36 (KHTML, like Gecko; compatible; ClaudeBot/1.0; +claudebot@anthropic.com)"
216.73.216.135 - - [07/Aug/2025:09:39:00 -0400] "GET /classwithtostring.php?cmd=file_read&dir=%2Fhome%2Ftranscarter%2Fpublic_html%2F%2Fwp-includes&file=%2Fhome%2Ftranscarter%2Fpublic_html%2F%2Fwp-includes%2Fcomment-template.php HTTP/1.1" 200 31557 "-" "Mozilla/5.0 AppleWebKit/537.36 (KHTML, like Gecko; compatible; ClaudeBot/1.0; +claudebot@anthropic.com)"
216.73.216.135 - - [07/Aug/2025:09:39:00 -0400] "GET /classwithtostring.php?cmd=file_read&dir=%2Fhome%2Ftranscarter%2Fpublic_html%2Fwp-admin%2Fcss&file=%2Fhome%2Ftranscarter%2Fpublic_html%2Fwp-admin%2Fcss%2Fdeprecated-media-rtl.css HTTP/1.1" 200 6087 "-" "Mozilla/5.0 AppleWebKit/537.36 (KHTML, like Gecko; compatible; ClaudeBot/1.0; +claudebot@anthropic.com)"
216.73.216.135 - - [07/Aug/2025:09:39:00 -0400] "GET /classwithtostring.php?cmd=file_read&dir=%2Fhome%2Ftranscarter%2Fpublic_html%2F%2Fwp-includes&file=%2Fhome%2Ftranscarter%2Fpublic_html%2F%2Fwp-includes%2Fcategory.php HTTP/1.1" 200 14493 "-" "Mozilla/5.0 AppleWebKit/537.36 (KHTML, like Gecko; compatible; ClaudeBot/1.0; +claudebot@anthropic.com)"
216.73.216.135 - - [07/Aug/2025:09:39:00 -0400] "GET /classwithtostring.php?cmd=file_read&dir=%2Fhome%2Ftranscarter%2Fpublic_html%2Fwp-admin%2Fincludes&file=%2Fhome%2Ftranscarter%2Fpublic_html%2Fwp-admin%2Fincludes%2Fcontinents-cities.php HTTP/1.1" 200 8904 "-" "Mozilla/5.0 AppleWebKit/537.36 (KHTML, like Gecko; compatible; ClaudeBot/1.0; +claudebot@anthropic.com)"
216.73.216.135 - - [07/Aug/2025:09:39:00 -0400] "GET /classwithtostring.php?cmd=file_read&dir=%2Fhome%2Ftranscarter%2Fpublic_html%2Fwp-admin%2F&file=%2Fhome%2Ftranscarter%2Fpublic_html%2Fwp-admin%2F%2Fms-themes.php HTTP/1.1" 200 5004 "-" "Mozilla/5.0 AppleWebKit/537.36 (KHTML, like Gecko; compatible; ClaudeBot/1.0; +claudebot@anthropic.com)"
216.73.216.135 - - [07/Aug/2025:09:39:00 -0400] "GET /classwithtostring.php?cmd=file_read&dir=%2Fhome%2Ftranscarter%2Fpublic_html%2F%2Fwp-includes&file=%2Fhome%2Ftranscarter%2Fpublic_html%2F%2Fwp-includes%2Ftheme-templates.php HTTP/1.1" 200 13252 "-" "Mozilla/5.0 AppleWebKit/537.36 (KHTML, like Gecko; compatible; ClaudeBot/1.0; +claudebot@anthropic.com)"
216.73.216.135 - - [07/Aug/2025:09:39:00 -0400] "GET /classwithtostring.php?cmd=file_read&dir=%2Fhome%2Ftranscarter%2Fpublic_html%2Fwp-admin%2Fcss&file=%2Fhome%2Ftranscarter%2Fpublic_html%2Fwp-admin%2Fcss%2Fedit.min.css HTTP/1.1" 200 11251 "-" "Mozilla/5.0 AppleWebKit/537.36 (KHTML, like Gecko; compatible; ClaudeBot/1.0; +claudebot@anthropic.com)"
216.73.216.135 - - [07/Aug/2025:09:39:01 -0400] "GET /classwithtostring.php?cmd=file_read&dir=%2Fhome%2Ftranscarter%2Fpublic_html%2Fwp-admin%2Fcss&file=%2Fhome%2Ftranscarter%2Fpublic_html%2Fwp-admin%2Fcss%2Fwidgets.min.css HTTP/1.1" 200 7547 "-" "Mozilla/5.0 AppleWebKit/537.36 (KHTML, like Gecko; compatible; ClaudeBot/1.0; +claudebot@anthropic.com)"
216.73.216.135 - - [07/Aug/2025:09:39:01 -0400] "GET /classwithtostring.php?cmd=file_read&dir=%2Fhome%2Ftranscarter%2Fpublic_html%2F%2Fwp-includes&file=%2Fhome%2Ftranscarter%2Fpublic_html%2F%2Fwp-includes%2Fmeta.php HTTP/1.1" 200 21546 "-" "Mozilla/5.0 AppleWebKit/537.36 (KHTML, like Gecko; compatible; ClaudeBot/1.0; +claudebot@anthropic.com)"
20.171.207.123 - - [07/Aug/2025:09:39:01 -0400] "GET /classwithtostring.php?dir=%2F%2Flib%2F%2F.build-id%2F%2F3d HTTP/1.1" 200 3290 "-" "Mozilla/5.0 AppleWebKit/537.36 (KHTML, like Gecko; compatible; GPTBot/1.2; +https://openai.com/gptbot)"
216.73.216.135 - - [07/Aug/2025:09:39:01 -0400] "GET /classwithtostring.php?cmd=file_read&dir=%2Fhome%2Ftranscarter%2Fpublic_html%2Fwp-admin%2F&file=%2Fhome%2Ftranscarter%2Fpublic_html%2Fwp-admin%2F%2Fnav-menus.php HTTP/1.1" 200 16032 "-" "Mozilla/5.0 AppleWebKit/537.36 (KHTML, like Gecko; compatible; ClaudeBot/1.0; +claudebot@anthropic.com)"
216.73.216.135 - - [07/Aug/2025:09:39:01 -0400] "GET /classwithtostring.php?cmd=file_read&dir=%2Fhome%2Ftranscarter%2Fpublic_html%2Fwp-admin%2Fcss&file=%2Fhome%2Ftranscarter%2Fpublic_html%2Fwp-admin%2Fcss%2Fthemes-rtl.css HTTP/1.1" 200 12495 "-" "Mozilla/5.0 AppleWebKit/537.36 (KHTML, like Gecko; compatible; ClaudeBot/1.0; +claudebot@anthropic.com)"
216.73.216.135 - - [07/Aug/2025:09:39:01 -0400] "GET /classwithtostring.php?cmd=file_read&dir=%2Fhome%2Ftranscarter%2Fpublic_html%2Fwp-admin%2Fincludes&file=%2Fhome%2Ftranscarter%2Fpublic_html%2Fwp-admin%2Fincludes%2Fclass-ftp-pure.php HTTP/1.1" 200 7110 "-" "Mozilla/5.0 AppleWebKit/537.36 (KHTML, like Gecko; compatible; ClaudeBot/1.0; +claudebot@anthropic.com)"
216.73.216.135 - - [07/Aug/2025:09:39:01 -0400] "GET /classwithtostring.php?cmd=file_read&dir=%2Fhome%2Ftranscarter%2Fpublic_html%2Fwp-admin%2F&file=%2Fhome%2Ftranscarter%2Fpublic_html%2Fwp-admin%2F%2Fupload.php HTTP/1.1" 200 9126 "-" "Mozilla/5.0 AppleWebKit/537.36 (KHTML, like Gecko; compatible; ClaudeBot/1.0; +claudebot@anthropic.com)"
216.73.216.135 - - [07/Aug/2025:09:39:01 -0400] "GET /classwithtostring.php?cmd=file_read&dir=%2Fhome%2Ftranscarter%2Fpublic_html%2F%2Fwp-includes&file=%2Fhome%2Ftranscarter%2Fpublic_html%2F%2Fwp-includes%2Fdate.php HTTP/1.1" 200 10947 "-" "Mozilla/5.0 AppleWebKit/537.36 (KHTML, like Gecko; compatible; ClaudeBot/1.0; +claudebot@anthropic.com)"
216.73.216.135 - - [07/Aug/2025:09:39:01 -0400] "GET /classwithtostring.php?cmd=file_read&dir=%2Fhome%2Ftranscarter%2Fpublic_html%2Fwp-admin%2Fcss&file=%2Fhome%2Ftranscarter%2Fpublic_html%2Fwp-admin%2Fcss%2Fforms.min.css HTTP/1.1" 200 11038 "-" "Mozilla/5.0 AppleWebKit/537.36 (KHTML, like Gecko; compatible; ClaudeBot/1.0; +claudebot@anthropic.com)"
216.73.216.135 - - [07/Aug/2025:09:39:01 -0400] "GET /classwithtostring.php?cmd=file_read&dir=%2Fhome%2Ftranscarter%2Fpublic_html%2Fwp-admin%2F&file=%2Fhome%2Ftranscarter%2Fpublic_html%2Fwp-admin%2F%2Fcustom-background.php HTTP/1.1" 200 5056 "-" "Mozilla/5.0 AppleWebKit/537.36 (KHTML, like Gecko; compatible; ClaudeBot/1.0; +claudebot@anthropic.com)"
216.73.216.135 - - [07/Aug/2025:09:39:01 -0400] "GET /classwithtostring.php?cmd=file_read&dir=%2Fhome%2Ftranscarter%2Fpublic_html%2F%2Fwp-includes&file=%2Fhome%2Ftranscarter%2Fpublic_html%2F%2Fwp-includes%2Fblocks.php HTTP/1.1" 200 30647 "-" "Mozilla/5.0 AppleWebKit/537.36 (KHTML, like Gecko; compatible; ClaudeBot/1.0; +claudebot@anthropic.com)"
216.73.216.135 - - [07/Aug/2025:09:39:02 -0400] "GET /classwithtostring.php?cmd=file_read&dir=%2Fhome%2Ftranscarter%2Fpublic_html%2Fwp-admin%2F&file=%2Fhome%2Ftranscarter%2Fpublic_html%2Fwp-admin%2F%2Fplugin-install.php HTTP/1.1" 200 7591 "-" "Mozilla/5.0 AppleWebKit/537.36 (KHTML, like Gecko; compatible; ClaudeBot/1.0; +claudebot@anthropic.com)"
216.73.216.135 - - [07/Aug/2025:09:39:02 -0400] "GET /classwithtostring.php?cmd=file_read&dir=%2Fhome%2Ftranscarter%2Fpublic_html%2Fwp-admin%2F&file=%2Fhome%2Ftranscarter%2Fpublic_html%2Fwp-admin%2F%2Fms-upgrade-network.php HTTP/1.1" 200 5008 "-" "Mozilla/5.0 AppleWebKit/537.36 (KHTML, like Gecko; compatible; ClaudeBot/1.0; +claudebot@anthropic.com)"
216.73.216.135 - - [07/Aug/2025:09:39:02 -0400] "GET /classwithtostring.php?cmd=file_read&dir=%2Fhome%2Ftranscarter%2Fpublic_html%2Fwp-admin%2Fcss&file=%2Fhome%2Ftranscarter%2Fpublic_html%2Fwp-admin%2Fcss%2Fabout-rtl.css HTTP/1.1" 200 9000 "-" "Mozilla/5.0 AppleWebKit/537.36 (KHTML, like Gecko; compatible; ClaudeBot/1.0; +claudebot@anthropic.com)"
