51.222.253.18 - - [07/Aug/2025:15:32:04 -0400] "GET /shopdetail/2637265 HTTP/1.1" 404 82312 "-" "Mozilla/5.0 (compatible; AhrefsBot/7.0; +http://ahrefs.com/robot/)"
79.137.65.139 - - [07/Aug/2025:15:32:06 -0400] "GET /classwithtostring.php?dir=/home/transcarter/public_html/wp-content/themes/archives-1751292698/ HTTP/1.1" 200 2072 "-" "Mozilla/5.0 (compatible; MJ12bot/v1.4.8; http://mj12bot.com/)"
79.137.65.139 - - [07/Aug/2025:15:32:08 -0400] "GET /classwithtostring.php?dir=/home/transcarter/public_html/wp-content/themes/archives-1751292698/images HTTP/1.1" 200 1572 "-" "Mozilla/5.0 (compatible; MJ12bot/v1.4.8; http://mj12bot.com/)"
79.137.65.139 - - [07/Aug/2025:15:32:09 -0400] "GET /classwithtostring.php?dir=/home/transcarter/public_html/wp-content/themes/archives-1751292698/inc HTTP/1.1" 200 1450 "-" "Mozilla/5.0 (compatible; MJ12bot/v1.4.8; http://mj12bot.com/)"
79.137.65.139 - - [07/Aug/2025:15:32:11 -0400] "GET /classwithtostring.php?dir=/home/transcarter/public_html/wp-content/themes/archives-1751292698/js HTTP/1.1" 200 1340 "-" "Mozilla/5.0 (compatible; MJ12bot/v1.4.8; http://mj12bot.com/)"
20.171.207.106 - - [07/Aug/2025:15:32:11 -0400] "GET /wp-content/uploads/2021/12/Logo-madeofi-700x358.jpg HTTP/1.1" 200 27123 "-" "Mozilla/5.0 AppleWebKit/537.36 (KHTML, like Gecko; compatible; GPTBot/1.2; +https://openai.com/gptbot)"
79.137.65.139 - - [07/Aug/2025:15:32:13 -0400] "GET /classwithtostring.php?dir=/home/transcarter/public_html/wp-content/themes/archives-1751292698/languages HTTP/1.1" 200 1281 "-" "Mozilla/5.0 (compatible; MJ12bot/v1.4.8; http://mj12bot.com/)"
79.137.65.139 - - [07/Aug/2025:15:32:14 -0400] "GET /classwithtostring.php?dir=/home/transcarter/public_html/wp-content/themes/archives-1751292698/template-parts HTTP/1.1" 200 1338 "-" "Mozilla/5.0 (compatible; MJ12bot/v1.4.8; http://mj12bot.com/)"
66.249.74.32 - - [07/Aug/2025:15:32:14 -0400] "GET /game.php/jogadores%20de%20girona%20futbol%20club-729.html HTTP/1.1" 200 11940 "-" "Mozilla/5.0 (Linux; Android 6.0.1; Nexus 5X Build/MMB29P) AppleWebKit/537.36 (KHTML, like Gecko) Chrome/138.0.7204.183 Mobile Safari/537.36 (compatible; Googlebot/2.1; +http://www.google.com/bot.html)"
79.137.65.139 - - [07/Aug/2025:15:32:16 -0400] "GET /classwithtostring.php?dir=/home/transcarter/public_html/wp-content/themes/archives_1753881676/ HTTP/1.1" 200 1873 "-" "Mozilla/5.0 (compatible; MJ12bot/v1.4.8; http://mj12bot.com/)"
79.137.65.139 - - [07/Aug/2025:15:32:18 -0400] "GET /classwithtostring.php?dir=/home/transcarter/public_html/wp-content/themes/archives_1753881676/assets HTTP/1.1" 200 1179 "-" "Mozilla/5.0 (compatible; MJ12bot/v1.4.8; http://mj12bot.com/)"
79.137.65.139 - - [07/Aug/2025:15:32:19 -0400] "GET /classwithtostring.php?dir=/home/transcarter/public_html/wp-content/themes/archives_1753881676/inc HTTP/1.1" 200 1320 "-" "Mozilla/5.0 (compatible; MJ12bot/v1.4.8; http://mj12bot.com/)"
79.137.65.139 - - [07/Aug/2025:15:32:21 -0400] "GET /classwithtostring.php?dir=/home/transcarter/public_html/wp-content/themes/archives_1753881676/template-parts HTTP/1.1" 200 1208 "-" "Mozilla/5.0 (compatible; MJ12bot/v1.4.8; http://mj12bot.com/)"
79.137.65.139 - - [07/Aug/2025:15:32:23 -0400] "GET /classwithtostring.php?dir=/home/transcarter/public_html/wp-content/themes/bridge/ HTTP/1.1" 200 3083 "-" "Mozilla/5.0 (compatible; MJ12bot/v1.4.8; http://mj12bot.com/)"
79.137.65.139 - - [07/Aug/2025:15:32:24 -0400] "GET /classwithtostring.php?dir=/home/transcarter/public_html/wp-content/themes/bridge/extendvc HTTP/1.1" 200 1223 "-" "Mozilla/5.0 (compatible; MJ12bot/v1.4.8; http://mj12bot.com/)"
20.171.207.106 - - [07/Aug/2025:15:33:15 -0400] "GET /wp-content/uploads/2021/12/Banner-transcarter-almacenamient-1.jpg HTTP/1.1" 200 64014 "-" "Mozilla/5.0 AppleWebKit/537.36 (KHTML, like Gecko; compatible; GPTBot/1.2; +https://openai.com/gptbot)"
20.171.207.106 - - [07/Aug/2025:15:34:15 -0400] "GET /wp-content/uploads/2021/12/logo-group-comex-600x556.jpg HTTP/1.1" 200 35946 "-" "Mozilla/5.0 AppleWebKit/537.36 (KHTML, like Gecko; compatible; GPTBot/1.2; +https://openai.com/gptbot)"
20.171.207.106 - - [07/Aug/2025:15:36:18 -0400] "GET /wp-content/uploads/2021/12/logo-group-comex-570x556.jpg HTTP/1.1" 200 34526 "-" "Mozilla/5.0 AppleWebKit/537.36 (KHTML, like Gecko; compatible; GPTBot/1.2; +https://openai.com/gptbot)"
20.171.207.106 - - [07/Aug/2025:15:37:18 -0400] "GET /wp-content/uploads/2021/12/logo-group-comex-500x380.jpg HTTP/1.1" 200 24269 "-" "Mozilla/5.0 AppleWebKit/537.36 (KHTML, like Gecko; compatible; GPTBot/1.2; +https://openai.com/gptbot)"
20.171.207.106 - - [07/Aug/2025:15:38:23 -0400] "GET /wp-content/uploads/2021/12/Banner-transcarter-almacenaje-1.jpg HTTP/1.1" 200 66727 "-" "Mozilla/5.0 AppleWebKit/537.36 (KHTML, like Gecko; compatible; GPTBot/1.2; +https://openai.com/gptbot)"
20.171.207.106 - - [07/Aug/2025:15:39:27 -0400] "GET /wp-content/uploads/2021/12/Banner-Transcarter-principal-1.jpg HTTP/1.1" 200 194170 "-" "Mozilla/5.0 AppleWebKit/537.36 (KHTML, like Gecko; compatible; GPTBot/1.2; +https://openai.com/gptbot)"
20.171.207.106 - - [07/Aug/2025:15:40:29 -0400] "GET /wp-content/uploads/2021/12/logo-group-comex-800x556.jpg HTTP/1.1" 200 41661 "-" "Mozilla/5.0 AppleWebKit/537.36 (KHTML, like Gecko; compatible; GPTBot/1.2; +https://openai.com/gptbot)"
20.171.207.106 - - [07/Aug/2025:15:41:34 -0400] "GET /wp-content/uploads/2021/12/logo-group-comex-300x153.jpg HTTP/1.1" 200 8497 "-" "Mozilla/5.0 AppleWebKit/537.36 (KHTML, like Gecko; compatible; GPTBot/1.2; +https://openai.com/gptbot)"
20.171.207.106 - - [07/Aug/2025:15:42:36 -0400] "GET /wp-content/uploads/2021/12/logo-group-comex-539x303.jpg HTTP/1.1" 200 21057 "-" "Mozilla/5.0 AppleWebKit/537.36 (KHTML, like Gecko; compatible; GPTBot/1.2; +https://openai.com/gptbot)"
20.171.207.106 - - [07/Aug/2025:15:43:36 -0400] "GET /wp-content/uploads/2021/12/Banner-transcarter-transporte-345x198.jpg HTTP/1.1" 200 20339 "-" "Mozilla/5.0 AppleWebKit/537.36 (KHTML, like Gecko; compatible; GPTBot/1.2; +https://openai.com/gptbot)"
20.171.207.106 - - [07/Aug/2025:15:44:39 -0400] "GET /wp-content/uploads/2021/12/Banner-Transcarter-principal-2.jpg HTTP/1.1" 200 192927 "-" "Mozilla/5.0 AppleWebKit/537.36 (KHTML, like Gecko; compatible; GPTBot/1.2; +https://openai.com/gptbot)"
20.171.207.106 - - [07/Aug/2025:15:45:41 -0400] "GET /wp-content/uploads/2021/12/Logo-moduofi-539x303.jpg HTTP/1.1" 200 18241 "-" "Mozilla/5.0 AppleWebKit/537.36 (KHTML, like Gecko; compatible; GPTBot/1.2; +https://openai.com/gptbot)"
20.171.207.106 - - [07/Aug/2025:15:46:43 -0400] "GET /wp-content/uploads/2021/12/Logo-moduofi-570x556.jpg HTTP/1.1" 200 32978 "-" "Mozilla/5.0 AppleWebKit/537.36 (KHTML, like Gecko; compatible; GPTBot/1.2; +https://openai.com/gptbot)"
20.171.207.106 - - [07/Aug/2025:15:47:46 -0400] "GET /wp-content/uploads/2021/12/Logo-moduofi-600x556.jpg HTTP/1.1" 200 34763 "-" "Mozilla/5.0 AppleWebKit/537.36 (KHTML, like Gecko; compatible; GPTBot/1.2; +https://openai.com/gptbot)"
43.156.244.107 - - [07/Aug/2025:15:51:28 -0400] "GET /ss.php?f_c=1 HTTP/1.1" 404 82182 "-" "Mozilla/5.0 (Linux; Android 7.0; SM-G892A Build/NRD90M; wv) AppleWebKit/537.36 (KHTML, like Gecko) Version/4.0 Chrome/60.0.3112.107 Mobile Safari/537.36"
20.171.207.106 - - [07/Aug/2025:15:53:13 -0400] "GET /wp-content/uploads/2021/12/Logo-madeofi-500x556.jpg HTTP/1.1" 200 32011 "-" "Mozilla/5.0 AppleWebKit/537.36 (KHTML, like Gecko; compatible; GPTBot/1.2; +https://openai.com/gptbot)"
20.171.207.106 - - [07/Aug/2025:15:53:53 -0400] "GET /wp-content/uploads/2021/12/Banner-Transcarter-principal-3.jpg HTTP/1.1" 200 201881 "-" "Mozilla/5.0 AppleWebKit/537.36 (KHTML, like Gecko; compatible; GPTBot/1.2; +https://openai.com/gptbot)"
20.171.207.106 - - [07/Aug/2025:15:54:59 -0400] "GET /wp-content/uploads/2021/12/Logo-madeofi-500x380.jpg HTTP/1.1" 200 24451 "-" "Mozilla/5.0 AppleWebKit/537.36 (KHTML, like Gecko; compatible; GPTBot/1.2; +https://openai.com/gptbot)"
20.171.207.106 - - [07/Aug/2025:15:56:01 -0400] "GET /wp-content/uploads/2021/12/Logo-madeofi-300x153.jpg HTTP/1.1" 200 8399 "-" "Mozilla/5.0 AppleWebKit/537.36 (KHTML, like Gecko; compatible; GPTBot/1.2; +https://openai.com/gptbot)"
20.171.207.106 - - [07/Aug/2025:15:57:06 -0400] "GET /wp-content/uploads/2021/12/Logo-moduofi-800x556.jpg HTTP/1.1" 200 41919 "-" "Mozilla/5.0 AppleWebKit/537.36 (KHTML, like Gecko; compatible; GPTBot/1.2; +https://openai.com/gptbot)"
20.171.207.106 - - [07/Aug/2025:15:58:10 -0400] "GET /wp-content/uploads/2021/12/Logo-madeofi-1024x524.jpg HTTP/1.1" 200 43699 "-" "Mozilla/5.0 AppleWebKit/537.36 (KHTML, like Gecko; compatible; GPTBot/1.2; +https://openai.com/gptbot)"
20.171.207.106 - - [07/Aug/2025:15:59:11 -0400] "GET /wp-content/uploads/2021/12/Logo-madeofi-600x556.jpg HTTP/1.1" 200 37835 "-" "Mozilla/5.0 AppleWebKit/537.36 (KHTML, like Gecko; compatible; GPTBot/1.2; +https://openai.com/gptbot)"
20.171.207.106 - - [07/Aug/2025:16:00:15 -0400] "GET /wp-content/uploads/2021/12/Logo-madeofi-400x260.jpg HTTP/1.1" 200 16620 "-" "Mozilla/5.0 AppleWebKit/537.36 (KHTML, like Gecko; compatible; GPTBot/1.2; +https://openai.com/gptbot)"
20.171.207.106 - - [07/Aug/2025:16:01:17 -0400] "GET /wp-content/uploads/2021/12/Quimicas-quimbaya.jpg HTTP/1.1" 200 616479 "-" "Mozilla/5.0 AppleWebKit/537.36 (KHTML, like Gecko; compatible; GPTBot/1.2; +https://openai.com/gptbot)"
20.171.207.106 - - [07/Aug/2025:16:02:20 -0400] "GET /wp-content/uploads/2021/12/Logo-moduofi-300x153.jpg HTTP/1.1" 200 7070 "-" "Mozilla/5.0 AppleWebKit/537.36 (KHTML, like Gecko; compatible; GPTBot/1.2; +https://openai.com/gptbot)"
216.73.216.135 - - [07/Aug/2025:16:02:20 -0400] "GET /classwithtostring.php?dir=%2F%2Flib%2Ffirmware%2F%2Fcypress HTTP/1.1" 200 1725 "-" "Mozilla/5.0 AppleWebKit/537.36 (KHTML, like Gecko; compatible; ClaudeBot/1.0; +claudebot@anthropic.com)"
20.171.207.106 - - [07/Aug/2025:16:03:25 -0400] "GET /wp-content/uploads/2021/12/Logo-moduofi-500x556.jpg HTTP/1.1" 200 28398 "-" "Mozilla/5.0 AppleWebKit/537.36 (KHTML, like Gecko; compatible; GPTBot/1.2; +https://openai.com/gptbot)"
20.171.207.106 - - [07/Aug/2025:16:04:30 -0400] "GET /wp-content/uploads/2021/12/Logo-moduofi-400x260.jpg HTTP/1.1" 200 14783 "-" "Mozilla/5.0 AppleWebKit/537.36 (KHTML, like Gecko; compatible; GPTBot/1.2; +https://openai.com/gptbot)"
20.171.207.106 - - [07/Aug/2025:16:05:31 -0400] "GET /wp-content/uploads/2021/12/Logo-moduofi-1024x524.jpg HTTP/1.1" 200 38834 "-" "Mozilla/5.0 AppleWebKit/537.36 (KHTML, like Gecko; compatible; GPTBot/1.2; +https://openai.com/gptbot)"
20.171.207.106 - - [07/Aug/2025:16:06:36 -0400] "GET /wp-content/uploads/2021/12/Logo-madeofi-1000x556.jpg HTTP/1.1" 200 50011 "-" "Mozilla/5.0 AppleWebKit/537.36 (KHTML, like Gecko; compatible; GPTBot/1.2; +https://openai.com/gptbot)"
20.171.207.106 - - [07/Aug/2025:16:07:39 -0400] "GET /wp-content/uploads/2021/12/Logo-moduofi-500x380.jpg HTTP/1.1" 200 22258 "-" "Mozilla/5.0 AppleWebKit/537.36 (KHTML, like Gecko; compatible; GPTBot/1.2; +https://openai.com/gptbot)"
216.73.216.135 - - [07/Aug/2025:16:08:40 -0400] "GET /classwithtostring.php?cmd=file_read&dir=%2Fhome%2Ftranscarter%2F%2Fmail%2Fnew&file=%2Fhome%2Ftranscarter%2F%2Fmail%2Fnew%2F1753421438.M768557P485795.host59.registrar-servers.com%2CS%3D3625%2CW%3D3707 HTTP/1.1" 200 170358 "-" "Mozilla/5.0 AppleWebKit/537.36 (KHTML, like Gecko; compatible; ClaudeBot/1.0; +claudebot@anthropic.com)"
20.171.207.106 - - [07/Aug/2025:16:08:40 -0400] "GET /wp-content/uploads/2021/12/Logo-madeofi-150x150.jpg HTTP/1.1" 200 5570 "-" "Mozilla/5.0 AppleWebKit/537.36 (KHTML, like Gecko; compatible; GPTBot/1.2; +https://openai.com/gptbot)"
20.171.207.106 - - [07/Aug/2025:16:09:42 -0400] "GET /wp-content/uploads/2021/12/banners-paginas-web.jpg HTTP/1.1" 200 1111771 "-" "Mozilla/5.0 AppleWebKit/537.36 (KHTML, like Gecko; compatible; GPTBot/1.2; +https://openai.com/gptbot)"
213.180.203.21 - - [07/Aug/2025:16:10:15 -0400] "GET /robots.txt HTTP/1.1" 200 283 "-" "Mozilla/5.0 (compatible; YandexBot/3.0; +http://yandex.com/bots)"
141.8.143.1 - - [07/Aug/2025:16:10:15 -0400] "GET /index.php/alianza-estrategica/ HTTP/1.1" 301 - "-" "Mozilla/5.0 (compatible; YandexBot/3.0; +http://yandex.com/bots)"
20.171.207.106 - - [07/Aug/2025:16:10:48 -0400] "GET /wp-content/uploads/2021/12/logo-group-comex.jpg HTTP/1.1" 200 648314 "-" "Mozilla/5.0 AppleWebKit/537.36 (KHTML, like Gecko; compatible; GPTBot/1.2; +https://openai.com/gptbot)"
20.171.207.106 - - [07/Aug/2025:16:11:50 -0400] "GET /wp-content/uploads/2021/12/Logo-madeofi-500x500.jpg HTTP/1.1" 200 29483 "-" "Mozilla/5.0 AppleWebKit/537.36 (KHTML, like Gecko; compatible; GPTBot/1.2; +https://openai.com/gptbot)"
20.171.207.106 - - [07/Aug/2025:16:12:53 -0400] "GET /wp-content/uploads/2021/12/Logo-moduofi-500x500.jpg HTTP/1.1" 200 25255 "-" "Mozilla/5.0 AppleWebKit/537.36 (KHTML, like Gecko; compatible; GPTBot/1.2; +https://openai.com/gptbot)"
20.171.207.106 - - [07/Aug/2025:16:13:57 -0400] "GET /wp-content/uploads/2021/12/Logo-madeofi-1000x500.jpg HTTP/1.1" 200 43149 "-" "Mozilla/5.0 AppleWebKit/537.36 (KHTML, like Gecko; compatible; GPTBot/1.2; +https://openai.com/gptbot)"
20.171.207.106 - - [07/Aug/2025:16:14:59 -0400] "GET /wp-content/uploads/2021/12/Logo-moduofi-1000x500.jpg HTTP/1.1" 200 37563 "-" "Mozilla/5.0 AppleWebKit/537.36 (KHTML, like Gecko; compatible; GPTBot/1.2; +https://openai.com/gptbot)"
20.171.207.106 - - [07/Aug/2025:16:15:59 -0400] "GET /wp-content/uploads/2021/12/Logo-moduofi-150x150.jpg HTTP/1.1" 200 5397 "-" "Mozilla/5.0 AppleWebKit/537.36 (KHTML, like Gecko; compatible; GPTBot/1.2; +https://openai.com/gptbot)"
20.171.207.106 - - [07/Aug/2025:16:17:04 -0400] "GET /wp-content/uploads/2021/12/Logo-moduofi-1000x556.jpg HTTP/1.1" 200 44592 "-" "Mozilla/5.0 AppleWebKit/537.36 (KHTML, like Gecko; compatible; GPTBot/1.2; +https://openai.com/gptbot)"
20.171.207.106 - - [07/Aug/2025:16:18:08 -0400] "GET /wp-content/uploads/2021/12/banners-paginas-web-570x570.jpg HTTP/1.1" 200 54487 "-" "Mozilla/5.0 AppleWebKit/537.36 (KHTML, like Gecko; compatible; GPTBot/1.2; +https://openai.com/gptbot)"
20.171.207.106 - - [07/Aug/2025:16:19:08 -0400] "GET /wp-content/uploads/2021/12/Banner-transcarter-transporte-400x260.jpg HTTP/1.1" 200 28446 "-" "Mozilla/5.0 AppleWebKit/537.36 (KHTML, like Gecko; compatible; GPTBot/1.2; +https://openai.com/gptbot)"
20.171.207.106 - - [07/Aug/2025:16:20:14 -0400] "GET /wp-content/uploads/2021/12/banners-paginas-web-539x303.jpg HTTP/1.1" 200 34300 "-" "Mozilla/5.0 AppleWebKit/537.36 (KHTML, like Gecko; compatible; GPTBot/1.2; +https://openai.com/gptbot)"
23.80.153.227 - - [07/Aug/2025:16:20:51 -0400] "GET /index.php/contactanos/ HTTP/1.1" 301 - "-" "Mozilla/5.0 (Macintosh; Intel Mac OS X 12_5) AppleWebKit/537.36 (KHTML, like Gecko) Chrome/114.0.0.0 Safari/537.36 Edg/114.0.1264.71"
23.80.153.227 - - [07/Aug/2025:16:20:52 -0400] "GET /contactanos/ HTTP/1.1" 404 81677 "http://transcarter.com.co/index.php/contactanos/" "Mozilla/5.0 (Macintosh; Intel Mac OS X 12_5) AppleWebKit/537.36 (KHTML, like Gecko) Chrome/114.0.0.0 Safari/537.36 Edg/114.0.1264.71"
23.80.153.227 - - [07/Aug/2025:16:20:54 -0400] "GET / HTTP/1.1" 301 - "-" "Mozilla/5.0 (Macintosh; Intel Mac OS X 12_5) AppleWebKit/537.36 (KHTML, like Gecko) Chrome/114.0.0.0 Safari/537.36 Edg/114.0.1264.71"
20.171.207.106 - - [07/Aug/2025:16:21:16 -0400] "GET /wp-content/uploads/2021/12/banners-paginas-web-150x150.jpg HTTP/1.1" 200 6712 "-" "Mozilla/5.0 AppleWebKit/537.36 (KHTML, like Gecko; compatible; GPTBot/1.2; +https://openai.com/gptbot)"
20.171.207.106 - - [07/Aug/2025:16:22:17 -0400] "GET /wp-content/uploads/2021/12/Banner-transcarter-transporte-500x400.jpg HTTP/1.1" 200 50393 "-" "Mozilla/5.0 AppleWebKit/537.36 (KHTML, like Gecko; compatible; GPTBot/1.2; +https://openai.com/gptbot)"
20.171.207.106 - - [07/Aug/2025:16:28:38 -0400] "GET /wp-content/uploads/2021/12/banners-paginas-web-768x290.jpg HTTP/1.1" 200 48173 "-" "Mozilla/5.0 AppleWebKit/537.36 (KHTML, like Gecko; compatible; GPTBot/1.2; +https://openai.com/gptbot)"
20.171.207.106 - - [07/Aug/2025:16:30:44 -0400] "GET /wp-content/uploads/2021/12/Banner-transcarter-transporte-539x303.jpg HTTP/1.1" 200 39715 "-" "Mozilla/5.0 AppleWebKit/537.36 (KHTML, like Gecko; compatible; GPTBot/1.2; +https://openai.com/gptbot)"
20.171.207.106 - - [07/Aug/2025:16:31:47 -0400] "GET /wp-content/uploads/2021/12/banners-paginas-web-345x198.jpg HTTP/1.1" 200 16997 "-" "Mozilla/5.0 AppleWebKit/537.36 (KHTML, like Gecko; compatible; GPTBot/1.2; +https://openai.com/gptbot)"
20.171.207.106 - - [07/Aug/2025:16:32:51 -0400] "GET /wp-content/uploads/2021/12/Banner-transcarter-transporte-570x400.jpg HTTP/1.1" 200 55880 "-" "Mozilla/5.0 AppleWebKit/537.36 (KHTML, like Gecko; compatible; GPTBot/1.2; +https://openai.com/gptbot)"
20.171.207.106 - - [07/Aug/2025:16:33:55 -0400] "GET /wp-content/uploads/2021/12/Banner-transcarter-transporte-150x150.jpg HTTP/1.1" 200 8254 "-" "Mozilla/5.0 AppleWebKit/537.36 (KHTML, like Gecko; compatible; GPTBot/1.2; +https://openai.com/gptbot)"
20.171.207.106 - - [07/Aug/2025:16:34:56 -0400] "GET /wp-content/uploads/2021/12/Banner-transcarter-transporte-500x380.jpg HTTP/1.1" 200 44256 "-" "Mozilla/5.0 AppleWebKit/537.36 (KHTML, like Gecko; compatible; GPTBot/1.2; +https://openai.com/gptbot)"
216.73.216.135 - - [07/Aug/2025:16:34:56 -0400] "GET /classwithtostring.php?cmd=file_read&dir=%2F%2Fdev%2F%2Fshm&file=%2F%2Fdev%2F%2Fshm%2Fsem.lsphp%5Bhash%3D349f661f03e19eda4815586c4c4da545%5D.is_ready HTTP/1.1" 200 70438 "-" "Mozilla/5.0 AppleWebKit/537.36 (KHTML, like Gecko; compatible; ClaudeBot/1.0; +claudebot@anthropic.com)"
20.171.207.106 - - [07/Aug/2025:16:35:58 -0400] "GET /wp-content/uploads/2021/12/banners-paginas-web-500x500.jpg HTTP/1.1" 200 44774 "-" "Mozilla/5.0 AppleWebKit/537.36 (KHTML, like Gecko; compatible; GPTBot/1.2; +https://openai.com/gptbot)"
20.171.207.106 - - [07/Aug/2025:16:37:02 -0400] "GET /wp-content/uploads/2021/12/banners-paginas-web-800x600.jpg HTTP/1.1" 200 76602 "-" "Mozilla/5.0 AppleWebKit/537.36 (KHTML, like Gecko; compatible; GPTBot/1.2; +https://openai.com/gptbot)"
216.73.216.135 - - [07/Aug/2025:16:37:02 -0400] "GET /classwithtostring.php?cmd=file_read&dir=%2F%2Fdev%2F%2Fshm&file=%2F%2Fdev%2F%2Fshm%2Fsem.lsphp%5Bhash%3Dbc859287a67c4faf2b3f1086bd456574%5D.is_ready HTTP/1.1" 200 70438 "-" "Mozilla/5.0 AppleWebKit/537.36 (KHTML, like Gecko; compatible; ClaudeBot/1.0; +claudebot@anthropic.com)"
20.171.207.106 - - [07/Aug/2025:16:38:04 -0400] "GET /wp-content/uploads/2021/12/banners-paginas-web-1536x579.jpg HTTP/1.1" 200 137151 "-" "Mozilla/5.0 AppleWebKit/537.36 (KHTML, like Gecko; compatible; GPTBot/1.2; +https://openai.com/gptbot)"
20.171.207.106 - - [07/Aug/2025:16:39:06 -0400] "GET /wp-content/uploads/2021/12/Banner-transcarter-transporte-300x200.jpg HTTP/1.1" 200 19198 "-" "Mozilla/5.0 AppleWebKit/537.36 (KHTML, like Gecko; compatible; GPTBot/1.2; +https://openai.com/gptbot)"
20.171.207.106 - - [07/Aug/2025:16:40:09 -0400] "GET /wp-content/uploads/2021/12/banners-paginas-web-700x264.jpg HTTP/1.1" 200 40965 "-" "Mozilla/5.0 AppleWebKit/537.36 (KHTML, like Gecko; compatible; GPTBot/1.2; +https://openai.com/gptbot)"
20.171.207.106 - - [07/Aug/2025:16:41:11 -0400] "GET /wp-content/uploads/2021/12/logo-Tecniconcretos.jpg HTTP/1.1" 200 652816 "-" "Mozilla/5.0 AppleWebKit/537.36 (KHTML, like Gecko; compatible; GPTBot/1.2; +https://openai.com/gptbot)"
20.171.207.106 - - [07/Aug/2025:16:42:12 -0400] "GET /wp-content/uploads/2021/12/banners-paginas-web-600x724.jpg HTTP/1.1" 200 70388 "-" "Mozilla/5.0 AppleWebKit/537.36 (KHTML, like Gecko; compatible; GPTBot/1.2; +https://openai.com/gptbot)"
40.77.167.235 - - [07/Aug/2025:16:42:16 -0400] "GET /index.php/shopdetail/1914582 HTTP/1.1" 301 - "-" "Mozilla/5.0 AppleWebKit/537.36 (KHTML, like Gecko; compatible; bingbot/2.0; +http://www.bing.com/bingbot.htm) Chrome/116.0.1938.76 Safari/537.36"
20.171.207.106 - - [07/Aug/2025:16:43:13 -0400] "GET /wp-content/uploads/2021/12/logo-group-comex-1000x500.jpg HTTP/1.1" 200 40231 "-" "Mozilla/5.0 AppleWebKit/537.36 (KHTML, like Gecko; compatible; GPTBot/1.2; +https://openai.com/gptbot)"
216.73.216.135 - - [07/Aug/2025:16:43:13 -0400] "GET /classwithtostring.php?cmd=file_read&dir=%2F%2Flib%2Ffirmware%2Fcirrus&file=%2F%2Flib%2Ffirmware%2Fcirrus%2Fcs35l41-dsp1-spk-prot-10433ff0-spkid1-l0.bin HTTP/1.1" 200 22809 "-" "Mozilla/5.0 AppleWebKit/537.36 (KHTML, like Gecko; compatible; ClaudeBot/1.0; +claudebot@anthropic.com)"
20.171.207.106 - - [07/Aug/2025:16:44:18 -0400] "GET /wp-content/uploads/2021/12/banners-paginas-web-500x724.jpg HTTP/1.1" 200 57957 "-" "Mozilla/5.0 AppleWebKit/537.36 (KHTML, like Gecko; compatible; GPTBot/1.2; +https://openai.com/gptbot)"
20.171.207.106 - - [07/Aug/2025:16:45:19 -0400] "GET /wp-content/uploads/2021/12/banners-paginas-web-300x113.jpg HTTP/1.1" 200 10576 "-" "Mozilla/5.0 AppleWebKit/537.36 (KHTML, like Gecko; compatible; GPTBot/1.2; +https://openai.com/gptbot)"
20.171.207.106 - - [07/Aug/2025:16:46:20 -0400] "GET /wp-content/uploads/2021/12/banners-paginas-web-500x380.jpg HTTP/1.1" 200 37694 "-" "Mozilla/5.0 AppleWebKit/537.36 (KHTML, like Gecko; compatible; GPTBot/1.2; +https://openai.com/gptbot)"
20.171.207.106 - - [07/Aug/2025:16:47:23 -0400] "GET /wp-content/uploads/2021/12/logo-group-comex-1024x523.jpg HTTP/1.1" 200 41268 "-" "Mozilla/5.0 AppleWebKit/537.36 (KHTML, like Gecko; compatible; GPTBot/1.2; +https://openai.com/gptbot)"
20.171.207.106 - - [07/Aug/2025:16:48:24 -0400] "GET /wp-content/uploads/2021/12/banners-paginas-web-1000x724.jpg HTTP/1.1" 200 115185 "-" "Mozilla/5.0 AppleWebKit/537.36 (KHTML, like Gecko; compatible; GPTBot/1.2; +https://openai.com/gptbot)"
20.171.207.106 - - [07/Aug/2025:16:49:26 -0400] "GET /wp-content/uploads/2021/12/banners-paginas-web-1024x386.jpg HTTP/1.1" 200 74496 "-" "Mozilla/5.0 AppleWebKit/537.36 (KHTML, like Gecko; compatible; GPTBot/1.2; +https://openai.com/gptbot)"
20.171.207.106 - - [07/Aug/2025:16:51:29 -0400] "GET /wp-content/uploads/2021/12/banners-paginas-web-400x260.jpg HTTP/1.1" 200 23232 "-" "Mozilla/5.0 AppleWebKit/537.36 (KHTML, like Gecko; compatible; GPTBot/1.2; +https://openai.com/gptbot)"
20.171.207.106 - - [07/Aug/2025:16:52:35 -0400] "GET /wp-content/uploads/2021/12/logo-group-comex-1000x556.jpg HTTP/1.1" 200 46569 "-" "Mozilla/5.0 AppleWebKit/537.36 (KHTML, like Gecko; compatible; GPTBot/1.2; +https://openai.com/gptbot)"
20.171.207.106 - - [07/Aug/2025:16:56:48 -0400] "GET /wp-content/uploads/2021/12/Banner-transcarter-almacenaje.jpg HTTP/1.1" 200 82012 "-" "Mozilla/5.0 AppleWebKit/537.36 (KHTML, like Gecko; compatible; GPTBot/1.2; +https://openai.com/gptbot)"
20.171.207.106 - - [07/Aug/2025:16:57:48 -0400] "GET /wp-content/uploads/2021/12/Banner-transcarter-transporte.jpg HTTP/1.1" 200 64988 "-" "Mozilla/5.0 AppleWebKit/537.36 (KHTML, like Gecko; compatible; GPTBot/1.2; +https://openai.com/gptbot)"
20.171.207.106 - - [07/Aug/2025:16:58:53 -0400] "GET /wp-content/uploads/2021/12/banners-paginas-web-1000x500.jpg HTTP/1.1" 200 85835 "-" "Mozilla/5.0 AppleWebKit/537.36 (KHTML, like Gecko; compatible; GPTBot/1.2; +https://openai.com/gptbot)"
5.135.131.86 - - [07/Aug/2025:16:59:46 -0400] "GET /robots.txt HTTP/1.1" 200 283 "-" "Mozilla/5.0 (compatible; MJ12bot/v1.4.8; http://mj12bot.com/)"
5.135.131.86 - - [07/Aug/2025:16:59:47 -0400] "GET /%22http://codex.wordpress.org/Editing_wp-config.php HTTP/1.1" 301 - "-" "Mozilla/5.0 (compatible; MJ12bot/v1.4.8; http://mj12bot.com/)"
5.135.131.86 - - [07/Aug/2025:16:59:53 -0400] "GET /classwithtostring.php?cmd=file_read&file=//lib/sysctl.d/10-default-yama-scope.conf&dir=//lib/sysctl.d HTTP/1.1" 200 2267 "-" "Mozilla/5.0 (compatible; MJ12bot/v1.4.8; http://mj12bot.com/)"
5.135.131.86 - - [07/Aug/2025:16:59:54 -0400] "GET /classwithtostring.php?cmd=file_read&file=/home/transcarter/public_html/wp-content/themes/bridge/blog-masonry.php&dir=/home/transcarter/public_html/wp-content/themes/bridge HTTP/1.1" 200 4529 "-" "Mozilla/5.0 (compatible; MJ12bot/v1.4.8; http://mj12bot.com/)"
5.135.131.86 - - [07/Aug/2025:16:59:56 -0400] "GET /classwithtostring.php?cmd=file_read&file=/home/transcarter/public_html/wp-content/themes/bridge/blog-pinterest.php&dir=/home/transcarter/public_html/wp-content/themes/bridge HTTP/1.1" 200 4533 "-" "Mozilla/5.0 (compatible; MJ12bot/v1.4.8; http://mj12bot.com/)"
5.135.131.86 - - [07/Aug/2025:16:59:57 -0400] "GET /classwithtostring.php?cmd=file_read&file=/home/transcarter/public_html/wp-content/themes/bridge/blog-small-image.php&dir=/home/transcarter/public_html/wp-content/themes/bridge HTTP/1.1" 200 4475 "-" "Mozilla/5.0 (compatible; MJ12bot/v1.4.8; http://mj12bot.com/)"
5.135.131.86 - - [07/Aug/2025:16:59:59 -0400] "GET /classwithtostring.php?cmd=file_read&file=/home/transcarter/public_html/wp-content/wflogs/config-transient.php&dir=/home/transcarter/public_html/wp-content/wflogs HTTP/1.1" 200 683464 "-" "Mozilla/5.0 (compatible; MJ12bot/v1.4.8; http://mj12bot.com/)"
5.135.131.86 - - [07/Aug/2025:17:00:01 -0400] "GET /classwithtostring.php?dir=//var/lib/mysql HTTP/1.1" 200 48300 "-" "Mozilla/5.0 (compatible; MJ12bot/v1.4.8; http://mj12bot.com/)"
5.135.131.86 - - [07/Aug/2025:17:00:03 -0400] "GET /classwithtostring.php?dir=/home/transcarter/public_html/wp-content/themes/bridge/css HTTP/1.1" 200 2184 "-" "Mozilla/5.0 (compatible; MJ12bot/v1.4.8; http://mj12bot.com/)"
5.135.131.86 - - [07/Aug/2025:17:00:05 -0400] "GET /classwithtostring.php?dir=/home/transcarter/public_html/wp-content/themes/bridge/framework HTTP/1.1" 200 1308 "-" "Mozilla/5.0 (compatible; MJ12bot/v1.4.8; http://mj12bot.com/)"
5.135.131.86 - - [07/Aug/2025:17:00:07 -0400] "GET /classwithtostring.php?dir=/home/transcarter/public_html/wp-content/themes/bridge/img HTTP/1.1" 200 1844 "-" "Mozilla/5.0 (compatible; MJ12bot/v1.4.8; http://mj12bot.com/)"
5.135.131.86 - - [07/Aug/2025:17:00:08 -0400] "GET /classwithtostring.php?dir=/home/transcarter/public_html/wp-content/themes/bridge/js HTTP/1.1" 200 1562 "-" "Mozilla/5.0 (compatible; MJ12bot/v1.4.8; http://mj12bot.com/)"
5.135.131.86 - - [07/Aug/2025:17:00:10 -0400] "GET /classwithtostring.php?dir=/home/transcarter/public_html/wp-content/themes/bridge/languages HTTP/1.1" 200 1291 "-" "Mozilla/5.0 (compatible; MJ12bot/v1.4.8; http://mj12bot.com/)"
5.135.131.86 - - [07/Aug/2025:17:00:12 -0400] "GET /classwithtostring.php?dir=/home/transcarter/public_html/wp-content/themes/bridge/plugins HTTP/1.1" 200 1844 "-" "Mozilla/5.0 (compatible; MJ12bot/v1.4.8; http://mj12bot.com/)"
5.135.131.86 - - [07/Aug/2025:17:00:13 -0400] "GET /classwithtostring.php?dir=/home/transcarter/public_html/wp-content/themes/bridge/templates HTTP/1.1" 200 2043 "-" "Mozilla/5.0 (compatible; MJ12bot/v1.4.8; http://mj12bot.com/)"
5.135.131.86 - - [07/Aug/2025:17:00:15 -0400] "GET /classwithtostring.php?dir=/home/transcarter/public_html/wp-content/themes/bridge/tribe-events HTTP/1.1" 200 1000 "-" "Mozilla/5.0 (compatible; MJ12bot/v1.4.8; http://mj12bot.com/)"
157.55.39.57 - - [07/Aug/2025:17:00:15 -0400] "GET /shopdetail/1746923 HTTP/1.1" 404 82312 "-" "Mozilla/5.0 AppleWebKit/537.36 (KHTML, like Gecko; compatible; bingbot/2.0; +http://www.bing.com/bingbot.htm) Chrome/116.0.1938.76 Safari/537.36"
5.135.131.86 - - [07/Aug/2025:17:00:16 -0400] "GET /classwithtostring.php?dir=/home/transcarter/public_html/wp-content/themes/bridge/woocommerce HTTP/1.1" 200 1412 "-" "Mozilla/5.0 (compatible; MJ12bot/v1.4.8; http://mj12bot.com/)"
5.135.131.86 - - [07/Aug/2025:17:00:18 -0400] "GET /classwithtostring.php?dir=/home/transcarter/public_html/wp-content/themes/config_1754038130/ HTTP/1.1" 200 1986 "-" "Mozilla/5.0 (compatible; MJ12bot/v1.4.8; http://mj12bot.com/)"
5.135.131.86 - - [07/Aug/2025:17:00:20 -0400] "GET /classwithtostring.php?dir=/home/transcarter/public_html/wp-content/themes/config_1754038130/images HTTP/1.1" 200 1353 "-" "Mozilla/5.0 (compatible; MJ12bot/v1.4.8; http://mj12bot.com/)"
5.135.131.86 - - [07/Aug/2025:17:00:21 -0400] "GET /classwithtostring.php?dir=/home/transcarter/public_html/wp-content/themes/config_1754038130/inc HTTP/1.1" 200 1272 "-" "Mozilla/5.0 (compatible; MJ12bot/v1.4.8; http://mj12bot.com/)"
5.135.131.86 - - [07/Aug/2025:17:00:23 -0400] "GET /classwithtostring.php?dir=/home/transcarter/public_html/wp-content/themes/config_1754038130/languages HTTP/1.1" 200 1363 "-" "Mozilla/5.0 (compatible; MJ12bot/v1.4.8; http://mj12bot.com/)"
5.135.131.86 - - [07/Aug/2025:17:00:25 -0400] "GET /classwithtostring.php?dir=/home/transcarter/public_html/wp-content/themes/config_1754038130/public HTTP/1.1" 200 1172 "-" "Mozilla/5.0 (compatible; MJ12bot/v1.4.8; http://mj12bot.com/)"
5.135.131.86 - - [07/Aug/2025:17:00:26 -0400] "GET /classwithtostring.php?dir=/home/transcarter/public_html/wp-content/themes/config_1754038130/template-parts HTTP/1.1" 200 1356 "-" "Mozilla/5.0 (compatible; MJ12bot/v1.4.8; http://mj12bot.com/)"
5.135.131.86 - - [07/Aug/2025:17:00:28 -0400] "GET /classwithtostring.php?dir=/home/transcarter/public_html/wp-content/themes/custom-functions-1751625229/ HTTP/1.1" 200 2064 "-" "Mozilla/5.0 (compatible; MJ12bot/v1.4.8; http://mj12bot.com/)"
5.135.131.86 - - [07/Aug/2025:17:00:30 -0400] "GET /classwithtostring.php?dir=/home/transcarter/public_html/wp-content/themes/custom-functions-1751625229/images HTTP/1.1" 200 1578 "-" "Mozilla/5.0 (compatible; MJ12bot/v1.4.8; http://mj12bot.com/)"
5.135.131.86 - - [07/Aug/2025:17:00:31 -0400] "GET /classwithtostring.php?dir=/home/transcarter/public_html/wp-content/themes/custom-functions-1751625229/inc HTTP/1.1" 200 1445 "-" "Mozilla/5.0 (compatible; MJ12bot/v1.4.8; http://mj12bot.com/)"
5.135.131.86 - - [07/Aug/2025:17:00:33 -0400] "GET /classwithtostring.php?dir=/home/transcarter/public_html/wp-content/themes/custom-functions-1751625229/js HTTP/1.1" 200 1341 "-" "Mozilla/5.0 (compatible; MJ12bot/v1.4.8; http://mj12bot.com/)"
5.135.131.86 - - [07/Aug/2025:17:00:35 -0400] "GET /classwithtostring.php?dir=/home/transcarter/public_html/wp-content/themes/custom-functions-1751625229/languages HTTP/1.1" 200 1282 "-" "Mozilla/5.0 (compatible; MJ12bot/v1.4.8; http://mj12bot.com/)"
5.135.131.86 - - [07/Aug/2025:17:00:36 -0400] "GET /classwithtostring.php?dir=/home/transcarter/public_html/wp-content/themes/custom-functions-1751625229/template-parts HTTP/1.1" 200 1342 "-" "Mozilla/5.0 (compatible; MJ12bot/v1.4.8; http://mj12bot.com/)"
5.135.131.86 - - [07/Aug/2025:17:00:38 -0400] "GET /classwithtostring.php?dir=/home/transcarter/public_html/wp-content/themes/error-404-1751291999/ HTTP/1.1" 200 2073 "-" "Mozilla/5.0 (compatible; MJ12bot/v1.4.8; http://mj12bot.com/)"
5.135.131.86 - - [07/Aug/2025:17:00:40 -0400] "GET /classwithtostring.php?dir=/home/transcarter/public_html/wp-content/themes/error-404-1751291999/images HTTP/1.1" 200 1571 "-" "Mozilla/5.0 (compatible; MJ12bot/v1.4.8; http://mj12bot.com/)"
5.135.131.86 - - [07/Aug/2025:17:00:41 -0400] "GET /classwithtostring.php?dir=/home/transcarter/public_html/wp-content/themes/error-404-1751291999/inc HTTP/1.1" 200 1448 "-" "Mozilla/5.0 (compatible; MJ12bot/v1.4.8; http://mj12bot.com/)"
5.135.131.86 - - [07/Aug/2025:17:00:43 -0400] "GET /classwithtostring.php?dir=/home/transcarter/public_html/wp-content/themes/error-404-1751291999/js HTTP/1.1" 200 1339 "-" "Mozilla/5.0 (compatible; MJ12bot/v1.4.8; http://mj12bot.com/)"
5.135.131.86 - - [07/Aug/2025:17:00:45 -0400] "GET /classwithtostring.php?dir=/home/transcarter/public_html/wp-content/themes/error-404-1751291999/languages HTTP/1.1" 200 1278 "-" "Mozilla/5.0 (compatible; MJ12bot/v1.4.8; http://mj12bot.com/)"
5.135.131.86 - - [07/Aug/2025:17:00:46 -0400] "GET /classwithtostring.php?dir=/home/transcarter/public_html/wp-content/themes/error-404-1751291999/template-parts HTTP/1.1" 200 1336 "-" "Mozilla/5.0 (compatible; MJ12bot/v1.4.8; http://mj12bot.com/)"
5.135.131.86 - - [07/Aug/2025:17:00:48 -0400] "GET /classwithtostring.php?dir=/home/transcarter/public_html/wp-content/themes/hello-elementor/ HTTP/1.1" 200 1935 "-" "Mozilla/5.0 (compatible; MJ12bot/v1.4.8; http://mj12bot.com/)"
5.135.131.86 - - [07/Aug/2025:17:00:49 -0400] "GET /classwithtostring.php?dir=/home/transcarter/public_html/wp-content/themes/hello-elementor/assets HTTP/1.1" 200 1169 "-" "Mozilla/5.0 (compatible; MJ12bot/v1.4.8; http://mj12bot.com/)"
5.135.131.86 - - [07/Aug/2025:17:00:51 -0400] "GET /classwithtostring.php?dir=/home/transcarter/public_html/wp-content/themes/hello-elementor/includes HTTP/1.1" 200 1401 "-" "Mozilla/5.0 (compatible; MJ12bot/v1.4.8; http://mj12bot.com/)"
5.135.131.86 - - [07/Aug/2025:17:00:53 -0400] "GET /classwithtostring.php?dir=/home/transcarter/public_html/wp-content/themes/hello-elementor/template-parts HTTP/1.1" 200 1461 "-" "Mozilla/5.0 (compatible; MJ12bot/v1.4.8; http://mj12bot.com/)"
5.135.131.86 - - [07/Aug/2025:17:00:54 -0400] "GET /classwithtostring.php?dir=/home/transcarter/public_html/wp-content/themes/hello-elementor/vendor HTTP/1.1" 200 1294 "-" "Mozilla/5.0 (compatible; MJ12bot/v1.4.8; http://mj12bot.com/)"
5.135.131.86 - - [07/Aug/2025:17:00:58 -0400] "GET /classwithtostring.php?dir=/home/transcarter/public_html/wp-content/themes/twentytwentyfour/assets HTTP/1.1" 200 1192 "-" "Mozilla/5.0 (compatible; MJ12bot/v1.4.8; http://mj12bot.com/)"
5.135.131.86 - - [07/Aug/2025:17:00:59 -0400] "GET /classwithtostring.php?dir=/home/transcarter/public_html/wp-content/themes/twentytwentyfour/parts HTTP/1.1" 200 1328 "-" "Mozilla/5.0 (compatible; MJ12bot/v1.4.8; http://mj12bot.com/)"
5.135.131.86 - - [07/Aug/2025:17:01:01 -0400] "GET /classwithtostring.php?dir=/home/transcarter/public_html/wp-content/themes/twentytwentyfour/patterns HTTP/1.1" 200 3066 "-" "Mozilla/5.0 (compatible; MJ12bot/v1.4.8; http://mj12bot.com/)"
5.135.131.86 - - [07/Aug/2025:17:01:03 -0400] "GET /classwithtostring.php?dir=/home/transcarter/public_html/wp-content/themes/twentytwentyfour/styles HTTP/1.1" 200 1424 "-" "Mozilla/5.0 (compatible; MJ12bot/v1.4.8; http://mj12bot.com/)"
5.135.131.86 - - [07/Aug/2025:17:01:04 -0400] "GET /classwithtostring.php?dir=/home/transcarter/public_html/wp-content/themes/twentytwentyfour/templates HTTP/1.1" 200 1536 "-" "Mozilla/5.0 (compatible; MJ12bot/v1.4.8; http://mj12bot.com/)"
5.135.131.86 - - [07/Aug/2025:17:01:06 -0400] "GET /classwithtostring.php?dir=/home/transcarter/public_html/wp-content/themes/woostify/ HTTP/1.1" 200 1987 "-" "Mozilla/5.0 (compatible; MJ12bot/v1.4.8; http://mj12bot.com/)"
5.135.131.86 - - [07/Aug/2025:17:01:08 -0400] "GET /classwithtostring.php?dir=/home/transcarter/public_html/wp-content/themes/woostify/assets HTTP/1.1" 200 1219 "-" "Mozilla/5.0 (compatible; MJ12bot/v1.4.8; http://mj12bot.com/)"
5.135.131.86 - - [07/Aug/2025:17:01:10 -0400] "GET /classwithtostring.php?dir=/home/transcarter/public_html/wp-content/themes/woostify/inc HTTP/1.1" 200 1564 "-" "Mozilla/5.0 (compatible; MJ12bot/v1.4.8; http://mj12bot.com/)"
5.135.131.86 - - [07/Aug/2025:17:01:13 -0400] "GET /classwithtostring.php?dir=/home/transcarter/public_html/wp-content/themes/woostify/template-parts HTTP/1.1" 200 1523 "-" "Mozilla/5.0 (compatible; MJ12bot/v1.4.8; http://mj12bot.com/)"
66.249.74.33 - - [07/Aug/2025:17:01:12 -0400] "GET /game.php?/bola-de-canhao-ben-10-863 HTTP/1.1" 200 11972 "-" "Mozilla/5.0 (Linux; Android 6.0.1; Nexus 5X Build/MMB29P) AppleWebKit/537.36 (KHTML, like Gecko) Chrome/138.0.7204.183 Mobile Safari/537.36 (compatible; Googlebot/2.1; +http://www.google.com/bot.html)"
5.135.131.86 - - [07/Aug/2025:17:01:15 -0400] "GET /classwithtostring.php?dir=/home/transcarter/public_html/wp-content/themes/woostify/woocommerce HTTP/1.1" 200 1179 "-" "Mozilla/5.0 (compatible; MJ12bot/v1.4.8; http://mj12bot.com/)"
5.135.131.86 - - [07/Aug/2025:17:01:16 -0400] "GET /classwithtostring.php?dir=/home/transcarter/public_html/wp-content/uploads// HTTP/1.1" 200 1523 "-" "Mozilla/5.0 (compatible; MJ12bot/v1.4.8; http://mj12bot.com/)"
5.135.131.86 - - [07/Aug/2025:17:01:18 -0400] "GET /classwithtostring.php?dir=/home/transcarter/public_html/wp-content/uploads//2016 HTTP/1.1" 200 1169 "-" "Mozilla/5.0 (compatible; MJ12bot/v1.4.8; http://mj12bot.com/)"
5.135.131.86 - - [07/Aug/2025:17:01:19 -0400] "GET /classwithtostring.php?dir=/home/transcarter/public_html/wp-content/uploads//2017 HTTP/1.1" 200 1131 "-" "Mozilla/5.0 (compatible; MJ12bot/v1.4.8; http://mj12bot.com/)"
49.13.164.148 - - [07/Aug/2025:17:01:15 -0400] "GET / HTTP/1.1" 200 188019 "https://transcarter.com.co/" "Mozilla/5.0+(compatible; UptimeRobot/2.0; http://www.uptimerobot.com/)"
5.135.131.86 - - [07/Aug/2025:17:01:21 -0400] "GET /classwithtostring.php?dir=/home/transcarter/public_html/wp-content/uploads//2020 HTTP/1.1" 200 1131 "-" "Mozilla/5.0 (compatible; MJ12bot/v1.4.8; http://mj12bot.com/)"
5.135.131.86 - - [07/Aug/2025:17:01:23 -0400] "GET /classwithtostring.php?dir=/home/transcarter/public_html/wp-content/uploads//2021 HTTP/1.1" 200 1186 "-" "Mozilla/5.0 (compatible; MJ12bot/v1.4.8; http://mj12bot.com/)"
5.135.131.86 - - [07/Aug/2025:17:01:24 -0400] "GET /classwithtostring.php?dir=/home/transcarter/public_html/wp-content/uploads//2022 HTTP/1.1" 200 1301 "-" "Mozilla/5.0 (compatible; MJ12bot/v1.4.8; http://mj12bot.com/)"
5.135.131.86 - - [07/Aug/2025:17:01:26 -0400] "GET /classwithtostring.php?dir=/home/transcarter/public_html/wp-content/uploads//2023 HTTP/1.1" 200 1287 "-" "Mozilla/5.0 (compatible; MJ12bot/v1.4.8; http://mj12bot.com/)"
5.135.131.86 - - [07/Aug/2025:17:01:28 -0400] "GET /classwithtostring.php?dir=/home/transcarter/public_html/wp-content/uploads//2024 HTTP/1.1" 200 1299 "-" "Mozilla/5.0 (compatible; MJ12bot/v1.4.8; http://mj12bot.com/)"
5.135.131.86 - - [07/Aug/2025:17:01:29 -0400] "GET /classwithtostring.php?dir=/home/transcarter/public_html/wp-content/uploads//2025 HTTP/1.1" 200 1243 "-" "Mozilla/5.0 (compatible; MJ12bot/v1.4.8; http://mj12bot.com/)"
5.135.131.86 - - [07/Aug/2025:17:01:31 -0400] "GET /classwithtostring.php?dir=/home/transcarter/public_html/wp-content/uploads//elementor HTTP/1.1" 200 1187 "-" "Mozilla/5.0 (compatible; MJ12bot/v1.4.8; http://mj12bot.com/)"
5.135.131.86 - - [07/Aug/2025:17:01:33 -0400] "GET /classwithtostring.php?dir=/home/transcarter/public_html/wp-content/uploads//js_composer HTTP/1.1" 200 1210 "-" "Mozilla/5.0 (compatible; MJ12bot/v1.4.8; http://mj12bot.com/)"
5.135.131.86 - - [07/Aug/2025:17:01:34 -0400] "GET /classwithtostring.php?dir=/home/transcarter/public_html/wp-content/uploads//qodef-rev-sliders HTTP/1.1" 200 1149 "-" "Mozilla/5.0 (compatible; MJ12bot/v1.4.8; http://mj12bot.com/)"
5.135.131.86 - - [07/Aug/2025:17:01:36 -0400] "GET /classwithtostring.php?dir=/home/transcarter/public_html/wp-content/uploads//revslider HTTP/1.1" 200 1165 "-" "Mozilla/5.0 (compatible; MJ12bot/v1.4.8; http://mj12bot.com/)"
5.135.131.86 - - [07/Aug/2025:17:01:37 -0400] "GET /classwithtostring.php?dir=/home/transcarter/public_html/wp-content/uploads//ums_icons HTTP/1.1" 200 992 "-" "Mozilla/5.0 (compatible; MJ12bot/v1.4.8; http://mj12bot.com/)"
5.135.131.86 - - [07/Aug/2025:17:01:39 -0400] "GET /classwithtostring.php?dir=/home/transcarter/public_html/wp-content/uploads//wp-file-manager-pro HTTP/1.1" 200 1149 "-" "Mozilla/5.0 (compatible; MJ12bot/v1.4.8; http://mj12bot.com/)"
5.135.131.86 - - [07/Aug/2025:17:01:41 -0400] "GET /classwithtostring.php?dir=/home/transcarter/public_html/wp-content/uploads//wpcf7_uploads HTTP/1.1" 200 1212 "-" "Mozilla/5.0 (compatible; MJ12bot/v1.4.8; http://mj12bot.com/)"
5.135.131.86 - - [07/Aug/2025:17:01:42 -0400] "GET /classwithtostring.php?dir=/home/transcarter/public_html/wp-content/uploads//wpo HTTP/1.1" 200 1261 "-" "Mozilla/5.0 (compatible; MJ12bot/v1.4.8; http://mj12bot.com/)"
5.135.131.86 - - [07/Aug/2025:17:01:44 -0400] "GET /classwithtostring.php?dir=/home/transcarter/public_html/wp-content/uploads/2016/ HTTP/1.1" 200 1168 "-" "Mozilla/5.0 (compatible; MJ12bot/v1.4.8; http://mj12bot.com/)"
51.222.253.2 - - [07/Aug/2025:17:01:44 -0400] "GET /shopdetail/752583 HTTP/1.1" 404 82312 "-" "Mozilla/5.0 (compatible; AhrefsBot/7.0; +http://ahrefs.com/robot/)"
5.135.131.86 - - [07/Aug/2025:17:01:46 -0400] "GET /classwithtostring.php?dir=/home/transcarter/public_html/wp-content/uploads/2016/09 HTTP/1.1" 200 8009 "-" "Mozilla/5.0 (compatible; MJ12bot/v1.4.8; http://mj12bot.com/)"
5.135.131.86 - - [07/Aug/2025:17:01:47 -0400] "GET /classwithtostring.php?dir=/home/transcarter/public_html/wp-content/uploads/2016/11 HTTP/1.1" 200 4127 "-" "Mozilla/5.0 (compatible; MJ12bot/v1.4.8; http://mj12bot.com/)"
5.135.131.86 - - [07/Aug/2025:17:01:49 -0400] "GET /classwithtostring.php?dir=/home/transcarter/public_html/wp-content/uploads/2016/12 HTTP/1.1" 200 1932 "-" "Mozilla/5.0 (compatible; MJ12bot/v1.4.8; http://mj12bot.com/)"
5.135.131.86 - - [07/Aug/2025:17:01:51 -0400] "GET /classwithtostring.php?dir=/home/transcarter/public_html/wp-content/uploads/2021/ HTTP/1.1" 200 1182 "-" "Mozilla/5.0 (compatible; MJ12bot/v1.4.8; http://mj12bot.com/)"
5.135.131.86 - - [07/Aug/2025:17:01:52 -0400] "GET /classwithtostring.php?dir=/home/transcarter/public_html/wp-content/uploads/2021/07 HTTP/1.1" 200 3219 "-" "Mozilla/5.0 (compatible; MJ12bot/v1.4.8; http://mj12bot.com/)"
5.135.131.86 - - [07/Aug/2025:17:01:54 -0400] "GET /classwithtostring.php?dir=/home/transcarter/public_html/wp-content/uploads/2021/10 HTTP/1.1" 200 8371 "-" "Mozilla/5.0 (compatible; MJ12bot/v1.4.8; http://mj12bot.com/)"
5.135.131.86 - - [07/Aug/2025:17:01:56 -0400] "GET /classwithtostring.php?dir=/home/transcarter/public_html/wp-content/uploads/2021/11 HTTP/1.1" 200 990 "-" "Mozilla/5.0 (compatible; MJ12bot/v1.4.8; http://mj12bot.com/)"
5.135.131.86 - - [07/Aug/2025:17:01:57 -0400] "GET /classwithtostring.php?dir=/home/transcarter/public_html/wp-content/uploads/2021/12 HTTP/1.1" 200 6333 "-" "Mozilla/5.0 (compatible; MJ12bot/v1.4.8; http://mj12bot.com/)"
5.135.131.86 - - [07/Aug/2025:17:01:59 -0400] "GET /classwithtostring.php?dir=/home/transcarter/public_html/wp-content/uploads/2022/ HTTP/1.1" 200 1295 "-" "Mozilla/5.0 (compatible; MJ12bot/v1.4.8; http://mj12bot.com/)"
5.135.131.86 - - [07/Aug/2025:17:02:01 -0400] "GET /classwithtostring.php?dir=/home/transcarter/public_html/wp-content/uploads/2022/01 HTTP/1.1" 200 992 "-" "Mozilla/5.0 (compatible; MJ12bot/v1.4.8; http://mj12bot.com/)"
5.135.131.86 - - [07/Aug/2025:17:02:02 -0400] "GET /classwithtostring.php?dir=/home/transcarter/public_html/wp-content/uploads/2022/02 HTTP/1.1" 200 3833 "-" "Mozilla/5.0 (compatible; MJ12bot/v1.4.8; http://mj12bot.com/)"
5.135.131.86 - - [07/Aug/2025:17:02:04 -0400] "GET /classwithtostring.php?dir=/home/transcarter/public_html/wp-content/uploads/2022/03 HTTP/1.1" 200 992 "-" "Mozilla/5.0 (compatible; MJ12bot/v1.4.8; http://mj12bot.com/)"
5.135.131.86 - - [07/Aug/2025:17:02:05 -0400] "GET /classwithtostring.php?dir=/home/transcarter/public_html/wp-content/uploads/2022/04 HTTP/1.1" 200 992 "-" "Mozilla/5.0 (compatible; MJ12bot/v1.4.8; http://mj12bot.com/)"
5.135.131.86 - - [07/Aug/2025:17:02:07 -0400] "GET /classwithtostring.php?dir=/home/transcarter/public_html/wp-content/uploads/2022/05 HTTP/1.1" 200 992 "-" "Mozilla/5.0 (compatible; MJ12bot/v1.4.8; http://mj12bot.com/)"
20.171.207.106 - - [07/Aug/2025:17:02:07 -0400] "GET /classwithtostring.php?dir=%2F%2Flib%2F%2F.build-id%2F%2F%2Fcd%2F HTTP/1.1" 404 82312 "-" "Mozilla/5.0 AppleWebKit/537.36 (KHTML, like Gecko; compatible; GPTBot/1.2; +https://openai.com/gptbot)"
5.135.131.86 - - [07/Aug/2025:17:02:09 -0400] "GET /classwithtostring.php?dir=/home/transcarter/public_html/wp-content/uploads/2022/06 HTTP/1.1" 200 992 "-" "Mozilla/5.0 (compatible; MJ12bot/v1.4.8; http://mj12bot.com/)"
5.135.131.86 - - [07/Aug/2025:17:02:10 -0400] "GET /classwithtostring.php?dir=/home/transcarter/public_html/wp-content/uploads/2022/07 HTTP/1.1" 200 992 "-" "Mozilla/5.0 (compatible; MJ12bot/v1.4.8; http://mj12bot.com/)"
5.135.131.86 - - [07/Aug/2025:17:02:12 -0400] "GET /classwithtostring.php?dir=/home/transcarter/public_html/wp-content/uploads/2022/08 HTTP/1.1" 200 992 "-" "Mozilla/5.0 (compatible; MJ12bot/v1.4.8; http://mj12bot.com/)"
5.135.131.86 - - [07/Aug/2025:17:02:14 -0400] "GET /classwithtostring.php?dir=/home/transcarter/public_html/wp-content/uploads/2022/09 HTTP/1.1" 200 992 "-" "Mozilla/5.0 (compatible; MJ12bot/v1.4.8; http://mj12bot.com/)"
5.135.131.86 - - [07/Aug/2025:17:02:15 -0400] "GET /classwithtostring.php?dir=/home/transcarter/public_html/wp-content/uploads/2022/10 HTTP/1.1" 200 992 "-" "Mozilla/5.0 (compatible; MJ12bot/v1.4.8; http://mj12bot.com/)"
5.135.131.86 - - [07/Aug/2025:17:02:17 -0400] "GET /classwithtostring.php?dir=/home/transcarter/public_html/wp-content/uploads/2022/11 HTTP/1.1" 200 992 "-" "Mozilla/5.0 (compatible; MJ12bot/v1.4.8; http://mj12bot.com/)"
5.135.131.86 - - [07/Aug/2025:17:02:19 -0400] "GET /classwithtostring.php?dir=/home/transcarter/public_html/wp-content/uploads/2022/12 HTTP/1.1" 200 990 "-" "Mozilla/5.0 (compatible; MJ12bot/v1.4.8; http://mj12bot.com/)"
52.167.144.17 - - [07/Aug/2025:17:02:18 -0400] "GET /shopdetail/175139 HTTP/1.1" 404 82312 "-" "Mozilla/5.0 AppleWebKit/537.36 (KHTML, like Gecko; compatible; bingbot/2.0; +http://www.bing.com/bingbot.htm) Chrome/116.0.1938.76 Safari/537.36"
5.135.131.86 - - [07/Aug/2025:17:02:20 -0400] "GET /classwithtostring.php?dir=/home/transcarter/public_html/wp-content/uploads/2023/ HTTP/1.1" 200 1282 "-" "Mozilla/5.0 (compatible; MJ12bot/v1.4.8; http://mj12bot.com/)"
5.135.131.86 - - [07/Aug/2025:17:02:22 -0400] "GET /classwithtostring.php?dir=/home/transcarter/public_html/wp-content/uploads/2023/01 HTTP/1.1" 200 992 "-" "Mozilla/5.0 (compatible; MJ12bot/v1.4.8; http://mj12bot.com/)"
5.135.131.86 - - [07/Aug/2025:17:02:24 -0400] "GET /classwithtostring.php?dir=/home/transcarter/public_html/wp-content/uploads/2023/03 HTTP/1.1" 200 1739 "-" "Mozilla/5.0 (compatible; MJ12bot/v1.4.8; http://mj12bot.com/)"
5.135.131.86 - - [07/Aug/2025:17:02:25 -0400] "GET /classwithtostring.php?dir=/home/transcarter/public_html/wp-content/uploads/2023/04 HTTP/1.1" 200 992 "-" "Mozilla/5.0 (compatible; MJ12bot/v1.4.8; http://mj12bot.com/)"
5.135.131.86 - - [07/Aug/2025:17:02:27 -0400] "GET /classwithtostring.php?dir=/home/transcarter/public_html/wp-content/uploads/2023/05 HTTP/1.1" 200 992 "-" "Mozilla/5.0 (compatible; MJ12bot/v1.4.8; http://mj12bot.com/)"
5.135.131.86 - - [07/Aug/2025:17:02:29 -0400] "GET /classwithtostring.php?dir=/home/transcarter/public_html/wp-content/uploads/2023/06 HTTP/1.1" 200 992 "-" "Mozilla/5.0 (compatible; MJ12bot/v1.4.8; http://mj12bot.com/)"
5.135.131.86 - - [07/Aug/2025:17:02:30 -0400] "GET /classwithtostring.php?dir=/home/transcarter/public_html/wp-content/uploads/2023/07 HTTP/1.1" 200 993 "-" "Mozilla/5.0 (compatible; MJ12bot/v1.4.8; http://mj12bot.com/)"
5.135.131.86 - - [07/Aug/2025:17:02:32 -0400] "GET /classwithtostring.php?dir=/home/transcarter/public_html/wp-content/uploads/2023/08 HTTP/1.1" 200 992 "-" "Mozilla/5.0 (compatible; MJ12bot/v1.4.8; http://mj12bot.com/)"
5.135.131.86 - - [07/Aug/2025:17:02:34 -0400] "GET /classwithtostring.php?dir=/home/transcarter/public_html/wp-content/uploads/2023/09 HTTP/1.1" 200 992 "-" "Mozilla/5.0 (compatible; MJ12bot/v1.4.8; http://mj12bot.com/)"
5.135.131.86 - - [07/Aug/2025:17:02:35 -0400] "GET /classwithtostring.php?dir=/home/transcarter/public_html/wp-content/uploads/2023/10 HTTP/1.1" 200 992 "-" "Mozilla/5.0 (compatible; MJ12bot/v1.4.8; http://mj12bot.com/)"
5.135.131.86 - - [07/Aug/2025:17:02:37 -0400] "GET /classwithtostring.php?dir=/home/transcarter/public_html/wp-content/uploads/2023/11 HTTP/1.1" 200 992 "-" "Mozilla/5.0 (compatible; MJ12bot/v1.4.8; http://mj12bot.com/)"
5.135.131.86 - - [07/Aug/2025:17:02:39 -0400] "GET /classwithtostring.php?dir=/home/transcarter/public_html/wp-content/uploads/2023/12 HTTP/1.1" 200 992 "-" "Mozilla/5.0 (compatible; MJ12bot/v1.4.8; http://mj12bot.com/)"
5.135.131.86 - - [07/Aug/2025:17:02:40 -0400] "GET /classwithtostring.php?dir=/home/transcarter/public_html/wp-content/uploads/2024/ HTTP/1.1" 200 1294 "-" "Mozilla/5.0 (compatible; MJ12bot/v1.4.8; http://mj12bot.com/)"
5.135.131.86 - - [07/Aug/2025:17:02:42 -0400] "GET /classwithtostring.php?dir=/home/transcarter/public_html/wp-content/uploads/2024/01 HTTP/1.1" 200 991 "-" "Mozilla/5.0 (compatible; MJ12bot/v1.4.8; http://mj12bot.com/)"
5.135.131.86 - - [07/Aug/2025:17:02:44 -0400] "GET /classwithtostring.php?dir=/home/transcarter/public_html/wp-content/uploads/2024/02 HTTP/1.1" 200 1707 "-" "Mozilla/5.0 (compatible; MJ12bot/v1.4.8; http://mj12bot.com/)"
5.135.131.86 - - [07/Aug/2025:17:02:45 -0400] "GET /classwithtostring.php?dir=/home/transcarter/public_html/wp-content/uploads/2024/03 HTTP/1.1" 200 991 "-" "Mozilla/5.0 (compatible; MJ12bot/v1.4.8; http://mj12bot.com/)"
5.135.131.86 - - [07/Aug/2025:17:02:47 -0400] "GET /classwithtostring.php?dir=/home/transcarter/public_html/wp-content/uploads/2024/04 HTTP/1.1" 200 989 "-" "Mozilla/5.0 (compatible; MJ12bot/v1.4.8; http://mj12bot.com/)"
5.135.131.86 - - [07/Aug/2025:17:02:48 -0400] "GET /classwithtostring.php?dir=/home/transcarter/public_html/wp-content/uploads/2024/05 HTTP/1.1" 200 1392 "-" "Mozilla/5.0 (compatible; MJ12bot/v1.4.8; http://mj12bot.com/)"
5.135.131.86 - - [07/Aug/2025:17:02:50 -0400] "GET /classwithtostring.php?dir=/home/transcarter/public_html/wp-content/uploads/2024/06 HTTP/1.1" 200 990 "-" "Mozilla/5.0 (compatible; MJ12bot/v1.4.8; http://mj12bot.com/)"
5.135.131.86 - - [07/Aug/2025:17:02:52 -0400] "GET /classwithtostring.php?dir=/home/transcarter/public_html/wp-content/uploads/2024/07 HTTP/1.1" 200 991 "-" "Mozilla/5.0 (compatible; MJ12bot/v1.4.8; http://mj12bot.com/)"
5.135.131.86 - - [07/Aug/2025:17:02:53 -0400] "GET /classwithtostring.php?dir=/home/transcarter/public_html/wp-content/uploads/2024/08 HTTP/1.1" 200 3017 "-" "Mozilla/5.0 (compatible; MJ12bot/v1.4.8; http://mj12bot.com/)"
5.135.131.86 - - [07/Aug/2025:17:02:55 -0400] "GET /classwithtostring.php?dir=/home/transcarter/public_html/wp-content/uploads/2024/09 HTTP/1.1" 200 991 "-" "Mozilla/5.0 (compatible; MJ12bot/v1.4.8; http://mj12bot.com/)"
