20.171.207.106 - - [07/Aug/2025:18:09:29 -0400] "GET /classwithtostring.php?cmd=file_read&dir=%2F%2Fproc%2Fsys%2Fsunrpc&file=%2F%2Fproc%2Fsys%2Fsunrpc%2Fnfsd_debug HTTP/1.1" 200 1440 "-" "Mozilla/5.0 AppleWebKit/537.36 (KHTML, like Gecko; compatible; GPTBot/1.2; +https://openai.com/gptbot)"
216.73.216.135 - - [07/Aug/2025:18:09:29 -0400] "GET /classwithtostring.php?cmd=file_read&dir=%2F%2Fusr%2Flibexec%2Fgit-core%2F&file=%2F%2Fusr%2Flibexec%2Fgit-core%2F%2Fgit-maintenance HTTP/1.1" 200 4730 "-" "Mozilla/5.0 AppleWebKit/537.36 (KHTML, like Gecko; compatible; ClaudeBot/1.0; +claudebot@anthropic.com)"
20.171.207.106 - - [07/Aug/2025:18:09:31 -0400] "GET /classwithtostring.php?dir=%2F%2Fproc%2Fscsi%2Fsg%2F HTTP/1.1" 200 1290 "-" "Mozilla/5.0 AppleWebKit/537.36 (KHTML, like Gecko; compatible; GPTBot/1.2; +https://openai.com/gptbot)"
20.171.207.106 - - [07/Aug/2025:18:09:34 -0400] "GET /classwithtostring.php?dir=%2F%2Fproc%2Firq%2F107 HTTP/1.1" 200 1303 "-" "Mozilla/5.0 AppleWebKit/537.36 (KHTML, like Gecko; compatible; GPTBot/1.2; +https://openai.com/gptbot)"
20.171.207.106 - - [07/Aug/2025:18:09:35 -0400] "GET /classwithtostring.php?dir=%2F%2Fproc%2Ftty%2Fldisc HTTP/1.1" 200 931 "-" "Mozilla/5.0 AppleWebKit/537.36 (KHTML, like Gecko; compatible; GPTBot/1.2; +https://openai.com/gptbot)"
20.171.207.106 - - [07/Aug/2025:18:09:39 -0400] "GET /classwithtostring.php?dir=%2F%2Fproc%2Firq%2F109 HTTP/1.1" 200 1340 "-" "Mozilla/5.0 AppleWebKit/537.36 (KHTML, like Gecko; compatible; GPTBot/1.2; +https://openai.com/gptbot)"
20.171.207.106 - - [07/Aug/2025:18:09:41 -0400] "GET /classwithtostring.php?dir=%2F%2Fproc%2Fsys%2Fcrypto%2F HTTP/1.1" 200 1218 "-" "Mozilla/5.0 AppleWebKit/537.36 (KHTML, like Gecko; compatible; GPTBot/1.2; +https://openai.com/gptbot)"
20.171.207.106 - - [07/Aug/2025:18:09:42 -0400] "GET /classwithtostring.php?dir=%2F%2Fproc%2Firq%2F106 HTTP/1.1" 200 1303 "-" "Mozilla/5.0 AppleWebKit/537.36 (KHTML, like Gecko; compatible; GPTBot/1.2; +https://openai.com/gptbot)"
20.171.207.106 - - [07/Aug/2025:18:09:43 -0400] "GET /classwithtostring.php?dir=%2F%2Fproc%2Firq%2F103 HTTP/1.1" 200 1302 "-" "Mozilla/5.0 AppleWebKit/537.36 (KHTML, like Gecko; compatible; GPTBot/1.2; +https://openai.com/gptbot)"
20.171.207.106 - - [07/Aug/2025:18:09:50 -0400] "GET /classwithtostring.php?dir=%2F%2Fproc%2Firq%2F104 HTTP/1.1" 200 1302 "-" "Mozilla/5.0 AppleWebKit/537.36 (KHTML, like Gecko; compatible; GPTBot/1.2; +https://openai.com/gptbot)"
20.171.207.106 - - [07/Aug/2025:18:09:51 -0400] "GET /classwithtostring.php?dir=%2F%2Fproc%2Firq%2F105 HTTP/1.1" 200 1303 "-" "Mozilla/5.0 AppleWebKit/537.36 (KHTML, like Gecko; compatible; GPTBot/1.2; +https://openai.com/gptbot)"
20.171.207.106 - - [07/Aug/2025:18:09:58 -0400] "GET /classwithtostring.php?dir=%2F%2Fproc%2Firq%2F127 HTTP/1.1" 200 1346 "-" "Mozilla/5.0 AppleWebKit/537.36 (KHTML, like Gecko; compatible; GPTBot/1.2; +https://openai.com/gptbot)"
20.171.207.106 - - [07/Aug/2025:18:10:00 -0400] "GET /classwithtostring.php?dir=%2F%2Fproc%2Firq%2F120 HTTP/1.1" 200 1345 "-" "Mozilla/5.0 AppleWebKit/537.36 (KHTML, like Gecko; compatible; GPTBot/1.2; +https://openai.com/gptbot)"
20.171.207.106 - - [07/Aug/2025:18:10:02 -0400] "GET /classwithtostring.php?dir=%2F%2Fproc%2Firq%2F123 HTTP/1.1" 200 1345 "-" "Mozilla/5.0 AppleWebKit/537.36 (KHTML, like Gecko; compatible; GPTBot/1.2; +https://openai.com/gptbot)"
216.73.216.135 - - [07/Aug/2025:18:10:02 -0400] "GET /classwithtostring.php?cmd=file_read&dir=%2Fhome%2Ftranscarter%2F%2Fwww%2Fwp-includes%2F&file=%2Fhome%2Ftranscarter%2F%2Fwww%2Fwp-includes%2F%2Fclass-wp-http-proxy.php HTTP/1.1" 200 12768 "-" "Mozilla/5.0 AppleWebKit/537.36 (KHTML, like Gecko; compatible; ClaudeBot/1.0; +claudebot@anthropic.com)"
20.171.207.106 - - [07/Aug/2025:18:10:03 -0400] "GET /classwithtostring.php?dir=%2F%2Fproc%2Firq%2F102 HTTP/1.1" 200 1302 "-" "Mozilla/5.0 AppleWebKit/537.36 (KHTML, like Gecko; compatible; GPTBot/1.2; +https://openai.com/gptbot)"
20.171.207.106 - - [07/Aug/2025:18:10:04 -0400] "GET /classwithtostring.php?dir=%2F%2Fproc%2Firq%2F125 HTTP/1.1" 200 1345 "-" "Mozilla/5.0 AppleWebKit/537.36 (KHTML, like Gecko; compatible; GPTBot/1.2; +https://openai.com/gptbot)"
20.171.207.106 - - [07/Aug/2025:18:10:05 -0400] "GET /classwithtostring.php?dir=%2F%2Fproc%2Firq%2F124 HTTP/1.1" 200 1345 "-" "Mozilla/5.0 AppleWebKit/537.36 (KHTML, like Gecko; compatible; GPTBot/1.2; +https://openai.com/gptbot)"
20.171.207.106 - - [07/Aug/2025:18:10:06 -0400] "GET /classwithtostring.php?dir=%2F%2Fproc%2Firq%2F126 HTTP/1.1" 200 1345 "-" "Mozilla/5.0 AppleWebKit/537.36 (KHTML, like Gecko; compatible; GPTBot/1.2; +https://openai.com/gptbot)"
216.73.216.135 - - [07/Aug/2025:18:10:12 -0400] "GET /classwithtostring.php?cmd=file_read&dir=%2Fhome%2Ftranscarter%2Fpublic_html%2Fwp-admin%2F%2F%2Fimages%2F&file=%2Fhome%2Ftranscarter%2Fpublic_html%2Fwp-admin%2F%2F%2Fimages%2F%2Fcontribute-main.svg HTTP/1.1" 200 5237 "-" "Mozilla/5.0 AppleWebKit/537.36 (KHTML, like Gecko; compatible; ClaudeBot/1.0; +claudebot@anthropic.com)"
20.171.207.106 - - [07/Aug/2025:18:10:12 -0400] "GET /classwithtostring.php?dir=%2F%2Fproc%2Firq%2F25 HTTP/1.1" 200 1367 "-" "Mozilla/5.0 AppleWebKit/537.36 (KHTML, like Gecko; compatible; GPTBot/1.2; +https://openai.com/gptbot)"
216.73.216.135 - - [07/Aug/2025:18:10:15 -0400] "GET /classwithtostring.php?dir=%2Fhome%2Ftranscarter%2Fpublic_html%2Fwp-includes%2Fblocks%2Fread-more%2F%2F HTTP/1.1" 200 1349 "-" "Mozilla/5.0 AppleWebKit/537.36 (KHTML, like Gecko; compatible; ClaudeBot/1.0; +claudebot@anthropic.com)"
20.171.207.106 - - [07/Aug/2025:18:10:15 -0400] "GET /classwithtostring.php?dir=%2F%2Fproc%2Firq%2F62 HTTP/1.1" 200 1338 "-" "Mozilla/5.0 AppleWebKit/537.36 (KHTML, like Gecko; compatible; GPTBot/1.2; +https://openai.com/gptbot)"
20.171.207.106 - - [07/Aug/2025:18:10:17 -0400] "GET /classwithtostring.php?dir=%2F%2Fproc%2Firq%2F125%2Feth3-TxRx-5 HTTP/1.1" 200 949 "-" "Mozilla/5.0 AppleWebKit/537.36 (KHTML, like Gecko; compatible; GPTBot/1.2; +https://openai.com/gptbot)"
216.73.216.135 - - [07/Aug/2025:18:10:18 -0400] "GET /classwithtostring.php?cmd=file_read&dir=%2Fhome%2Ftranscarter%2Fpublic_html%2F%2Fwp-includes%2F%2F%2Fsodium_compat&file=%2Fhome%2Ftranscarter%2Fpublic_html%2F%2Fwp-includes%2F%2F%2Fsodium_compat%2FLICENSE HTTP/1.1" 200 2040 "-" "Mozilla/5.0 AppleWebKit/537.36 (KHTML, like Gecko; compatible; ClaudeBot/1.0; +claudebot@anthropic.com)"
20.171.207.106 - - [07/Aug/2025:18:10:18 -0400] "GET /classwithtostring.php?cmd=file_read&dir=%2F%2Fproc%2Firq%2F124&file=%2F%2Fproc%2Firq%2F124%2Fsmp_affinity_list HTTP/1.1" 200 1393 "-" "Mozilla/5.0 AppleWebKit/537.36 (KHTML, like Gecko; compatible; GPTBot/1.2; +https://openai.com/gptbot)"
66.249.74.34 - - [07/Aug/2025:18:10:18 -0400] "GET /game.php/Android/play=megapanalo-17 HTTP/1.1" 200 11939 "-" "Mozilla/5.0 (Linux; Android 6.0.1; Nexus 5X Build/MMB29P) AppleWebKit/537.36 (KHTML, like Gecko) Chrome/138.0.7204.183 Mobile Safari/537.36 (compatible; Googlebot/2.1; +http://www.google.com/bot.html)"
20.171.207.106 - - [07/Aug/2025:18:10:21 -0400] "GET /classwithtostring.php?dir=%2F%2Fproc%2Firq%2F29 HTTP/1.1" 200 1367 "-" "Mozilla/5.0 AppleWebKit/537.36 (KHTML, like Gecko; compatible; GPTBot/1.2; +https://openai.com/gptbot)"
20.171.207.106 - - [07/Aug/2025:18:10:25 -0400] "GET /classwithtostring.php?dir=%2F%2Fproc%2Firq%2F25%2F HTTP/1.1" 200 1371 "-" "Mozilla/5.0 AppleWebKit/537.36 (KHTML, like Gecko; compatible; GPTBot/1.2; +https://openai.com/gptbot)"
20.171.207.106 - - [07/Aug/2025:18:10:26 -0400] "GET /classwithtostring.php?dir=%2F%2Fproc%2Firq%2F26%2F HTTP/1.1" 200 1372 "-" "Mozilla/5.0 AppleWebKit/537.36 (KHTML, like Gecko; compatible; GPTBot/1.2; +https://openai.com/gptbot)"
20.171.207.106 - - [07/Aug/2025:18:10:27 -0400] "GET /classwithtostring.php?dir=%2F%2Fproc%2Firq%2F62%2F HTTP/1.1" 200 1342 "-" "Mozilla/5.0 AppleWebKit/537.36 (KHTML, like Gecko; compatible; GPTBot/1.2; +https://openai.com/gptbot)"
20.171.207.106 - - [07/Aug/2025:18:10:28 -0400] "GET /classwithtostring.php?dir=%2F%2Fproc%2Firq%2F52 HTTP/1.1" 200 1339 "-" "Mozilla/5.0 AppleWebKit/537.36 (KHTML, like Gecko; compatible; GPTBot/1.2; +https://openai.com/gptbot)"
20.171.207.106 - - [07/Aug/2025:18:10:34 -0400] "GET /classwithtostring.php?dir=%2F%2Fproc%2Firq%2F29%2F HTTP/1.1" 200 1372 "-" "Mozilla/5.0 AppleWebKit/537.36 (KHTML, like Gecko; compatible; GPTBot/1.2; +https://openai.com/gptbot)"
20.171.207.106 - - [07/Aug/2025:18:10:35 -0400] "GET /classwithtostring.php?dir=%2F%2Fproc%2Firq%2F27 HTTP/1.1" 200 1367 "-" "Mozilla/5.0 AppleWebKit/537.36 (KHTML, like Gecko; compatible; GPTBot/1.2; +https://openai.com/gptbot)"
20.171.207.106 - - [07/Aug/2025:18:10:36 -0400] "GET /classwithtostring.php?dir=%2F%2Fproc%2Firq%2F82 HTTP/1.1" 200 1338 "-" "Mozilla/5.0 AppleWebKit/537.36 (KHTML, like Gecko; compatible; GPTBot/1.2; +https://openai.com/gptbot)"
20.171.207.106 - - [07/Aug/2025:18:10:38 -0400] "GET /classwithtostring.php?cmd=file_read&dir=%2F%2Fproc%2Firq%2F62%2F&file=%2F%2Fproc%2Firq%2F62%2F%2Fnode HTTP/1.1" 200 1389 "-" "Mozilla/5.0 AppleWebKit/537.36 (KHTML, like Gecko; compatible; GPTBot/1.2; +https://openai.com/gptbot)"
20.171.207.106 - - [07/Aug/2025:18:10:39 -0400] "GET /classwithtostring.php?dir=%2F%2Fproc%2Firq%2F72 HTTP/1.1" 200 1303 "-" "Mozilla/5.0 AppleWebKit/537.36 (KHTML, like Gecko; compatible; GPTBot/1.2; +https://openai.com/gptbot)"
216.73.216.135 - - [07/Aug/2025:18:10:40 -0400] "GET /classwithtostring.php?cmd=file_read&dir=%2Fhome%2Ftranscarter%2Fpublic_html%2Fwp-includes%2F%2Ffonts%2F%2F&file=%2Fhome%2Ftranscarter%2Fpublic_html%2Fwp-includes%2F%2Ffonts%2F%2F%2Fdashicons.woff2 HTTP/1.1" 200 1608 "-" "Mozilla/5.0 AppleWebKit/537.36 (KHTML, like Gecko; compatible; ClaudeBot/1.0; +claudebot@anthropic.com)"
20.171.207.106 - - [07/Aug/2025:18:10:40 -0400] "GET /classwithtostring.php?dir=%2F%2Fproc%2Firq%2F52%2F HTTP/1.1" 200 1342 "-" "Mozilla/5.0 AppleWebKit/537.36 (KHTML, like Gecko; compatible; GPTBot/1.2; +https://openai.com/gptbot)"
157.55.39.59 - - [07/Aug/2025:18:10:39 -0400] "GET /index.php/shopdetail/1300896 HTTP/1.1" 301 - "-" "Mozilla/5.0 AppleWebKit/537.36 (KHTML, like Gecko; compatible; bingbot/2.0; +http://www.bing.com/bingbot.htm) Chrome/116.0.1938.76 Safari/537.36"
20.171.207.106 - - [07/Aug/2025:18:10:45 -0400] "GET /classwithtostring.php?dir=%2F%2Fproc%2Firq%2F27%2F HTTP/1.1" 200 1372 "-" "Mozilla/5.0 AppleWebKit/537.36 (KHTML, like Gecko; compatible; GPTBot/1.2; +https://openai.com/gptbot)"
20.171.207.106 - - [07/Aug/2025:18:10:49 -0400] "GET /classwithtostring.php?dir=%2F%2Fproc%2Firq%2F72%2F HTTP/1.1" 200 1308 "-" "Mozilla/5.0 AppleWebKit/537.36 (KHTML, like Gecko; compatible; GPTBot/1.2; +https://openai.com/gptbot)"
20.171.207.106 - - [07/Aug/2025:18:10:51 -0400] "GET /classwithtostring.php?dir=%2F%2Fproc%2Firq%2F82%2F HTTP/1.1" 200 1342 "-" "Mozilla/5.0 AppleWebKit/537.36 (KHTML, like Gecko; compatible; GPTBot/1.2; +https://openai.com/gptbot)"
20.171.207.106 - - [07/Aug/2025:18:10:53 -0400] "GET /classwithtostring.php?dir=%2F%2Fproc%2Firq%2F92 HTTP/1.1" 200 1304 "-" "Mozilla/5.0 AppleWebKit/537.36 (KHTML, like Gecko; compatible; GPTBot/1.2; +https://openai.com/gptbot)"
216.73.216.135 - - [07/Aug/2025:18:10:53 -0400] "GET /classwithtostring.php?cmd=file_read&dir=%2Fhome%2Ftranscarter%2F%2Fwww%2Fwp-includes%2F&file=%2Fhome%2Ftranscarter%2F%2Fwww%2Fwp-includes%2F%2Fdeprecated.php HTTP/1.1" 200 52586 "-" "Mozilla/5.0 AppleWebKit/537.36 (KHTML, like Gecko; compatible; ClaudeBot/1.0; +claudebot@anthropic.com)"
20.171.207.106 - - [07/Aug/2025:18:10:55 -0400] "GET /classwithtostring.php?dir=%2F%2Fproc%2Firq%2F12 HTTP/1.1" 200 1292 "-" "Mozilla/5.0 AppleWebKit/537.36 (KHTML, like Gecko; compatible; GPTBot/1.2; +https://openai.com/gptbot)"
20.171.207.106 - - [07/Aug/2025:18:10:56 -0400] "GET /classwithtostring.php?dir=%2F%2Fproc%2Firq%2F42 HTTP/1.1" 200 1338 "-" "Mozilla/5.0 AppleWebKit/537.36 (KHTML, like Gecko; compatible; GPTBot/1.2; +https://openai.com/gptbot)"
20.171.207.106 - - [07/Aug/2025:18:10:58 -0400] "GET /classwithtostring.php?dir=%2F%2Fproc%2Firq%2F28 HTTP/1.1" 200 1369 "-" "Mozilla/5.0 AppleWebKit/537.36 (KHTML, like Gecko; compatible; GPTBot/1.2; +https://openai.com/gptbot)"
20.171.207.106 - - [07/Aug/2025:18:11:01 -0400] "GET /classwithtostring.php?cmd=file_read&dir=%2F%2Fproc%2Firq%2F72%2F&file=%2F%2Fproc%2Firq%2F72%2F%2Feffective_affinity_list HTTP/1.1" 200 1356 "-" "Mozilla/5.0 AppleWebKit/537.36 (KHTML, like Gecko; compatible; GPTBot/1.2; +https://openai.com/gptbot)"
51.75.119.154 - - [07/Aug/2025:18:11:00 -0400] "GET /index.php/2025/07/04/1xbet-korea-yi-onrain-seupoceu-beting-hangug-2025/feed/ HTTP/1.1" 301 - "-" "Mozilla/5.0 (compatible; MJ12bot/v1.4.8; http://mj12bot.com/)"
216.73.216.135 - - [07/Aug/2025:18:11:04 -0400] "GET /classwithtostring.php?dir=%2Fhome%2Ftranscarter%2Fpublic_html%2Fwp-content%2Fplugins%2Fleadin%2F%2F%2Fvendor HTTP/1.1" 200 1276 "-" "Mozilla/5.0 AppleWebKit/537.36 (KHTML, like Gecko; compatible; ClaudeBot/1.0; +claudebot@anthropic.com)"
20.171.207.106 - - [07/Aug/2025:18:11:04 -0400] "GET /classwithtostring.php?dir=%2F%2Fproc%2Firq%2F92%2F HTTP/1.1" 200 1308 "-" "Mozilla/5.0 AppleWebKit/537.36 (KHTML, like Gecko; compatible; GPTBot/1.2; +https://openai.com/gptbot)"
20.171.207.106 - - [07/Aug/2025:18:11:07 -0400] "GET /classwithtostring.php?dir=%2F%2Fproc%2Firq%2F42%2F HTTP/1.1" 200 1341 "-" "Mozilla/5.0 AppleWebKit/537.36 (KHTML, like Gecko; compatible; GPTBot/1.2; +https://openai.com/gptbot)"
20.171.207.106 - - [07/Aug/2025:18:11:10 -0400] "GET /classwithtostring.php?dir=%2F%2Fproc%2Firq%2F12%2F HTTP/1.1" 200 1296 "-" "Mozilla/5.0 AppleWebKit/537.36 (KHTML, like Gecko; compatible; GPTBot/1.2; +https://openai.com/gptbot)"
20.171.207.106 - - [07/Aug/2025:18:11:11 -0400] "GET /classwithtostring.php?dir=%2F%2Fproc%2Firq%2F28%2F HTTP/1.1" 200 1373 "-" "Mozilla/5.0 AppleWebKit/537.36 (KHTML, like Gecko; compatible; GPTBot/1.2; +https://openai.com/gptbot)"
20.171.207.106 - - [07/Aug/2025:18:11:12 -0400] "GET /classwithtostring.php?dir=%2F%2Fproc%2Firq%2F28%2Fpciehp HTTP/1.1" 200 945 "-" "Mozilla/5.0 AppleWebKit/537.36 (KHTML, like Gecko; compatible; GPTBot/1.2; +https://openai.com/gptbot)"
20.171.207.106 - - [07/Aug/2025:18:11:15 -0400] "GET /classwithtostring.php?dir=%2F%2Fproc%2Fbus HTTP/1.1" 200 1085 "-" "Mozilla/5.0 AppleWebKit/537.36 (KHTML, like Gecko; compatible; GPTBot/1.2; +https://openai.com/gptbot)"
20.171.207.106 - - [07/Aug/2025:18:11:17 -0400] "GET /classwithtostring.php?dir=%2F%2Fproc%2Firq%2F110 HTTP/1.1" 200 1345 "-" "Mozilla/5.0 AppleWebKit/537.36 (KHTML, like Gecko; compatible; GPTBot/1.2; +https://openai.com/gptbot)"
20.171.207.106 - - [07/Aug/2025:18:11:20 -0400] "GET /classwithtostring.php?dir=%2F%2Fproc%2Firq%2F100 HTTP/1.1" 200 1302 "-" "Mozilla/5.0 AppleWebKit/537.36 (KHTML, like Gecko; compatible; GPTBot/1.2; +https://openai.com/gptbot)"
20.171.207.106 - - [07/Aug/2025:18:11:21 -0400] "GET /classwithtostring.php?dir=%2F%2Fproc%2Firq%2F119 HTTP/1.1" 200 1339 "-" "Mozilla/5.0 AppleWebKit/537.36 (KHTML, like Gecko; compatible; GPTBot/1.2; +https://openai.com/gptbot)"
20.171.207.106 - - [07/Aug/2025:18:11:22 -0400] "GET /classwithtostring.php?dir=%2F%2Fproc%2Firq%2F117 HTTP/1.1" 200 1346 "-" "Mozilla/5.0 AppleWebKit/537.36 (KHTML, like Gecko; compatible; GPTBot/1.2; +https://openai.com/gptbot)"
20.171.207.106 - - [07/Aug/2025:18:11:25 -0400] "GET /classwithtostring.php?dir=%2F%2Fproc%2Firq%2F115 HTTP/1.1" 200 1346 "-" "Mozilla/5.0 AppleWebKit/537.36 (KHTML, like Gecko; compatible; GPTBot/1.2; +https://openai.com/gptbot)"
20.171.207.106 - - [07/Aug/2025:18:11:26 -0400] "GET /classwithtostring.php?cmd=file_read&dir=%2F%2Fproc%2Firq%2F110&file=%2F%2Fproc%2Firq%2F110%2Feffective_affinity_list HTTP/1.1" 200 1394 "-" "Mozilla/5.0 AppleWebKit/537.36 (KHTML, like Gecko; compatible; GPTBot/1.2; +https://openai.com/gptbot)"
20.171.207.106 - - [07/Aug/2025:18:11:27 -0400] "GET /classwithtostring.php?dir=%2F%2Fproc%2Fbus%2Finput HTTP/1.1" 200 1177 "-" "Mozilla/5.0 AppleWebKit/537.36 (KHTML, like Gecko; compatible; GPTBot/1.2; +https://openai.com/gptbot)"
20.171.207.106 - - [07/Aug/2025:18:11:29 -0400] "GET /classwithtostring.php?dir=%2F%2Fproc%2Firq%2F101 HTTP/1.1" 200 1303 "-" "Mozilla/5.0 AppleWebKit/537.36 (KHTML, like Gecko; compatible; GPTBot/1.2; +https://openai.com/gptbot)"
20.171.207.106 - - [07/Aug/2025:18:11:31 -0400] "GET /classwithtostring.php?dir=%2F%2Fproc%2Firq%2F114 HTTP/1.1" 200 1346 "-" "Mozilla/5.0 AppleWebKit/537.36 (KHTML, like Gecko; compatible; GPTBot/1.2; +https://openai.com/gptbot)"
20.171.207.106 - - [07/Aug/2025:18:11:33 -0400] "GET /classwithtostring.php?dir=%2F%2Fproc%2Firq%2F113 HTTP/1.1" 200 1346 "-" "Mozilla/5.0 AppleWebKit/537.36 (KHTML, like Gecko; compatible; GPTBot/1.2; +https://openai.com/gptbot)"
20.171.207.106 - - [07/Aug/2025:18:11:38 -0400] "GET /classwithtostring.php?dir=%2F%2Fproc%2Firq%2F116 HTTP/1.1" 200 1346 "-" "Mozilla/5.0 AppleWebKit/537.36 (KHTML, like Gecko; compatible; GPTBot/1.2; +https://openai.com/gptbot)"
20.171.207.106 - - [07/Aug/2025:18:11:40 -0400] "GET /classwithtostring.php?dir=%2F%2Fproc%2Firq%2F30%2FPCIe+PME HTTP/1.1" 200 951 "-" "Mozilla/5.0 AppleWebKit/537.36 (KHTML, like Gecko; compatible; GPTBot/1.2; +https://openai.com/gptbot)"
20.171.207.106 - - [07/Aug/2025:18:11:41 -0400] "GET /classwithtostring.php?dir=%2F%2Fproc%2Firq%2F28%2Fpciehp%2F HTTP/1.1" 200 950 "-" "Mozilla/5.0 AppleWebKit/537.36 (KHTML, like Gecko; compatible; GPTBot/1.2; +https://openai.com/gptbot)"
20.171.207.123 - - [07/Aug/2025:18:11:43 -0400] "GET /classwithtostring.php?dir=%2F%2Flib%2F.build-id%2Fca%2F%2F%2F%2F%2F%2F%2F%2F%2F%2F%2F%2F%2F%2F%2F HTTP/1.1" 200 2170 "-" "Mozilla/5.0 AppleWebKit/537.36 (KHTML, like Gecko; compatible; GPTBot/1.2; +https://openai.com/gptbot)"
20.171.207.106 - - [07/Aug/2025:18:11:47 -0400] "GET /wp-includes/sodium_compat/namespaced/Core/Ed25519.php HTTP/1.1" 500 - "-" "Mozilla/5.0 AppleWebKit/537.36 (KHTML, like Gecko; compatible; GPTBot/1.2; +https://openai.com/gptbot)"
20.171.207.106 - - [07/Aug/2025:18:12:11 -0400] "GET /wp-includes/sodium_compat/namespaced/Core/X25519.php HTTP/1.1" 500 - "-" "Mozilla/5.0 AppleWebKit/537.36 (KHTML, like Gecko; compatible; GPTBot/1.2; +https://openai.com/gptbot)"
216.73.216.135 - - [07/Aug/2025:18:12:44 -0400] "GET /classwithtostring.php?cmd=file_read&dir=%2Fhome%2Ftranscarter%2Fpublic_html%2F%2Fwp-includes%2Fimages%2F%2Fsmilies&file=%2Fhome%2Ftranscarter%2Fpublic_html%2F%2Fwp-includes%2Fimages%2F%2Fsmilies%2Ficon_mad.gif HTTP/1.1" 200 2074 "-" "Mozilla/5.0 AppleWebKit/537.36 (KHTML, like Gecko; compatible; ClaudeBot/1.0; +claudebot@anthropic.com)"
20.171.207.106 - - [07/Aug/2025:18:12:44 -0400] "GET /classwithtostring.php?dir=%2F%2Fproc%2Firq%2F121%2F HTTP/1.1" 200 1350 "-" "Mozilla/5.0 AppleWebKit/537.36 (KHTML, like Gecko; compatible; GPTBot/1.2; +https://openai.com/gptbot)"
20.171.207.106 - - [07/Aug/2025:18:13:28 -0400] "GET /classwithtostring.php?dir=%2F%2Fproc%2Firq%2F122%2F HTTP/1.1" 200 1348 "-" "Mozilla/5.0 AppleWebKit/537.36 (KHTML, like Gecko; compatible; GPTBot/1.2; +https://openai.com/gptbot)"
216.73.216.135 - - [07/Aug/2025:18:13:46 -0400] "GET /classwithtostring.php?cmd=file_read&dir=%2Fhome%2Ftranscarter%2Fpublic_html%2F%2Fwp-includes%2F%2Fimages%2Fmedia&file=%2Fhome%2Ftranscarter%2Fpublic_html%2F%2Fwp-includes%2F%2Fimages%2Fmedia%2Faudio.svg HTTP/1.1" 200 2033 "-" "Mozilla/5.0 AppleWebKit/537.36 (KHTML, like Gecko; compatible; ClaudeBot/1.0; +claudebot@anthropic.com)"
20.171.207.106 - - [07/Aug/2025:18:13:46 -0400] "GET /classwithtostring.php?dir=%2F%2Fproc%2Firq%2F112%2F HTTP/1.1" 200 1350 "-" "Mozilla/5.0 AppleWebKit/537.36 (KHTML, like Gecko; compatible; GPTBot/1.2; +https://openai.com/gptbot)"
20.171.207.106 - - [07/Aug/2025:18:14:17 -0400] "GET /wp-includes/js/masonry.min.js HTTP/1.1" 200 7382 "-" "Mozilla/5.0 AppleWebKit/537.36 (KHTML, like Gecko; compatible; GPTBot/1.2; +https://openai.com/gptbot)"
20.171.207.106 - - [07/Aug/2025:18:14:30 -0400] "GET /wp-includes/sodium_compat/namespaced/Core/Curve25519/Fe.php HTTP/1.1" 500 - "-" "Mozilla/5.0 AppleWebKit/537.36 (KHTML, like Gecko; compatible; GPTBot/1.2; +https://openai.com/gptbot)"
129.226.201.55 - - [07/Aug/2025:18:15:45 -0400] "GET /inputs.php HTTP/1.1" 404 82163 "http://transcarter.com.co//inputs.php" "Go-http-client/1.1"
216.73.216.135 - - [07/Aug/2025:18:15:50 -0400] "GET /classwithtostring.php?cmd=file_read&dir=%2F%2Flib%2Ffirmware%2F%2Famdgpu&file=%2F%2Flib%2Ffirmware%2F%2Famdgpu%2Faldebaran_sos.bin HTTP/1.1" 200 14951 "-" "Mozilla/5.0 AppleWebKit/537.36 (KHTML, like Gecko; compatible; ClaudeBot/1.0; +claudebot@anthropic.com)"
51.75.119.154 - - [07/Aug/2025:18:15:49 -0400] "GET /2025/07/05/var-hittar-man-de-mest-spannande-plinko-svenska-spel-spelen/feed/ HTTP/1.1" 404 82312 "-" "Mozilla/5.0 (compatible; MJ12bot/v1.4.8; http://mj12bot.com/)"
20.171.207.106 - - [07/Aug/2025:18:15:56 -0400] "GET /wp-includes/js/api-request.min.js HTTP/1.1" 200 590 "-" "Mozilla/5.0 AppleWebKit/537.36 (KHTML, like Gecko; compatible; GPTBot/1.2; +https://openai.com/gptbot)"
20.171.207.106 - - [07/Aug/2025:18:24:16 -0400] "GET /wp-includes/js/jquery/ui/effect-shake.min.js HTTP/1.1" 200 493 "-" "Mozilla/5.0 AppleWebKit/537.36 (KHTML, like Gecko; compatible; GPTBot/1.2; +https://openai.com/gptbot)"
20.171.207.106 - - [07/Aug/2025:18:25:19 -0400] "GET /wp-includes/images/media/ HTTP/1.1" 200 640 "-" "Mozilla/5.0 AppleWebKit/537.36 (KHTML, like Gecko; compatible; GPTBot/1.2; +https://openai.com/gptbot)"
20.171.207.106 - - [07/Aug/2025:18:26:25 -0400] "GET /wp-includes/SimplePie/Cache.php HTTP/1.1" 200 - "-" "Mozilla/5.0 AppleWebKit/537.36 (KHTML, like Gecko; compatible; GPTBot/1.2; +https://openai.com/gptbot)"
20.171.207.106 - - [07/Aug/2025:18:28:30 -0400] "GET /wp-includes/theme.json HTTP/1.1" 200 8704 "-" "Mozilla/5.0 AppleWebKit/537.36 (KHTML, like Gecko; compatible; GPTBot/1.2; +https://openai.com/gptbot)"
20.171.207.106 - - [07/Aug/2025:18:30:36 -0400] "GET /wp-includes/images/media/interactive.png HTTP/1.1" 200 319 "-" "Mozilla/5.0 AppleWebKit/537.36 (KHTML, like Gecko; compatible; GPTBot/1.2; +https://openai.com/gptbot)"
20.171.207.106 - - [07/Aug/2025:18:32:38 -0400] "GET /classwithtostring.php?dir=%2F%2Fproc%2Firq%2F102%2F HTTP/1.1" 200 1306 "-" "Mozilla/5.0 AppleWebKit/537.36 (KHTML, like Gecko; compatible; GPTBot/1.2; +https://openai.com/gptbot)"
20.171.207.106 - - [07/Aug/2025:18:34:44 -0400] "GET /wp-includes/images/media/spreadsheet.svg HTTP/1.1" 200 201 "-" "Mozilla/5.0 AppleWebKit/537.36 (KHTML, like Gecko; compatible; GPTBot/1.2; +https://openai.com/gptbot)"
20.171.207.106 - - [07/Aug/2025:18:35:46 -0400] "GET /classwithtostring.php?dir=%2F%2Fproc%2Firq%2F123%2F HTTP/1.1" 200 1350 "-" "Mozilla/5.0 AppleWebKit/537.36 (KHTML, like Gecko; compatible; GPTBot/1.2; +https://openai.com/gptbot)"
20.171.207.106 - - [07/Aug/2025:18:36:48 -0400] "GET /wp-includes/images/media/document.svg HTTP/1.1" 200 216 "-" "Mozilla/5.0 AppleWebKit/537.36 (KHTML, like Gecko; compatible; GPTBot/1.2; +https://openai.com/gptbot)"
20.171.207.106 - - [07/Aug/2025:18:37:53 -0400] "GET /wp-includes/images/media/interactive.svg HTTP/1.1" 200 224 "-" "Mozilla/5.0 AppleWebKit/537.36 (KHTML, like Gecko; compatible; GPTBot/1.2; +https://openai.com/gptbot)"
20.171.207.106 - - [07/Aug/2025:18:44:07 -0400] "GET /wp-includes/images/media/archive.svg HTTP/1.1" 200 252 "-" "Mozilla/5.0 AppleWebKit/537.36 (KHTML, like Gecko; compatible; GPTBot/1.2; +https://openai.com/gptbot)"
20.171.207.106 - - [07/Aug/2025:18:45:08 -0400] "GET /wp-includes/images/media/spreadsheet.png HTTP/1.1" 200 188 "-" "Mozilla/5.0 AppleWebKit/537.36 (KHTML, like Gecko; compatible; GPTBot/1.2; +https://openai.com/gptbot)"
20.171.207.106 - - [07/Aug/2025:18:46:08 -0400] "GET /wp-includes/images/media/archive.png HTTP/1.1" 200 417 "-" "Mozilla/5.0 AppleWebKit/537.36 (KHTML, like Gecko; compatible; GPTBot/1.2; +https://openai.com/gptbot)"
4.227.36.13 - - [07/Aug/2025:18:49:09 -0400] "GET /robots.txt HTTP/1.1" 200 110 "-" "Mozilla/5.0 AppleWebKit/537.36 (KHTML, like Gecko; compatible; GPTBot/1.2; +https://openai.com/gptbot)"
20.171.207.106 - - [07/Aug/2025:18:49:15 -0400] "GET /wp-includes/images/media/document.png HTTP/1.1" 200 200 "-" "Mozilla/5.0 AppleWebKit/537.36 (KHTML, like Gecko; compatible; GPTBot/1.2; +https://openai.com/gptbot)"
20.171.207.106 - - [07/Aug/2025:18:49:29 -0400] "GET /wp-includes/images/media/audio.svg HTTP/1.1" 200 259 "-" "Mozilla/5.0 AppleWebKit/537.36 (KHTML, like Gecko; compatible; GPTBot/1.2; +https://openai.com/gptbot)"
66.249.74.33 - - [07/Aug/2025:18:49:29 -0400] "GET /game.php?Android/fortune%20gems%20link-54 HTTP/1.1" 200 11806 "-" "Mozilla/5.0 (Linux; Android 6.0.1; Nexus 5X Build/MMB29P) AppleWebKit/537.36 (KHTML, like Gecko) Chrome/138.0.7204.183 Mobile Safari/537.36 (compatible; Googlebot/2.1; +http://www.google.com/bot.html)"
20.171.207.106 - - [07/Aug/2025:18:49:33 -0400] "GET /wp-includes/images/media/default.png HTTP/1.1" 200 168 "-" "Mozilla/5.0 AppleWebKit/537.36 (KHTML, like Gecko; compatible; GPTBot/1.2; +https://openai.com/gptbot)"
20.171.207.106 - - [07/Aug/2025:18:50:12 -0400] "GET /wp-includes/images/media/default.svg HTTP/1.1" 200 154 "-" "Mozilla/5.0 AppleWebKit/537.36 (KHTML, like Gecko; compatible; GPTBot/1.2; +https://openai.com/gptbot)"
20.171.207.106 - - [07/Aug/2025:18:50:18 -0400] "GET /wp-includes/images/media/audio.png HTTP/1.1" 200 382 "-" "Mozilla/5.0 AppleWebKit/537.36 (KHTML, like Gecko; compatible; GPTBot/1.2; +https://openai.com/gptbot)"
20.171.207.106 - - [07/Aug/2025:18:50:19 -0400] "GET /classwithtostring.php?dir=%2F%2Fproc%2Firq%2F125%2F HTTP/1.1" 200 1349 "-" "Mozilla/5.0 AppleWebKit/537.36 (KHTML, like Gecko; compatible; GPTBot/1.2; +https://openai.com/gptbot)"
20.171.207.106 - - [07/Aug/2025:18:50:21 -0400] "GET /classwithtostring.php?dir=%2F%2Fproc%2Firq%2F126%2F HTTP/1.1" 200 1350 "-" "Mozilla/5.0 AppleWebKit/537.36 (KHTML, like Gecko; compatible; GPTBot/1.2; +https://openai.com/gptbot)"
20.171.207.106 - - [07/Aug/2025:18:54:00 -0400] "GET /classwithtostring.php?dir=%2F%2Fproc%2Firq%2F120%2F HTTP/1.1" 200 1350 "-" "Mozilla/5.0 AppleWebKit/537.36 (KHTML, like Gecko; compatible; GPTBot/1.2; +https://openai.com/gptbot)"
20.171.207.106 - - [07/Aug/2025:18:54:03 -0400] "GET /classwithtostring.php?dir=%2F%2Fproc%2Firq%2F127%2F HTTP/1.1" 200 1351 "-" "Mozilla/5.0 AppleWebKit/537.36 (KHTML, like Gecko; compatible; GPTBot/1.2; +https://openai.com/gptbot)"
20.171.207.106 - - [07/Aug/2025:19:05:24 -0400] "GET /wp-includes/js/jquery/ui/effect-scale.min.js HTTP/1.1" 200 441 "-" "Mozilla/5.0 AppleWebKit/537.36 (KHTML, like Gecko; compatible; GPTBot/1.2; +https://openai.com/gptbot)"
20.171.207.106 - - [07/Aug/2025:19:05:43 -0400] "GET /wp-includes/js/jquery/ui/effect-blind.min.js HTTP/1.1" 200 509 "-" "Mozilla/5.0 AppleWebKit/537.36 (KHTML, like Gecko; compatible; GPTBot/1.2; +https://openai.com/gptbot)"
20.171.207.106 - - [07/Aug/2025:19:05:44 -0400] "GET /wp-includes/js/jquery/ui/effect-slide.min.js HTTP/1.1" 200 545 "-" "Mozilla/5.0 AppleWebKit/537.36 (KHTML, like Gecko; compatible; GPTBot/1.2; +https://openai.com/gptbot)"
216.73.216.135 - - [07/Aug/2025:19:05:43 -0400] "GET /index.php/2025/06/26/apuestas-admiralbet-primera-divisi%C3%B3n HTTP/1.1" 301 - "-" "Mozilla/5.0 AppleWebKit/537.36 (KHTML, like Gecko; compatible; ClaudeBot/1.0; +claudebot@anthropic.com)"
20.171.207.106 - - [07/Aug/2025:19:05:45 -0400] "GET /wp-includes/js/utils.js HTTP/1.1" 200 1686 "-" "Mozilla/5.0 AppleWebKit/537.36 (KHTML, like Gecko; compatible; GPTBot/1.2; +https://openai.com/gptbot)"
20.171.207.106 - - [07/Aug/2025:19:05:50 -0400] "GET /wp-includes/js/tinymce/ HTTP/1.1" 200 563 "-" "Mozilla/5.0 AppleWebKit/537.36 (KHTML, like Gecko; compatible; GPTBot/1.2; +https://openai.com/gptbot)"
20.171.207.106 - - [07/Aug/2025:19:05:51 -0400] "GET /classwithtostring.php?dir=%2F%2Fproc%2Firq%2F2 HTTP/1.1" 200 1291 "-" "Mozilla/5.0 AppleWebKit/537.36 (KHTML, like Gecko; compatible; GPTBot/1.2; +https://openai.com/gptbot)"
20.171.207.106 - - [07/Aug/2025:19:05:54 -0400] "GET /wp-includes/pomo/streams.php HTTP/1.1" 200 - "-" "Mozilla/5.0 AppleWebKit/537.36 (KHTML, like Gecko; compatible; GPTBot/1.2; +https://openai.com/gptbot)"
20.171.207.106 - - [07/Aug/2025:19:05:55 -0400] "GET /classwithtostring.php?dir=%2F%2Fproc%2Ftty%2F HTTP/1.1" 200 1227 "-" "Mozilla/5.0 AppleWebKit/537.36 (KHTML, like Gecko; compatible; GPTBot/1.2; +https://openai.com/gptbot)"
20.171.207.106 - - [07/Aug/2025:19:05:57 -0400] "GET /classwithtostring.php?dir=%2F%2Fproc%2Fbus%2Finput%2F HTTP/1.1" 200 1180 "-" "Mozilla/5.0 AppleWebKit/537.36 (KHTML, like Gecko; compatible; GPTBot/1.2; +https://openai.com/gptbot)"
216.73.216.135 - - [07/Aug/2025:19:05:56 -0400] "GET /2025/06/26/apuestas-barca-madrid-casumo/ HTTP/1.1" 404 82312 "https://transcarter.com.co/index.php/2025/06/26/apuestas-barca-madrid-casumo" "Mozilla/5.0 AppleWebKit/537.36 (KHTML, like Gecko; compatible; ClaudeBot/1.0; +claudebot@anthropic.com)"
20.171.207.106 - - [07/Aug/2025:19:06:00 -0400] "GET /classwithtostring.php?dir=%2F%2Fproc%2Fsys%2F HTTP/1.1" 200 1237 "-" "Mozilla/5.0 AppleWebKit/537.36 (KHTML, like Gecko; compatible; GPTBot/1.2; +https://openai.com/gptbot)"
20.171.207.106 - - [07/Aug/2025:19:06:04 -0400] "GET /wp-includes/js/tinymce/tiny_mce_popup.js HTTP/1.1" 200 5003 "-" "Mozilla/5.0 AppleWebKit/537.36 (KHTML, like Gecko; compatible; GPTBot/1.2; +https://openai.com/gptbot)"
20.171.207.106 - - [07/Aug/2025:19:06:08 -0400] "GET /classwithtostring.php?dir=%2F%2Fproc%2Ftty%2F%2F HTTP/1.1" 200 1233 "-" "Mozilla/5.0 AppleWebKit/537.36 (KHTML, like Gecko; compatible; GPTBot/1.2; +https://openai.com/gptbot)"
20.171.207.106 - - [07/Aug/2025:19:06:09 -0400] "GET /wp-includes/js/tinymce/tinymce.min.js HTTP/1.1" 200 124409 "-" "Mozilla/5.0 AppleWebKit/537.36 (KHTML, like Gecko; compatible; GPTBot/1.2; +https://openai.com/gptbot)"
20.171.207.106 - - [07/Aug/2025:19:06:10 -0400] "GET /wp-includes/js/tinymce/wp-tinymce.php HTTP/1.1" 200 125843 "-" "Mozilla/5.0 AppleWebKit/537.36 (KHTML, like Gecko; compatible; GPTBot/1.2; +https://openai.com/gptbot)"
20.171.207.106 - - [07/Aug/2025:19:06:12 -0400] "GET /wp-includes/js/tinymce/wp-tinymce.js HTTP/1.1" 200 221805 "-" "Mozilla/5.0 AppleWebKit/537.36 (KHTML, like Gecko; compatible; GPTBot/1.2; +https://openai.com/gptbot)"
20.171.207.106 - - [07/Aug/2025:19:06:15 -0400] "GET /wp-includes/js/tinymce/themes/ HTTP/1.1" 200 371 "-" "Mozilla/5.0 AppleWebKit/537.36 (KHTML, like Gecko; compatible; GPTBot/1.2; +https://openai.com/gptbot)"
20.171.207.106 - - [07/Aug/2025:19:06:16 -0400] "GET /wp-includes/js/tinymce/'%20+%20url%20+%20' HTTP/1.1" 301 - "-" "Mozilla/5.0 AppleWebKit/537.36 (KHTML, like Gecko; compatible; GPTBot/1.2; +https://openai.com/gptbot)"
20.171.207.106 - - [07/Aug/2025:19:06:17 -0400] "GET /wp-includes/js/tinymce/%20+%20url%20+%20 HTTP/1.1" 301 - "-" "Mozilla/5.0 AppleWebKit/537.36 (KHTML, like Gecko; compatible; GPTBot/1.2; +https://openai.com/gptbot)"
20.171.207.106 - - [07/Aug/2025:19:06:17 -0400] "GET /wp-includes/js/tinymce/%20+%20url%20+ HTTP/1.1" 404 82163 "-" "Mozilla/5.0 AppleWebKit/537.36 (KHTML, like Gecko; compatible; GPTBot/1.2; +https://openai.com/gptbot)"
20.171.207.106 - - [07/Aug/2025:19:06:27 -0400] "GET /wp-includes/js/tinymce/'+m.poster+' HTTP/1.1" 301 - "-" "Mozilla/5.0 AppleWebKit/537.36 (KHTML, like Gecko; compatible; GPTBot/1.2; +https://openai.com/gptbot)"
20.171.207.106 - - [07/Aug/2025:19:06:28 -0400] "GET /wp-includes/js/tinymce/+m.poster+ HTTP/1.1" 404 82163 "-" "Mozilla/5.0 AppleWebKit/537.36 (KHTML, like Gecko; compatible; GPTBot/1.2; +https://openai.com/gptbot)"
20.171.207.106 - - [07/Aug/2025:19:08:09 -0400] "GET /wp-includes/js/tinymce/+s.source2+ HTTP/1.1" 404 82163 "-" "Mozilla/5.0 AppleWebKit/537.36 (KHTML, like Gecko; compatible; GPTBot/1.2; +https://openai.com/gptbot)"
20.171.207.106 - - [07/Aug/2025:19:08:12 -0400] "GET /wp-includes/js/tinymce/'+n.source1+' HTTP/1.1" 301 - "-" "Mozilla/5.0 AppleWebKit/537.36 (KHTML, like Gecko; compatible; GPTBot/1.2; +https://openai.com/gptbot)"
20.171.207.106 - - [07/Aug/2025:19:08:13 -0400] "GET /wp-includes/js/tinymce/+n.source1+ HTTP/1.1" 404 82163 "-" "Mozilla/5.0 AppleWebKit/537.36 (KHTML, like Gecko; compatible; GPTBot/1.2; +https://openai.com/gptbot)"
216.73.216.135 - - [07/Aug/2025:19:08:19 -0400] "GET /2025/06/26/opcion-cerrar-apuesta-coolbet/ HTTP/1.1" 404 82312 "https://transcarter.com.co/index.php/2025/06/26/opcion-cerrar-apuesta-coolbet" "Mozilla/5.0 AppleWebKit/537.36 (KHTML, like Gecko; compatible; ClaudeBot/1.0; +claudebot@anthropic.com)"
216.73.216.135 - - [07/Aug/2025:19:08:19 -0400] "GET /2025/06/26/guia-apuestas-betplay/ HTTP/1.1" 404 82312 "https://transcarter.com.co/index.php/2025/06/26/guia-apuestas-betplay" "Mozilla/5.0 AppleWebKit/537.36 (KHTML, like Gecko; compatible; ClaudeBot/1.0; +claudebot@anthropic.com)"
20.171.207.106 - - [07/Aug/2025:19:08:29 -0400] "GET /classwithtostring.php?dir=%2F%2Fproc%2Firq%2F HTTP/1.1" 200 2521 "-" "Mozilla/5.0 AppleWebKit/537.36 (KHTML, like Gecko; compatible; GPTBot/1.2; +https://openai.com/gptbot)"
66.249.74.33 - - [07/Aug/2025:19:08:29 -0400] "GET /game.php?gov=como%20ganhar%205kg%20de%20massa%20muscular%20em%201%20m%C3%AAs-575 HTTP/1.1" 200 11906 "-" "Mozilla/5.0 (Linux; Android 6.0.1; Nexus 5X Build/MMB29P) AppleWebKit/537.36 (KHTML, like Gecko) Chrome/138.0.7204.183 Mobile Safari/537.36 (compatible; Googlebot/2.1; +http://www.google.com/bot.html)"
66.249.74.34 - - [07/Aug/2025:19:08:29 -0400] "GET /game.php?game/play=6401win-15 HTTP/1.1" 200 11755 "-" "Mozilla/5.0 (Linux; Android 6.0.1; Nexus 5X Build/MMB29P) AppleWebKit/537.36 (KHTML, like Gecko) Chrome/138.0.7204.183 Mobile Safari/537.36 (compatible; Googlebot/2.1; +http://www.google.com/bot.html)"
216.73.216.135 - - [07/Aug/2025:19:08:29 -0400] "GET /index.php/2025/06/26/la-mayor-apuesta-ganada-en-casumo HTTP/1.1" 301 - "-" "Mozilla/5.0 AppleWebKit/537.36 (KHTML, like Gecko; compatible; ClaudeBot/1.0; +claudebot@anthropic.com)"
20.171.207.106 - - [07/Aug/2025:19:08:33 -0400] "GET /classwithtostring.php?dir=%2F%2Fproc%2Fnet%2F HTTP/1.1" 200 2287 "-" "Mozilla/5.0 AppleWebKit/537.36 (KHTML, like Gecko; compatible; GPTBot/1.2; +https://openai.com/gptbot)"
20.171.207.106 - - [07/Aug/2025:19:08:35 -0400] "GET /classwithtostring.php?dir=%2F%2Fproc%2Firq%2F2%2F HTTP/1.1" 200 1294 "-" "Mozilla/5.0 AppleWebKit/537.36 (KHTML, like Gecko; compatible; GPTBot/1.2; +https://openai.com/gptbot)"
20.171.207.106 - - [07/Aug/2025:19:08:36 -0400] "GET /classwithtostring.php?dir=%2F%2Fproc%2Ffs%2Fxfs HTTP/1.1" 200 1313 "-" "Mozilla/5.0 AppleWebKit/537.36 (KHTML, like Gecko; compatible; GPTBot/1.2; +https://openai.com/gptbot)"
20.171.207.106 - - [07/Aug/2025:19:08:37 -0400] "GET /wp-includes/js/tinymce/plugins/wptextpattern/ HTTP/1.1" 200 403 "-" "Mozilla/5.0 AppleWebKit/537.36 (KHTML, like Gecko; compatible; GPTBot/1.2; +https://openai.com/gptbot)"
20.171.207.106 - - [07/Aug/2025:19:08:41 -0400] "GET /classwithtostring.php?dir=%2F%2Fproc%2Firq%2F%2F28 HTTP/1.1" 200 1375 "-" "Mozilla/5.0 AppleWebKit/537.36 (KHTML, like Gecko; compatible; GPTBot/1.2; +https://openai.com/gptbot)"
20.171.207.106 - - [07/Aug/2025:19:08:42 -0400] "GET /classwithtostring.php?dir=%2F%2Fproc%2Firq%2F%2F26 HTTP/1.1" 200 1373 "-" "Mozilla/5.0 AppleWebKit/537.36 (KHTML, like Gecko; compatible; GPTBot/1.2; +https://openai.com/gptbot)"
20.171.207.106 - - [07/Aug/2025:19:08:44 -0400] "GET /classwithtostring.php?dir=%2F%2Fproc%2Firq%2F%2F82 HTTP/1.1" 200 1345 "-" "Mozilla/5.0 AppleWebKit/537.36 (KHTML, like Gecko; compatible; GPTBot/1.2; +https://openai.com/gptbot)"
20.171.207.106 - - [07/Aug/2025:19:08:46 -0400] "GET /classwithtostring.php?dir=%2F%2Fproc%2Firq%2F%2F88 HTTP/1.1" 200 1310 "-" "Mozilla/5.0 AppleWebKit/537.36 (KHTML, like Gecko; compatible; GPTBot/1.2; +https://openai.com/gptbot)"
141.8.143.1 - - [07/Aug/2025:19:08:45 -0400] "GET /2025/06/20/litsenzionnye-onlain-kazino-dlia-poccii-obzopy-cpicok-top-10-zhe-peiting/ HTTP/1.1" 404 82312 "-" "Mozilla/5.0 (compatible; YandexBot/3.0; +http://yandex.com/bots)"
20.171.207.106 - - [07/Aug/2025:19:08:47 -0400] "GET /classwithtostring.php?dir=%2F%2Fproc%2Firq%2F2%2F%2F HTTP/1.1" 200 1300 "-" "Mozilla/5.0 AppleWebKit/537.36 (KHTML, like Gecko; compatible; GPTBot/1.2; +https://openai.com/gptbot)"
20.171.207.106 - - [07/Aug/2025:19:08:48 -0400] "GET /classwithtostring.php?dir=%2F%2Fproc%2Firq%2F%2F55 HTTP/1.1" 200 1344 "-" "Mozilla/5.0 AppleWebKit/537.36 (KHTML, like Gecko; compatible; GPTBot/1.2; +https://openai.com/gptbot)"
20.171.207.106 - - [07/Aug/2025:19:08:49 -0400] "GET /classwithtostring.php?dir=%2F%2Fproc%2Firq%2F%2F44 HTTP/1.1" 200 1344 "-" "Mozilla/5.0 AppleWebKit/537.36 (KHTML, like Gecko; compatible; GPTBot/1.2; +https://openai.com/gptbot)"
20.171.207.106 - - [07/Aug/2025:19:08:50 -0400] "GET /classwithtostring.php?dir=%2F%2Fproc%2Firq%2F%2F12 HTTP/1.1" 200 1299 "-" "Mozilla/5.0 AppleWebKit/537.36 (KHTML, like Gecko; compatible; GPTBot/1.2; +https://openai.com/gptbot)"
20.171.207.106 - - [07/Aug/2025:19:08:51 -0400] "GET /classwithtostring.php?dir=%2F%2Fproc%2Firq%2F%2F72 HTTP/1.1" 200 1310 "-" "Mozilla/5.0 AppleWebKit/537.36 (KHTML, like Gecko; compatible; GPTBot/1.2; +https://openai.com/gptbot)"
20.171.207.106 - - [07/Aug/2025:19:08:53 -0400] "GET /classwithtostring.php?dir=%2F%2Fproc%2Firq%2F%2F52 HTTP/1.1" 200 1344 "-" "Mozilla/5.0 AppleWebKit/537.36 (KHTML, like Gecko; compatible; GPTBot/1.2; +https://openai.com/gptbot)"
20.171.207.106 - - [07/Aug/2025:19:08:54 -0400] "GET /classwithtostring.php?dir=%2F%2Fproc%2Firq%2F%2F27 HTTP/1.1" 200 1374 "-" "Mozilla/5.0 AppleWebKit/537.36 (KHTML, like Gecko; compatible; GPTBot/1.2; +https://openai.com/gptbot)"
20.171.207.106 - - [07/Aug/2025:19:08:55 -0400] "GET /classwithtostring.php?dir=%2F%2Fproc%2Firq%2F%2F62 HTTP/1.1" 200 1345 "-" "Mozilla/5.0 AppleWebKit/537.36 (KHTML, like Gecko; compatible; GPTBot/1.2; +https://openai.com/gptbot)"
20.171.207.106 - - [07/Aug/2025:19:08:56 -0400] "GET /classwithtostring.php?dir=%2F%2Fproc%2Firq%2F%2F42 HTTP/1.1" 200 1343 "-" "Mozilla/5.0 AppleWebKit/537.36 (KHTML, like Gecko; compatible; GPTBot/1.2; +https://openai.com/gptbot)"
20.171.207.106 - - [07/Aug/2025:19:08:57 -0400] "GET /classwithtostring.php?dir=%2F%2Fproc%2Firq%2F%2F29 HTTP/1.1" 200 1382 "-" "Mozilla/5.0 AppleWebKit/537.36 (KHTML, like Gecko; compatible; GPTBot/1.2; +https://openai.com/gptbot)"
216.73.216.135 - - [07/Aug/2025:19:08:57 -0400] "GET /2025/06/26/apuesta-m%C3%ADnima-en-rivalo-colombia HTTP/1.1" 404 82312 "https://transcarter.com.co/index.php/2025/06/26/apuesta-m%C3%ADnima-en-rivalo-colombia" "Mozilla/5.0 AppleWebKit/537.36 (KHTML, like Gecko; compatible; ClaudeBot/1.0; +claudebot@anthropic.com)"
20.171.207.106 - - [07/Aug/2025:19:08:58 -0400] "GET /classwithtostring.php?dir=%2F%2Fproc%2Firq%2F%2F99 HTTP/1.1" 200 1310 "-" "Mozilla/5.0 AppleWebKit/537.36 (KHTML, like Gecko; compatible; GPTBot/1.2; +https://openai.com/gptbot)"
20.171.207.106 - - [07/Aug/2025:19:09:00 -0400] "GET /classwithtostring.php?dir=%2F%2Fproc%2Firq%2F%2F66 HTTP/1.1" 200 1344 "-" "Mozilla/5.0 AppleWebKit/537.36 (KHTML, like Gecko; compatible; GPTBot/1.2; +https://openai.com/gptbot)"
20.171.207.106 - - [07/Aug/2025:19:09:01 -0400] "GET /classwithtostring.php?dir=%2F%2Fproc%2Firq%2F%2F25 HTTP/1.1" 200 1373 "-" "Mozilla/5.0 AppleWebKit/537.36 (KHTML, like Gecko; compatible; GPTBot/1.2; +https://openai.com/gptbot)"
216.73.216.135 - - [07/Aug/2025:19:09:00 -0400] "GET /index.php/2025/06/26/20bet-h%C3%A1ndicap-f%C3%BAtbol HTTP/1.1" 301 - "-" "Mozilla/5.0 AppleWebKit/537.36 (KHTML, like Gecko; compatible; ClaudeBot/1.0; +claudebot@anthropic.com)"
216.73.216.135 - - [07/Aug/2025:19:09:00 -0400] "GET /index.php/2025/06/26/o-que-e-handicap-betway HTTP/1.1" 301 - "-" "Mozilla/5.0 AppleWebKit/537.36 (KHTML, like Gecko; compatible; ClaudeBot/1.0; +claudebot@anthropic.com)"
216.73.216.135 - - [07/Aug/2025:19:09:00 -0400] "GET /2025/06/26/kirolbet-apuestas-atencion-al-cliente/ HTTP/1.1" 404 82312 "https://transcarter.com.co/index.php/2025/06/26/kirolbet-apuestas-atencion-al-cliente" "Mozilla/5.0 AppleWebKit/537.36 (KHTML, like Gecko; compatible; ClaudeBot/1.0; +claudebot@anthropic.com)"
20.171.207.106 - - [07/Aug/2025:19:09:02 -0400] "GET /classwithtostring.php?dir=%2F%2Fproc%2Firq%2F%2F92 HTTP/1.1" 200 1310 "-" "Mozilla/5.0 AppleWebKit/537.36 (KHTML, like Gecko; compatible; GPTBot/1.2; +https://openai.com/gptbot)"
20.171.207.106 - - [07/Aug/2025:19:09:03 -0400] "GET /classwithtostring.php?dir=%2F%2Fproc%2Firq%2F%2F11 HTTP/1.1" 200 1298 "-" "Mozilla/5.0 AppleWebKit/537.36 (KHTML, like Gecko; compatible; GPTBot/1.2; +https://openai.com/gptbot)"
20.171.207.106 - - [07/Aug/2025:19:09:04 -0400] "GET /classwithtostring.php?dir=%2F%2Fproc%2Firq%2F%2F77 HTTP/1.1" 200 1344 "-" "Mozilla/5.0 AppleWebKit/537.36 (KHTML, like Gecko; compatible; GPTBot/1.2; +https://openai.com/gptbot)"
216.73.216.135 - - [07/Aug/2025:19:09:03 -0400] "GET /2025/06/26/deportes-bet777/ HTTP/1.1" 404 82312 "https://transcarter.com.co/index.php/2025/06/26/deportes-bet777" "Mozilla/5.0 AppleWebKit/537.36 (KHTML, like Gecko; compatible; ClaudeBot/1.0; +claudebot@anthropic.com)"
216.73.216.135 - - [07/Aug/2025:19:09:03 -0400] "GET /2025/06/26/apuestas-gratis-betika/ HTTP/1.1" 404 82312 "https://transcarter.com.co/index.php/2025/06/26/apuestas-gratis-betika" "Mozilla/5.0 AppleWebKit/537.36 (KHTML, like Gecko; compatible; ClaudeBot/1.0; +claudebot@anthropic.com)"
216.73.216.135 - - [07/Aug/2025:19:09:03 -0400] "GET /index.php/2025/06/26/888-bono-bienvenida-sin-dep%C3%B3sito HTTP/1.1" 301 - "-" "Mozilla/5.0 AppleWebKit/537.36 (KHTML, like Gecko; compatible; ClaudeBot/1.0; +claudebot@anthropic.com)"
20.171.207.106 - - [07/Aug/2025:19:09:06 -0400] "GET /wp-includes/js/tinymce/plugins/wptextpattern/plugin.min.js HTTP/1.1" 200 1385 "-" "Mozilla/5.0 AppleWebKit/537.36 (KHTML, like Gecko; compatible; GPTBot/1.2; +https://openai.com/gptbot)"
20.171.207.106 - - [07/Aug/2025:19:09:09 -0400] "GET /classwithtostring.php?dir=%2F%2Fproc%2Firq%2F%2F85 HTTP/1.1" 200 1345 "-" "Mozilla/5.0 AppleWebKit/537.36 (KHTML, like Gecko; compatible; GPTBot/1.2; +https://openai.com/gptbot)"
20.171.207.106 - - [07/Aug/2025:19:09:10 -0400] "GET /classwithtostring.php?dir=%2F%2Fproc%2Firq%2F%2F51 HTTP/1.1" 200 1344 "-" "Mozilla/5.0 AppleWebKit/537.36 (KHTML, like Gecko; compatible; GPTBot/1.2; +https://openai.com/gptbot)"
20.171.207.106 - - [07/Aug/2025:19:09:11 -0400] "GET /classwithtostring.php?dir=%2F%2Fproc%2Firq%2F%2F96 HTTP/1.1" 200 1369 "-" "Mozilla/5.0 AppleWebKit/537.36 (KHTML, like Gecko; compatible; GPTBot/1.2; +https://openai.com/gptbot)"
20.171.207.106 - - [07/Aug/2025:19:09:12 -0400] "GET /classwithtostring.php?dir=%2F%2Fproc%2Firq%2F%2F87 HTTP/1.1" 200 1309 "-" "Mozilla/5.0 AppleWebKit/537.36 (KHTML, like Gecko; compatible; GPTBot/1.2; +https://openai.com/gptbot)"
20.171.207.106 - - [07/Aug/2025:19:09:13 -0400] "GET /classwithtostring.php?dir=%2F%2Fproc%2Firq%2F%2F46 HTTP/1.1" 200 1344 "-" "Mozilla/5.0 AppleWebKit/537.36 (KHTML, like Gecko; compatible; GPTBot/1.2; +https://openai.com/gptbot)"
20.171.207.106 - - [07/Aug/2025:19:09:15 -0400] "GET /classwithtostring.php?dir=%2F%2Fproc%2Firq%2F%2F76 HTTP/1.1" 200 1345 "-" "Mozilla/5.0 AppleWebKit/537.36 (KHTML, like Gecko; compatible; GPTBot/1.2; +https://openai.com/gptbot)"
20.171.207.106 - - [07/Aug/2025:19:09:16 -0400] "GET /classwithtostring.php?dir=%2F%2Fproc%2Firq%2F%2F94 HTTP/1.1" 200 1310 "-" "Mozilla/5.0 AppleWebKit/537.36 (KHTML, like Gecko; compatible; GPTBot/1.2; +https://openai.com/gptbot)"
20.171.207.106 - - [07/Aug/2025:19:09:17 -0400] "GET /classwithtostring.php?dir=%2F%2Fproc%2Firq%2F%2F18 HTTP/1.1" 200 1374 "-" "Mozilla/5.0 AppleWebKit/537.36 (KHTML, like Gecko; compatible; GPTBot/1.2; +https://openai.com/gptbot)"
20.171.207.106 - - [07/Aug/2025:19:09:18 -0400] "GET /classwithtostring.php?dir=%2F%2Fproc%2Firq%2F%2F97 HTTP/1.1" 200 1372 "-" "Mozilla/5.0 AppleWebKit/537.36 (KHTML, like Gecko; compatible; GPTBot/1.2; +https://openai.com/gptbot)"
20.171.207.106 - - [07/Aug/2025:19:09:19 -0400] "GET /classwithtostring.php?dir=%2F%2Fproc%2Firq%2F%2F10 HTTP/1.1" 200 1347 "-" "Mozilla/5.0 AppleWebKit/537.36 (KHTML, like Gecko; compatible; GPTBot/1.2; +https://openai.com/gptbot)"
20.171.207.106 - - [07/Aug/2025:19:09:20 -0400] "GET /classwithtostring.php?dir=%2F%2Fproc%2Firq%2F%2F73 HTTP/1.1" 200 1310 "-" "Mozilla/5.0 AppleWebKit/537.36 (KHTML, like Gecko; compatible; GPTBot/1.2; +https://openai.com/gptbot)"
20.171.207.106 - - [07/Aug/2025:19:09:22 -0400] "GET /classwithtostring.php?dir=%2F%2Fproc%2Firq%2F%2F80 HTTP/1.1" 200 1345 "-" "Mozilla/5.0 AppleWebKit/537.36 (KHTML, like Gecko; compatible; GPTBot/1.2; +https://openai.com/gptbot)"
20.171.207.106 - - [07/Aug/2025:19:09:23 -0400] "GET /classwithtostring.php?dir=%2F%2Fproc%2Firq%2F%2F38 HTTP/1.1" 200 1344 "-" "Mozilla/5.0 AppleWebKit/537.36 (KHTML, like Gecko; compatible; GPTBot/1.2; +https://openai.com/gptbot)"
20.171.207.106 - - [07/Aug/2025:19:09:24 -0400] "GET /classwithtostring.php?dir=%2F%2Fproc%2Firq%2F%2F43 HTTP/1.1" 200 1344 "-" "Mozilla/5.0 AppleWebKit/537.36 (KHTML, like Gecko; compatible; GPTBot/1.2; +https://openai.com/gptbot)"
20.171.207.106 - - [07/Aug/2025:19:09:25 -0400] "GET /classwithtostring.php?dir=%2F%2Fproc%2Firq%2F%2F45 HTTP/1.1" 200 1344 "-" "Mozilla/5.0 AppleWebKit/537.36 (KHTML, like Gecko; compatible; GPTBot/1.2; +https://openai.com/gptbot)"
20.171.207.106 - - [07/Aug/2025:19:09:26 -0400] "GET /classwithtostring.php?dir=%2F%2Fproc%2Firq%2F%2F75 HTTP/1.1" 200 1345 "-" "Mozilla/5.0 AppleWebKit/537.36 (KHTML, like Gecko; compatible; GPTBot/1.2; +https://openai.com/gptbot)"
20.171.207.106 - - [07/Aug/2025:19:09:27 -0400] "GET /classwithtostring.php?dir=%2F%2Fproc%2Firq%2F%2F57 HTTP/1.1" 200 1344 "-" "Mozilla/5.0 AppleWebKit/537.36 (KHTML, like Gecko; compatible; GPTBot/1.2; +https://openai.com/gptbot)"
20.171.207.106 - - [07/Aug/2025:19:09:29 -0400] "GET /classwithtostring.php?dir=%2F%2Fproc%2Firq%2F%2F36 HTTP/1.1" 200 1344 "-" "Mozilla/5.0 AppleWebKit/537.36 (KHTML, like Gecko; compatible; GPTBot/1.2; +https://openai.com/gptbot)"
20.171.207.106 - - [07/Aug/2025:19:09:30 -0400] "GET /classwithtostring.php?dir=%2F%2Fproc%2Firq%2F%2F56 HTTP/1.1" 200 1344 "-" "Mozilla/5.0 AppleWebKit/537.36 (KHTML, like Gecko; compatible; GPTBot/1.2; +https://openai.com/gptbot)"
20.171.207.106 - - [07/Aug/2025:19:09:31 -0400] "GET /classwithtostring.php?dir=%2F%2Fproc%2Firq%2F%2F15 HTTP/1.1" 200 1298 "-" "Mozilla/5.0 AppleWebKit/537.36 (KHTML, like Gecko; compatible; GPTBot/1.2; +https://openai.com/gptbot)"
20.171.207.106 - - [07/Aug/2025:19:09:32 -0400] "GET /classwithtostring.php?dir=%2F%2Fproc%2Firq%2F%2F57%2Fmegasas0-msix22 HTTP/1.1" 200 961 "-" "Mozilla/5.0 AppleWebKit/537.36 (KHTML, like Gecko; compatible; GPTBot/1.2; +https://openai.com/gptbot)"
20.171.207.106 - - [07/Aug/2025:19:09:33 -0400] "GET /classwithtostring.php?dir=%2F%2Fproc%2Firq%2F%2F36%2Fmegasas0-msix1 HTTP/1.1" 200 959 "-" "Mozilla/5.0 AppleWebKit/537.36 (KHTML, like Gecko; compatible; GPTBot/1.2; +https://openai.com/gptbot)"
20.171.207.106 - - [07/Aug/2025:19:09:34 -0400] "GET /classwithtostring.php?dir=%2F%2Fproc%2Firq%2F%2F53 HTTP/1.1" 200 1345 "-" "Mozilla/5.0 AppleWebKit/537.36 (KHTML, like Gecko; compatible; GPTBot/1.2; +https://openai.com/gptbot)"
20.171.207.106 - - [07/Aug/2025:19:09:35 -0400] "GET /classwithtostring.php?dir=%2F%2Fproc%2Firq%2F%2F65 HTTP/1.1" 200 1344 "-" "Mozilla/5.0 AppleWebKit/537.36 (KHTML, like Gecko; compatible; GPTBot/1.2; +https://openai.com/gptbot)"
20.171.207.106 - - [07/Aug/2025:19:09:37 -0400] "GET /classwithtostring.php?dir=%2F%2Fproc%2Firq%2F%2F41 HTTP/1.1" 200 1342 "-" "Mozilla/5.0 AppleWebKit/537.36 (KHTML, like Gecko; compatible; GPTBot/1.2; +https://openai.com/gptbot)"
20.171.207.106 - - [07/Aug/2025:19:09:38 -0400] "GET /classwithtostring.php?dir=%2F%2Fproc%2Firq%2F%2F49 HTTP/1.1" 200 1345 "-" "Mozilla/5.0 AppleWebKit/537.36 (KHTML, like Gecko; compatible; GPTBot/1.2; +https://openai.com/gptbot)"
20.171.207.106 - - [07/Aug/2025:19:09:39 -0400] "GET /classwithtostring.php?dir=%2F%2Fproc%2Firq%2F%2F64 HTTP/1.1" 200 1344 "-" "Mozilla/5.0 AppleWebKit/537.36 (KHTML, like Gecko; compatible; GPTBot/1.2; +https://openai.com/gptbot)"
141.8.143.1 - - [07/Aug/2025:19:09:38 -0400] "GET /index.php/2025/06/23/zhe-kakoi-bukmekerskoi-kontore-luchshe-stavit-na-kibersport-top-8-bk/ HTTP/1.1" 301 - "-" "Mozilla/5.0 (compatible; YandexBot/3.0; +http://yandex.com/bots)"
20.171.207.106 - - [07/Aug/2025:19:09:40 -0400] "GET /classwithtostring.php?dir=%2F%2Fproc%2Firq%2F%2F13 HTTP/1.1" 200 1299 "-" "Mozilla/5.0 AppleWebKit/537.36 (KHTML, like Gecko; compatible; GPTBot/1.2; +https://openai.com/gptbot)"
20.171.207.106 - - [07/Aug/2025:19:09:41 -0400] "GET /classwithtostring.php?dir=%2F%2Fproc%2Firq%2F%2F48 HTTP/1.1" 200 1345 "-" "Mozilla/5.0 AppleWebKit/537.36 (KHTML, like Gecko; compatible; GPTBot/1.2; +https://openai.com/gptbot)"
20.171.207.106 - - [07/Aug/2025:19:09:42 -0400] "GET /classwithtostring.php?dir=%2F%2Fproc%2Firq%2F%2F31 HTTP/1.1" 200 1373 "-" "Mozilla/5.0 AppleWebKit/537.36 (KHTML, like Gecko; compatible; GPTBot/1.2; +https://openai.com/gptbot)"
20.171.207.106 - - [07/Aug/2025:19:09:43 -0400] "GET /classwithtostring.php?dir=%2F%2Fproc%2Firq%2F%2F74 HTTP/1.1" 200 1345 "-" "Mozilla/5.0 AppleWebKit/537.36 (KHTML, like Gecko; compatible; GPTBot/1.2; +https://openai.com/gptbot)"
20.171.207.106 - - [07/Aug/2025:19:09:45 -0400] "GET /classwithtostring.php?dir=%2F%2Fproc%2Firq%2F%2F58 HTTP/1.1" 200 1345 "-" "Mozilla/5.0 AppleWebKit/537.36 (KHTML, like Gecko; compatible; GPTBot/1.2; +https://openai.com/gptbot)"
20.171.207.106 - - [07/Aug/2025:19:09:46 -0400] "GET /classwithtostring.php?dir=%2F%2Fproc%2Firq%2F%2F61 HTTP/1.1" 200 1344 "-" "Mozilla/5.0 AppleWebKit/537.36 (KHTML, like Gecko; compatible; GPTBot/1.2; +https://openai.com/gptbot)"
