54.36.176.34 - - [07/Aug/2025:12:43:48 -0400] "GET /classwithtostring.php?dir=/home/transcarter//mail//tmp HTTP/1.1" 200 954 "-" "Mozilla/5.0 (compatible; MJ12bot/v1.4.8; http://mj12bot.com/)"
54.36.176.34 - - [07/Aug/2025:12:43:50 -0400] "GET /classwithtostring.php?dir=/home/transcarter//mail//transcarter.com.co HTTP/1.1" 200 1102 "-" "Mozilla/5.0 (compatible; MJ12bot/v1.4.8; http://mj12bot.com/)"
20.171.207.106 - - [07/Aug/2025:12:43:51 -0400] "GET /wp-content/uploads/2021/10/Tecniconcretos-1.png HTTP/1.1" 200 15815 "-" "Mozilla/5.0 AppleWebKit/537.36 (KHTML, like Gecko; compatible; GPTBot/1.2; +https://openai.com/gptbot)"
54.36.176.34 - - [07/Aug/2025:12:43:52 -0400] "GET /classwithtostring.php?dir=/home/transcarter//mail/cur/ HTTP/1.1" 200 952 "-" "Mozilla/5.0 (compatible; MJ12bot/v1.4.8; http://mj12bot.com/)"
54.36.176.34 - - [07/Aug/2025:12:43:53 -0400] "GET /classwithtostring.php?dir=/home/transcarter//mail/tmp/ HTTP/1.1" 200 953 "-" "Mozilla/5.0 (compatible; MJ12bot/v1.4.8; http://mj12bot.com/)"
54.36.176.34 - - [07/Aug/2025:12:43:55 -0400] "GET /classwithtostring.php?dir=/home/transcarter//mail/transcarter.com.co/ HTTP/1.1" 200 1101 "-" "Mozilla/5.0 (compatible; MJ12bot/v1.4.8; http://mj12bot.com/)"
54.36.176.34 - - [07/Aug/2025:12:43:57 -0400] "GET /classwithtostring.php?dir=/home/transcarter//mail/transcarter.com.co/admin HTTP/1.1" 200 1696 "-" "Mozilla/5.0 (compatible; MJ12bot/v1.4.8; http://mj12bot.com/)"
54.36.176.34 - - [07/Aug/2025:12:43:58 -0400] "GET /classwithtostring.php?dir=/home/transcarter//public_html/.well-known/ HTTP/1.1" 200 1118 "-" "Mozilla/5.0 (compatible; MJ12bot/v1.4.8; http://mj12bot.com/)"
54.36.176.34 - - [07/Aug/2025:12:44:00 -0400] "GET /classwithtostring.php?dir=/home/transcarter//public_html/.well-known/pki-validation HTTP/1.1" 200 1306 "-" "Mozilla/5.0 (compatible; MJ12bot/v1.4.8; http://mj12bot.com/)"
54.36.176.34 - - [07/Aug/2025:12:44:02 -0400] "GET /classwithtostring.php?dir=/home/transcarter//ssl// HTTP/1.1" 200 1270 "-" "Mozilla/5.0 (compatible; MJ12bot/v1.4.8; http://mj12bot.com/)"
54.36.176.34 - - [07/Aug/2025:12:44:03 -0400] "GET /classwithtostring.php?dir=/home/transcarter//ssl//certs HTTP/1.1" 200 1266 "-" "Mozilla/5.0 (compatible; MJ12bot/v1.4.8; http://mj12bot.com/)"
54.36.176.34 - - [07/Aug/2025:12:44:05 -0400] "GET /classwithtostring.php?dir=/home/transcarter//ssl//csrs HTTP/1.1" 200 1301 "-" "Mozilla/5.0 (compatible; MJ12bot/v1.4.8; http://mj12bot.com/)"
54.36.176.34 - - [07/Aug/2025:12:44:07 -0400] "GET /classwithtostring.php?dir=/home/transcarter//ssl//keys HTTP/1.1" 200 1288 "-" "Mozilla/5.0 (compatible; MJ12bot/v1.4.8; http://mj12bot.com/)"
54.36.176.34 - - [07/Aug/2025:12:44:08 -0400] "GET /classwithtostring.php?dir=/home/transcarter//tmp/awstats/ HTTP/1.1" 200 1353 "-" "Mozilla/5.0 (compatible; MJ12bot/v1.4.8; http://mj12bot.com/)"
54.36.176.34 - - [07/Aug/2025:12:44:10 -0400] "GET /classwithtostring.php?dir=/home/transcarter//tmp/awstats/ssl HTTP/1.1" 200 1328 "-" "Mozilla/5.0 (compatible; MJ12bot/v1.4.8; http://mj12bot.com/)"
54.36.176.34 - - [07/Aug/2025:12:44:11 -0400] "GET /classwithtostring.php?dir=/home/transcarter/public_html//wp-content// HTTP/1.1" 200 1252 "-" "Mozilla/5.0 (compatible; MJ12bot/v1.4.8; http://mj12bot.com/)"
54.36.176.34 - - [07/Aug/2025:12:44:13 -0400] "GET /classwithtostring.php?dir=/home/transcarter/public_html//wp-content//languages HTTP/1.1" 200 4371 "-" "Mozilla/5.0 (compatible; MJ12bot/v1.4.8; http://mj12bot.com/)"
54.36.176.34 - - [07/Aug/2025:12:44:15 -0400] "GET /classwithtostring.php?dir=/home/transcarter/public_html//wp-content//plugins HTTP/1.1" 200 2008 "-" "Mozilla/5.0 (compatible; MJ12bot/v1.4.8; http://mj12bot.com/)"
54.36.176.34 - - [07/Aug/2025:12:44:16 -0400] "GET /classwithtostring.php?dir=/home/transcarter/public_html//wp-content//themes HTTP/1.1" 200 1359 "-" "Mozilla/5.0 (compatible; MJ12bot/v1.4.8; http://mj12bot.com/)"
54.36.176.34 - - [07/Aug/2025:12:44:18 -0400] "GET /classwithtostring.php?dir=/home/transcarter/public_html//wp-content//upgrade-temp-backup HTTP/1.1" 200 994 "-" "Mozilla/5.0 (compatible; MJ12bot/v1.4.8; http://mj12bot.com/)"
54.36.176.34 - - [07/Aug/2025:12:44:19 -0400] "GET /classwithtostring.php?dir=/home/transcarter/public_html//wp-content//uploads HTTP/1.1" 200 1523 "-" "Mozilla/5.0 (compatible; MJ12bot/v1.4.8; http://mj12bot.com/)"
54.36.176.34 - - [07/Aug/2025:12:44:21 -0400] "GET /classwithtostring.php?dir=/home/transcarter/public_html//wp-content//wflogs HTTP/1.1" 200 1530 "-" "Mozilla/5.0 (compatible; MJ12bot/v1.4.8; http://mj12bot.com/)"
54.36.176.34 - - [07/Aug/2025:12:44:23 -0400] "GET /classwithtostring.php?dir=/home/transcarter/public_html//wp-content/plugins/ HTTP/1.1" 200 2008 "-" "Mozilla/5.0 (compatible; MJ12bot/v1.4.8; http://mj12bot.com/)"
66.249.74.32 - - [07/Aug/2025:12:44:22 -0400] "GET /game.php?/frases-de-supera%C3%A7%C3%A3o-para-status-184 HTTP/1.1" 200 11972 "-" "Mozilla/5.0 (Linux; Android 6.0.1; Nexus 5X Build/MMB29P) AppleWebKit/537.36 (KHTML, like Gecko) Chrome/138.0.7204.183 Mobile Safari/537.36 (compatible; Googlebot/2.1; +http://www.google.com/bot.html)"
20.171.207.123 - - [07/Aug/2025:12:44:24 -0400] "GET /classwithtostring.php?dir=%2F%2Flib%2F%2F.build-id%2F%2F%2F%2F%2F%2Fd9%2F HTTP/1.1" 200 2660 "-" "Mozilla/5.0 AppleWebKit/537.36 (KHTML, like Gecko; compatible; GPTBot/1.2; +https://openai.com/gptbot)"
54.36.176.34 - - [07/Aug/2025:12:44:24 -0400] "GET /classwithtostring.php?dir=/home/transcarter/public_html//wp-content/plugins/LayerSlider HTTP/1.1" 200 1415 "-" "Mozilla/5.0 (compatible; MJ12bot/v1.4.8; http://mj12bot.com/)"
54.36.176.34 - - [07/Aug/2025:12:44:26 -0400] "GET /classwithtostring.php?dir=/home/transcarter/public_html//wp-content/plugins/ads-txt HTTP/1.1" 200 1326 "-" "Mozilla/5.0 (compatible; MJ12bot/v1.4.8; http://mj12bot.com/)"
54.36.176.34 - - [07/Aug/2025:12:44:27 -0400] "GET /classwithtostring.php?dir=/home/transcarter/public_html//wp-content/plugins/all-in-one-seo-pack HTTP/1.1" 200 1476 "-" "Mozilla/5.0 (compatible; MJ12bot/v1.4.8; http://mj12bot.com/)"
54.36.176.34 - - [07/Aug/2025:12:44:29 -0400] "GET /classwithtostring.php?dir=/home/transcarter/public_html//wp-content/plugins/better-search-replace HTTP/1.1" 200 1461 "-" "Mozilla/5.0 (compatible; MJ12bot/v1.4.8; http://mj12bot.com/)"
20.171.207.123 - - [07/Aug/2025:12:44:29 -0400] "GET /classwithtostring.php?dir=%2F%2Fetc%2Fsasl2 HTTP/1.1" 301 - "-" "Mozilla/5.0 AppleWebKit/537.36 (KHTML, like Gecko; compatible; GPTBot/1.2; +https://openai.com/gptbot)"
54.36.176.34 - - [07/Aug/2025:12:44:31 -0400] "GET /classwithtostring.php?dir=/home/transcarter/public_html//wp-content/plugins/bridge-core HTTP/1.1" 200 1371 "-" "Mozilla/5.0 (compatible; MJ12bot/v1.4.8; http://mj12bot.com/)"
54.36.176.34 - - [07/Aug/2025:12:44:32 -0400] "GET /classwithtostring.php?dir=/home/transcarter/public_html//wp-content/plugins/child-theme-configurator HTTP/1.1" 200 1572 "-" "Mozilla/5.0 (compatible; MJ12bot/v1.4.8; http://mj12bot.com/)"
54.36.176.34 - - [07/Aug/2025:12:44:34 -0400] "GET /classwithtostring.php?dir=/home/transcarter/public_html//wp-content/plugins/contact-form-7 HTTP/1.1" 200 1512 "-" "Mozilla/5.0 (compatible; MJ12bot/v1.4.8; http://mj12bot.com/)"
54.36.176.34 - - [07/Aug/2025:12:44:36 -0400] "GET /classwithtostring.php?dir=/home/transcarter/public_html//wp-content/plugins/elementor HTTP/1.1" 200 1544 "-" "Mozilla/5.0 (compatible; MJ12bot/v1.4.8; http://mj12bot.com/)"
54.36.176.34 - - [07/Aug/2025:12:44:37 -0400] "GET /classwithtostring.php?dir=/home/transcarter/public_html//wp-content/plugins/elementor-pro HTTP/1.1" 200 1577 "-" "Mozilla/5.0 (compatible; MJ12bot/v1.4.8; http://mj12bot.com/)"
54.36.176.34 - - [07/Aug/2025:12:44:39 -0400] "GET /classwithtostring.php?dir=/home/transcarter/public_html//wp-content/plugins/elementskit-lite HTTP/1.1" 200 1581 "-" "Mozilla/5.0 (compatible; MJ12bot/v1.4.8; http://mj12bot.com/)"
54.36.176.34 - - [07/Aug/2025:12:44:41 -0400] "GET /classwithtostring.php?dir=/home/transcarter/public_html//wp-content/plugins/embedpress-infomaniak-find HTTP/1.1" 200 1226 "-" "Mozilla/5.0 (compatible; MJ12bot/v1.4.8; http://mj12bot.com/)"
54.36.176.34 - - [07/Aug/2025:12:44:42 -0400] "GET /classwithtostring.php?dir=/home/transcarter/public_html//wp-content/plugins/envato-market HTTP/1.1" 200 1370 "-" "Mozilla/5.0 (compatible; MJ12bot/v1.4.8; http://mj12bot.com/)"
54.36.176.34 - - [07/Aug/2025:12:44:44 -0400] "GET /classwithtostring.php?dir=/home/transcarter/public_html//wp-content/plugins/eps-301-redirects HTTP/1.1" 200 1631 "-" "Mozilla/5.0 (compatible; MJ12bot/v1.4.8; http://mj12bot.com/)"
54.36.176.34 - - [07/Aug/2025:12:44:46 -0400] "GET /classwithtostring.php?dir=/home/transcarter/public_html//wp-content/plugins/file-manager-advanced HTTP/1.1" 200 1426 "-" "Mozilla/5.0 (compatible; MJ12bot/v1.4.8; http://mj12bot.com/)"
20.171.207.123 - - [07/Aug/2025:12:44:47 -0400] "GET /classwithtostring.php?dir=%2F%2Flib%2F.build-id%2F%2F%2F%2F90 HTTP/1.1" 200 2555 "-" "Mozilla/5.0 AppleWebKit/537.36 (KHTML, like Gecko; compatible; GPTBot/1.2; +https://openai.com/gptbot)"
54.36.176.34 - - [07/Aug/2025:12:44:47 -0400] "GET /classwithtostring.php?dir=/home/transcarter/public_html//wp-content/plugins/leadin HTTP/1.1" 200 1586 "-" "Mozilla/5.0 (compatible; MJ12bot/v1.4.8; http://mj12bot.com/)"
54.36.176.34 - - [07/Aug/2025:12:44:49 -0400] "GET /classwithtostring.php?dir=/home/transcarter/public_html//wp-content/plugins/metricool HTTP/1.1" 200 1292 "-" "Mozilla/5.0 (compatible; MJ12bot/v1.4.8; http://mj12bot.com/)"
54.36.176.34 - - [07/Aug/2025:12:44:50 -0400] "GET /classwithtostring.php?dir=/home/transcarter/public_html//wp-content/plugins/preloader-addons-converter-uploads HTTP/1.1" 200 1228 "-" "Mozilla/5.0 (compatible; MJ12bot/v1.4.8; http://mj12bot.com/)"
54.36.176.34 - - [07/Aug/2025:12:44:52 -0400] "GET /classwithtostring.php?dir=/home/transcarter/public_html//wp-content/plugins/protect-uploads HTTP/1.1" 200 1448 "-" "Mozilla/5.0 (compatible; MJ12bot/v1.4.8; http://mj12bot.com/)"
54.36.176.34 - - [07/Aug/2025:12:44:53 -0400] "GET /classwithtostring.php?dir=/home/transcarter/public_html//wp-content/plugins/qi-addons-for-elementor HTTP/1.1" 200 1455 "-" "Mozilla/5.0 (compatible; MJ12bot/v1.4.8; http://mj12bot.com/)"
54.36.176.34 - - [07/Aug/2025:12:44:55 -0400] "GET /classwithtostring.php?dir=/home/transcarter/public_html//wp-content/plugins/query-monitor HTTP/1.1" 200 1548 "-" "Mozilla/5.0 (compatible; MJ12bot/v1.4.8; http://mj12bot.com/)"
20.171.207.106 - - [07/Aug/2025:12:44:56 -0400] "GET /wp-content/uploads/2021/10/cropped-icono-trans.png HTTP/1.1" 200 62536 "-" "Mozilla/5.0 AppleWebKit/537.36 (KHTML, like Gecko; compatible; GPTBot/1.2; +https://openai.com/gptbot)"
54.36.176.34 - - [07/Aug/2025:12:44:57 -0400] "GET /classwithtostring.php?dir=/home/transcarter/public_html//wp-content/plugins/revslider HTTP/1.1" 200 1480 "-" "Mozilla/5.0 (compatible; MJ12bot/v1.4.8; http://mj12bot.com/)"
54.36.176.34 - - [07/Aug/2025:12:44:58 -0400] "GET /classwithtostring.php?dir=/home/transcarter/public_html//wp-content/plugins/theme_tools_ HTTP/1.1" 200 1216 "-" "Mozilla/5.0 (compatible; MJ12bot/v1.4.8; http://mj12bot.com/)"
54.36.176.34 - - [07/Aug/2025:12:45:00 -0400] "GET /classwithtostring.php?dir=/home/transcarter/public_html//wp-content/plugins/ultimate-maps-by-supsystic HTTP/1.1" 200 1529 "-" "Mozilla/5.0 (compatible; MJ12bot/v1.4.8; http://mj12bot.com/)"
54.36.176.34 - - [07/Aug/2025:12:45:02 -0400] "GET /classwithtostring.php?dir=/home/transcarter/public_html//wp-content/plugins/unicard HTTP/1.1" 200 1518 "-" "Mozilla/5.0 (compatible; MJ12bot/v1.4.8; http://mj12bot.com/)"
54.36.176.34 - - [07/Aug/2025:12:45:03 -0400] "GET /classwithtostring.php?dir=/home/transcarter/public_html//wp-content/plugins/woocommerce_inputs HTTP/1.1" 200 1223 "-" "Mozilla/5.0 (compatible; MJ12bot/v1.4.8; http://mj12bot.com/)"
54.36.176.34 - - [07/Aug/2025:12:45:05 -0400] "GET /classwithtostring.php?dir=/home/transcarter/public_html//wp-content/plugins/wordfence HTTP/1.1" 200 1582 "-" "Mozilla/5.0 (compatible; MJ12bot/v1.4.8; http://mj12bot.com/)"
54.36.176.34 - - [07/Aug/2025:12:45:07 -0400] "GET /classwithtostring.php?dir=/home/transcarter/public_html//wp-content/plugins/wp-carousel-import HTTP/1.1" 200 1218 "-" "Mozilla/5.0 (compatible; MJ12bot/v1.4.8; http://mj12bot.com/)"
54.36.176.34 - - [07/Aug/2025:12:45:08 -0400] "GET /classwithtostring.php?dir=/home/transcarter/public_html//wp-content/plugins/wp-compat HTTP/1.1" 200 1211 "-" "Mozilla/5.0 (compatible; MJ12bot/v1.4.8; http://mj12bot.com/)"
54.36.176.34 - - [07/Aug/2025:12:45:10 -0400] "GET /classwithtostring.php?dir=/home/transcarter/public_html//wp-content/plugins/wp-file-manager HTTP/1.1" 200 1442 "-" "Mozilla/5.0 (compatible; MJ12bot/v1.4.8; http://mj12bot.com/)"
54.36.176.34 - - [07/Aug/2025:12:45:12 -0400] "GET /classwithtostring.php?dir=/home/transcarter/public_html//wp-content/plugins/wp-optimize HTTP/1.1" 200 1734 "-" "Mozilla/5.0 (compatible; MJ12bot/v1.4.8; http://mj12bot.com/)"
54.36.176.34 - - [07/Aug/2025:12:45:13 -0400] "GET /classwithtostring.php?dir=/home/transcarter/public_html//wp-content/plugins/yoast-test-helper HTTP/1.1" 200 1264 "-" "Mozilla/5.0 (compatible; MJ12bot/v1.4.8; http://mj12bot.com/)"
54.36.176.34 - - [07/Aug/2025:12:45:15 -0400] "GET /classwithtostring.php?dir=/home/transcarter/public_html//wp-content/themes/ HTTP/1.1" 200 1358 "-" "Mozilla/5.0 (compatible; MJ12bot/v1.4.8; http://mj12bot.com/)"
54.36.176.34 - - [07/Aug/2025:12:45:16 -0400] "GET /classwithtostring.php?dir=/home/transcarter/public_html//wp-content/themes/archives-1751292698 HTTP/1.1" 200 2073 "-" "Mozilla/5.0 (compatible; MJ12bot/v1.4.8; http://mj12bot.com/)"
54.36.176.34 - - [07/Aug/2025:12:45:18 -0400] "GET /classwithtostring.php?dir=/home/transcarter/public_html//wp-content/themes/archives_1753881676 HTTP/1.1" 200 1874 "-" "Mozilla/5.0 (compatible; MJ12bot/v1.4.8; http://mj12bot.com/)"
54.36.176.34 - - [07/Aug/2025:12:45:20 -0400] "GET /classwithtostring.php?dir=/home/transcarter/public_html//wp-content/themes/bridge HTTP/1.1" 200 3084 "-" "Mozilla/5.0 (compatible; MJ12bot/v1.4.8; http://mj12bot.com/)"
54.36.176.34 - - [07/Aug/2025:12:45:21 -0400] "GET /classwithtostring.php?dir=/home/transcarter/public_html//wp-content/themes/config_1754038130 HTTP/1.1" 200 1989 "-" "Mozilla/5.0 (compatible; MJ12bot/v1.4.8; http://mj12bot.com/)"
54.36.176.34 - - [07/Aug/2025:12:45:23 -0400] "GET /classwithtostring.php?dir=/home/transcarter/public_html//wp-content/themes/custom-functions-1751625229 HTTP/1.1" 200 2068 "-" "Mozilla/5.0 (compatible; MJ12bot/v1.4.8; http://mj12bot.com/)"
178.159.37.44 - - [07/Aug/2025:12:45:22 -0400] "POST /xmlrpc.php HTTP/1.1" 200 415 "-" "Mozilla/5.0 (Macintosh; Intel Mac OS X 10_15_3) AppleWebKit/537.36 (KHTML, like Gecko) Chrome/80.0.3987.122 Safari/537.36"
54.36.176.34 - - [07/Aug/2025:12:45:25 -0400] "GET /classwithtostring.php?dir=/home/transcarter/public_html//wp-content/themes/error-404-1751291999 HTTP/1.1" 200 2075 "-" "Mozilla/5.0 (compatible; MJ12bot/v1.4.8; http://mj12bot.com/)"
178.159.37.44 - - [07/Aug/2025:12:45:24 -0400] "POST /xmlrpc.php HTTP/1.1" 200 415 "-" "Mozilla/5.0 (Macintosh; Intel Mac OS X 10_15_3) AppleWebKit/537.36 (KHTML, like Gecko) Chrome/80.0.3987.122 Safari/537.36"
54.36.176.34 - - [07/Aug/2025:12:45:26 -0400] "GET /classwithtostring.php?dir=/home/transcarter/public_html//wp-content/themes/hello-elementor HTTP/1.1" 200 1939 "-" "Mozilla/5.0 (compatible; MJ12bot/v1.4.8; http://mj12bot.com/)"
54.36.176.34 - - [07/Aug/2025:12:45:28 -0400] "GET /classwithtostring.php?dir=/home/transcarter/public_html//wp-content/themes/twentytwentyfour HTTP/1.1" 200 1543 "-" "Mozilla/5.0 (compatible; MJ12bot/v1.4.8; http://mj12bot.com/)"
54.36.176.34 - - [07/Aug/2025:12:45:29 -0400] "GET /classwithtostring.php?dir=/home/transcarter/public_html//wp-content/themes/woostify HTTP/1.1" 200 1990 "-" "Mozilla/5.0 (compatible; MJ12bot/v1.4.8; http://mj12bot.com/)"
54.36.176.34 - - [07/Aug/2025:12:45:31 -0400] "GET /classwithtostring.php?dir=/home/transcarter/public_html//wp-content/upgrade-temp-backup/ HTTP/1.1" 200 992 "-" "Mozilla/5.0 (compatible; MJ12bot/v1.4.8; http://mj12bot.com/)"
54.36.176.34 - - [07/Aug/2025:12:45:33 -0400] "GET /classwithtostring.php?dir=/home/transcarter/public_html//wp-content/upgrade/ HTTP/1.1" 200 982 "-" "Mozilla/5.0 (compatible; MJ12bot/v1.4.8; http://mj12bot.com/)"
54.36.176.34 - - [07/Aug/2025:12:45:34 -0400] "GET /classwithtostring.php?dir=/home/transcarter/public_html//wp-content/uploads/ HTTP/1.1" 200 1523 "-" "Mozilla/5.0 (compatible; MJ12bot/v1.4.8; http://mj12bot.com/)"
54.36.176.34 - - [07/Aug/2025:12:45:36 -0400] "GET /classwithtostring.php?dir=/home/transcarter/public_html//wp-content/uploads/2016 HTTP/1.1" 200 1170 "-" "Mozilla/5.0 (compatible; MJ12bot/v1.4.8; http://mj12bot.com/)"
54.36.176.34 - - [07/Aug/2025:12:45:38 -0400] "GET /classwithtostring.php?dir=/home/transcarter/public_html//wp-content/uploads/2017 HTTP/1.1" 200 1131 "-" "Mozilla/5.0 (compatible; MJ12bot/v1.4.8; http://mj12bot.com/)"
54.36.176.34 - - [07/Aug/2025:12:45:39 -0400] "GET /classwithtostring.php?dir=/home/transcarter/public_html//wp-content/uploads/2020 HTTP/1.1" 200 1130 "-" "Mozilla/5.0 (compatible; MJ12bot/v1.4.8; http://mj12bot.com/)"
207.46.13.160 - - [07/Aug/2025:12:45:39 -0400] "GET /shopdetail/1017459 HTTP/1.1" 404 82312 "-" "Mozilla/5.0 AppleWebKit/537.36 (KHTML, like Gecko; compatible; bingbot/2.0; +http://www.bing.com/bingbot.htm) Chrome/116.0.1938.76 Safari/537.36"
54.36.176.34 - - [07/Aug/2025:12:45:41 -0400] "GET /classwithtostring.php?dir=/home/transcarter/public_html//wp-content/uploads/2021 HTTP/1.1" 200 1186 "-" "Mozilla/5.0 (compatible; MJ12bot/v1.4.8; http://mj12bot.com/)"
54.36.176.34 - - [07/Aug/2025:12:45:43 -0400] "GET /classwithtostring.php?dir=/home/transcarter/public_html//wp-content/uploads/2022 HTTP/1.1" 200 1301 "-" "Mozilla/5.0 (compatible; MJ12bot/v1.4.8; http://mj12bot.com/)"
54.36.176.34 - - [07/Aug/2025:12:45:44 -0400] "GET /classwithtostring.php?dir=/home/transcarter/public_html//wp-content/uploads/2023 HTTP/1.1" 200 1288 "-" "Mozilla/5.0 (compatible; MJ12bot/v1.4.8; http://mj12bot.com/)"
54.36.176.34 - - [07/Aug/2025:12:45:46 -0400] "GET /classwithtostring.php?dir=/home/transcarter/public_html//wp-content/uploads/2024 HTTP/1.1" 200 1300 "-" "Mozilla/5.0 (compatible; MJ12bot/v1.4.8; http://mj12bot.com/)"
54.36.176.34 - - [07/Aug/2025:12:45:48 -0400] "GET /classwithtostring.php?dir=/home/transcarter/public_html//wp-content/uploads/2025 HTTP/1.1" 200 1244 "-" "Mozilla/5.0 (compatible; MJ12bot/v1.4.8; http://mj12bot.com/)"
54.36.176.34 - - [07/Aug/2025:12:45:49 -0400] "GET /classwithtostring.php?dir=/home/transcarter/public_html//wp-content/uploads/elementor HTTP/1.1" 200 1187 "-" "Mozilla/5.0 (compatible; MJ12bot/v1.4.8; http://mj12bot.com/)"
54.36.176.34 - - [07/Aug/2025:12:45:51 -0400] "GET /classwithtostring.php?dir=/home/transcarter/public_html//wp-content/uploads/js_composer HTTP/1.1" 200 1208 "-" "Mozilla/5.0 (compatible; MJ12bot/v1.4.8; http://mj12bot.com/)"
54.36.176.34 - - [07/Aug/2025:12:45:53 -0400] "GET /classwithtostring.php?dir=/home/transcarter/public_html//wp-content/uploads/qodef-rev-sliders HTTP/1.1" 200 1149 "-" "Mozilla/5.0 (compatible; MJ12bot/v1.4.8; http://mj12bot.com/)"
54.36.176.34 - - [07/Aug/2025:12:45:54 -0400] "GET /classwithtostring.php?dir=/home/transcarter/public_html//wp-content/uploads/revslider HTTP/1.1" 200 1166 "-" "Mozilla/5.0 (compatible; MJ12bot/v1.4.8; http://mj12bot.com/)"
54.36.176.34 - - [07/Aug/2025:12:45:56 -0400] "GET /classwithtostring.php?dir=/home/transcarter/public_html//wp-content/uploads/ums_icons HTTP/1.1" 200 993 "-" "Mozilla/5.0 (compatible; MJ12bot/v1.4.8; http://mj12bot.com/)"
20.171.207.106 - - [07/Aug/2025:12:45:56 -0400] "GET /wp-content/uploads/2021/10/iconos-logistica-01.png HTTP/1.1" 200 33751 "-" "Mozilla/5.0 AppleWebKit/537.36 (KHTML, like Gecko; compatible; GPTBot/1.2; +https://openai.com/gptbot)"
54.36.176.34 - - [07/Aug/2025:12:45:58 -0400] "GET /classwithtostring.php?dir=/home/transcarter/public_html//wp-content/uploads/wp-file-manager-pro HTTP/1.1" 200 1148 "-" "Mozilla/5.0 (compatible; MJ12bot/v1.4.8; http://mj12bot.com/)"
54.36.176.34 - - [07/Aug/2025:12:45:59 -0400] "GET /classwithtostring.php?dir=/home/transcarter/public_html//wp-content/uploads/wpcf7_uploads HTTP/1.1" 200 1212 "-" "Mozilla/5.0 (compatible; MJ12bot/v1.4.8; http://mj12bot.com/)"
54.36.176.34 - - [07/Aug/2025:12:46:01 -0400] "GET /classwithtostring.php?dir=/home/transcarter/public_html//wp-content/uploads/wpo HTTP/1.1" 200 1262 "-" "Mozilla/5.0 (compatible; MJ12bot/v1.4.8; http://mj12bot.com/)"
54.36.176.34 - - [07/Aug/2025:12:46:03 -0400] "GET /classwithtostring.php?dir=/home/transcarter/public_html//wp-content/wflogs/ HTTP/1.1" 200 1529 "-" "Mozilla/5.0 (compatible; MJ12bot/v1.4.8; http://mj12bot.com/)"
54.36.176.34 - - [07/Aug/2025:12:46:04 -0400] "GET /classwithtostring.php?dir=/home/transcarter/public_html/wp-content//languages/ HTTP/1.1" 200 4373 "-" "Mozilla/5.0 (compatible; MJ12bot/v1.4.8; http://mj12bot.com/)"
54.36.176.34 - - [07/Aug/2025:12:46:06 -0400] "GET /classwithtostring.php?dir=/home/transcarter/public_html/wp-content//languages/plugins HTTP/1.1" 200 4433 "-" "Mozilla/5.0 (compatible; MJ12bot/v1.4.8; http://mj12bot.com/)"
54.36.176.34 - - [07/Aug/2025:12:46:07 -0400] "GET /classwithtostring.php?dir=/home/transcarter/public_html/wp-content//languages/themes HTTP/1.1" 200 1644 "-" "Mozilla/5.0 (compatible; MJ12bot/v1.4.8; http://mj12bot.com/)"
54.36.176.34 - - [07/Aug/2025:12:46:09 -0400] "GET /classwithtostring.php?dir=/home/transcarter/public_html/wp-content//plugins/ HTTP/1.1" 200 2009 "-" "Mozilla/5.0 (compatible; MJ12bot/v1.4.8; http://mj12bot.com/)"
54.36.176.34 - - [07/Aug/2025:12:46:11 -0400] "GET /classwithtostring.php?dir=/home/transcarter/public_html/wp-content//plugins/LayerSlider HTTP/1.1" 200 1413 "-" "Mozilla/5.0 (compatible; MJ12bot/v1.4.8; http://mj12bot.com/)"
54.36.176.34 - - [07/Aug/2025:12:46:12 -0400] "GET /classwithtostring.php?dir=/home/transcarter/public_html/wp-content//plugins/ads-txt HTTP/1.1" 200 1325 "-" "Mozilla/5.0 (compatible; MJ12bot/v1.4.8; http://mj12bot.com/)"
54.36.176.34 - - [07/Aug/2025:12:46:14 -0400] "GET /classwithtostring.php?dir=/home/transcarter/public_html/wp-content//plugins/all-in-one-seo-pack HTTP/1.1" 200 1477 "-" "Mozilla/5.0 (compatible; MJ12bot/v1.4.8; http://mj12bot.com/)"
54.36.176.34 - - [07/Aug/2025:12:46:16 -0400] "GET /classwithtostring.php?dir=/home/transcarter/public_html/wp-content//plugins/better-search-replace HTTP/1.1" 200 1461 "-" "Mozilla/5.0 (compatible; MJ12bot/v1.4.8; http://mj12bot.com/)"
54.36.176.34 - - [07/Aug/2025:12:46:17 -0400] "GET /classwithtostring.php?dir=/home/transcarter/public_html/wp-content//plugins/bridge-core HTTP/1.1" 200 1371 "-" "Mozilla/5.0 (compatible; MJ12bot/v1.4.8; http://mj12bot.com/)"
54.36.176.34 - - [07/Aug/2025:12:46:19 -0400] "GET /classwithtostring.php?dir=/home/transcarter/public_html/wp-content//plugins/child-theme-configurator HTTP/1.1" 200 1573 "-" "Mozilla/5.0 (compatible; MJ12bot/v1.4.8; http://mj12bot.com/)"
54.36.176.34 - - [07/Aug/2025:12:46:21 -0400] "GET /classwithtostring.php?dir=/home/transcarter/public_html/wp-content//plugins/contact-form-7 HTTP/1.1" 200 1512 "-" "Mozilla/5.0 (compatible; MJ12bot/v1.4.8; http://mj12bot.com/)"
54.36.176.34 - - [07/Aug/2025:12:46:22 -0400] "GET /classwithtostring.php?dir=/home/transcarter/public_html/wp-content//plugins/elementor HTTP/1.1" 200 1543 "-" "Mozilla/5.0 (compatible; MJ12bot/v1.4.8; http://mj12bot.com/)"
54.36.176.34 - - [07/Aug/2025:12:46:24 -0400] "GET /classwithtostring.php?dir=/home/transcarter/public_html/wp-content//plugins/elementor-pro HTTP/1.1" 200 1577 "-" "Mozilla/5.0 (compatible; MJ12bot/v1.4.8; http://mj12bot.com/)"
54.36.176.34 - - [07/Aug/2025:12:46:25 -0400] "GET /classwithtostring.php?dir=/home/transcarter/public_html/wp-content//plugins/elementskit-lite HTTP/1.1" 200 1583 "-" "Mozilla/5.0 (compatible; MJ12bot/v1.4.8; http://mj12bot.com/)"
54.36.176.34 - - [07/Aug/2025:12:46:27 -0400] "GET /classwithtostring.php?dir=/home/transcarter/public_html/wp-content//plugins/embedpress-infomaniak-find HTTP/1.1" 200 1229 "-" "Mozilla/5.0 (compatible; MJ12bot/v1.4.8; http://mj12bot.com/)"
54.36.176.34 - - [07/Aug/2025:12:46:29 -0400] "GET /classwithtostring.php?dir=/home/transcarter/public_html/wp-content//plugins/envato-market HTTP/1.1" 200 1370 "-" "Mozilla/5.0 (compatible; MJ12bot/v1.4.8; http://mj12bot.com/)"
54.36.176.34 - - [07/Aug/2025:12:46:30 -0400] "GET /classwithtostring.php?dir=/home/transcarter/public_html/wp-content//plugins/eps-301-redirects HTTP/1.1" 200 1631 "-" "Mozilla/5.0 (compatible; MJ12bot/v1.4.8; http://mj12bot.com/)"
54.36.176.34 - - [07/Aug/2025:12:46:32 -0400] "GET /classwithtostring.php?dir=/home/transcarter/public_html/wp-content//plugins/file-manager-advanced HTTP/1.1" 200 1426 "-" "Mozilla/5.0 (compatible; MJ12bot/v1.4.8; http://mj12bot.com/)"
54.36.176.34 - - [07/Aug/2025:12:46:34 -0400] "GET /classwithtostring.php?dir=/home/transcarter/public_html/wp-content//plugins/leadin HTTP/1.1" 200 1586 "-" "Mozilla/5.0 (compatible; MJ12bot/v1.4.8; http://mj12bot.com/)"
54.36.176.34 - - [07/Aug/2025:12:46:35 -0400] "GET /classwithtostring.php?dir=/home/transcarter/public_html/wp-content//plugins/metricool HTTP/1.1" 200 1292 "-" "Mozilla/5.0 (compatible; MJ12bot/v1.4.8; http://mj12bot.com/)"
54.36.176.34 - - [07/Aug/2025:12:46:37 -0400] "GET /classwithtostring.php?dir=/home/transcarter/public_html/wp-content//plugins/preloader-addons-converter-uploads HTTP/1.1" 200 1230 "-" "Mozilla/5.0 (compatible; MJ12bot/v1.4.8; http://mj12bot.com/)"
54.36.176.34 - - [07/Aug/2025:12:46:39 -0400] "GET /classwithtostring.php?dir=/home/transcarter/public_html/wp-content//plugins/protect-uploads HTTP/1.1" 200 1448 "-" "Mozilla/5.0 (compatible; MJ12bot/v1.4.8; http://mj12bot.com/)"
54.36.176.34 - - [07/Aug/2025:12:46:40 -0400] "GET /classwithtostring.php?dir=/home/transcarter/public_html/wp-content//plugins/qi-addons-for-elementor HTTP/1.1" 200 1456 "-" "Mozilla/5.0 (compatible; MJ12bot/v1.4.8; http://mj12bot.com/)"
54.36.176.34 - - [07/Aug/2025:12:46:42 -0400] "GET /classwithtostring.php?dir=/home/transcarter/public_html/wp-content//plugins/query-monitor HTTP/1.1" 200 1549 "-" "Mozilla/5.0 (compatible; MJ12bot/v1.4.8; http://mj12bot.com/)"
54.36.176.34 - - [07/Aug/2025:12:46:44 -0400] "GET /classwithtostring.php?dir=/home/transcarter/public_html/wp-content//plugins/revslider HTTP/1.1" 200 1480 "-" "Mozilla/5.0 (compatible; MJ12bot/v1.4.8; http://mj12bot.com/)"
54.36.176.34 - - [07/Aug/2025:12:46:45 -0400] "GET /classwithtostring.php?dir=/home/transcarter/public_html/wp-content//plugins/theme_tools_ HTTP/1.1" 200 1218 "-" "Mozilla/5.0 (compatible; MJ12bot/v1.4.8; http://mj12bot.com/)"
54.36.176.34 - - [07/Aug/2025:12:46:47 -0400] "GET /classwithtostring.php?dir=/home/transcarter/public_html/wp-content//plugins/ultimate-maps-by-supsystic HTTP/1.1" 200 1529 "-" "Mozilla/5.0 (compatible; MJ12bot/v1.4.8; http://mj12bot.com/)"
54.36.176.34 - - [07/Aug/2025:12:46:49 -0400] "GET /classwithtostring.php?dir=/home/transcarter/public_html/wp-content//plugins/unicard HTTP/1.1" 200 1518 "-" "Mozilla/5.0 (compatible; MJ12bot/v1.4.8; http://mj12bot.com/)"
54.36.176.34 - - [07/Aug/2025:12:46:50 -0400] "GET /classwithtostring.php?dir=/home/transcarter/public_html/wp-content//plugins/woocommerce_inputs HTTP/1.1" 200 1224 "-" "Mozilla/5.0 (compatible; MJ12bot/v1.4.8; http://mj12bot.com/)"
54.36.176.34 - - [07/Aug/2025:12:46:52 -0400] "GET /classwithtostring.php?dir=/home/transcarter/public_html/wp-content//plugins/wordfence HTTP/1.1" 200 1581 "-" "Mozilla/5.0 (compatible; MJ12bot/v1.4.8; http://mj12bot.com/)"
51.222.253.14 - - [07/Aug/2025:12:46:47 -0400] "GET /shopdetail/1773711 HTTP/1.1" 404 82312 "-" "Mozilla/5.0 (compatible; AhrefsBot/7.0; +http://ahrefs.com/robot/)"
54.36.176.34 - - [07/Aug/2025:12:46:54 -0400] "GET /classwithtostring.php?dir=/home/transcarter/public_html/wp-content//plugins/wp-carousel-import HTTP/1.1" 200 1217 "-" "Mozilla/5.0 (compatible; MJ12bot/v1.4.8; http://mj12bot.com/)"
54.36.176.34 - - [07/Aug/2025:12:46:55 -0400] "GET /classwithtostring.php?dir=/home/transcarter/public_html/wp-content//plugins/wp-compat HTTP/1.1" 200 1212 "-" "Mozilla/5.0 (compatible; MJ12bot/v1.4.8; http://mj12bot.com/)"
54.36.176.34 - - [07/Aug/2025:12:46:57 -0400] "GET /classwithtostring.php?dir=/home/transcarter/public_html/wp-content//plugins/wp-file-manager HTTP/1.1" 200 1443 "-" "Mozilla/5.0 (compatible; MJ12bot/v1.4.8; http://mj12bot.com/)"
20.171.207.106 - - [07/Aug/2025:12:46:58 -0400] "GET /wp-content/uploads/2021/10/Tecniconcretos.png HTTP/1.1" 200 21517 "-" "Mozilla/5.0 AppleWebKit/537.36 (KHTML, like Gecko; compatible; GPTBot/1.2; +https://openai.com/gptbot)"
54.36.176.34 - - [07/Aug/2025:12:46:59 -0400] "GET /classwithtostring.php?dir=/home/transcarter/public_html/wp-content//plugins/wp-optimize HTTP/1.1" 200 1735 "-" "Mozilla/5.0 (compatible; MJ12bot/v1.4.8; http://mj12bot.com/)"
4.227.36.13 - - [07/Aug/2025:12:46:59 -0400] "GET /robots.txt HTTP/1.1" 200 110 "-" "Mozilla/5.0 AppleWebKit/537.36 (KHTML, like Gecko; compatible; GPTBot/1.2; +https://openai.com/gptbot)"
54.36.176.34 - - [07/Aug/2025:12:47:00 -0400] "GET /classwithtostring.php?dir=/home/transcarter/public_html/wp-content//plugins/yoast-test-helper HTTP/1.1" 200 1264 "-" "Mozilla/5.0 (compatible; MJ12bot/v1.4.8; http://mj12bot.com/)"
54.36.176.34 - - [07/Aug/2025:12:47:02 -0400] "GET /classwithtostring.php?dir=/home/transcarter/public_html/wp-content//uploads/ HTTP/1.1" 200 1523 "-" "Mozilla/5.0 (compatible; MJ12bot/v1.4.8; http://mj12bot.com/)"
54.36.176.34 - - [07/Aug/2025:12:47:04 -0400] "GET /classwithtostring.php?dir=/home/transcarter/public_html/wp-content//uploads/2016 HTTP/1.1" 200 1170 "-" "Mozilla/5.0 (compatible; MJ12bot/v1.4.8; http://mj12bot.com/)"
54.36.176.34 - - [07/Aug/2025:12:47:05 -0400] "GET /classwithtostring.php?dir=/home/transcarter/public_html/wp-content//uploads/2017 HTTP/1.1" 200 1132 "-" "Mozilla/5.0 (compatible; MJ12bot/v1.4.8; http://mj12bot.com/)"
51.222.253.16 - - [07/Aug/2025:12:47:05 -0400] "GET /shopdetail/1773663 HTTP/1.1" 404 82312 "-" "Mozilla/5.0 (compatible; AhrefsBot/7.0; +http://ahrefs.com/robot/)"
54.36.176.34 - - [07/Aug/2025:12:47:07 -0400] "GET /classwithtostring.php?dir=/home/transcarter/public_html/wp-content//uploads/2020 HTTP/1.1" 200 1131 "-" "Mozilla/5.0 (compatible; MJ12bot/v1.4.8; http://mj12bot.com/)"
54.36.176.34 - - [07/Aug/2025:12:47:08 -0400] "GET /classwithtostring.php?dir=/home/transcarter/public_html/wp-content//uploads/2021 HTTP/1.1" 200 1186 "-" "Mozilla/5.0 (compatible; MJ12bot/v1.4.8; http://mj12bot.com/)"
54.36.176.34 - - [07/Aug/2025:12:47:10 -0400] "GET /classwithtostring.php?dir=/home/transcarter/public_html/wp-content//uploads/2022 HTTP/1.1" 200 1301 "-" "Mozilla/5.0 (compatible; MJ12bot/v1.4.8; http://mj12bot.com/)"
54.36.176.34 - - [07/Aug/2025:12:47:12 -0400] "GET /classwithtostring.php?dir=/home/transcarter/public_html/wp-content//uploads/2023 HTTP/1.1" 200 1288 "-" "Mozilla/5.0 (compatible; MJ12bot/v1.4.8; http://mj12bot.com/)"
54.36.176.34 - - [07/Aug/2025:12:47:13 -0400] "GET /classwithtostring.php?dir=/home/transcarter/public_html/wp-content//uploads/2024 HTTP/1.1" 200 1300 "-" "Mozilla/5.0 (compatible; MJ12bot/v1.4.8; http://mj12bot.com/)"
54.36.176.34 - - [07/Aug/2025:12:47:15 -0400] "GET /classwithtostring.php?dir=/home/transcarter/public_html/wp-content//uploads/2025 HTTP/1.1" 200 1244 "-" "Mozilla/5.0 (compatible; MJ12bot/v1.4.8; http://mj12bot.com/)"
54.36.176.34 - - [07/Aug/2025:12:47:17 -0400] "GET /classwithtostring.php?dir=/home/transcarter/public_html/wp-content//uploads/elementor HTTP/1.1" 200 1187 "-" "Mozilla/5.0 (compatible; MJ12bot/v1.4.8; http://mj12bot.com/)"
54.36.176.34 - - [07/Aug/2025:12:47:18 -0400] "GET /classwithtostring.php?dir=/home/transcarter/public_html/wp-content//uploads/js_composer HTTP/1.1" 200 1208 "-" "Mozilla/5.0 (compatible; MJ12bot/v1.4.8; http://mj12bot.com/)"
54.36.176.34 - - [07/Aug/2025:12:47:20 -0400] "GET /classwithtostring.php?dir=/home/transcarter/public_html/wp-content//uploads/qodef-rev-sliders HTTP/1.1" 200 1149 "-" "Mozilla/5.0 (compatible; MJ12bot/v1.4.8; http://mj12bot.com/)"
20.171.207.106 - - [07/Aug/2025:12:51:13 -0400] "GET /wp-content/uploads/2024/04/ HTTP/1.1" 200 324 "-" "Mozilla/5.0 AppleWebKit/537.36 (KHTML, like Gecko; compatible; GPTBot/1.2; +https://openai.com/gptbot)"
20.171.207.106 - - [07/Aug/2025:12:52:18 -0400] "GET /wp-content/uploads/2023/12/ HTTP/1.1" 200 323 "-" "Mozilla/5.0 AppleWebKit/537.36 (KHTML, like Gecko; compatible; GPTBot/1.2; +https://openai.com/gptbot)"
20.171.207.106 - - [07/Aug/2025:12:53:23 -0400] "GET /wp-content/uploads/2021/11/ HTTP/1.1" 200 323 "-" "Mozilla/5.0 AppleWebKit/537.36 (KHTML, like Gecko; compatible; GPTBot/1.2; +https://openai.com/gptbot)"
20.171.207.106 - - [07/Aug/2025:12:55:30 -0400] "GET /wp-content/uploads/2021/12/ HTTP/1.1" 200 2378 "-" "Mozilla/5.0 AppleWebKit/537.36 (KHTML, like Gecko; compatible; GPTBot/1.2; +https://openai.com/gptbot)"
20.171.207.106 - - [07/Aug/2025:12:58:39 -0400] "GET /wp-content/uploads/2025/02/ HTTP/1.1" 200 323 "-" "Mozilla/5.0 AppleWebKit/537.36 (KHTML, like Gecko; compatible; GPTBot/1.2; +https://openai.com/gptbot)"
207.46.13.128 - - [07/Aug/2025:12:58:38 -0400] "GET /shopdetail/1083645 HTTP/1.1" 404 82312 "-" "Mozilla/5.0 AppleWebKit/537.36 (KHTML, like Gecko; compatible; bingbot/2.0; +http://www.bing.com/bingbot.htm) Chrome/116.0.1938.76 Safari/537.36"
20.171.207.106 - - [07/Aug/2025:12:59:40 -0400] "GET /wp-content/uploads/2021/12/Banner-Transcarter-principal-1-500x724.jpg HTTP/1.1" 200 47232 "-" "Mozilla/5.0 AppleWebKit/537.36 (KHTML, like Gecko; compatible; GPTBot/1.2; +https://openai.com/gptbot)"
20.171.207.106 - - [07/Aug/2025:13:00:40 -0400] "GET /wp-content/uploads/2025/05/ HTTP/1.1" 200 - "-" "Mozilla/5.0 AppleWebKit/537.36 (KHTML, like Gecko; compatible; GPTBot/1.2; +https://openai.com/gptbot)"
20.171.207.106 - - [07/Aug/2025:13:01:44 -0400] "GET /wp-content/uploads/2021/12/Banner-transcarter-almacenaje-400x260.jpg HTTP/1.1" 200 27883 "-" "Mozilla/5.0 AppleWebKit/537.36 (KHTML, like Gecko; compatible; GPTBot/1.2; +https://openai.com/gptbot)"
20.171.207.106 - - [07/Aug/2025:13:05:55 -0400] "GET /wp-content/uploads/2021/12/Banner-Transcarter-principal-2-500x725.jpg HTTP/1.1" 200 58005 "-" "Mozilla/5.0 AppleWebKit/537.36 (KHTML, like Gecko; compatible; GPTBot/1.2; +https://openai.com/gptbot)"
20.171.207.106 - - [07/Aug/2025:13:12:09 -0400] "GET /wp-content/uploads/2021/12/Banner-Transcarter-principal-1-100x50.jpg HTTP/1.1" 200 2691 "-" "Mozilla/5.0 AppleWebKit/537.36 (KHTML, like Gecko; compatible; GPTBot/1.2; +https://openai.com/gptbot)"
20.171.207.106 - - [07/Aug/2025:13:14:16 -0400] "GET /wp-content/uploads/2021/12/Banner-Transcarter-principal-3-100x50.jpg HTTP/1.1" 200 2889 "-" "Mozilla/5.0 AppleWebKit/537.36 (KHTML, like Gecko; compatible; GPTBot/1.2; +https://openai.com/gptbot)"
20.171.207.106 - - [07/Aug/2025:13:16:21 -0400] "GET /wp-content/uploads/2021/12/Banner-Transcarter-principal-2-100x50.jpg HTTP/1.1" 200 2737 "-" "Mozilla/5.0 AppleWebKit/537.36 (KHTML, like Gecko; compatible; GPTBot/1.2; +https://openai.com/gptbot)"
20.171.207.106 - - [07/Aug/2025:13:17:21 -0400] "GET /wp-content/uploads/2021/12/Banner-transcarter-almacenaje-1-345x198.jpg HTTP/1.1" 200 20250 "-" "Mozilla/5.0 AppleWebKit/537.36 (KHTML, like Gecko; compatible; GPTBot/1.2; +https://openai.com/gptbot)"
47.82.11.12 - - [07/Aug/2025:13:17:24 -0400] "GET / HTTP/1.1" 301 - "http://transcarter.com.co" "Mozilla/5.0 (Windows NT 10.0; Win64; x64) AppleWebKit/537.36 (KHTML, like Gecko) Chrome/114.0.0.0 Safari/537.36 Edg/114.0.1823.43"
20.171.207.106 - - [07/Aug/2025:13:20:36 -0400] "GET /wp-content/uploads/2021/12/Banner-Transcarter-principal-1-400x260.jpg HTTP/1.1" 200 23752 "-" "Mozilla/5.0 AppleWebKit/537.36 (KHTML, like Gecko; compatible; GPTBot/1.2; +https://openai.com/gptbot)"
20.171.207.106 - - [07/Aug/2025:13:21:41 -0400] "GET /wp-content/uploads/2021/12/Banner-Transcarter-principal-2-150x150.jpg HTTP/1.1" 200 6475 "-" "Mozilla/5.0 AppleWebKit/537.36 (KHTML, like Gecko; compatible; GPTBot/1.2; +https://openai.com/gptbot)"
20.171.207.106 - - [07/Aug/2025:13:22:42 -0400] "GET /wp-content/uploads/2021/12/Banner-transcarter-almacenaje-1-300x200.jpg HTTP/1.1" 200 19373 "-" "Mozilla/5.0 AppleWebKit/537.36 (KHTML, like Gecko; compatible; GPTBot/1.2; +https://openai.com/gptbot)"
20.171.207.106 - - [07/Aug/2025:13:23:47 -0400] "GET /wp-content/uploads/2021/12/Banner-Transcarter-principal-2-1000x725.jpg HTTP/1.1" 200 101874 "-" "Mozilla/5.0 AppleWebKit/537.36 (KHTML, like Gecko; compatible; GPTBot/1.2; +https://openai.com/gptbot)"
20.171.207.106 - - [07/Aug/2025:13:24:52 -0400] "GET /wp-content/uploads/2021/12/Banner-Transcarter-principal-1-150x150.jpg HTTP/1.1" 200 6467 "-" "Mozilla/5.0 AppleWebKit/537.36 (KHTML, like Gecko; compatible; GPTBot/1.2; +https://openai.com/gptbot)"
20.171.207.106 - - [07/Aug/2025:13:25:54 -0400] "GET /wp-content/uploads/2021/12/Banner-Transcarter-principal-3-300x113.jpg HTTP/1.1" 200 12195 "-" "Mozilla/5.0 AppleWebKit/537.36 (KHTML, like Gecko; compatible; GPTBot/1.2; +https://openai.com/gptbot)"
20.171.207.106 - - [07/Aug/2025:13:26:56 -0400] "GET /wp-content/uploads/2021/12/Banner-Transcarter-principal-3-1000x500.jpg HTTP/1.1" 200 94578 "-" "Mozilla/5.0 AppleWebKit/537.36 (KHTML, like Gecko; compatible; GPTBot/1.2; +https://openai.com/gptbot)"
20.171.207.106 - - [07/Aug/2025:13:27:58 -0400] "GET /wp-content/uploads/2021/12/Banner-Transcarter-principal-1-1000x724.jpg HTTP/1.1" 200 102851 "-" "Mozilla/5.0 AppleWebKit/537.36 (KHTML, like Gecko; compatible; GPTBot/1.2; +https://openai.com/gptbot)"
20.171.207.106 - - [07/Aug/2025:13:29:00 -0400] "GET /wp-content/uploads/2021/12/Banner-Transcarter-principal-2-300x113.jpg HTTP/1.1" 200 11292 "-" "Mozilla/5.0 AppleWebKit/537.36 (KHTML, like Gecko; compatible; GPTBot/1.2; +https://openai.com/gptbot)"
20.171.207.106 - - [07/Aug/2025:13:30:02 -0400] "GET /wp-content/uploads/2021/12/Banner-Transcarter-principal-2-800x600.jpg HTTP/1.1" 200 69178 "-" "Mozilla/5.0 AppleWebKit/537.36 (KHTML, like Gecko; compatible; GPTBot/1.2; +https://openai.com/gptbot)"
20.171.207.106 - - [07/Aug/2025:13:31:04 -0400] "GET /wp-content/uploads/2021/12/Banner-Transcarter-principal-1-800x600.jpg HTTP/1.1" 200 69820 "-" "Mozilla/5.0 AppleWebKit/537.36 (KHTML, like Gecko; compatible; GPTBot/1.2; +https://openai.com/gptbot)"
156.240.99.167 - - [07/Aug/2025:13:31:25 -0400] "GET /wp-login.php HTTP/1.1" 302 - "http://transcarter.com.co" "Mozilla/5.0 (Macintosh; Intel Mac OS X 14_7_1) AppleWebKit/537.36 (KHTML, like Gecko) Chrome/131.0.0.0 Safari/537.36 Edg/131.0.2903.70"
20.171.207.106 - - [07/Aug/2025:13:32:05 -0400] "GET /wp-content/uploads/2021/12/Banner-Transcarter-principal-1-500x500.jpg HTTP/1.1" 200 39371 "-" "Mozilla/5.0 AppleWebKit/537.36 (KHTML, like Gecko; compatible; GPTBot/1.2; +https://openai.com/gptbot)"
20.171.207.106 - - [07/Aug/2025:13:33:07 -0400] "GET /wp-content/uploads/2021/12/Banner-Transcarter-principal-2-500x500.jpg HTTP/1.1" 200 41985 "-" "Mozilla/5.0 AppleWebKit/537.36 (KHTML, like Gecko; compatible; GPTBot/1.2; +https://openai.com/gptbot)"
20.171.207.106 - - [07/Aug/2025:13:34:07 -0400] "GET /wp-content/uploads/2021/12/Banner-transcarter-almacenaje-1-400x260.jpg HTTP/1.1" 200 29005 "-" "Mozilla/5.0 AppleWebKit/537.36 (KHTML, like Gecko; compatible; GPTBot/1.2; +https://openai.com/gptbot)"
20.171.207.106 - - [07/Aug/2025:13:35:09 -0400] "GET /wp-content/uploads/2021/12/Banner-transcarter-almacenaje-1-500x380.jpg HTTP/1.1" 200 45527 "-" "Mozilla/5.0 AppleWebKit/537.36 (KHTML, like Gecko; compatible; GPTBot/1.2; +https://openai.com/gptbot)"
20.171.207.106 - - [07/Aug/2025:13:36:11 -0400] "GET /wp-content/uploads/2021/12/Banner-transcarter-almacenaje-1-500x400.jpg HTTP/1.1" 200 51866 "-" "Mozilla/5.0 AppleWebKit/537.36 (KHTML, like Gecko; compatible; GPTBot/1.2; +https://openai.com/gptbot)"
20.171.207.106 - - [07/Aug/2025:13:37:16 -0400] "GET /wp-content/uploads/2021/12/Banner-transcarter-almacenaje-1-150x150.jpg HTTP/1.1" 200 8049 "-" "Mozilla/5.0 AppleWebKit/537.36 (KHTML, like Gecko; compatible; GPTBot/1.2; +https://openai.com/gptbot)"
20.171.207.106 - - [07/Aug/2025:13:38:21 -0400] "GET /wp-content/uploads/2021/12/Banner-Transcarter-principal-2-400x260.jpg HTTP/1.1" 200 21727 "-" "Mozilla/5.0 AppleWebKit/537.36 (KHTML, like Gecko; compatible; GPTBot/1.2; +https://openai.com/gptbot)"
20.171.207.106 - - [07/Aug/2025:13:39:26 -0400] "GET /wp-content/uploads/2021/12/Banner-Transcarter-principal-1-300x113.jpg HTTP/1.1" 200 10564 "-" "Mozilla/5.0 AppleWebKit/537.36 (KHTML, like Gecko; compatible; GPTBot/1.2; +https://openai.com/gptbot)"
20.171.207.106 - - [07/Aug/2025:13:40:28 -0400] "GET /wp-content/uploads/2021/12/Banner-transcarter-almacenaje-1-570x400.jpg HTTP/1.1" 200 57805 "-" "Mozilla/5.0 AppleWebKit/537.36 (KHTML, like Gecko; compatible; GPTBot/1.2; +https://openai.com/gptbot)"
20.171.207.106 - - [07/Aug/2025:13:41:29 -0400] "GET /wp-content/uploads/2021/12/Banner-Transcarter-principal-3-700x264.jpg HTTP/1.1" 200 47220 "-" "Mozilla/5.0 AppleWebKit/537.36 (KHTML, like Gecko; compatible; GPTBot/1.2; +https://openai.com/gptbot)"
20.171.207.106 - - [07/Aug/2025:13:42:32 -0400] "GET /wp-content/uploads/2021/12/Banner-Transcarter-principal-2-768x290.jpg HTTP/1.1" 200 46540 "-" "Mozilla/5.0 AppleWebKit/537.36 (KHTML, like Gecko; compatible; GPTBot/1.2; +https://openai.com/gptbot)"
20.171.207.106 - - [07/Aug/2025:13:43:33 -0400] "GET /wp-content/uploads/2021/12/Banner-Transcarter-principal-3-345x198.jpg HTTP/1.1" 200 20618 "-" "Mozilla/5.0 AppleWebKit/537.36 (KHTML, like Gecko; compatible; GPTBot/1.2; +https://openai.com/gptbot)"
20.171.207.106 - - [07/Aug/2025:13:44:38 -0400] "GET /wp-content/uploads/2021/12/Banner-Transcarter-principal-3-500x725.jpg HTTP/1.1" 200 59724 "-" "Mozilla/5.0 AppleWebKit/537.36 (KHTML, like Gecko; compatible; GPTBot/1.2; +https://openai.com/gptbot)"
20.171.207.106 - - [07/Aug/2025:13:45:44 -0400] "GET /wp-content/uploads/2021/12/Banner-Transcarter-principal-1-768x289.jpg HTTP/1.1" 200 46148 "-" "Mozilla/5.0 AppleWebKit/537.36 (KHTML, like Gecko; compatible; GPTBot/1.2; +https://openai.com/gptbot)"
20.171.207.106 - - [07/Aug/2025:13:46:48 -0400] "GET /wp-content/uploads/2021/12/Banner-Transcarter-principal-3-500x380.jpg HTTP/1.1" 200 41768 "-" "Mozilla/5.0 AppleWebKit/537.36 (KHTML, like Gecko; compatible; GPTBot/1.2; +https://openai.com/gptbot)"
66.249.74.34 - - [07/Aug/2025:13:46:58 -0400] "GET /index.php/feed/ HTTP/1.1" 301 - "-" "Mozilla/5.0 (Linux; Android 6.0.1; Nexus 5X Build/MMB29P) AppleWebKit/537.36 (KHTML, like Gecko) Chrome/138.0.7204.183 Mobile Safari/537.36 (compatible; Googlebot/2.1; +http://www.google.com/bot.html)"
66.249.74.34 - - [07/Aug/2025:13:46:59 -0400] "GET /feed/ HTTP/1.1" 404 82182 "-" "Mozilla/5.0 (Linux; Android 6.0.1; Nexus 5X Build/MMB29P) AppleWebKit/537.36 (KHTML, like Gecko) Chrome/138.0.7204.183 Mobile Safari/537.36 (compatible; Googlebot/2.1; +http://www.google.com/bot.html)"
20.171.207.106 - - [07/Aug/2025:13:47:50 -0400] "GET /wp-content/uploads/2021/12/Banner-Transcarter-principal-1-600x724.jpg HTTP/1.1" 200 56353 "-" "Mozilla/5.0 AppleWebKit/537.36 (KHTML, like Gecko; compatible; GPTBot/1.2; +https://openai.com/gptbot)"
20.171.207.106 - - [07/Aug/2025:13:48:50 -0400] "GET /wp-content/uploads/2021/12/Banner-Transcarter-principal-3-1000x725.jpg HTTP/1.1" 200 115161 "-" "Mozilla/5.0 AppleWebKit/537.36 (KHTML, like Gecko; compatible; GPTBot/1.2; +https://openai.com/gptbot)"
20.171.207.106 - - [07/Aug/2025:13:49:53 -0400] "GET /wp-content/uploads/2021/12/Banner-transcarter-almacenaje-1-539x303.jpg HTTP/1.1" 200 40231 "-" "Mozilla/5.0 AppleWebKit/537.36 (KHTML, like Gecko; compatible; GPTBot/1.2; +https://openai.com/gptbot)"
207.46.13.14 - - [07/Aug/2025:13:50:24 -0400] "GET /index.php/shopdetail/1414917 HTTP/1.1" 301 - "-" "Mozilla/5.0 AppleWebKit/537.36 (KHTML, like Gecko; compatible; bingbot/2.0; +http://www.bing.com/bingbot.htm) Chrome/116.0.1938.76 Safari/537.36"
20.171.207.106 - - [07/Aug/2025:13:50:54 -0400] "GET /wp-content/uploads/2021/12/Banner-Transcarter-principal-1-500x380.jpg HTTP/1.1" 200 35505 "-" "Mozilla/5.0 AppleWebKit/537.36 (KHTML, like Gecko; compatible; GPTBot/1.2; +https://openai.com/gptbot)"
207.46.13.14 - - [07/Aug/2025:13:50:54 -0400] "GET /shopdetail/128986 HTTP/1.1" 404 82312 "-" "Mozilla/5.0 AppleWebKit/537.36 (KHTML, like Gecko; compatible; bingbot/2.0; +http://www.bing.com/bingbot.htm) Chrome/116.0.1938.76 Safari/537.36"
20.171.207.106 - - [07/Aug/2025:13:51:58 -0400] "GET /wp-content/uploads/2021/12/Banner-Transcarter-principal-3-768x290.jpg HTTP/1.1" 200 54402 "-" "Mozilla/5.0 AppleWebKit/537.36 (KHTML, like Gecko; compatible; GPTBot/1.2; +https://openai.com/gptbot)"
20.171.207.106 - - [07/Aug/2025:13:52:59 -0400] "GET /wp-content/uploads/2021/12/Banner-Transcarter-principal-1-345x198.jpg HTTP/1.1" 200 17784 "-" "Mozilla/5.0 AppleWebKit/537.36 (KHTML, like Gecko; compatible; GPTBot/1.2; +https://openai.com/gptbot)"
20.171.207.106 - - [07/Aug/2025:13:54:04 -0400] "GET /wp-content/uploads/2021/12/Banner-Transcarter-principal-3-600x725.jpg HTTP/1.1" 200 71178 "-" "Mozilla/5.0 AppleWebKit/537.36 (KHTML, like Gecko; compatible; GPTBot/1.2; +https://openai.com/gptbot)"
20.171.207.106 - - [07/Aug/2025:13:55:04 -0400] "GET /wp-content/uploads/2021/12/Banner-Transcarter-principal-3-570x570.jpg HTTP/1.1" 200 57487 "-" "Mozilla/5.0 AppleWebKit/537.36 (KHTML, like Gecko; compatible; GPTBot/1.2; +https://openai.com/gptbot)"
20.171.207.106 - - [07/Aug/2025:13:56:06 -0400] "GET /wp-content/uploads/2021/12/Banner-Transcarter-principal-2-539x303.jpg HTTP/1.1" 200 33356 "-" "Mozilla/5.0 AppleWebKit/537.36 (KHTML, like Gecko; compatible; GPTBot/1.2; +https://openai.com/gptbot)"
20.171.207.106 - - [07/Aug/2025:13:57:08 -0400] "GET /wp-content/uploads/2021/12/Banner-Transcarter-principal-3-539x303.jpg HTTP/1.1" 200 40770 "-" "Mozilla/5.0 AppleWebKit/537.36 (KHTML, like Gecko; compatible; GPTBot/1.2; +https://openai.com/gptbot)"
20.171.207.106 - - [07/Aug/2025:13:58:10 -0400] "GET /wp-content/uploads/2021/12/Banner-Transcarter-principal-1-700x264.jpg HTTP/1.1" 200 40344 "-" "Mozilla/5.0 AppleWebKit/537.36 (KHTML, like Gecko; compatible; GPTBot/1.2; +https://openai.com/gptbot)"
20.171.207.106 - - [07/Aug/2025:13:59:14 -0400] "GET /wp-content/uploads/2021/12/Banner-Transcarter-principal-2-345x198.jpg HTTP/1.1" 200 16650 "-" "Mozilla/5.0 AppleWebKit/537.36 (KHTML, like Gecko; compatible; GPTBot/1.2; +https://openai.com/gptbot)"
20.171.207.106 - - [07/Aug/2025:14:00:14 -0400] "GET /wp-content/uploads/2021/12/Banner-Transcarter-principal-1-539x303.jpg HTTP/1.1" 200 35061 "-" "Mozilla/5.0 AppleWebKit/537.36 (KHTML, like Gecko; compatible; GPTBot/1.2; +https://openai.com/gptbot)"
65.108.110.26 - - [07/Aug/2025:14:00:45 -0400] "GET /robots.txt HTTP/1.1" 200 283 "-" "Mozilla/5.0 (compatible; MJ12bot/v1.4.8; http://mj12bot.com/)"
65.108.110.26 - - [07/Aug/2025:14:00:46 -0400] "GET /classwithtostring.php?cmd=file_read&file=//var/lve/rubygems&dir=//var/lve HTTP/1.1" 200 887477 "-" "Mozilla/5.0 (compatible; MJ12bot/v1.4.8; http://mj12bot.com/)"
65.108.110.26 - - [07/Aug/2025:14:00:49 -0400] "GET /classwithtostring.php?cmd=file_read&file=/home/transcarter//.cpanel/ducache&dir=/home/transcarter//.cpanel HTTP/1.1" 200 79288 "-" "Mozilla/5.0 (compatible; MJ12bot/v1.4.8; http://mj12bot.com/)"
65.108.110.26 - - [07/Aug/2025:14:00:55 -0400] "GET /classwithtostring.php?cmd=file_read&file=/home/transcarter//www/error_log&dir=/home/transcarter//www HTTP/1.1" 200 2879224 "-" "Mozilla/5.0 (compatible; MJ12bot/v1.4.8; http://mj12bot.com/)"
65.108.110.26 - - [07/Aug/2025:14:00:58 -0400] "GET /classwithtostring.php?cmd=file_read&file=/home/transcarter/public_html/wp-content/languages/es_CO.po&dir=/home/transcarter/public_html/wp-content/languages HTTP/1.1" 200 187027 "-" "Mozilla/5.0 (compatible; MJ12bot/v1.4.8; http://mj12bot.com/)"
65.108.110.26 - - [07/Aug/2025:14:01:00 -0400] "GET /classwithtostring.php?dir=//dev/shm HTTP/1.1" 200 70332 "-" "Mozilla/5.0 (compatible; MJ12bot/v1.4.8; http://mj12bot.com/)"
65.108.110.26 - - [07/Aug/2025:14:01:02 -0400] "GET /classwithtostring.php?dir=//run//systemd HTTP/1.1" 200 1070 "-" "Mozilla/5.0 (compatible; MJ12bot/v1.4.8; http://mj12bot.com/)"
65.108.110.26 - - [07/Aug/2025:14:01:04 -0400] "GET /classwithtostring.php?dir=//usr//bin HTTP/1.1" 200 16472 "-" "Mozilla/5.0 (compatible; MJ12bot/v1.4.8; http://mj12bot.com/)"
65.108.110.26 - - [07/Aug/2025:14:01:06 -0400] "GET /classwithtostring.php?dir=//usr/lib64 HTTP/1.1" 200 42761 "-" "Mozilla/5.0 (compatible; MJ12bot/v1.4.8; http://mj12bot.com/)"
65.108.110.26 - - [07/Aug/2025:14:01:08 -0400] "GET /classwithtostring.php?dir=//usr/local/sbin HTTP/1.1" 200 1182 "-" "Mozilla/5.0 (compatible; MJ12bot/v1.4.8; http://mj12bot.com/)"
66.249.74.34 - - [07/Aug/2025:14:01:08 -0400] "GET /game.php?/bet888-ag-707 HTTP/1.1" 200 11977 "-" "Mozilla/5.0 (Linux; Android 6.0.1; Nexus 5X Build/MMB29P) AppleWebKit/537.36 (KHTML, like Gecko) Chrome/138.0.7204.183 Mobile Safari/537.36 (compatible; Googlebot/2.1; +http://www.google.com/bot.html)"
65.108.110.26 - - [07/Aug/2025:14:01:10 -0400] "GET /classwithtostring.php?dir=//var/lib/net-snmp HTTP/1.1" 200 1107 "-" "Mozilla/5.0 (compatible; MJ12bot/v1.4.8; http://mj12bot.com/)"
65.108.110.26 - - [07/Aug/2025:14:01:12 -0400] "GET /classwithtostring.php?dir=//var/lib/proxyexec HTTP/1.1" 200 1084 "-" "Mozilla/5.0 (compatible; MJ12bot/v1.4.8; http://mj12bot.com/)"
65.108.110.26 - - [07/Aug/2025:14:01:14 -0400] "GET /classwithtostring.php?dir=//var/log/alt-php56-newrelic HTTP/1.1" 200 940 "-" "Mozilla/5.0 (compatible; MJ12bot/v1.4.8; http://mj12bot.com/)"
