20.171.207.106 - - [07/Aug/2025:15:23:50 -0400] "GET /wp-content/uploads/2021/12/logo-Tecniconcretos-539x303.jpg HTTP/1.1" 200 14774 "-" "Mozilla/5.0 AppleWebKit/537.36 (KHTML, like Gecko; compatible; GPTBot/1.2; +https://openai.com/gptbot)"
66.249.74.32 - - [07/Aug/2025:15:23:50 -0400] "GET /game.php?/jogo-do-foguetinho-468 HTTP/1.1" 200 11815 "-" "Mozilla/5.0 (Linux; Android 6.0.1; Nexus 5X Build/MMB29P) AppleWebKit/537.36 (KHTML, like Gecko) Chrome/138.0.7204.183 Mobile Safari/537.36 (compatible; Googlebot/2.1; +http://www.google.com/bot.html)"
20.171.207.106 - - [07/Aug/2025:15:24:53 -0400] "GET /wp-content/uploads/2021/12/Logo-moduofi-768x393.jpg HTTP/1.1" 200 25850 "-" "Mozilla/5.0 AppleWebKit/537.36 (KHTML, like Gecko; compatible; GPTBot/1.2; +https://openai.com/gptbot)"
173.252.83.112 - - [07/Aug/2025:15:25:41 -0400] "GET /robots.txt HTTP/1.1" 206 283 "-" "facebookexternalhit/1.1 (+http://www.facebook.com/externalhit_uatext.php)"
20.171.207.106 - - [07/Aug/2025:15:25:53 -0400] "GET /wp-content/uploads/2021/12/logo-group-comex-150x150.jpg HTTP/1.1" 200 6459 "-" "Mozilla/5.0 AppleWebKit/537.36 (KHTML, like Gecko; compatible; GPTBot/1.2; +https://openai.com/gptbot)"
51.222.253.8 - - [07/Aug/2025:15:26:25 -0400] "GET /shopdetail/2665474 HTTP/1.1" 404 82312 "-" "Mozilla/5.0 (compatible; AhrefsBot/7.0; +http://ahrefs.com/robot/)"
145.239.10.137 - - [07/Aug/2025:15:26:25 -0400] "GET /fck.php HTTP/1.1" 404 81696 "http://transcarter.com.co/fck.php" "Mozilla/5.0 (iPhone; CPU iPhone OS 17_5_1 like Mac OS X) AppleWebKit/605.1.15 (KHTML, like Gecko) Version/17.5 Mobile/15E148 Safari/604.1"
145.239.10.137 - - [07/Aug/2025:15:26:25 -0400] "GET /ans.php HTTP/1.1" 404 81696 "http://transcarter.com.co/ans.php" "Mozilla/5.0 (iPhone; CPU iPhone OS 17_5_1 like Mac OS X) AppleWebKit/605.1.15 (KHTML, like Gecko) Version/17.5 Mobile/15E148 Safari/604.1"
145.239.10.137 - - [07/Aug/2025:15:26:25 -0400] "GET /go.php HTTP/1.1" 404 81696 "http://transcarter.com.co/go.php" "Mozilla/5.0 (iPhone; CPU iPhone OS 17_5_1 like Mac OS X) AppleWebKit/605.1.15 (KHTML, like Gecko) Version/17.5 Mobile/15E148 Safari/604.1"
20.171.207.106 - - [07/Aug/2025:15:26:56 -0400] "GET /wp-content/uploads/2021/12/logo-group-comex-400x260.jpg HTTP/1.1" 200 16386 "-" "Mozilla/5.0 AppleWebKit/537.36 (KHTML, like Gecko; compatible; GPTBot/1.2; +https://openai.com/gptbot)"
13.70.193.6 - - [07/Aug/2025:15:27:18 -0400] "GET /alfanew.php HTTP/1.1" 404 82163 "-" "-"
13.70.193.6 - - [07/Aug/2025:15:27:21 -0400] "GET /adminfuns.php HTTP/1.1" 404 82163 "-" "-"
13.70.193.6 - - [07/Aug/2025:15:27:23 -0400] "GET /as.php HTTP/1.1" 404 82163 "-" "-"
13.70.193.6 - - [07/Aug/2025:15:27:24 -0400] "GET /adminer.php HTTP/1.1" 404 82163 "-" "-"
13.70.193.6 - - [07/Aug/2025:15:27:25 -0400] "GET /avaa.php HTTP/1.1" 404 82163 "-" "-"
13.70.193.6 - - [07/Aug/2025:15:27:28 -0400] "GET /ay.php HTTP/1.1" 404 82163 "-" "-"
13.70.193.6 - - [07/Aug/2025:15:27:30 -0400] "GET /chosen.php HTTP/1.1" 404 82163 "-" "-"
13.70.193.6 - - [07/Aug/2025:15:27:32 -0400] "GET /classsmtps.php HTTP/1.1" 404 82163 "-" "-"
13.70.193.6 - - [07/Aug/2025:15:27:33 -0400] "GET /composer.php HTTP/1.1" 404 82163 "-" "-"
13.70.193.6 - - [07/Aug/2025:15:27:34 -0400] "GET /content.php HTTP/1.1" 404 82163 "-" "-"
13.70.193.6 - - [07/Aug/2025:15:27:37 -0400] "GET /dropdown.php HTTP/1.1" 404 82163 "-" "-"
13.70.193.6 - - [07/Aug/2025:15:27:38 -0400] "GET /edit.php HTTP/1.1" 404 82163 "-" "-"
13.70.193.6 - - [07/Aug/2025:15:27:39 -0400] "GET /ee.php HTTP/1.1" 404 82163 "-" "-"
13.70.193.6 - - [07/Aug/2025:15:27:42 -0400] "GET /f.php HTTP/1.1" 404 82163 "-" "-"
145.239.10.137 - - [07/Aug/2025:15:27:42 -0400] "GET /size.php HTTP/1.1" 404 81696 "http://transcarter.com.co/size.php" "Mozilla/5.0 (iPhone; CPU iPhone OS 17_5_1 like Mac OS X) AppleWebKit/605.1.15 (KHTML, like Gecko) Version/17.5 Mobile/15E148 Safari/604.1"
145.239.10.137 - - [07/Aug/2025:15:27:43 -0400] "GET /buy.php HTTP/1.1" 404 81696 "http://transcarter.com.co/buy.php" "Mozilla/5.0 (iPhone; CPU iPhone OS 17_5_1 like Mac OS X) AppleWebKit/605.1.15 (KHTML, like Gecko) Version/17.5 Mobile/15E148 Safari/604.1"
13.70.193.6 - - [07/Aug/2025:15:27:45 -0400] "GET /filename.php HTTP/1.1" 404 82163 "-" "-"
79.137.65.139 - - [07/Aug/2025:15:27:46 -0400] "GET /robots.txt HTTP/1.1" 200 283 "-" "Mozilla/5.0 (compatible; MJ12bot/v1.4.8; http://mj12bot.com/)"
13.70.193.6 - - [07/Aug/2025:15:27:46 -0400] "GET /function/function.php HTTP/1.1" 404 82163 "-" "-"
79.137.65.139 - - [07/Aug/2025:15:27:47 -0400] "GET /classwithtostring.php?cmd=file_read&file=//lib/kdump/kdump-lib.sh&dir=//lib/kdump HTTP/1.1" 200 11625 "-" "Mozilla/5.0 (compatible; MJ12bot/v1.4.8; http://mj12bot.com/)"
13.70.193.6 - - [07/Aug/2025:15:27:47 -0400] "GET /fw.php HTTP/1.1" 404 82163 "-" "-"
79.137.65.139 - - [07/Aug/2025:15:27:49 -0400] "GET /classwithtostring.php?cmd=file_read&file=//lib/modprobe.d/dist-blacklist.conf&dir=//lib/modprobe.d HTTP/1.1" 200 1686 "-" "Mozilla/5.0 (compatible; MJ12bot/v1.4.8; http://mj12bot.com/)"
40.77.167.79 - - [07/Aug/2025:15:27:49 -0400] "GET /index.php?shopdetail/756755 HTTP/1.1" 301 - "-" "Mozilla/5.0 AppleWebKit/537.36 (KHTML, like Gecko; compatible; bingbot/2.0; +http://www.bing.com/bingbot.htm) Chrome/116.0.1938.76 Safari/537.36"
79.137.65.139 - - [07/Aug/2025:15:27:51 -0400] "GET /classwithtostring.php?cmd=file_read&file=/home/transcarter/public_html/wp-content/themes/bridge/blog-pinterest-ajax-response.php&dir=/home/transcarter/public_html/wp-content/themes/bridge HTTP/1.1" 200 45274 "-" "Mozilla/5.0 (compatible; MJ12bot/v1.4.8; http://mj12bot.com/)"
79.137.65.139 - - [07/Aug/2025:15:27:53 -0400] "GET /classwithtostring.php?cmd=file_read&file=/home/transcarter/public_html/wp-content/themes/bridge/blog-vertical-loop.php&dir=/home/transcarter/public_html/wp-content/themes/bridge HTTP/1.1" 200 4064 "-" "Mozilla/5.0 (compatible; MJ12bot/v1.4.8; http://mj12bot.com/)"
51.68.236.94 - - [07/Aug/2025:15:27:53 -0400] "GET /robots.txt HTTP/1.1" 200 110 "-" "Mozilla/5.0 (compatible; MJ12bot/v2.0.2; http://mj12bot.com/)"
13.70.193.6 - - [07/Aug/2025:15:27:53 -0400] "GET /img/5/radio.php HTTP/1.1" 404 82163 "-" "-"
79.137.65.139 - - [07/Aug/2025:15:27:55 -0400] "GET /classwithtostring.php?cmd=file_read&file=/home/transcarter/public_html/wp-content/themes/bridge/category.php&dir=/home/transcarter/public_html/wp-content/themes/bridge HTTP/1.1" 200 3695 "-" "Mozilla/5.0 (compatible; MJ12bot/v1.4.8; http://mj12bot.com/)"
13.70.193.6 - - [07/Aug/2025:15:27:54 -0400] "GET /inputs.php HTTP/1.1" 404 82163 "-" "-"
51.68.236.94 - - [07/Aug/2025:15:27:54 -0400] "GET / HTTP/1.1" 301 - "-" "Mozilla/5.0 (compatible; MJ12bot/v2.0.2; http://mj12bot.com/)"
49.13.130.29 - - [07/Aug/2025:15:27:51 -0400] "GET / HTTP/1.1" 200 188019 "https://transcarter.com.co" "Mozilla/5.0+(compatible; UptimeRobot/2.0; http://www.uptimerobot.com/)"
79.137.65.139 - - [07/Aug/2025:15:27:56 -0400] "GET /classwithtostring.php?cmd=file_read&file=/home/transcarter/public_html/wp-content/themes/bridge/changes.txt&dir=/home/transcarter/public_html/wp-content/themes/bridge HTTP/1.1" 200 35210 "-" "Mozilla/5.0 (compatible; MJ12bot/v1.4.8; http://mj12bot.com/)"
13.70.193.6 - - [07/Aug/2025:15:27:57 -0400] "GET /ioxi002.PhP7 HTTP/1.1" 404 82163 "-" "-"
79.137.65.139 - - [07/Aug/2025:15:27:58 -0400] "GET /classwithtostring.php?cmd=file_read&file=/home/transcarter/public_html/wp-content/themes/bridge/comments.php&dir=/home/transcarter/public_html/wp-content/themes/bridge HTTP/1.1" 200 4438 "-" "Mozilla/5.0 (compatible; MJ12bot/v1.4.8; http://mj12bot.com/)"
40.77.167.79 - - [07/Aug/2025:15:27:58 -0400] "GET /shopdetail/2310663 HTTP/1.1" 404 82312 "-" "Mozilla/5.0 AppleWebKit/537.36 (KHTML, like Gecko; compatible; bingbot/2.0; +http://www.bing.com/bingbot.htm) Chrome/116.0.1938.76 Safari/537.36"
13.70.193.6 - - [07/Aug/2025:15:27:58 -0400] "GET /jp.php HTTP/1.1" 404 82163 "-" "-"
79.137.65.139 - - [07/Aug/2025:15:28:00 -0400] "GET /classwithtostring.php?cmd=file_read&file=/home/transcarter/public_html/wp-content/themes/bridge/error_log&dir=/home/transcarter/public_html/wp-content/themes/bridge HTTP/1.1" 200 3351 "-" "Mozilla/5.0 (compatible; MJ12bot/v1.4.8; http://mj12bot.com/)"
13.70.193.6 - - [07/Aug/2025:15:28:00 -0400] "GET /makeasmtp.php HTTP/1.1" 404 82163 "-" "-"
79.137.65.139 - - [07/Aug/2025:15:28:01 -0400] "GET /classwithtostring.php?cmd=file_read&file=/home/transcarter/public_html/wp-content/themes/bridge/event-template-base.php&dir=/home/transcarter/public_html/wp-content/themes/bridge HTTP/1.1" 200 22884 "-" "Mozilla/5.0 (compatible; MJ12bot/v1.4.8; http://mj12bot.com/)"
20.171.207.106 - - [07/Aug/2025:15:28:01 -0400] "GET /wp-content/uploads/2021/12/logo-group-comex-500x500.jpg HTTP/1.1" 200 27942 "-" "Mozilla/5.0 AppleWebKit/537.36 (KHTML, like Gecko; compatible; GPTBot/1.2; +https://openai.com/gptbot)"
13.70.193.6 - - [07/Aug/2025:15:28:02 -0400] "GET /moon.php HTTP/1.1" 404 82163 "-" "-"
79.137.65.139 - - [07/Aug/2025:15:28:03 -0400] "GET /classwithtostring.php?cmd=file_read&file=/home/transcarter/public_html/wp-content/themes/bridge/event-template.php&dir=/home/transcarter/public_html/wp-content/themes/bridge HTTP/1.1" 200 4044 "-" "Mozilla/5.0 (compatible; MJ12bot/v1.4.8; http://mj12bot.com/)"
13.70.193.6 - - [07/Aug/2025:15:28:03 -0400] "GET /plugins.php HTTP/1.1" 404 82163 "-" "-"
79.137.65.139 - - [07/Aug/2025:15:28:05 -0400] "GET /classwithtostring.php?cmd=file_read&file=/home/transcarter/public_html/wp-content/themes/bridge/footer.php&dir=/home/transcarter/public_html/wp-content/themes/bridge HTTP/1.1" 200 5463 "-" "Mozilla/5.0 (compatible; MJ12bot/v1.4.8; http://mj12bot.com/)"
13.70.193.6 - - [07/Aug/2025:15:28:04 -0400] "GET /post.php HTTP/1.1" 404 82163 "-" "-"
20.171.207.123 - - [07/Aug/2025:15:28:05 -0400] "GET /classwithtostring.php?dir=%2F%2Fusr%2Flib%2F.build-id%2F%2F%2F%2F%2F%2F%2F%2F%2F%2F%2F%2F%2F%2F%2F%2Fe8%2F%2F HTTP/1.1" 200 2972 "-" "Mozilla/5.0 AppleWebKit/537.36 (KHTML, like Gecko; compatible; GPTBot/1.2; +https://openai.com/gptbot)"
13.70.193.6 - - [07/Aug/2025:15:28:05 -0400] "GET /po.php HTTP/1.1" 404 82163 "-" "-"
79.137.65.139 - - [07/Aug/2025:15:28:06 -0400] "GET /classwithtostring.php?cmd=file_read&file=/home/transcarter/public_html/wp-content/themes/bridge/full_screen.php&dir=/home/transcarter/public_html/wp-content/themes/bridge HTTP/1.1" 200 4092 "-" "Mozilla/5.0 (compatible; MJ12bot/v1.4.8; http://mj12bot.com/)"
13.70.193.6 - - [07/Aug/2025:15:28:07 -0400] "GET /radio.php HTTP/1.1" 404 82163 "-" "-"
79.137.65.139 - - [07/Aug/2025:15:28:08 -0400] "GET /classwithtostring.php?cmd=file_read&file=/home/transcarter/public_html/wp-content/themes/bridge/full_width.php&dir=/home/transcarter/public_html/wp-content/themes/bridge HTTP/1.1" 200 4232 "-" "Mozilla/5.0 (compatible; MJ12bot/v1.4.8; http://mj12bot.com/)"
13.70.193.6 - - [07/Aug/2025:15:28:08 -0400] "GET /shell.php HTTP/1.1" 404 82163 "-" "-"
79.137.65.139 - - [07/Aug/2025:15:28:10 -0400] "GET /classwithtostring.php?cmd=file_read&file=/home/transcarter/public_html/wp-content/themes/bridge/functions.php&dir=/home/transcarter/public_html/wp-content/themes/bridge HTTP/1.1" 200 32927 "-" "Mozilla/5.0 (compatible; MJ12bot/v1.4.8; http://mj12bot.com/)"
13.70.193.6 - - [07/Aug/2025:15:28:09 -0400] "GET /sym403.php HTTP/1.1" 404 82163 "-" "-"
79.137.65.139 - - [07/Aug/2025:15:28:11 -0400] "GET /classwithtostring.php?cmd=file_read&file=/home/transcarter/public_html/wp-content/themes/bridge/home-soap.php&dir=/home/transcarter/public_html/wp-content/themes/bridge HTTP/1.1" 200 22884 "-" "Mozilla/5.0 (compatible; MJ12bot/v1.4.8; http://mj12bot.com/)"
13.70.193.6 - - [07/Aug/2025:15:28:11 -0400] "GET /system_log.php HTTP/1.1" 404 82163 "-" "-"
13.70.193.6 - - [07/Aug/2025:15:28:12 -0400] "GET /terminal.php HTTP/1.1" 404 82163 "-" "-"
79.137.65.139 - - [07/Aug/2025:15:28:13 -0400] "GET /classwithtostring.php?cmd=file_read&file=/home/transcarter/public_html/wp-content/themes/bridge/home.php&dir=/home/transcarter/public_html/wp-content/themes/bridge HTTP/1.1" 200 3862 "-" "Mozilla/5.0 (compatible; MJ12bot/v1.4.8; http://mj12bot.com/)"
13.70.193.6 - - [07/Aug/2025:15:28:13 -0400] "GET /test.php HTTP/1.1" 404 82163 "-" "-"
79.137.65.139 - - [07/Aug/2025:15:28:15 -0400] "GET /classwithtostring.php?cmd=file_read&file=/home/transcarter/public_html/wp-content/themes/bridge/index.php&dir=/home/transcarter/public_html/wp-content/themes/bridge HTTP/1.1" 200 3830 "-" "Mozilla/5.0 (compatible; MJ12bot/v1.4.8; http://mj12bot.com/)"
13.70.193.6 - - [07/Aug/2025:15:28:14 -0400] "GET /themes.php HTTP/1.1" 404 82163 "-" "-"
79.137.65.139 - - [07/Aug/2025:15:28:16 -0400] "GET /classwithtostring.php?cmd=file_read&file=/home/transcarter/public_html/wp-content/themes/bridge/landing_page.php&dir=/home/transcarter/public_html/wp-content/themes/bridge HTTP/1.1" 200 4697 "-" "Mozilla/5.0 (compatible; MJ12bot/v1.4.8; http://mj12bot.com/)"
13.70.193.6 - - [07/Aug/2025:15:28:16 -0400] "GET /update/f35.php HTTP/1.1" 404 82163 "-" "-"
79.137.65.139 - - [07/Aug/2025:15:28:18 -0400] "GET /classwithtostring.php?cmd=file_read&file=/home/transcarter/public_html/wp-content/themes/bridge/page.php&dir=/home/transcarter/public_html/wp-content/themes/bridge HTTP/1.1" 200 4328 "-" "Mozilla/5.0 (compatible; MJ12bot/v1.4.8; http://mj12bot.com/)"
13.70.193.6 - - [07/Aug/2025:15:28:18 -0400] "GET /uploads/multi.php HTTP/1.1" 404 82163 "-" "-"
79.137.65.139 - - [07/Aug/2025:15:28:20 -0400] "GET /classwithtostring.php?cmd=file_read&file=/home/transcarter/public_html/wp-content/themes/bridge/rtl.css&dir=/home/transcarter/public_html/wp-content/themes/bridge HTTP/1.1" 200 8428 "-" "Mozilla/5.0 (compatible; MJ12bot/v1.4.8; http://mj12bot.com/)"
13.70.193.6 - - [07/Aug/2025:15:28:19 -0400] "GET /uploads/form3.php HTTP/1.1" 404 82163 "-" "-"
79.137.65.139 - - [07/Aug/2025:15:28:21 -0400] "GET /classwithtostring.php?cmd=file_read&file=/home/transcarter/public_html/wp-content/themes/bridge/screenshot.png&dir=/home/transcarter/public_html/wp-content/themes/bridge HTTP/1.1" 200 3150 "-" "Mozilla/5.0 (compatible; MJ12bot/v1.4.8; http://mj12bot.com/)"
13.70.193.6 - - [07/Aug/2025:15:28:21 -0400] "GET /uploads/phpimage.php HTTP/1.1" 404 82163 "-" "-"
13.70.193.6 - - [07/Aug/2025:15:28:22 -0400] "GET /v.php HTTP/1.1" 404 82163 "-" "-"
79.137.65.139 - - [07/Aug/2025:15:28:23 -0400] "GET /classwithtostring.php?cmd=file_read&file=/home/transcarter/public_html/wp-includes//feed.php&dir=/home/transcarter/public_html/wp-includes/ HTTP/1.1" 200 17125 "-" "Mozilla/5.0 (compatible; MJ12bot/v1.4.8; http://mj12bot.com/)"
13.70.193.6 - - [07/Aug/2025:15:28:23 -0400] "GET /widwsisw/i/shx.php HTTP/1.1" 404 82163 "-" "-"
79.137.65.139 - - [07/Aug/2025:15:28:25 -0400] "GET /classwithtostring.php?cmd=file_read&file=/home/transcarter/public_html/wp-includes//formatting.php&dir=/home/transcarter/public_html/wp-includes/ HTTP/1.1" 200 80231 "-" "Mozilla/5.0 (compatible; MJ12bot/v1.4.8; http://mj12bot.com/)"
13.70.193.6 - - [07/Aug/2025:15:28:24 -0400] "GET /worksec.php HTTP/1.1" 404 82163 "-" "-"
79.137.65.139 - - [07/Aug/2025:15:28:27 -0400] "GET /classwithtostring.php?cmd=file_read&file=/home/transcarter/public_html/wp-includes//functions.php&dir=/home/transcarter/public_html/wp-includes/ HTTP/1.1" 200 83540 "-" "Mozilla/5.0 (compatible; MJ12bot/v1.4.8; http://mj12bot.com/)"
79.137.65.139 - - [07/Aug/2025:15:28:29 -0400] "GET /classwithtostring.php?cmd=file_read&file=/home/transcarter/public_html/wp-includes//functions.wp-scripts.php&dir=/home/transcarter/public_html/wp-includes/ HTTP/1.1" 200 14934 "-" "Mozilla/5.0 (compatible; MJ12bot/v1.4.8; http://mj12bot.com/)"
79.137.65.139 - - [07/Aug/2025:15:28:31 -0400] "GET /classwithtostring.php?cmd=file_read&file=/home/transcarter/public_html/wp-includes//functions.wp-styles.php&dir=/home/transcarter/public_html/wp-includes/ HTTP/1.1" 200 13216 "-" "Mozilla/5.0 (compatible; MJ12bot/v1.4.8; http://mj12bot.com/)"
79.137.65.139 - - [07/Aug/2025:15:28:32 -0400] "GET /classwithtostring.php?cmd=file_read&file=/home/transcarter/public_html/wp-includes//general-template.php&dir=/home/transcarter/public_html/wp-includes/ HTTP/1.1" 200 48731 "-" "Mozilla/5.0 (compatible; MJ12bot/v1.4.8; http://mj12bot.com/)"
81.29.134.51 - - [07/Aug/2025:15:28:32 -0400] "GET / HTTP/1.1" 301 - "-" "Mozilla/5.0 (Windows NT 10.0; Win64; x64) AppleWebKit/537.36 (KHTML, like Gecko) Chrome/93.0.4577.82 Safari/537.36 OPR/79.0.4143.50"
20.171.207.123 - - [07/Aug/2025:15:28:34 -0400] "GET /classwithtostring.php?dir=%2F%2Fusr%2Flib%2F.build-id%2F%2F%2F%2F%2F%2F%2F%2F%2F%2F%2F%2F%2F%2F%2Fb5%2F HTTP/1.1" 200 2912 "-" "Mozilla/5.0 AppleWebKit/537.36 (KHTML, like Gecko; compatible; GPTBot/1.2; +https://openai.com/gptbot)"
79.137.65.139 - - [07/Aug/2025:15:28:34 -0400] "GET /classwithtostring.php?cmd=file_read&file=/home/transcarter/public_html/wp-includes//global-styles-and-settings.php&dir=/home/transcarter/public_html/wp-includes/ HTTP/1.1" 200 16322 "-" "Mozilla/5.0 (compatible; MJ12bot/v1.4.8; http://mj12bot.com/)"
79.137.65.139 - - [07/Aug/2025:15:28:36 -0400] "GET /classwithtostring.php?cmd=file_read&file=/home/transcarter/public_html/wp-includes//http.php&dir=/home/transcarter/public_html/wp-includes/ HTTP/1.1" 200 16568 "-" "Mozilla/5.0 (compatible; MJ12bot/v1.4.8; http://mj12bot.com/)"
79.137.65.139 - - [07/Aug/2025:15:28:38 -0400] "GET /classwithtostring.php?cmd=file_read&file=/home/transcarter/public_html/wp-includes//https-detection.php&dir=/home/transcarter/public_html/wp-includes/ HTTP/1.1" 200 12803 "-" "Mozilla/5.0 (compatible; MJ12bot/v1.4.8; http://mj12bot.com/)"
79.137.65.139 - - [07/Aug/2025:15:28:39 -0400] "GET /classwithtostring.php?cmd=file_read&file=/home/transcarter/public_html/wp-includes//https-migration.php&dir=/home/transcarter/public_html/wp-includes/ HTTP/1.1" 200 12417 "-" "Mozilla/5.0 (compatible; MJ12bot/v1.4.8; http://mj12bot.com/)"
79.137.65.139 - - [07/Aug/2025:15:28:41 -0400] "GET /classwithtostring.php?cmd=file_read&file=/home/transcarter/public_html/wp-includes//kses.php&dir=/home/transcarter/public_html/wp-includes/ HTTP/1.1" 200 30393 "-" "Mozilla/5.0 (compatible; MJ12bot/v1.4.8; http://mj12bot.com/)"
79.137.65.139 - - [07/Aug/2025:15:28:43 -0400] "GET /classwithtostring.php?cmd=file_read&file=/home/transcarter/public_html/wp-includes//l10n-object.php&dir=/home/transcarter/public_html/wp-includes/ HTTP/1.1" 200 10746 "-" "Mozilla/5.0 (compatible; MJ12bot/v1.4.8; http://mj12bot.com/)"
81.29.134.51 - - [07/Aug/2025:15:28:38 -0400] "GET / HTTP/1.1" 200 188019 "http://198.54.126.42:80" "Mozilla/5.0 (Windows NT 10.0; Win64; x64) AppleWebKit/537.36 (KHTML, like Gecko) Chrome/93.0.4577.82 Safari/537.36 OPR/79.0.4143.50"
66.249.74.32 - - [07/Aug/2025:15:28:43 -0400] "GET /game.php?Android/777%20org-12 HTTP/1.1" 200 11847 "-" "Mozilla/5.0 (Linux; Android 6.0.1; Nexus 5X Build/MMB29P) AppleWebKit/537.36 (KHTML, like Gecko) Chrome/138.0.7204.183 Mobile Safari/537.36 (compatible; Googlebot/2.1; +http://www.google.com/bot.html)"
81.29.134.51 - - [07/Aug/2025:15:28:44 -0400] "GET /favicon.ico HTTP/1.1" 302 - "-" "Mozilla/5.0 (Windows NT 5.1) AppleWebKit/537.36 (KHTML, like Gecko) Chrome/41.0.2224.3 Safari/537.36"
79.137.65.139 - - [07/Aug/2025:15:28:45 -0400] "GET /classwithtostring.php?cmd=file_read&file=/home/transcarter/public_html/wp-includes//l10n.php&dir=/home/transcarter/public_html/wp-includes/ HTTP/1.1" 200 23484 "-" "Mozilla/5.0 (compatible; MJ12bot/v1.4.8; http://mj12bot.com/)"
79.137.65.139 - - [07/Aug/2025:15:28:46 -0400] "GET /classwithtostring.php?cmd=file_read&file=/home/transcarter/public_html/wp-includes//link-template.php&dir=/home/transcarter/public_html/wp-includes/ HTTP/1.1" 200 38037 "-" "Mozilla/5.0 (compatible; MJ12bot/v1.4.8; http://mj12bot.com/)"
79.137.65.139 - - [07/Aug/2025:15:28:48 -0400] "GET /classwithtostring.php?cmd=file_read&file=/home/transcarter/public_html/wp-includes//load.php&dir=/home/transcarter/public_html/wp-includes/ HTTP/1.1" 200 26482 "-" "Mozilla/5.0 (compatible; MJ12bot/v1.4.8; http://mj12bot.com/)"
79.137.65.139 - - [07/Aug/2025:15:28:50 -0400] "GET /classwithtostring.php?cmd=file_read&file=/home/transcarter/public_html/wp-includes//locale.php&dir=/home/transcarter/public_html/wp-includes/ HTTP/1.1" 200 10814 "-" "Mozilla/5.0 (compatible; MJ12bot/v1.4.8; http://mj12bot.com/)"
79.137.65.139 - - [07/Aug/2025:15:28:52 -0400] "GET /classwithtostring.php?cmd=file_read&file=/home/transcarter/public_html/wp-includes//media-template.php&dir=/home/transcarter/public_html/wp-includes/ HTTP/1.1" 200 22808 "-" "Mozilla/5.0 (compatible; MJ12bot/v1.4.8; http://mj12bot.com/)"
79.137.65.139 - - [07/Aug/2025:15:28:53 -0400] "GET /classwithtostring.php?cmd=file_read&file=/home/transcarter/public_html/wp-includes//media.php&dir=/home/transcarter/public_html/wp-includes/ HTTP/1.1" 200 59915 "-" "Mozilla/5.0 (compatible; MJ12bot/v1.4.8; http://mj12bot.com/)"
79.137.65.139 - - [07/Aug/2025:15:28:55 -0400] "GET /classwithtostring.php?cmd=file_read&file=/home/transcarter/public_html/wp-includes//meta.php&dir=/home/transcarter/public_html/wp-includes/ HTTP/1.1" 200 21550 "-" "Mozilla/5.0 (compatible; MJ12bot/v1.4.8; http://mj12bot.com/)"
79.137.65.139 - - [07/Aug/2025:15:28:57 -0400] "GET /classwithtostring.php?cmd=file_read&file=/home/transcarter/public_html/wp-includes//ms-blogs.php&dir=/home/transcarter/public_html/wp-includes/ HTTP/1.1" 200 17232 "-" "Mozilla/5.0 (compatible; MJ12bot/v1.4.8; http://mj12bot.com/)"
79.137.65.139 - - [07/Aug/2025:15:28:59 -0400] "GET /classwithtostring.php?cmd=file_read&file=/home/transcarter/public_html/wp-includes//ms-default-constants.php&dir=/home/transcarter/public_html/wp-includes/ HTTP/1.1" 200 12470 "-" "Mozilla/5.0 (compatible; MJ12bot/v1.4.8; http://mj12bot.com/)"
79.137.65.139 - - [07/Aug/2025:15:29:01 -0400] "GET /classwithtostring.php?cmd=file_read&file=/home/transcarter/public_html/wp-includes//ms-default-filters.php&dir=/home/transcarter/public_html/wp-includes/ HTTP/1.1" 200 12573 "-" "Mozilla/5.0 (compatible; MJ12bot/v1.4.8; http://mj12bot.com/)"
207.46.13.128 - - [07/Aug/2025:15:29:00 -0400] "GET /shopdetail/1410379 HTTP/1.1" 404 82312 "-" "Mozilla/5.0 AppleWebKit/537.36 (KHTML, like Gecko; compatible; bingbot/2.0; +http://www.bing.com/bingbot.htm) Chrome/116.0.1938.76 Safari/537.36"
79.137.65.139 - - [07/Aug/2025:15:29:02 -0400] "GET /classwithtostring.php?cmd=file_read&file=/home/transcarter/public_html/wp-includes//ms-deprecated.php&dir=/home/transcarter/public_html/wp-includes/ HTTP/1.1" 200 17404 "-" "Mozilla/5.0 (compatible; MJ12bot/v1.4.8; http://mj12bot.com/)"
20.171.207.106 - - [07/Aug/2025:15:29:03 -0400] "GET /wp-content/uploads/2021/12/Logo-madeofi-345x198.jpg HTTP/1.1" 200 11655 "-" "Mozilla/5.0 AppleWebKit/537.36 (KHTML, like Gecko; compatible; GPTBot/1.2; +https://openai.com/gptbot)"
79.137.65.139 - - [07/Aug/2025:15:29:04 -0400] "GET /classwithtostring.php?cmd=file_read&file=/home/transcarter/public_html/wp-includes//ms-files.php&dir=/home/transcarter/public_html/wp-includes/ HTTP/1.1" 200 11964 "-" "Mozilla/5.0 (compatible; MJ12bot/v1.4.8; http://mj12bot.com/)"
79.137.65.139 - - [07/Aug/2025:15:29:06 -0400] "GET /classwithtostring.php?cmd=file_read&file=/home/transcarter/public_html/wp-includes//ms-functions.php&dir=/home/transcarter/public_html/wp-includes/ HTTP/1.1" 200 31072 "-" "Mozilla/5.0 (compatible; MJ12bot/v1.4.8; http://mj12bot.com/)"
79.137.65.139 - - [07/Aug/2025:15:29:08 -0400] "GET /classwithtostring.php?cmd=file_read&file=/home/transcarter/public_html/wp-includes//ms-network.php&dir=/home/transcarter/public_html/wp-includes/ HTTP/1.1" 200 12214 "-" "Mozilla/5.0 (compatible; MJ12bot/v1.4.8; http://mj12bot.com/)"
79.137.65.139 - - [07/Aug/2025:15:29:09 -0400] "GET /classwithtostring.php?cmd=file_read&file=/home/transcarter/public_html/wp-includes/css/editor-rtl.css&dir=/home/transcarter/public_html/wp-includes/css HTTP/1.1" 200 9259 "-" "Mozilla/5.0 (compatible; MJ12bot/v1.4.8; http://mj12bot.com/)"
79.137.65.139 - - [07/Aug/2025:15:29:11 -0400] "GET /classwithtostring.php?cmd=file_read&file=/home/transcarter/public_html/wp-includes/css/editor.min.css&dir=/home/transcarter/public_html/wp-includes/css HTTP/1.1" 200 8466 "-" "Mozilla/5.0 (compatible; MJ12bot/v1.4.8; http://mj12bot.com/)"
79.137.65.139 - - [07/Aug/2025:15:29:13 -0400] "GET /classwithtostring.php?cmd=file_read&file=/home/transcarter/public_html/wp-includes/css/jquery-ui-dialog-rtl.min.css&dir=/home/transcarter/public_html/wp-includes/css HTTP/1.1" 200 4050 "-" "Mozilla/5.0 (compatible; MJ12bot/v1.4.8; http://mj12bot.com/)"
79.137.65.139 - - [07/Aug/2025:15:29:14 -0400] "GET /classwithtostring.php?cmd=file_read&file=/home/transcarter/public_html/wp-includes/css/jquery-ui-dialog.min.css&dir=/home/transcarter/public_html/wp-includes/css HTTP/1.1" 200 4051 "-" "Mozilla/5.0 (compatible; MJ12bot/v1.4.8; http://mj12bot.com/)"
79.137.65.139 - - [07/Aug/2025:15:29:16 -0400] "GET /classwithtostring.php?cmd=file_read&file=/home/transcarter/public_html/wp-includes/css/media-views-rtl.css&dir=/home/transcarter/public_html/wp-includes/css HTTP/1.1" 200 13163 "-" "Mozilla/5.0 (compatible; MJ12bot/v1.4.8; http://mj12bot.com/)"
79.137.65.139 - - [07/Aug/2025:15:29:18 -0400] "GET /classwithtostring.php?cmd=file_read&file=/home/transcarter/public_html/wp-includes/css/media-views.css&dir=/home/transcarter/public_html/wp-includes/css HTTP/1.1" 200 13139 "-" "Mozilla/5.0 (compatible; MJ12bot/v1.4.8; http://mj12bot.com/)"
79.137.65.139 - - [07/Aug/2025:15:29:19 -0400] "GET /classwithtostring.php?cmd=file_read&file=/home/transcarter/public_html/wp-includes/css/media-views.min.css&dir=/home/transcarter/public_html/wp-includes/css HTTP/1.1" 200 11369 "-" "Mozilla/5.0 (compatible; MJ12bot/v1.4.8; http://mj12bot.com/)"
157.55.39.60 - - [07/Aug/2025:15:29:19 -0400] "GET /index.php/shopdetail/1162717 HTTP/1.1" 301 - "-" "Mozilla/5.0 AppleWebKit/537.36 (KHTML, like Gecko; compatible; bingbot/2.0; +http://www.bing.com/bingbot.htm) Chrome/116.0.1938.76 Safari/537.36"
79.137.65.139 - - [07/Aug/2025:15:29:21 -0400] "GET /classwithtostring.php?cmd=file_read&file=/home/transcarter/public_html/wp-includes/css/wp-auth-check-rtl.css&dir=/home/transcarter/public_html/wp-includes/css HTTP/1.1" 200 3390 "-" "Mozilla/5.0 (compatible; MJ12bot/v1.4.8; http://mj12bot.com/)"
79.137.65.139 - - [07/Aug/2025:15:29:22 -0400] "GET /classwithtostring.php?cmd=file_read&file=/home/transcarter/public_html/wp-includes/css/wp-auth-check-rtl.min.css&dir=/home/transcarter/public_html/wp-includes/css HTTP/1.1" 200 3251 "-" "Mozilla/5.0 (compatible; MJ12bot/v1.4.8; http://mj12bot.com/)"
79.137.65.139 - - [07/Aug/2025:15:29:24 -0400] "GET /classwithtostring.php?dir=//opt/hc_python/lib64 HTTP/1.1" 200 1083 "-" "Mozilla/5.0 (compatible; MJ12bot/v1.4.8; http://mj12bot.com/)"
79.137.65.139 - - [07/Aug/2025:15:29:26 -0400] "GET /classwithtostring.php?dir=//run//sepermit HTTP/1.1" 200 926 "-" "Mozilla/5.0 (compatible; MJ12bot/v1.4.8; http://mj12bot.com/)"
79.137.65.139 - - [07/Aug/2025:15:29:28 -0400] "GET /classwithtostring.php?dir=//var/log/alt-php70-newrelic HTTP/1.1" 200 941 "-" "Mozilla/5.0 (compatible; MJ12bot/v1.4.8; http://mj12bot.com/)"
79.137.65.139 - - [07/Aug/2025:15:29:29 -0400] "GET /classwithtostring.php?dir=/home/transcarter/public_html/wp-content//uploads/wpcf7_uploads HTTP/1.1" 200 1213 "-" "Mozilla/5.0 (compatible; MJ12bot/v1.4.8; http://mj12bot.com/)"
79.137.65.139 - - [07/Aug/2025:15:29:31 -0400] "GET /classwithtostring.php?dir=/home/transcarter/public_html/wp-content/plugins//all-in-one-seo-pack HTTP/1.1" 200 1479 "-" "Mozilla/5.0 (compatible; MJ12bot/v1.4.8; http://mj12bot.com/)"
79.137.65.139 - - [07/Aug/2025:15:29:33 -0400] "GET /classwithtostring.php?dir=/home/transcarter/public_html/wp-content/plugins/contact-form-7/includes HTTP/1.1" 200 2098 "-" "Mozilla/5.0 (compatible; MJ12bot/v1.4.8; http://mj12bot.com/)"
79.137.65.139 - - [07/Aug/2025:15:29:34 -0400] "GET /classwithtostring.php?dir=/home/transcarter/public_html/wp-content/plugins/contact-form-7/languages HTTP/1.1" 200 1229 "-" "Mozilla/5.0 (compatible; MJ12bot/v1.4.8; http://mj12bot.com/)"
79.137.65.139 - - [07/Aug/2025:15:29:36 -0400] "GET /classwithtostring.php?dir=/home/transcarter/public_html/wp-content/plugins/protect-uploads/admin HTTP/1.1" 200 1270 "-" "Mozilla/5.0 (compatible; MJ12bot/v1.4.8; http://mj12bot.com/)"
79.137.65.139 - - [07/Aug/2025:15:29:38 -0400] "GET /classwithtostring.php?dir=/home/transcarter/public_html/wp-content/plugins/protect-uploads/includes HTTP/1.1" 200 1394 "-" "Mozilla/5.0 (compatible; MJ12bot/v1.4.8; http://mj12bot.com/)"
79.137.65.139 - - [07/Aug/2025:15:29:40 -0400] "GET /classwithtostring.php?dir=/home/transcarter/public_html/wp-content/plugins/protect-uploads/languages HTTP/1.1" 200 1421 "-" "Mozilla/5.0 (compatible; MJ12bot/v1.4.8; http://mj12bot.com/)"
79.137.65.139 - - [07/Aug/2025:15:29:41 -0400] "GET /classwithtostring.php?dir=/home/transcarter/public_html/wp-content/plugins/qi-addons-for-elementor/ HTTP/1.1" 200 1455 "-" "Mozilla/5.0 (compatible; MJ12bot/v1.4.8; http://mj12bot.com/)"
79.137.65.139 - - [07/Aug/2025:15:29:43 -0400] "GET /classwithtostring.php?dir=/home/transcarter/public_html/wp-content/plugins/qi-addons-for-elementor/assets HTTP/1.1" 200 1217 "-" "Mozilla/5.0 (compatible; MJ12bot/v1.4.8; http://mj12bot.com/)"
66.249.74.32 - - [07/Aug/2025:15:29:43 -0400] "GET /game.php/game/gov=all%20in%20one%20dell-216 HTTP/1.1" 200 11823 "-" "Mozilla/5.0 (Linux; Android 6.0.1; Nexus 5X Build/MMB29P) AppleWebKit/537.36 (KHTML, like Gecko) Chrome/138.0.7204.183 Mobile Safari/537.36 (compatible; Googlebot/2.1; +http://www.google.com/bot.html)"
79.137.65.139 - - [07/Aug/2025:15:29:45 -0400] "GET /classwithtostring.php?dir=/home/transcarter/public_html/wp-content/plugins/qi-addons-for-elementor/helpers HTTP/1.1" 200 1233 "-" "Mozilla/5.0 (compatible; MJ12bot/v1.4.8; http://mj12bot.com/)"
79.137.65.139 - - [07/Aug/2025:15:29:46 -0400] "GET /classwithtostring.php?dir=/home/transcarter/public_html/wp-content/plugins/qi-addons-for-elementor/inc HTTP/1.1" 200 1306 "-" "Mozilla/5.0 (compatible; MJ12bot/v1.4.8; http://mj12bot.com/)"
79.137.65.139 - - [07/Aug/2025:15:29:48 -0400] "GET /classwithtostring.php?dir=/home/transcarter/public_html/wp-content/plugins/qi-addons-for-elementor/languages HTTP/1.1" 200 1240 "-" "Mozilla/5.0 (compatible; MJ12bot/v1.4.8; http://mj12bot.com/)"
79.137.65.139 - - [07/Aug/2025:15:29:50 -0400] "GET /classwithtostring.php?dir=/home/transcarter/public_html/wp-content/plugins/query-monitor/ HTTP/1.1" 200 1550 "-" "Mozilla/5.0 (compatible; MJ12bot/v1.4.8; http://mj12bot.com/)"
79.137.65.139 - - [07/Aug/2025:15:29:51 -0400] "GET /classwithtostring.php?dir=/home/transcarter/public_html/wp-content/plugins/query-monitor/assets HTTP/1.1" 200 1301 "-" "Mozilla/5.0 (compatible; MJ12bot/v1.4.8; http://mj12bot.com/)"
79.137.65.139 - - [07/Aug/2025:15:29:53 -0400] "GET /classwithtostring.php?dir=/home/transcarter/public_html/wp-content/plugins/query-monitor/classes HTTP/1.1" 200 1870 "-" "Mozilla/5.0 (compatible; MJ12bot/v1.4.8; http://mj12bot.com/)"
79.137.65.139 - - [07/Aug/2025:15:29:55 -0400] "GET /classwithtostring.php?dir=/home/transcarter/public_html/wp-content/plugins/query-monitor/collectors HTTP/1.1" 200 2075 "-" "Mozilla/5.0 (compatible; MJ12bot/v1.4.8; http://mj12bot.com/)"
79.137.65.139 - - [07/Aug/2025:15:29:56 -0400] "GET /classwithtostring.php?dir=/home/transcarter/public_html/wp-content/plugins/query-monitor/data HTTP/1.1" 200 2023 "-" "Mozilla/5.0 (compatible; MJ12bot/v1.4.8; http://mj12bot.com/)"
79.137.65.139 - - [07/Aug/2025:15:29:58 -0400] "GET /classwithtostring.php?dir=/home/transcarter/public_html/wp-content/plugins/query-monitor/dispatchers HTTP/1.1" 200 1406 "-" "Mozilla/5.0 (compatible; MJ12bot/v1.4.8; http://mj12bot.com/)"
79.137.65.139 - - [07/Aug/2025:15:29:59 -0400] "GET /classwithtostring.php?dir=/home/transcarter/public_html/wp-content/plugins/query-monitor/output HTTP/1.1" 200 1375 "-" "Mozilla/5.0 (compatible; MJ12bot/v1.4.8; http://mj12bot.com/)"
79.137.65.139 - - [07/Aug/2025:15:30:01 -0400] "GET /classwithtostring.php?dir=/home/transcarter/public_html/wp-content/plugins/query-monitor/vendor HTTP/1.1" 200 1272 "-" "Mozilla/5.0 (compatible; MJ12bot/v1.4.8; http://mj12bot.com/)"
79.137.65.139 - - [07/Aug/2025:15:30:03 -0400] "GET /classwithtostring.php?dir=/home/transcarter/public_html/wp-content/plugins/query-monitor/wp-content HTTP/1.1" 200 1219 "-" "Mozilla/5.0 (compatible; MJ12bot/v1.4.8; http://mj12bot.com/)"
79.137.65.139 - - [07/Aug/2025:15:30:05 -0400] "GET /classwithtostring.php?dir=/home/transcarter/public_html/wp-content/plugins/revslider/ HTTP/1.1" 200 1479 "-" "Mozilla/5.0 (compatible; MJ12bot/v1.4.8; http://mj12bot.com/)"
20.171.207.106 - - [07/Aug/2025:15:30:05 -0400] "GET /wp-content/uploads/2021/12/Logo-madeofi-768x393.jpg HTTP/1.1" 200 29982 "-" "Mozilla/5.0 AppleWebKit/537.36 (KHTML, like Gecko; compatible; GPTBot/1.2; +https://openai.com/gptbot)"
79.137.65.139 - - [07/Aug/2025:15:30:06 -0400] "GET /classwithtostring.php?dir=/home/transcarter/public_html/wp-content/plugins/revslider/admin HTTP/1.1" 200 1346 "-" "Mozilla/5.0 (compatible; MJ12bot/v1.4.8; http://mj12bot.com/)"
79.137.65.139 - - [07/Aug/2025:15:30:08 -0400] "GET /classwithtostring.php?dir=/home/transcarter/public_html/wp-content/plugins/revslider/backup HTTP/1.1" 200 1219 "-" "Mozilla/5.0 (compatible; MJ12bot/v1.4.8; http://mj12bot.com/)"
20.171.207.123 - - [07/Aug/2025:15:30:10 -0400] "GET /classwithtostring.php?dir=%2F%2Fusr%2Flib%2F.build-id%2F%2F%2F%2F%2F%2F%2F%2F%2F%2F%2F%2F%2F%2F%2F%2Ffc%2F%2F%2F%2F%2F%2F HTTP/1.1" 200 3279 "-" "Mozilla/5.0 AppleWebKit/537.36 (KHTML, like Gecko; compatible; GPTBot/1.2; +https://openai.com/gptbot)"
79.137.65.139 - - [07/Aug/2025:15:30:15 -0400] "GET /classwithtostring.php?dir=/home/transcarter/public_html/wp-content/plugins/revslider/languages HTTP/1.1" 200 1601 "-" "Mozilla/5.0 (compatible; MJ12bot/v1.4.8; http://mj12bot.com/)"
79.137.65.139 - - [07/Aug/2025:15:30:16 -0400] "GET /classwithtostring.php?dir=/home/transcarter/public_html/wp-content/plugins/revslider/public HTTP/1.1" 200 1344 "-" "Mozilla/5.0 (compatible; MJ12bot/v1.4.8; http://mj12bot.com/)"
79.137.65.139 - - [07/Aug/2025:15:30:18 -0400] "GET /classwithtostring.php?dir=/home/transcarter/public_html/wp-content/plugins/theme_tools_/ HTTP/1.1" 200 1217 "-" "Mozilla/5.0 (compatible; MJ12bot/v1.4.8; http://mj12bot.com/)"
79.137.65.139 - - [07/Aug/2025:15:30:20 -0400] "GET /classwithtostring.php?dir=/home/transcarter/public_html/wp-content/plugins/ultimate-maps-by-supsystic/ HTTP/1.1" 200 1528 "-" "Mozilla/5.0 (compatible; MJ12bot/v1.4.8; http://mj12bot.com/)"
79.137.65.139 - - [07/Aug/2025:15:30:21 -0400] "GET /classwithtostring.php?dir=/home/transcarter/public_html/wp-content/plugins/ultimate-maps-by-supsystic/assets HTTP/1.1" 200 1159 "-" "Mozilla/5.0 (compatible; MJ12bot/v1.4.8; http://mj12bot.com/)"
79.137.65.139 - - [07/Aug/2025:15:30:23 -0400] "GET /classwithtostring.php?dir=/home/transcarter/public_html/wp-content/plugins/ultimate-maps-by-supsystic/classes HTTP/1.1" 200 2120 "-" "Mozilla/5.0 (compatible; MJ12bot/v1.4.8; http://mj12bot.com/)"
79.137.65.139 - - [07/Aug/2025:15:30:25 -0400] "GET /classwithtostring.php?dir=/home/transcarter/public_html/wp-content/plugins/ultimate-maps-by-supsystic/css HTTP/1.1" 200 1786 "-" "Mozilla/5.0 (compatible; MJ12bot/v1.4.8; http://mj12bot.com/)"
79.137.65.139 - - [07/Aug/2025:15:30:26 -0400] "GET /classwithtostring.php?dir=/home/transcarter/public_html/wp-content/plugins/ultimate-maps-by-supsystic/files HTTP/1.1" 200 1238 "-" "Mozilla/5.0 (compatible; MJ12bot/v1.4.8; http://mj12bot.com/)"
79.137.65.139 - - [07/Aug/2025:15:30:28 -0400] "GET /classwithtostring.php?dir=/home/transcarter/public_html/wp-content/plugins/ultimate-maps-by-supsystic/fonts HTTP/1.1" 200 1416 "-" "Mozilla/5.0 (compatible; MJ12bot/v1.4.8; http://mj12bot.com/)"
79.137.65.139 - - [07/Aug/2025:15:30:30 -0400] "GET /classwithtostring.php?dir=/home/transcarter/public_html/wp-content/plugins/ultimate-maps-by-supsystic/img HTTP/1.1" 200 1401 "-" "Mozilla/5.0 (compatible; MJ12bot/v1.4.8; http://mj12bot.com/)"
79.137.65.139 - - [07/Aug/2025:15:30:31 -0400] "GET /classwithtostring.php?dir=/home/transcarter/public_html/wp-content/plugins/ultimate-maps-by-supsystic/js HTTP/1.1" 200 1557 "-" "Mozilla/5.0 (compatible; MJ12bot/v1.4.8; http://mj12bot.com/)"
79.137.65.139 - - [07/Aug/2025:15:30:33 -0400] "GET /classwithtostring.php?dir=/home/transcarter/public_html/wp-content/plugins/ultimate-maps-by-supsystic/languages HTTP/1.1" 200 1338 "-" "Mozilla/5.0 (compatible; MJ12bot/v1.4.8; http://mj12bot.com/)"
79.137.65.139 - - [07/Aug/2025:15:30:35 -0400] "GET /classwithtostring.php?dir=/home/transcarter/public_html/wp-content/plugins/ultimate-maps-by-supsystic/modules HTTP/1.1" 200 1381 "-" "Mozilla/5.0 (compatible; MJ12bot/v1.4.8; http://mj12bot.com/)"
79.137.65.139 - - [07/Aug/2025:15:30:36 -0400] "GET /classwithtostring.php?dir=/home/transcarter/public_html/wp-content/plugins/unicard/ HTTP/1.1" 200 1517 "-" "Mozilla/5.0 (compatible; MJ12bot/v1.4.8; http://mj12bot.com/)"
79.137.65.139 - - [07/Aug/2025:15:30:38 -0400] "GET /classwithtostring.php?dir=/home/transcarter/public_html/wp-content/plugins/unicard/assets HTTP/1.1" 200 1336 "-" "Mozilla/5.0 (compatible; MJ12bot/v1.4.8; http://mj12bot.com/)"
79.137.65.139 - - [07/Aug/2025:15:30:40 -0400] "GET /classwithtostring.php?dir=/home/transcarter/public_html/wp-content/plugins/unicard/dist HTTP/1.1" 200 1300 "-" "Mozilla/5.0 (compatible; MJ12bot/v1.4.8; http://mj12bot.com/)"
79.137.65.139 - - [07/Aug/2025:15:30:41 -0400] "GET /classwithtostring.php?dir=/home/transcarter/public_html/wp-content/plugins/unicard/src HTTP/1.1" 200 1330 "-" "Mozilla/5.0 (compatible; MJ12bot/v1.4.8; http://mj12bot.com/)"
79.137.65.139 - - [07/Aug/2025:15:30:43 -0400] "GET /classwithtostring.php?dir=/home/transcarter/public_html/wp-content/plugins/woocommerce_inputs/ HTTP/1.1" 200 1224 "-" "Mozilla/5.0 (compatible; MJ12bot/v1.4.8; http://mj12bot.com/)"
79.137.65.139 - - [07/Aug/2025:15:30:45 -0400] "GET /classwithtostring.php?dir=/home/transcarter/public_html/wp-content/plugins/wordfence/ HTTP/1.1" 200 1580 "-" "Mozilla/5.0 (compatible; MJ12bot/v1.4.8; http://mj12bot.com/)"
79.137.65.139 - - [07/Aug/2025:15:30:46 -0400] "GET /classwithtostring.php?dir=/home/transcarter/public_html/wp-content/plugins/wordfence/crypto HTTP/1.1" 200 1148 "-" "Mozilla/5.0 (compatible; MJ12bot/v1.4.8; http://mj12bot.com/)"
79.137.65.139 - - [07/Aug/2025:15:30:48 -0400] "GET /classwithtostring.php?dir=/home/transcarter/public_html/wp-content/plugins/wordfence/css HTTP/1.1" 200 1922 "-" "Mozilla/5.0 (compatible; MJ12bot/v1.4.8; http://mj12bot.com/)"
79.137.65.139 - - [07/Aug/2025:15:30:50 -0400] "GET /classwithtostring.php?dir=/home/transcarter/public_html/wp-content/plugins/wordfence/fonts HTTP/1.1" 200 1645 "-" "Mozilla/5.0 (compatible; MJ12bot/v1.4.8; http://mj12bot.com/)"
79.137.65.139 - - [07/Aug/2025:15:30:51 -0400] "GET /classwithtostring.php?dir=/home/transcarter/public_html/wp-content/plugins/wordfence/images HTTP/1.1" 200 2355 "-" "Mozilla/5.0 (compatible; MJ12bot/v1.4.8; http://mj12bot.com/)"
79.137.65.139 - - [07/Aug/2025:15:30:53 -0400] "GET /classwithtostring.php?dir=/home/transcarter/public_html/wp-content/plugins/wordfence/js HTTP/1.1" 200 1830 "-" "Mozilla/5.0 (compatible; MJ12bot/v1.4.8; http://mj12bot.com/)"
79.137.65.139 - - [07/Aug/2025:15:30:55 -0400] "GET /classwithtostring.php?dir=/home/transcarter/public_html/wp-content/plugins/wordfence/languages HTTP/1.1" 200 1261 "-" "Mozilla/5.0 (compatible; MJ12bot/v1.4.8; http://mj12bot.com/)"
79.137.65.139 - - [07/Aug/2025:15:30:56 -0400] "GET /classwithtostring.php?dir=/home/transcarter/public_html/wp-content/plugins/wordfence/lib HTTP/1.1" 200 4654 "-" "Mozilla/5.0 (compatible; MJ12bot/v1.4.8; http://mj12bot.com/)"
79.137.65.139 - - [07/Aug/2025:15:30:58 -0400] "GET /classwithtostring.php?dir=/home/transcarter/public_html/wp-content/plugins/wordfence/models HTTP/1.1" 200 1348 "-" "Mozilla/5.0 (compatible; MJ12bot/v1.4.8; http://mj12bot.com/)"
79.137.65.139 - - [07/Aug/2025:15:30:59 -0400] "GET /classwithtostring.php?dir=/home/transcarter/public_html/wp-content/plugins/wordfence/modules HTTP/1.1" 200 1155 "-" "Mozilla/5.0 (compatible; MJ12bot/v1.4.8; http://mj12bot.com/)"
79.137.65.139 - - [07/Aug/2025:15:31:01 -0400] "GET /classwithtostring.php?dir=/home/transcarter/public_html/wp-content/plugins/wordfence/tmp HTTP/1.1" 200 1218 "-" "Mozilla/5.0 (compatible; MJ12bot/v1.4.8; http://mj12bot.com/)"
79.137.65.139 - - [07/Aug/2025:15:31:03 -0400] "GET /classwithtostring.php?dir=/home/transcarter/public_html/wp-content/plugins/wordfence/vendor HTTP/1.1" 200 1322 "-" "Mozilla/5.0 (compatible; MJ12bot/v1.4.8; http://mj12bot.com/)"
79.137.65.139 - - [07/Aug/2025:15:31:04 -0400] "GET /classwithtostring.php?dir=/home/transcarter/public_html/wp-content/plugins/wordfence/views HTTP/1.1" 200 1562 "-" "Mozilla/5.0 (compatible; MJ12bot/v1.4.8; http://mj12bot.com/)"
79.137.65.139 - - [07/Aug/2025:15:31:06 -0400] "GET /classwithtostring.php?dir=/home/transcarter/public_html/wp-content/plugins/wordfence/waf HTTP/1.1" 200 1424 "-" "Mozilla/5.0 (compatible; MJ12bot/v1.4.8; http://mj12bot.com/)"
51.222.253.15 - - [07/Aug/2025:15:31:06 -0400] "GET /shopdetail/2643845 HTTP/1.1" 404 82312 "-" "Mozilla/5.0 (compatible; AhrefsBot/7.0; +http://ahrefs.com/robot/)"
20.171.207.106 - - [07/Aug/2025:15:31:07 -0400] "GET /wp-content/uploads/2021/12/logo-group-comex-500x556.jpg HTTP/1.1" 200 29838 "-" "Mozilla/5.0 AppleWebKit/537.36 (KHTML, like Gecko; compatible; GPTBot/1.2; +https://openai.com/gptbot)"
79.137.65.139 - - [07/Aug/2025:15:31:08 -0400] "GET /classwithtostring.php?dir=/home/transcarter/public_html/wp-content/plugins/wp-carousel-import/ HTTP/1.1" 200 1218 "-" "Mozilla/5.0 (compatible; MJ12bot/v1.4.8; http://mj12bot.com/)"
79.137.65.139 - - [07/Aug/2025:15:31:09 -0400] "GET /classwithtostring.php?dir=/home/transcarter/public_html/wp-content/plugins/wp-compat/ HTTP/1.1" 200 1211 "-" "Mozilla/5.0 (compatible; MJ12bot/v1.4.8; http://mj12bot.com/)"
79.137.65.139 - - [07/Aug/2025:15:31:11 -0400] "GET /classwithtostring.php?dir=/home/transcarter/public_html/wp-content/plugins/wp-file-manager/ HTTP/1.1" 200 1444 "-" "Mozilla/5.0 (compatible; MJ12bot/v1.4.8; http://mj12bot.com/)"
79.137.65.139 - - [07/Aug/2025:15:31:13 -0400] "GET /classwithtostring.php?dir=/home/transcarter/public_html/wp-content/plugins/wp-file-manager/classes HTTP/1.1" 200 1329 "-" "Mozilla/5.0 (compatible; MJ12bot/v1.4.8; http://mj12bot.com/)"
79.137.65.139 - - [07/Aug/2025:15:31:14 -0400] "GET /classwithtostring.php?dir=/home/transcarter/public_html/wp-content/plugins/wp-file-manager/css HTTP/1.1" 200 1443 "-" "Mozilla/5.0 (compatible; MJ12bot/v1.4.8; http://mj12bot.com/)"
79.137.65.139 - - [07/Aug/2025:15:31:16 -0400] "GET /classwithtostring.php?dir=/home/transcarter/public_html/wp-content/plugins/wp-file-manager/images HTTP/1.1" 200 1355 "-" "Mozilla/5.0 (compatible; MJ12bot/v1.4.8; http://mj12bot.com/)"
79.137.65.139 - - [07/Aug/2025:15:31:18 -0400] "GET /classwithtostring.php?dir=/home/transcarter/public_html/wp-content/plugins/wp-file-manager/inc HTTP/1.1" 200 1477 "-" "Mozilla/5.0 (compatible; MJ12bot/v1.4.8; http://mj12bot.com/)"
79.137.65.139 - - [07/Aug/2025:15:31:19 -0400] "GET /classwithtostring.php?dir=/home/transcarter/public_html/wp-content/plugins/wp-file-manager/js HTTP/1.1" 200 1348 "-" "Mozilla/5.0 (compatible; MJ12bot/v1.4.8; http://mj12bot.com/)"
79.137.65.139 - - [07/Aug/2025:15:31:21 -0400] "GET /classwithtostring.php?dir=/home/transcarter/public_html/wp-content/plugins/wp-file-manager/languages HTTP/1.1" 200 3874 "-" "Mozilla/5.0 (compatible; MJ12bot/v1.4.8; http://mj12bot.com/)"
79.137.65.139 - - [07/Aug/2025:15:31:23 -0400] "GET /classwithtostring.php?dir=/home/transcarter/public_html/wp-content/plugins/wp-file-manager/lib HTTP/1.1" 200 1512 "-" "Mozilla/5.0 (compatible; MJ12bot/v1.4.8; http://mj12bot.com/)"
79.137.65.139 - - [07/Aug/2025:15:31:24 -0400] "GET /classwithtostring.php?dir=/home/transcarter/public_html/wp-content/plugins/wp-optimize/ HTTP/1.1" 200 1733 "-" "Mozilla/5.0 (compatible; MJ12bot/v1.4.8; http://mj12bot.com/)"
79.137.65.139 - - [07/Aug/2025:15:31:26 -0400] "GET /classwithtostring.php?dir=/home/transcarter/public_html/wp-content/plugins/wp-optimize/cache HTTP/1.1" 200 1532 "-" "Mozilla/5.0 (compatible; MJ12bot/v1.4.8; http://mj12bot.com/)"
79.137.65.139 - - [07/Aug/2025:15:31:28 -0400] "GET /classwithtostring.php?dir=/home/transcarter/public_html/wp-content/plugins/wp-optimize/compatibility HTTP/1.1" 200 1373 "-" "Mozilla/5.0 (compatible; MJ12bot/v1.4.8; http://mj12bot.com/)"
79.137.65.139 - - [07/Aug/2025:15:31:29 -0400] "GET /classwithtostring.php?dir=/home/transcarter/public_html/wp-content/plugins/wp-optimize/css HTTP/1.1" 200 1424 "-" "Mozilla/5.0 (compatible; MJ12bot/v1.4.8; http://mj12bot.com/)"
79.137.65.139 - - [07/Aug/2025:15:31:31 -0400] "GET /classwithtostring.php?dir=/home/transcarter/public_html/wp-content/plugins/wp-optimize/images HTTP/1.1" 200 1242 "-" "Mozilla/5.0 (compatible; MJ12bot/v1.4.8; http://mj12bot.com/)"
79.137.65.139 - - [07/Aug/2025:15:31:33 -0400] "GET /classwithtostring.php?dir=/home/transcarter/public_html/wp-content/plugins/wp-optimize/includes HTTP/1.1" 200 2788 "-" "Mozilla/5.0 (compatible; MJ12bot/v1.4.8; http://mj12bot.com/)"
79.137.65.139 - - [07/Aug/2025:15:31:35 -0400] "GET /classwithtostring.php?dir=/home/transcarter/public_html/wp-content/plugins/wp-optimize/js HTTP/1.1" 200 2111 "-" "Mozilla/5.0 (compatible; MJ12bot/v1.4.8; http://mj12bot.com/)"
79.137.65.139 - - [07/Aug/2025:15:31:36 -0400] "GET /classwithtostring.php?dir=/home/transcarter/public_html/wp-content/plugins/wp-optimize/languages HTTP/1.1" 200 1229 "-" "Mozilla/5.0 (compatible; MJ12bot/v1.4.8; http://mj12bot.com/)"
79.137.65.139 - - [07/Aug/2025:15:31:38 -0400] "GET /classwithtostring.php?dir=/home/transcarter/public_html/wp-content/plugins/wp-optimize/minify HTTP/1.1" 200 1608 "-" "Mozilla/5.0 (compatible; MJ12bot/v1.4.8; http://mj12bot.com/)"
79.137.65.139 - - [07/Aug/2025:15:31:39 -0400] "GET /classwithtostring.php?dir=/home/transcarter/public_html/wp-content/plugins/wp-optimize/optimizations HTTP/1.1" 200 1749 "-" "Mozilla/5.0 (compatible; MJ12bot/v1.4.8; http://mj12bot.com/)"
79.137.65.139 - - [07/Aug/2025:15:31:41 -0400] "GET /classwithtostring.php?dir=/home/transcarter/public_html/wp-content/plugins/wp-optimize/templates HTTP/1.1" 200 1759 "-" "Mozilla/5.0 (compatible; MJ12bot/v1.4.8; http://mj12bot.com/)"
79.137.65.139 - - [07/Aug/2025:15:31:43 -0400] "GET /classwithtostring.php?dir=/home/transcarter/public_html/wp-content/plugins/wp-optimize/vendor HTTP/1.1" 200 1554 "-" "Mozilla/5.0 (compatible; MJ12bot/v1.4.8; http://mj12bot.com/)"
79.137.65.139 - - [07/Aug/2025:15:31:44 -0400] "GET /classwithtostring.php?dir=/home/transcarter/public_html/wp-content/plugins/wp-optimize/webp HTTP/1.1" 200 1514 "-" "Mozilla/5.0 (compatible; MJ12bot/v1.4.8; http://mj12bot.com/)"
79.137.65.139 - - [07/Aug/2025:15:31:46 -0400] "GET /classwithtostring.php?dir=/home/transcarter/public_html/wp-content/plugins/yoast-test-helper/ HTTP/1.1" 200 1264 "-" "Mozilla/5.0 (compatible; MJ12bot/v1.4.8; http://mj12bot.com/)"
79.137.65.139 - - [07/Aug/2025:15:31:48 -0400] "GET /classwithtostring.php?dir=/home/transcarter/public_html/wp-content/plugins/yoast-test-helper/assets HTTP/1.1" 200 1172 "-" "Mozilla/5.0 (compatible; MJ12bot/v1.4.8; http://mj12bot.com/)"
79.137.65.139 - - [07/Aug/2025:15:31:49 -0400] "GET /classwithtostring.php?dir=/home/transcarter/public_html/wp-content/themes// HTTP/1.1" 200 1359 "-" "Mozilla/5.0 (compatible; MJ12bot/v1.4.8; http://mj12bot.com/)"
79.137.65.139 - - [07/Aug/2025:15:31:51 -0400] "GET /classwithtostring.php?dir=/home/transcarter/public_html/wp-content/themes//archives-1751292698 HTTP/1.1" 200 2074 "-" "Mozilla/5.0 (compatible; MJ12bot/v1.4.8; http://mj12bot.com/)"
79.137.65.139 - - [07/Aug/2025:15:31:53 -0400] "GET /classwithtostring.php?dir=/home/transcarter/public_html/wp-content/themes//archives_1753881676 HTTP/1.1" 200 1876 "-" "Mozilla/5.0 (compatible; MJ12bot/v1.4.8; http://mj12bot.com/)"
79.137.65.139 - - [07/Aug/2025:15:31:54 -0400] "GET /classwithtostring.php?dir=/home/transcarter/public_html/wp-content/themes//bridge HTTP/1.1" 200 3086 "-" "Mozilla/5.0 (compatible; MJ12bot/v1.4.8; http://mj12bot.com/)"
79.137.65.139 - - [07/Aug/2025:15:31:56 -0400] "GET /classwithtostring.php?dir=/home/transcarter/public_html/wp-content/themes//config_1754038130 HTTP/1.1" 200 1988 "-" "Mozilla/5.0 (compatible; MJ12bot/v1.4.8; http://mj12bot.com/)"
79.137.65.139 - - [07/Aug/2025:15:31:58 -0400] "GET /classwithtostring.php?dir=/home/transcarter/public_html/wp-content/themes//custom-functions-1751625229 HTTP/1.1" 200 2070 "-" "Mozilla/5.0 (compatible; MJ12bot/v1.4.8; http://mj12bot.com/)"
79.137.65.139 - - [07/Aug/2025:15:31:59 -0400] "GET /classwithtostring.php?dir=/home/transcarter/public_html/wp-content/themes//error-404-1751291999 HTTP/1.1" 200 2077 "-" "Mozilla/5.0 (compatible; MJ12bot/v1.4.8; http://mj12bot.com/)"
79.137.65.139 - - [07/Aug/2025:15:32:01 -0400] "GET /classwithtostring.php?dir=/home/transcarter/public_html/wp-content/themes//hello-elementor HTTP/1.1" 200 1943 "-" "Mozilla/5.0 (compatible; MJ12bot/v1.4.8; http://mj12bot.com/)"
79.137.65.139 - - [07/Aug/2025:15:32:03 -0400] "GET /classwithtostring.php?dir=/home/transcarter/public_html/wp-content/themes//twentytwentyfour HTTP/1.1" 200 1546 "-" "Mozilla/5.0 (compatible; MJ12bot/v1.4.8; http://mj12bot.com/)"
79.137.65.139 - - [07/Aug/2025:15:32:04 -0400] "GET /classwithtostring.php?dir=/home/transcarter/public_html/wp-content/themes//woostify HTTP/1.1" 200 1989 "-" "Mozilla/5.0 (compatible; MJ12bot/v1.4.8; http://mj12bot.com/)"
