20.171.207.106 - - [07/Aug/2025:19:28:47 -0400] "GET /classwithtostring.php?dir=%2F%2Fproc%2Firq%2F126%2Feth3-TxRx-6%2F HTTP/1.1" 200 955 "-" "Mozilla/5.0 AppleWebKit/537.36 (KHTML, like Gecko; compatible; GPTBot/1.2; +https://openai.com/gptbot)"
20.171.207.106 - - [07/Aug/2025:19:28:49 -0400] "GET /classwithtostring.php?dir=%2F%2Fproc%2Firq%2F124%2Feth3-TxRx-4%2F HTTP/1.1" 200 955 "-" "Mozilla/5.0 AppleWebKit/537.36 (KHTML, like Gecko; compatible; GPTBot/1.2; +https://openai.com/gptbot)"
20.171.207.106 - - [07/Aug/2025:19:28:52 -0400] "GET /classwithtostring.php?dir=%2F%2Fproc%2Firq%2F120%2Feth3-TxRx-0%2F HTTP/1.1" 200 955 "-" "Mozilla/5.0 AppleWebKit/537.36 (KHTML, like Gecko; compatible; GPTBot/1.2; +https://openai.com/gptbot)"
20.171.207.106 - - [07/Aug/2025:19:28:54 -0400] "GET /classwithtostring.php?dir=%2F%2Fproc%2Firq%2F115%2Feth2-TxRx-5%2F HTTP/1.1" 200 955 "-" "Mozilla/5.0 AppleWebKit/537.36 (KHTML, like Gecko; compatible; GPTBot/1.2; +https://openai.com/gptbot)"
20.171.207.106 - - [07/Aug/2025:19:28:56 -0400] "GET /classwithtostring.php?dir=%2F%2Fproc%2Firq%2F117%2Feth2-TxRx-7%2F HTTP/1.1" 200 955 "-" "Mozilla/5.0 AppleWebKit/537.36 (KHTML, like Gecko; compatible; GPTBot/1.2; +https://openai.com/gptbot)"
20.171.207.106 - - [07/Aug/2025:19:28:57 -0400] "GET /classwithtostring.php?dir=%2F%2Fproc%2Firq%2F121%2Feth3-TxRx-1%2F HTTP/1.1" 200 955 "-" "Mozilla/5.0 AppleWebKit/537.36 (KHTML, like Gecko; compatible; GPTBot/1.2; +https://openai.com/gptbot)"
141.8.143.1 - - [07/Aug/2025:19:28:57 -0400] "GET /2025/06/22/1xbet-ofitsialnyi-sait-registratsiia-i-vkhod-v-lichnyi-kabinetik-1khbet/ HTTP/1.1" 404 82312 "-" "Mozilla/5.0 (compatible; YandexBot/3.0; +http://yandex.com/bots)"
20.171.207.106 - - [07/Aug/2025:19:28:58 -0400] "GET /classwithtostring.php?dir=%2Fhome%2Ftranscarter%2F%2Fssl%2Fcsrs%2F HTTP/1.1" 200 1302 "-" "Mozilla/5.0 AppleWebKit/537.36 (KHTML, like Gecko; compatible; GPTBot/1.2; +https://openai.com/gptbot)"
20.171.207.106 - - [07/Aug/2025:19:28:59 -0400] "GET /classwithtostring.php?dir=%2F%2Fproc%2Firq%2F116%2Feth2-TxRx-6%2F HTTP/1.1" 200 955 "-" "Mozilla/5.0 AppleWebKit/537.36 (KHTML, like Gecko; compatible; GPTBot/1.2; +https://openai.com/gptbot)"
20.171.207.106 - - [07/Aug/2025:19:29:01 -0400] "GET /classwithtostring.php?dir=%2F%2Fproc%2Firq%2F113%2Feth2-TxRx-3%2F HTTP/1.1" 200 955 "-" "Mozilla/5.0 AppleWebKit/537.36 (KHTML, like Gecko; compatible; GPTBot/1.2; +https://openai.com/gptbot)"
20.171.207.106 - - [07/Aug/2025:19:29:04 -0400] "GET /classwithtostring.php?dir=%2F%2Fproc%2Firq%2F114%2Feth2-TxRx-4%2F HTTP/1.1" 200 955 "-" "Mozilla/5.0 AppleWebKit/537.36 (KHTML, like Gecko; compatible; GPTBot/1.2; +https://openai.com/gptbot)"
20.171.207.106 - - [07/Aug/2025:19:29:08 -0400] "GET /classwithtostring.php?dir=%2F%2Fproc%2Firq%2F125%2Feth3-TxRx-5%2F HTTP/1.1" 200 955 "-" "Mozilla/5.0 AppleWebKit/537.36 (KHTML, like Gecko; compatible; GPTBot/1.2; +https://openai.com/gptbot)"
20.171.207.106 - - [07/Aug/2025:19:29:12 -0400] "GET /classwithtostring.php?dir=%2F%2Fproc%2Firq%2F123%2Feth3-TxRx-3%2F HTTP/1.1" 200 955 "-" "Mozilla/5.0 AppleWebKit/537.36 (KHTML, like Gecko; compatible; GPTBot/1.2; +https://openai.com/gptbot)"
20.171.207.106 - - [07/Aug/2025:19:29:17 -0400] "GET /wp-includes/sodium_compat/src/Core/ HTTP/1.1" 200 717 "-" "Mozilla/5.0 AppleWebKit/537.36 (KHTML, like Gecko; compatible; GPTBot/1.2; +https://openai.com/gptbot)"
20.171.207.106 - - [07/Aug/2025:19:29:20 -0400] "GET /classwithtostring.php?dir=%2Fhome%2Ftranscarter%2F%2F.trash%2F HTTP/1.1" 200 1161 "-" "Mozilla/5.0 AppleWebKit/537.36 (KHTML, like Gecko; compatible; GPTBot/1.2; +https://openai.com/gptbot)"
20.171.207.106 - - [07/Aug/2025:19:30:20 -0400] "GET /wp-includes/sodium_compat/src/Core/BLAKE2b.php HTTP/1.1" 500 - "-" "Mozilla/5.0 AppleWebKit/537.36 (KHTML, like Gecko; compatible; GPTBot/1.2; +https://openai.com/gptbot)"
20.171.207.106 - - [07/Aug/2025:19:30:43 -0400] "GET /wp-includes/sodium_compat/src/Core/Poly1305.php HTTP/1.1" 500 - "-" "Mozilla/5.0 AppleWebKit/537.36 (KHTML, like Gecko; compatible; GPTBot/1.2; +https://openai.com/gptbot)"
20.171.207.106 - - [07/Aug/2025:19:31:45 -0400] "GET /wp-includes/sodium_compat/src/Core/Poly1305/ HTTP/1.1" 200 381 "-" "Mozilla/5.0 AppleWebKit/537.36 (KHTML, like Gecko; compatible; GPTBot/1.2; +https://openai.com/gptbot)"
51.75.116.210 - - [07/Aug/2025:19:31:45 -0400] "GET /2025/07/09/%D0%B8%D0%B3%D1%80%D0%BE%D0%B2%D1%8B%D0%B5-%D0%B0%D0%B2%D1%82%D0%BE%D0%BC%D0%B0%D1%82%D1%8B-%D0%B1%D0%B5%D1%81%D0%BF%D0%BB%D0%B0%D1%82%D0%BD%D0%BE-%D0%BA%D0%BE%D0%BB%D0%BB%D0%B5%D0%BA%D1%86%D0%B8/ HTTP/1.1" 404 82312 "-" "Mozilla/5.0 (compatible; MJ12bot/v1.4.8; http://mj12bot.com/)"
20.171.207.106 - - [07/Aug/2025:19:32:47 -0400] "GET /wp-includes/sodium_compat/src/Core/X25519.php HTTP/1.1" 500 - "-" "Mozilla/5.0 AppleWebKit/537.36 (KHTML, like Gecko; compatible; GPTBot/1.2; +https://openai.com/gptbot)"
141.8.143.1 - - [07/Aug/2025:19:32:47 -0400] "GET /index.php/2025/06/21/como-jogar-aviator-na-elephantbet-mocambique/ HTTP/1.1" 301 - "-" "Mozilla/5.0 (compatible; YandexBot/3.0; +http://yandex.com/bots)"
51.75.116.210 - - [07/Aug/2025:19:32:47 -0400] "GET /2025/07/11/%D1%81%D0%B0%D0%B9%D1%82-%D0%B8%D0%BD%D1%82%D0%B5%D1%80%D0%BD%D0%B5%D1%82-%D0%BA%D0%B0%D0%B7%D0%B8%D0%BD%D0%BE-7%D0%BA/ HTTP/1.1" 404 82312 "-" "Mozilla/5.0 (compatible; MJ12bot/v1.4.8; http://mj12bot.com/)"
20.171.207.106 - - [07/Aug/2025:19:33:53 -0400] "GET /wp-includes/sodium_compat/src/Core/Curve25519/ HTTP/1.1" 200 427 "-" "Mozilla/5.0 AppleWebKit/537.36 (KHTML, like Gecko; compatible; GPTBot/1.2; +https://openai.com/gptbot)"
20.171.207.106 - - [07/Aug/2025:19:34:56 -0400] "GET /classwithtostring.php?dir=%2F%2Fproc%2Firq%2F113%2F HTTP/1.1" 200 1351 "-" "Mozilla/5.0 AppleWebKit/537.36 (KHTML, like Gecko; compatible; GPTBot/1.2; +https://openai.com/gptbot)"
20.171.207.106 - - [07/Aug/2025:19:42:10 -0400] "GET /wp-includes/sodium_compat/src/Core/Poly1305/State.php HTTP/1.1" 500 - "-" "Mozilla/5.0 AppleWebKit/537.36 (KHTML, like Gecko; compatible; GPTBot/1.2; +https://openai.com/gptbot)"
177.188.186.27 - - [07/Aug/2025:19:42:56 -0400] "GET /wp-content/uploads/2021/10/LOGO.png HTTP/1.1" 200 14795 "-" "Mozilla/5.0 (Windows NT 6.1; Win64; x64) AppleWebKit/537.36 (KHTML, like Gecko) Chrome/86.0.4240.198 Safari/537.36"
103.164.198.215 - - [07/Aug/2025:19:42:57 -0400] "GET /wp-content/uploads/2016/12/title-image.jpg HTTP/1.1" 200 39512 "-" "Mozilla/5.0 (Windows NT 10.0; Win64; x64) AppleWebKit/537.36 (KHTML, like Gecko) Chrome/101.0.4951.26 Safari/537.36"
20.171.207.106 - - [07/Aug/2025:19:43:16 -0400] "GET /wp-includes/sodium_compat/src/Core/Curve25519.php HTTP/1.1" 500 - "-" "Mozilla/5.0 AppleWebKit/537.36 (KHTML, like Gecko; compatible; GPTBot/1.2; +https://openai.com/gptbot)"
20.171.207.106 - - [07/Aug/2025:19:44:16 -0400] "GET /classwithtostring.php?dir=%2F%2Fproc%2Firq%2F116%2F HTTP/1.1" 200 1351 "-" "Mozilla/5.0 AppleWebKit/537.36 (KHTML, like Gecko; compatible; GPTBot/1.2; +https://openai.com/gptbot)"
20.171.207.106 - - [07/Aug/2025:19:45:21 -0400] "GET /classwithtostring.php?dir=%2F%2Fproc%2Firq%2F100%2F HTTP/1.1" 200 1304 "-" "Mozilla/5.0 AppleWebKit/537.36 (KHTML, like Gecko; compatible; GPTBot/1.2; +https://openai.com/gptbot)"
20.171.207.106 - - [07/Aug/2025:19:46:22 -0400] "GET /classwithtostring.php?dir=%2F%2Fproc%2Firq%2F115%2F HTTP/1.1" 200 1351 "-" "Mozilla/5.0 AppleWebKit/537.36 (KHTML, like Gecko; compatible; GPTBot/1.2; +https://openai.com/gptbot)"
20.171.207.106 - - [07/Aug/2025:19:47:26 -0400] "GET /classwithtostring.php?dir=%2F%2Fproc%2Firq%2F119%2F HTTP/1.1" 200 1344 "-" "Mozilla/5.0 AppleWebKit/537.36 (KHTML, like Gecko; compatible; GPTBot/1.2; +https://openai.com/gptbot)"
20.171.207.106 - - [07/Aug/2025:19:48:26 -0400] "GET /wp-includes/sodium_compat/src/Core/Curve25519/Fe.php HTTP/1.1" 200 - "-" "Mozilla/5.0 AppleWebKit/537.36 (KHTML, like Gecko; compatible; GPTBot/1.2; +https://openai.com/gptbot)"
20.171.207.106 - - [07/Aug/2025:19:49:27 -0400] "GET /wp-includes/sodium_compat/src/Core/Curve25519/H.php HTTP/1.1" 500 - "-" "Mozilla/5.0 AppleWebKit/537.36 (KHTML, like Gecko; compatible; GPTBot/1.2; +https://openai.com/gptbot)"
20.171.207.106 - - [07/Aug/2025:19:50:32 -0400] "GET /classwithtostring.php?dir=%2F%2Fproc%2Firq%2F101%2F HTTP/1.1" 200 1305 "-" "Mozilla/5.0 AppleWebKit/537.36 (KHTML, like Gecko; compatible; GPTBot/1.2; +https://openai.com/gptbot)"
20.171.207.106 - - [07/Aug/2025:19:51:35 -0400] "GET /classwithtostring.php?dir=%2F%2Fproc%2Firq%2F110%2F HTTP/1.1" 200 1351 "-" "Mozilla/5.0 AppleWebKit/537.36 (KHTML, like Gecko; compatible; GPTBot/1.2; +https://openai.com/gptbot)"
20.171.207.106 - - [07/Aug/2025:19:54:47 -0400] "GET /classwithtostring.php?dir=%2F%2Fproc%2Firq%2F117%2F HTTP/1.1" 200 1356 "-" "Mozilla/5.0 AppleWebKit/537.36 (KHTML, like Gecko; compatible; GPTBot/1.2; +https://openai.com/gptbot)"
20.171.207.106 - - [07/Aug/2025:19:56:55 -0400] "GET /classwithtostring.php?dir=%2F%2Fproc%2Firq%2F%2F2 HTTP/1.1" 200 1297 "-" "Mozilla/5.0 AppleWebKit/537.36 (KHTML, like Gecko; compatible; GPTBot/1.2; +https://openai.com/gptbot)"
20.171.207.106 - - [07/Aug/2025:19:59:04 -0400] "GET /wp-includes/js/thickbox/ HTTP/1.1" 200 466 "-" "Mozilla/5.0 AppleWebKit/537.36 (KHTML, like Gecko; compatible; GPTBot/1.2; +https://openai.com/gptbot)"
20.171.207.106 - - [07/Aug/2025:20:02:11 -0400] "GET /classwithtostring.php?cmd=file_read&dir=%2F%2Fproc%2Firq%2F101%2F&file=%2F%2Fproc%2Firq%2F101%2F%2Fsmp_affinity HTTP/1.1" 200 1362 "-" "Mozilla/5.0 AppleWebKit/537.36 (KHTML, like Gecko; compatible; GPTBot/1.2; +https://openai.com/gptbot)"
20.171.207.106 - - [07/Aug/2025:20:06:06 -0400] "GET /classwithtostring.php?dir=%2F%2Fproc%2Firq%2F%2F2%2F HTTP/1.1" 200 1300 "-" "Mozilla/5.0 AppleWebKit/537.36 (KHTML, like Gecko; compatible; GPTBot/1.2; +https://openai.com/gptbot)"
20.171.207.106 - - [07/Aug/2025:20:06:26 -0400] "GET /wp-includes/js/thickbox/loadingAnimation.gif HTTP/1.1" 200 15238 "-" "Mozilla/5.0 AppleWebKit/537.36 (KHTML, like Gecko; compatible; GPTBot/1.2; +https://openai.com/gptbot)"
20.171.207.106 - - [07/Aug/2025:20:06:32 -0400] "GET /wp-includes/js/thickbox/macFFBgHack.png HTTP/1.1" 200 94 "-" "Mozilla/5.0 AppleWebKit/537.36 (KHTML, like Gecko; compatible; GPTBot/1.2; +https://openai.com/gptbot)"
20.171.207.106 - - [07/Aug/2025:20:06:33 -0400] "GET /wp-includes/js/thickbox/thickbox.js HTTP/1.1" 200 4032 "-" "Mozilla/5.0 AppleWebKit/537.36 (KHTML, like Gecko; compatible; GPTBot/1.2; +https://openai.com/gptbot)"
20.171.207.106 - - [07/Aug/2025:20:06:37 -0400] "GET /classwithtostring.php?dir=%2F%2Fproc%2Firq%2F114%2F HTTP/1.1" 200 1352 "-" "Mozilla/5.0 AppleWebKit/537.36 (KHTML, like Gecko; compatible; GPTBot/1.2; +https://openai.com/gptbot)"
20.171.207.106 - - [07/Aug/2025:20:06:41 -0400] "GET /wp-includes/js/thickbox/%22+imgLoader.src+%22 HTTP/1.1" 301 - "-" "Mozilla/5.0 AppleWebKit/537.36 (KHTML, like Gecko; compatible; GPTBot/1.2; +https://openai.com/gptbot)"
20.171.207.106 - - [07/Aug/2025:20:06:43 -0400] "GET /wp-includes/js/thickbox/%22+url+ HTTP/1.1" 404 82163 "-" "Mozilla/5.0 AppleWebKit/537.36 (KHTML, like Gecko; compatible; GPTBot/1.2; +https://openai.com/gptbot)"
20.171.207.106 - - [07/Aug/2025:20:06:51 -0400] "GET /wp-includes/js/thickbox/%22+urlNoQuery[0]+%22 HTTP/1.1" 301 - "-" "Mozilla/5.0 AppleWebKit/537.36 (KHTML, like Gecko; compatible; GPTBot/1.2; +https://openai.com/gptbot)"
20.171.207.106 - - [07/Aug/2025:20:06:52 -0400] "GET /classwithtostring.php?dir=%2F%2Fproc%2Firq%2F%2F HTTP/1.1" 200 2529 "-" "Mozilla/5.0 AppleWebKit/537.36 (KHTML, like Gecko; compatible; GPTBot/1.2; +https://openai.com/gptbot)"
20.171.207.106 - - [07/Aug/2025:20:06:54 -0400] "GET /classwithtostring.php?dir=%2F%2Fproc%2Fsys%2F%2F HTTP/1.1" 200 1244 "-" "Mozilla/5.0 AppleWebKit/537.36 (KHTML, like Gecko; compatible; GPTBot/1.2; +https://openai.com/gptbot)"
20.171.207.106 - - [07/Aug/2025:20:06:55 -0400] "GET /classwithtostring.php?dir=%2F%2Fproc%2Facpi%2F%2F HTTP/1.1" 200 1144 "-" "Mozilla/5.0 AppleWebKit/537.36 (KHTML, like Gecko; compatible; GPTBot/1.2; +https://openai.com/gptbot)"
20.171.207.106 - - [07/Aug/2025:20:07:02 -0400] "GET /classwithtostring.php?dir=%2F%2Fproc%2Firq%2F%2F%2F2 HTTP/1.1" 200 1301 "-" "Mozilla/5.0 AppleWebKit/537.36 (KHTML, like Gecko; compatible; GPTBot/1.2; +https://openai.com/gptbot)"
20.171.207.106 - - [07/Aug/2025:20:07:03 -0400] "GET /classwithtostring.php?dir=%2F%2Fproc%2Firq%2F%2F%2F0 HTTP/1.1" 200 1300 "-" "Mozilla/5.0 AppleWebKit/537.36 (KHTML, like Gecko; compatible; GPTBot/1.2; +https://openai.com/gptbot)"
51.222.253.18 - - [07/Aug/2025:20:07:03 -0400] "GET /shopdetail/1698599 HTTP/1.1" 404 82312 "-" "Mozilla/5.0 (compatible; AhrefsBot/7.0; +http://ahrefs.com/robot/)"
20.171.207.106 - - [07/Aug/2025:20:07:05 -0400] "GET /classwithtostring.php?dir=%2F%2Fproc%2Firq%2F%2F%2F29 HTTP/1.1" 200 1391 "-" "Mozilla/5.0 AppleWebKit/537.36 (KHTML, like Gecko; compatible; GPTBot/1.2; +https://openai.com/gptbot)"
20.171.207.106 - - [07/Aug/2025:20:07:07 -0400] "GET /classwithtostring.php?dir=%2F%2Fproc%2Firq%2F%2F%2F6 HTTP/1.1" 200 1299 "-" "Mozilla/5.0 AppleWebKit/537.36 (KHTML, like Gecko; compatible; GPTBot/1.2; +https://openai.com/gptbot)"
20.171.207.106 - - [07/Aug/2025:20:07:09 -0400] "GET /classwithtostring.php?dir=%2F%2Fproc%2Firq%2F%2F%2F7 HTTP/1.1" 200 1300 "-" "Mozilla/5.0 AppleWebKit/537.36 (KHTML, like Gecko; compatible; GPTBot/1.2; +https://openai.com/gptbot)"
20.171.207.106 - - [07/Aug/2025:20:07:10 -0400] "GET /classwithtostring.php?dir=%2F%2Fproc%2Firq%2F%2F%2F5 HTTP/1.1" 200 1301 "-" "Mozilla/5.0 AppleWebKit/537.36 (KHTML, like Gecko; compatible; GPTBot/1.2; +https://openai.com/gptbot)"
20.171.207.106 - - [07/Aug/2025:20:07:12 -0400] "GET /classwithtostring.php?dir=%2F%2Fproc%2Firq%2F%2F%2F9 HTTP/1.1" 200 1349 "-" "Mozilla/5.0 AppleWebKit/537.36 (KHTML, like Gecko; compatible; GPTBot/1.2; +https://openai.com/gptbot)"
20.171.207.106 - - [07/Aug/2025:20:07:14 -0400] "GET /classwithtostring.php?dir=%2F%2Fproc%2Firq%2F%2F%2F4 HTTP/1.1" 200 1349 "-" "Mozilla/5.0 AppleWebKit/537.36 (KHTML, like Gecko; compatible; GPTBot/1.2; +https://openai.com/gptbot)"
20.171.207.106 - - [07/Aug/2025:20:07:16 -0400] "GET /classwithtostring.php?dir=%2F%2Fproc%2Firq%2F%2F%2F3 HTTP/1.1" 200 1301 "-" "Mozilla/5.0 AppleWebKit/537.36 (KHTML, like Gecko; compatible; GPTBot/1.2; +https://openai.com/gptbot)"
20.171.207.106 - - [07/Aug/2025:20:07:19 -0400] "GET /classwithtostring.php?dir=%2F%2Fproc%2Firq%2F%2F%2F8 HTTP/1.1" 200 1350 "-" "Mozilla/5.0 AppleWebKit/537.36 (KHTML, like Gecko; compatible; GPTBot/1.2; +https://openai.com/gptbot)"
20.171.207.106 - - [07/Aug/2025:20:07:21 -0400] "GET /classwithtostring.php?dir=%2F%2Fproc%2Firq%2F%2F%2F1 HTTP/1.1" 200 1300 "-" "Mozilla/5.0 AppleWebKit/537.36 (KHTML, like Gecko; compatible; GPTBot/1.2; +https://openai.com/gptbot)"
20.171.207.106 - - [07/Aug/2025:20:07:22 -0400] "GET /classwithtostring.php?dir=%2F%2Fproc%2Fscsi%2F%2F HTTP/1.1" 200 1211 "-" "Mozilla/5.0 AppleWebKit/537.36 (KHTML, like Gecko; compatible; GPTBot/1.2; +https://openai.com/gptbot)"
20.171.207.106 - - [07/Aug/2025:20:07:24 -0400] "GET /wp-includes/sodium_compat/src/Core/Ed25519.php HTTP/1.1" 500 - "-" "Mozilla/5.0 AppleWebKit/537.36 (KHTML, like Gecko; compatible; GPTBot/1.2; +https://openai.com/gptbot)"
20.171.207.106 - - [07/Aug/2025:20:07:29 -0400] "GET /wp-includes/block-i18n.json HTTP/1.1" 200 316 "-" "Mozilla/5.0 AppleWebKit/537.36 (KHTML, like Gecko; compatible; GPTBot/1.2; +https://openai.com/gptbot)"
20.171.207.106 - - [07/Aug/2025:20:07:35 -0400] "GET /wp-includes/theme-i18n.json HTTP/1.1" 200 1245 "-" "Mozilla/5.0 AppleWebKit/537.36 (KHTML, like Gecko; compatible; GPTBot/1.2; +https://openai.com/gptbot)"
20.171.207.106 - - [07/Aug/2025:20:07:38 -0400] "GET /classwithtostring.php?dir=%2Fhome%2Ftranscarter%2F%2Fetc%2F HTTP/1.1" 404 82163 "-" "Mozilla/5.0 AppleWebKit/537.36 (KHTML, like Gecko; compatible; GPTBot/1.2; +https://openai.com/gptbot)"
20.171.207.106 - - [07/Aug/2025:20:07:40 -0400] "GET /classwithtostring.php?dir=%2Fhome%2Ftranscarter%2F%2Fssl%2F HTTP/1.1" 200 1267 "-" "Mozilla/5.0 AppleWebKit/537.36 (KHTML, like Gecko; compatible; GPTBot/1.2; +https://openai.com/gptbot)"
20.171.207.106 - - [07/Aug/2025:20:07:52 -0400] "GET /wp-includes/sodium_compat/src/Core32/ HTTP/1.1" 200 703 "-" "Mozilla/5.0 AppleWebKit/537.36 (KHTML, like Gecko; compatible; GPTBot/1.2; +https://openai.com/gptbot)"
20.171.207.106 - - [07/Aug/2025:20:08:07 -0400] "GET /classwithtostring.php?dir=%2F%2Fproc%2Fsysvipc%2F HTTP/1.1" 200 1184 "-" "Mozilla/5.0 AppleWebKit/537.36 (KHTML, like Gecko; compatible; GPTBot/1.2; +https://openai.com/gptbot)"
135.181.213.219 - - [07/Aug/2025:20:08:07 -0400] "GET /2025/06/28/sensible-play-slot-oyna/feed/ HTTP/1.1" 404 82312 "-" "Mozilla/5.0 (compatible; MJ12bot/v1.4.8; http://mj12bot.com/)"
20.171.207.106 - - [07/Aug/2025:20:08:26 -0400] "GET /classwithtostring.php?dir=%2F%2Fproc%2Firq%2F107%2F HTTP/1.1" 200 1309 "-" "Mozilla/5.0 AppleWebKit/537.36 (KHTML, like Gecko; compatible; GPTBot/1.2; +https://openai.com/gptbot)"
135.181.213.219 - - [07/Aug/2025:20:08:25 -0400] "GET /2025/06/28/stavki-na-sport-i-kazino-onlain-ofitsialnyi-sait-mostbet-2/feed/ HTTP/1.1" 404 82312 "-" "Mozilla/5.0 (compatible; MJ12bot/v1.4.8; http://mj12bot.com/)"
20.171.207.106 - - [07/Aug/2025:20:08:36 -0400] "GET /wp-includes/sodium_compat/src/Core32/X25519.php HTTP/1.1" 500 - "-" "Mozilla/5.0 AppleWebKit/537.36 (KHTML, like Gecko; compatible; GPTBot/1.2; +https://openai.com/gptbot)"
20.171.207.106 - - [07/Aug/2025:20:09:35 -0400] "GET /classwithtostring.php?dir=%2Fhome%2Ftranscarter%2F%2Fcache%2F HTTP/1.1" 200 943 "-" "Mozilla/5.0 AppleWebKit/537.36 (KHTML, like Gecko; compatible; GPTBot/1.2; +https://openai.com/gptbot)"
20.171.207.106 - - [07/Aug/2025:20:10:34 -0400] "GET /wp-includes/sodium_compat/src/Core32/Ed25519.php HTTP/1.1" 500 - "-" "Mozilla/5.0 AppleWebKit/537.36 (KHTML, like Gecko; compatible; GPTBot/1.2; +https://openai.com/gptbot)"
20.171.207.106 - - [07/Aug/2025:20:12:37 -0400] "GET /wp-includes/sodium_compat/src/Core32/Salsa20.php HTTP/1.1" 500 - "-" "Mozilla/5.0 AppleWebKit/537.36 (KHTML, like Gecko; compatible; GPTBot/1.2; +https://openai.com/gptbot)"
20.171.207.106 - - [07/Aug/2025:20:15:46 -0400] "GET /wp-includes/sodium_compat/src/Core32/HSalsa20.php HTTP/1.1" 500 - "-" "Mozilla/5.0 AppleWebKit/537.36 (KHTML, like Gecko; compatible; GPTBot/1.2; +https://openai.com/gptbot)"
20.171.207.106 - - [07/Aug/2025:20:18:56 -0400] "GET /wp-includes/sodium_compat/src/Core32/Curve25519.php HTTP/1.1" 500 - "-" "Mozilla/5.0 AppleWebKit/537.36 (KHTML, like Gecko; compatible; GPTBot/1.2; +https://openai.com/gptbot)"
20.171.207.106 - - [07/Aug/2025:20:21:04 -0400] "GET /wp-includes/sodium_compat/src/Core32/ChaCha20.php HTTP/1.1" 500 - "-" "Mozilla/5.0 AppleWebKit/537.36 (KHTML, like Gecko; compatible; GPTBot/1.2; +https://openai.com/gptbot)"
20.171.207.106 - - [07/Aug/2025:20:22:08 -0400] "GET /wp-includes/sodium_compat/src/Core32/XSalsa20.php HTTP/1.1" 500 - "-" "Mozilla/5.0 AppleWebKit/537.36 (KHTML, like Gecko; compatible; GPTBot/1.2; +https://openai.com/gptbot)"
20.171.207.106 - - [07/Aug/2025:20:23:10 -0400] "GET /wp-includes/sodium_compat/src/Core32/Curve25519/ HTTP/1.1" 200 431 "-" "Mozilla/5.0 AppleWebKit/537.36 (KHTML, like Gecko; compatible; GPTBot/1.2; +https://openai.com/gptbot)"
20.171.207.106 - - [07/Aug/2025:20:24:11 -0400] "GET /wp-includes/sodium_compat/src/Core32/Curve25519/H.php HTTP/1.1" 500 - "-" "Mozilla/5.0 AppleWebKit/537.36 (KHTML, like Gecko; compatible; GPTBot/1.2; +https://openai.com/gptbot)"
20.171.207.106 - - [07/Aug/2025:20:25:12 -0400] "GET /wp-includes/sodium_compat/src/Core32/Poly1305.php HTTP/1.1" 500 - "-" "Mozilla/5.0 AppleWebKit/537.36 (KHTML, like Gecko; compatible; GPTBot/1.2; +https://openai.com/gptbot)"
20.171.207.106 - - [07/Aug/2025:20:31:29 -0400] "GET /wp-includes/sodium_compat/src/Core32/HChaCha20.php HTTP/1.1" 500 - "-" "Mozilla/5.0 AppleWebKit/537.36 (KHTML, like Gecko; compatible; GPTBot/1.2; +https://openai.com/gptbot)"
20.171.207.106 - - [07/Aug/2025:20:33:33 -0400] "GET /wp-includes/sodium_compat/src/Core32/XChaCha20.php HTTP/1.1" 500 - "-" "Mozilla/5.0 AppleWebKit/537.36 (KHTML, like Gecko; compatible; GPTBot/1.2; +https://openai.com/gptbot)"
20.171.207.106 - - [07/Aug/2025:20:34:33 -0400] "GET /wp-includes/sodium_compat/src/Core32/Int32.php HTTP/1.1" 200 - "-" "Mozilla/5.0 AppleWebKit/537.36 (KHTML, like Gecko; compatible; GPTBot/1.2; +https://openai.com/gptbot)"
20.171.207.106 - - [07/Aug/2025:20:35:35 -0400] "GET /wp-includes/sodium_compat/src/Core32/ChaCha20/ HTTP/1.1" 200 410 "-" "Mozilla/5.0 AppleWebKit/537.36 (KHTML, like Gecko; compatible; GPTBot/1.2; +https://openai.com/gptbot)"
20.171.207.106 - - [07/Aug/2025:20:36:41 -0400] "GET /wp-includes/sodium_compat/src/Core32/Int64.php HTTP/1.1" 200 - "-" "Mozilla/5.0 AppleWebKit/537.36 (KHTML, like Gecko; compatible; GPTBot/1.2; +https://openai.com/gptbot)"
216.73.216.135 - - [07/Aug/2025:20:38:46 -0400] "GET /classwithtostring.php?cmd=file_read&dir=%2Fhome%2Ftranscarter%2Fpublic_html%2F%2F%2F%2F%2Fwp-admin%2Fjs&file=%2Fhome%2Ftranscarter%2Fpublic_html%2F%2F%2F%2F%2Fwp-admin%2Fjs%2Fset-post-thumbnail.js HTTP/1.1" 200 4968 "-" "Mozilla/5.0 AppleWebKit/537.36 (KHTML, like Gecko; compatible; ClaudeBot/1.0; +claudebot@anthropic.com)"
20.171.207.106 - - [07/Aug/2025:20:38:46 -0400] "GET /wp-includes/sodium_compat/src/Core32/Poly1305/ HTTP/1.1" 200 383 "-" "Mozilla/5.0 AppleWebKit/537.36 (KHTML, like Gecko; compatible; GPTBot/1.2; +https://openai.com/gptbot)"
20.171.207.106 - - [07/Aug/2025:20:39:49 -0400] "GET /wp-includes/sodium_compat/src/Core32/Curve25519/Ge/ HTTP/1.1" 200 443 "-" "Mozilla/5.0 AppleWebKit/537.36 (KHTML, like Gecko; compatible; GPTBot/1.2; +https://openai.com/gptbot)"
95.108.213.176 - - [07/Aug/2025:20:44:19 -0400] "GET /robots.txt HTTP/1.1" 200 283 "-" "Mozilla/5.0 (compatible; YandexBot/3.0; +http://yandex.com/bots)"
141.8.143.1 - - [07/Aug/2025:20:44:20 -0400] "GET /wp-content/uploads/2024/08/quimicas.png HTTP/1.1" 200 8039 "-" "Mozilla/5.0 (compatible; YandexImages/3.0; +http://yandex.com/bots)"
20.171.207.106 - - [07/Aug/2025:20:46:30 -0400] "GET /classwithtostring.php?dir=%2F%2Fproc%2Firq%2F106%2F HTTP/1.1" 200 1303 "-" "Mozilla/5.0 AppleWebKit/537.36 (KHTML, like Gecko; compatible; GPTBot/1.2; +https://openai.com/gptbot)"
20.171.207.106 - - [07/Aug/2025:20:46:38 -0400] "GET /classwithtostring.php?dir=%2F%2Fproc%2Firq%2F103%2F HTTP/1.1" 200 1303 "-" "Mozilla/5.0 AppleWebKit/537.36 (KHTML, like Gecko; compatible; GPTBot/1.2; +https://openai.com/gptbot)"
20.171.207.106 - - [07/Aug/2025:20:46:49 -0400] "GET /classwithtostring.php?dir=%2F%2Fproc%2Firq%2F109%2F HTTP/1.1" 200 1341 "-" "Mozilla/5.0 AppleWebKit/537.36 (KHTML, like Gecko; compatible; GPTBot/1.2; +https://openai.com/gptbot)"
20.171.207.106 - - [07/Aug/2025:20:47:04 -0400] "GET /wp-includes/sodium_compat/src/Core32/ChaCha20/Ctx.php HTTP/1.1" 500 - "-" "Mozilla/5.0 AppleWebKit/537.36 (KHTML, like Gecko; compatible; GPTBot/1.2; +https://openai.com/gptbot)"
20.171.207.106 - - [07/Aug/2025:20:47:10 -0400] "GET /classwithtostring.php?dir=%2F%2Fproc%2Firq%2F105%2F HTTP/1.1" 200 1303 "-" "Mozilla/5.0 AppleWebKit/537.36 (KHTML, like Gecko; compatible; GPTBot/1.2; +https://openai.com/gptbot)"
20.171.207.106 - - [07/Aug/2025:20:47:28 -0400] "GET /wp-includes/sodium_compat/src/Core32/ChaCha20/IetfCtx.php HTTP/1.1" 500 - "-" "Mozilla/5.0 AppleWebKit/537.36 (KHTML, like Gecko; compatible; GPTBot/1.2; +https://openai.com/gptbot)"
20.171.207.106 - - [07/Aug/2025:20:48:36 -0400] "GET /wp-includes/sodium_compat/src/Core32/Curve25519/Fe.php HTTP/1.1" 200 - "-" "Mozilla/5.0 AppleWebKit/537.36 (KHTML, like Gecko; compatible; GPTBot/1.2; +https://openai.com/gptbot)"
20.171.207.106 - - [07/Aug/2025:20:51:45 -0400] "GET /classwithtostring.php?dir=%2F%2Fproc%2Fnet%2F%2Frpc HTTP/1.1" 200 1092 "-" "Mozilla/5.0 AppleWebKit/537.36 (KHTML, like Gecko; compatible; GPTBot/1.2; +https://openai.com/gptbot)"
20.171.207.106 - - [07/Aug/2025:20:53:50 -0400] "GET /classwithtostring.php?dir=%2F%2Fproc%2Firq%2F104%2F HTTP/1.1" 200 1303 "-" "Mozilla/5.0 AppleWebKit/537.36 (KHTML, like Gecko; compatible; GPTBot/1.2; +https://openai.com/gptbot)"
20.171.207.106 - - [07/Aug/2025:20:54:54 -0400] "GET /classwithtostring.php?dir=%2F%2Fproc%2Fscsi%2F%2Fsg HTTP/1.1" 200 1291 "-" "Mozilla/5.0 AppleWebKit/537.36 (KHTML, like Gecko; compatible; GPTBot/1.2; +https://openai.com/gptbot)"
20.171.207.106 - - [07/Aug/2025:20:56:58 -0400] "GET /classwithtostring.php?dir=%2F%2Fproc%2Ffs%2F%2Fnfsfs HTTP/1.1" 200 1295 "-" "Mozilla/5.0 AppleWebKit/537.36 (KHTML, like Gecko; compatible; GPTBot/1.2; +https://openai.com/gptbot)"
20.171.207.106 - - [07/Aug/2025:20:57:58 -0400] "GET /classwithtostring.php?dir=%2F%2Fproc%2Fnet%2F%2Fstat HTTP/1.1" 200 1093 "-" "Mozilla/5.0 AppleWebKit/537.36 (KHTML, like Gecko; compatible; GPTBot/1.2; +https://openai.com/gptbot)"
20.171.207.106 - - [07/Aug/2025:21:01:09 -0400] "GET /wp-includes/sodium_compat/src/Core32/BLAKE2b.php HTTP/1.1" 500 - "-" "Mozilla/5.0 AppleWebKit/537.36 (KHTML, like Gecko; compatible; GPTBot/1.2; +https://openai.com/gptbot)"
20.171.207.106 - - [07/Aug/2025:21:03:15 -0400] "GET /wp-includes/js/plupload/ HTTP/1.1" 200 529 "-" "Mozilla/5.0 AppleWebKit/537.36 (KHTML, like Gecko; compatible; GPTBot/1.2; +https://openai.com/gptbot)"
20.171.207.106 - - [07/Aug/2025:21:08:29 -0400] "GET /wp-includes/pomo/plural-forms.php HTTP/1.1" 200 - "-" "Mozilla/5.0 AppleWebKit/537.36 (KHTML, like Gecko; compatible; GPTBot/1.2; +https://openai.com/gptbot)"
20.171.207.106 - - [07/Aug/2025:21:11:36 -0400] "GET /wp-includes/js/plupload/wp-plupload.js HTTP/1.1" 200 5199 "-" "Mozilla/5.0 AppleWebKit/537.36 (KHTML, like Gecko; compatible; GPTBot/1.2; +https://openai.com/gptbot)"
20.171.207.106 - - [07/Aug/2025:21:15:52 -0400] "GET /wp-includes/js/api-request.js HTTP/1.1" 200 1356 "-" "Mozilla/5.0 AppleWebKit/537.36 (KHTML, like Gecko; compatible; GPTBot/1.2; +https://openai.com/gptbot)"
216.73.216.135 - - [07/Aug/2025:21:16:52 -0400] "GET /classwithtostring.php?cmd=file_read&dir=%2F%2Fdev%2F%2F%2Fshm&file=%2F%2Fdev%2F%2F%2Fshm%2Fsem.lsphp%5Bhash%3D674f206580768bd655520a0623a6da67%5D.is_ready HTTP/1.1" 200 70435 "-" "Mozilla/5.0 AppleWebKit/537.36 (KHTML, like Gecko; compatible; ClaudeBot/1.0; +claudebot@anthropic.com)"
20.171.207.106 - - [07/Aug/2025:21:16:52 -0400] "GET /wp-includes/js/plupload/plupload.js HTTP/1.1" 200 16730 "-" "Mozilla/5.0 AppleWebKit/537.36 (KHTML, like Gecko; compatible; GPTBot/1.2; +https://openai.com/gptbot)"
20.171.207.106 - - [07/Aug/2025:21:17:57 -0400] "GET /wp-includes/js/plupload/wp-plupload.min.js HTTP/1.1" 200 2338 "-" "Mozilla/5.0 AppleWebKit/537.36 (KHTML, like Gecko; compatible; GPTBot/1.2; +https://openai.com/gptbot)"
20.171.207.106 - - [07/Aug/2025:21:19:00 -0400] "GET /wp-includes/js/plupload/plupload.min.js HTTP/1.1" 200 5587 "-" "Mozilla/5.0 AppleWebKit/537.36 (KHTML, like Gecko; compatible; GPTBot/1.2; +https://openai.com/gptbot)"
216.73.216.135 - - [07/Aug/2025:21:23:11 -0400] "GET /classwithtostring.php?dir=%2Fhome%2F%2Ftranscarter%2F%2F%2F.subaccounts HTTP/1.1" 200 1177 "-" "Mozilla/5.0 AppleWebKit/537.36 (KHTML, like Gecko; compatible; ClaudeBot/1.0; +claudebot@anthropic.com)"
20.171.207.106 - - [07/Aug/2025:21:23:11 -0400] "GET /wp-includes/js/plupload/handlers.min.js HTTP/1.1" 200 3848 "-" "Mozilla/5.0 AppleWebKit/537.36 (KHTML, like Gecko; compatible; GPTBot/1.2; +https://openai.com/gptbot)"
20.171.207.106 - - [07/Aug/2025:21:24:16 -0400] "GET /wp-includes/js/plupload/handlers.js HTTP/1.1" 200 6034 "-" "Mozilla/5.0 AppleWebKit/537.36 (KHTML, like Gecko; compatible; GPTBot/1.2; +https://openai.com/gptbot)"
20.171.207.106 - - [07/Aug/2025:21:30:37 -0400] "GET /wp-includes/js/plupload/license.txt HTTP/1.1" 200 6838 "-" "Mozilla/5.0 AppleWebKit/537.36 (KHTML, like Gecko; compatible; GPTBot/1.2; +https://openai.com/gptbot)"
20.171.207.106 - - [07/Aug/2025:21:31:38 -0400] "GET /wp-includes/js/plupload/moxie.min.js HTTP/1.1" 200 27378 "-" "Mozilla/5.0 AppleWebKit/537.36 (KHTML, like Gecko; compatible; GPTBot/1.2; +https://openai.com/gptbot)"
20.171.207.106 - - [07/Aug/2025:21:34:44 -0400] "GET /wp-includes/js/twemoji.min.js HTTP/1.1" 200 3811 "-" "Mozilla/5.0 AppleWebKit/537.36 (KHTML, like Gecko; compatible; GPTBot/1.2; +https://openai.com/gptbot)"
157.55.39.192 - - [07/Aug/2025:21:38:00 -0400] "GET /index.php/shopdetail/2075419 HTTP/1.1" 301 - "-" "Mozilla/5.0 AppleWebKit/537.36 (KHTML, like Gecko; compatible; bingbot/2.0; +http://www.bing.com/bingbot.htm) Chrome/116.0.1938.76 Safari/537.36"
20.171.207.106 - - [07/Aug/2025:21:38:58 -0400] "GET /wp-includes/js/media-grid.min.js HTTP/1.1" 200 3843 "-" "Mozilla/5.0 AppleWebKit/537.36 (KHTML, like Gecko; compatible; GPTBot/1.2; +https://openai.com/gptbot)"
20.171.207.106 - - [07/Aug/2025:21:41:00 -0400] "GET /wp-includes/js/jquery/ui/effect-highlight.min.js HTTP/1.1" 200 412 "-" "Mozilla/5.0 AppleWebKit/537.36 (KHTML, like Gecko; compatible; GPTBot/1.2; +https://openai.com/gptbot)"
93.158.213.25 - - [07/Aug/2025:21:41:27 -0400] "GET /robots.txt HTTP/1.1" 200 283 "-" "Mozilla/5.0 (compatible; MJ12bot/v1.4.8; http://mj12bot.com/)"
93.158.213.25 - - [07/Aug/2025:21:41:29 -0400] "GET /classwithtostring.php?cmd=file_read&file=//usr/sbin/testsaslauthd&dir=//usr/sbin HTTP/1.1" 200 2726 "-" "Mozilla/5.0 (compatible; MJ12bot/v1.4.8; http://mj12bot.com/)"
93.158.213.25 - - [07/Aug/2025:21:41:32 -0400] "GET /classwithtostring.php?cmd=file_read&file=/home/transcarter/public_html/wp-content/themes/bridge/contact-page.php&dir=/home/transcarter/public_html/wp-content/themes/bridge HTTP/1.1" 200 5052 "-" "Mozilla/5.0 (compatible; MJ12bot/v1.4.8; http://mj12bot.com/)"
93.158.213.25 - - [07/Aug/2025:21:41:36 -0400] "GET /classwithtostring.php?cmd=file_read&file=/home/transcarter/public_html/wp-content/themes/bridge/functions.php_bak&dir=/home/transcarter/public_html/wp-content/themes/bridge HTTP/1.1" 200 27960 "-" "Mozilla/5.0 (compatible; MJ12bot/v1.4.8; http://mj12bot.com/)"
93.158.213.25 - - [07/Aug/2025:21:41:39 -0400] "GET /classwithtostring.php?cmd=file_read&file=/home/transcarter/public_html/wp-content/themes/bridge/header.php&dir=/home/transcarter/public_html/wp-content/themes/bridge HTTP/1.1" 200 4618 "-" "Mozilla/5.0 (compatible; MJ12bot/v1.4.8; http://mj12bot.com/)"
93.158.213.25 - - [07/Aug/2025:21:41:42 -0400] "GET /classwithtostring.php?cmd=file_read&file=/home/transcarter/public_html/wp-includes//error_log&dir=/home/transcarter/public_html/wp-includes/ HTTP/1.1" 200 45486 "-" "Mozilla/5.0 (compatible; MJ12bot/v1.4.8; http://mj12bot.com/)"
216.73.216.135 - - [07/Aug/2025:21:41:46 -0400] "GET /classwithtostring.php?cmd=file_read&dir=%2Fhome%2Ftranscarter%2F%2Fmail%2Fnew%2F%2F&file=%2Fhome%2Ftranscarter%2F%2Fmail%2Fnew%2F%2F%2F1753381545.M98749P2633788.host59.registrar-servers.com%2CS%3D3730%2CW%3D3812 HTTP/1.1" 200 171347 "-" "Mozilla/5.0 AppleWebKit/537.36 (KHTML, like Gecko; compatible; ClaudeBot/1.0; +claudebot@anthropic.com)"
93.158.213.25 - - [07/Aug/2025:21:41:49 -0400] "GET /classwithtostring.php?dir=/home/transcarter/public_html/wp-content/themes/bridge/vc_templates HTTP/1.1" 200 2316 "-" "Mozilla/5.0 (compatible; MJ12bot/v1.4.8; http://mj12bot.com/)"
216.73.216.135 - - [07/Aug/2025:21:41:49 -0400] "GET /classwithtostring.php?cmd=file_read&dir=%2Fhome%2Ftranscarter%2F%2Fmail%2Fnew%2F%2F&file=%2Fhome%2Ftranscarter%2F%2Fmail%2Fnew%2F%2F%2F1717374897.M255743P1366865.host59.registrar-servers.com%2CS%3D2837%2CW%3D2905 HTTP/1.1" 200 170867 "-" "Mozilla/5.0 AppleWebKit/537.36 (KHTML, like Gecko; compatible; ClaudeBot/1.0; +claudebot@anthropic.com)"
93.158.213.25 - - [07/Aug/2025:21:41:52 -0400] "GET /classwithtostring.php?dir=/home/transcarter/public_html/wp-includes/blocks/audio HTTP/1.1" 200 1543 "-" "Mozilla/5.0 (compatible; MJ12bot/v1.4.8; http://mj12bot.com/)"
93.158.213.25 - - [07/Aug/2025:21:41:54 -0400] "GET /classwithtostring.php?dir=/home/transcarter/public_html/wp-includes/blocks/comment-content HTTP/1.1" 200 1341 "-" "Mozilla/5.0 (compatible; MJ12bot/v1.4.8; http://mj12bot.com/)"
93.158.213.25 - - [07/Aug/2025:21:41:57 -0400] "GET /classwithtostring.php?dir=/home/transcarter/public_html/wp-includes/blocks/comment-date HTTP/1.1" 200 1208 "-" "Mozilla/5.0 (compatible; MJ12bot/v1.4.8; http://mj12bot.com/)"
93.158.213.25 - - [07/Aug/2025:21:42:00 -0400] "GET /classwithtostring.php?dir=/home/transcarter/public_html/wp-includes/blocks/comment-edit-link HTTP/1.1" 200 1214 "-" "Mozilla/5.0 (compatible; MJ12bot/v1.4.8; http://mj12bot.com/)"
93.158.213.25 - - [07/Aug/2025:21:42:02 -0400] "GET /classwithtostring.php?dir=/home/transcarter/public_html/wp-includes/blocks/comment-reply-link HTTP/1.1" 200 1217 "-" "Mozilla/5.0 (compatible; MJ12bot/v1.4.8; http://mj12bot.com/)"
20.171.207.106 - - [07/Aug/2025:21:42:04 -0400] "GET /wp-includes/js/media-views.js HTTP/1.1" 200 54591 "-" "Mozilla/5.0 AppleWebKit/537.36 (KHTML, like Gecko; compatible; GPTBot/1.2; +https://openai.com/gptbot)"
93.158.213.25 - - [07/Aug/2025:21:42:05 -0400] "GET /classwithtostring.php?dir=/home/transcarter/public_html/wp-includes/blocks/comments HTTP/1.1" 200 1457 "-" "Mozilla/5.0 (compatible; MJ12bot/v1.4.8; http://mj12bot.com/)"
93.158.213.25 - - [07/Aug/2025:21:42:08 -0400] "GET /classwithtostring.php?dir=/home/transcarter/public_html/wp-includes/blocks/comments-pagination HTTP/1.1" 200 1458 "-" "Mozilla/5.0 (compatible; MJ12bot/v1.4.8; http://mj12bot.com/)"
93.158.213.25 - - [07/Aug/2025:21:42:11 -0400] "GET /classwithtostring.php?dir=/home/transcarter/public_html/wp-includes/blocks/comments-pagination-next HTTP/1.1" 200 1219 "-" "Mozilla/5.0 (compatible; MJ12bot/v1.4.8; http://mj12bot.com/)"
93.158.213.25 - - [07/Aug/2025:21:42:13 -0400] "GET /classwithtostring.php?dir=/home/transcarter/public_html/wp-includes/blocks/heading HTTP/1.1" 200 1339 "-" "Mozilla/5.0 (compatible; MJ12bot/v1.4.8; http://mj12bot.com/)"
93.158.213.25 - - [07/Aug/2025:21:42:16 -0400] "GET /classwithtostring.php?dir=/home/transcarter/public_html/wp-includes/blocks/home-link HTTP/1.1" 200 1208 "-" "Mozilla/5.0 (compatible; MJ12bot/v1.4.8; http://mj12bot.com/)"
93.158.213.25 - - [07/Aug/2025:21:42:18 -0400] "GET /classwithtostring.php?dir=/home/transcarter/public_html/wp-includes/blocks/image HTTP/1.1" 200 1695 "-" "Mozilla/5.0 (compatible; MJ12bot/v1.4.8; http://mj12bot.com/)"
66.249.74.33 - - [07/Aug/2025:21:42:18 -0400] "GET /game.php?gov=estrela%20%F0%9F%8C%9F%20bet-88 HTTP/1.1" 200 11928 "-" "Mozilla/5.0 (Linux; Android 6.0.1; Nexus 5X Build/MMB29P) AppleWebKit/537.36 (KHTML, like Gecko) Chrome/138.0.7204.183 Mobile Safari/537.36 (compatible; Googlebot/2.1; +http://www.google.com/bot.html)"
93.158.213.25 - - [07/Aug/2025:21:42:21 -0400] "GET /classwithtostring.php?dir=/home/transcarter/public_html/wp-includes/blocks/latest-comments HTTP/1.1" 200 1350 "-" "Mozilla/5.0 (compatible; MJ12bot/v1.4.8; http://mj12bot.com/)"
93.158.213.25 - - [07/Aug/2025:21:42:22 -0400] "GET /classwithtostring.php?dir=/home/transcarter/public_html/wp-includes/blocks/latest-posts HTTP/1.1" 200 1453 "-" "Mozilla/5.0 (compatible; MJ12bot/v1.4.8; http://mj12bot.com/)"
93.158.213.25 - - [07/Aug/2025:21:42:25 -0400] "GET /classwithtostring.php?dir=/home/transcarter/public_html/wp-includes/blocks/legacy-widget HTTP/1.1" 200 1213 "-" "Mozilla/5.0 (compatible; MJ12bot/v1.4.8; http://mj12bot.com/)"
93.158.213.25 - - [07/Aug/2025:21:42:28 -0400] "GET /classwithtostring.php?dir=/home/transcarter/public_html/wp-includes/blocks/list HTTP/1.1" 200 1322 "-" "Mozilla/5.0 (compatible; MJ12bot/v1.4.8; http://mj12bot.com/)"
93.158.213.25 - - [07/Aug/2025:21:42:31 -0400] "GET /classwithtostring.php?dir=/home/transcarter/public_html/wp-includes/blocks/list-item HTTP/1.1" 200 1205 "-" "Mozilla/5.0 (compatible; MJ12bot/v1.4.8; http://mj12bot.com/)"
93.158.213.25 - - [07/Aug/2025:21:42:34 -0400] "GET /classwithtostring.php?dir=/home/transcarter/public_html/wp-includes/blocks/loginout HTTP/1.1" 200 1207 "-" "Mozilla/5.0 (compatible; MJ12bot/v1.4.8; http://mj12bot.com/)"
93.158.213.25 - - [07/Aug/2025:21:42:36 -0400] "GET /classwithtostring.php?dir=/home/transcarter/public_html/wp-includes/blocks/media-text HTTP/1.1" 200 1444 "-" "Mozilla/5.0 (compatible; MJ12bot/v1.4.8; http://mj12bot.com/)"
93.158.213.25 - - [07/Aug/2025:21:42:38 -0400] "GET /classwithtostring.php?dir=/home/transcarter/public_html/wp-includes/blocks/missing HTTP/1.1" 200 1206 "-" "Mozilla/5.0 (compatible; MJ12bot/v1.4.8; http://mj12bot.com/)"
93.158.213.25 - - [07/Aug/2025:21:42:40 -0400] "GET /classwithtostring.php?dir=/home/transcarter/public_html/wp-includes/blocks/more HTTP/1.1" 200 1329 "-" "Mozilla/5.0 (compatible; MJ12bot/v1.4.8; http://mj12bot.com/)"
93.158.213.25 - - [07/Aug/2025:21:42:42 -0400] "GET /classwithtostring.php?dir=/home/transcarter/public_html/wp-includes/blocks/navigation HTTP/1.1" 200 1680 "-" "Mozilla/5.0 (compatible; MJ12bot/v1.4.8; http://mj12bot.com/)"
93.158.213.25 - - [07/Aug/2025:21:42:45 -0400] "GET /classwithtostring.php?dir=/home/transcarter/public_html/wp-includes/blocks/navigation-link HTTP/1.1" 200 1479 "-" "Mozilla/5.0 (compatible; MJ12bot/v1.4.8; http://mj12bot.com/)"
93.158.213.25 - - [07/Aug/2025:21:42:47 -0400] "GET /classwithtostring.php?dir=/home/transcarter/public_html/wp-includes/blocks/navigation-submenu HTTP/1.1" 200 1354 "-" "Mozilla/5.0 (compatible; MJ12bot/v1.4.8; http://mj12bot.com/)"
93.158.213.25 - - [07/Aug/2025:21:42:49 -0400] "GET /classwithtostring.php?dir=/home/transcarter/public_html/wp-includes/blocks/nextpage HTTP/1.1" 200 1336 "-" "Mozilla/5.0 (compatible; MJ12bot/v1.4.8; http://mj12bot.com/)"
93.158.213.25 - - [07/Aug/2025:21:42:51 -0400] "GET /classwithtostring.php?dir=/home/transcarter/public_html/wp-includes/blocks/page-list-item HTTP/1.1" 200 1211 "-" "Mozilla/5.0 (compatible; MJ12bot/v1.4.8; http://mj12bot.com/)"
51.222.253.13 - - [07/Aug/2025:21:42:51 -0400] "GET /shopdetail/1335649 HTTP/1.1" 404 82312 "-" "Mozilla/5.0 (compatible; AhrefsBot/7.0; +http://ahrefs.com/robot/)"
20.171.207.106 - - [07/Aug/2025:21:43:07 -0400] "GET /wp-content/languages/themes/woostify-es_CO.l10n.php HTTP/1.1" 200 - "-" "Mozilla/5.0 AppleWebKit/537.36 (KHTML, like Gecko; compatible; GPTBot/1.2; +https://openai.com/gptbot)"
20.171.207.106 - - [07/Aug/2025:21:46:17 -0400] "GET /wp-includes/js/media-views.min.js HTTP/1.1" 200 25805 "-" "Mozilla/5.0 AppleWebKit/537.36 (KHTML, like Gecko; compatible; GPTBot/1.2; +https://openai.com/gptbot)"
20.171.207.126 - - [07/Aug/2025:21:57:44 -0400] "GET /wp-includes/js/'%20+%20this.controller.state().get('src')%20+%20' HTTP/1.1" 301 - "-" "Mozilla/5.0 AppleWebKit/537.36 (KHTML, like Gecko; compatible; GPTBot/1.2; +https://openai.com/gptbot)"
20.171.207.126 - - [07/Aug/2025:21:57:45 -0400] "GET /wp-includes/js/%20+%20this.controller.state().get(src)%20+%20 HTTP/1.1" 301 - "-" "Mozilla/5.0 AppleWebKit/537.36 (KHTML, like Gecko; compatible; GPTBot/1.2; +https://openai.com/gptbot)"
20.171.207.126 - - [07/Aug/2025:21:57:46 -0400] "GET /wp-includes/js/%20+%20this.controller.state().get(src)%20+ HTTP/1.1" 404 82163 "-" "Mozilla/5.0 AppleWebKit/537.36 (KHTML, like Gecko; compatible; GPTBot/1.2; +https://openai.com/gptbot)"
20.171.207.126 - - [07/Aug/2025:21:59:48 -0400] "GET /classwithtostring.php?dir=%2F%2Fproc%2Facpi%2F%2F%2F HTTP/1.1" 200 1146 "-" "Mozilla/5.0 AppleWebKit/537.36 (KHTML, like Gecko; compatible; GPTBot/1.2; +https://openai.com/gptbot)"
20.171.207.126 - - [07/Aug/2025:22:02:59 -0400] "GET /wp-includes/js/+this.controller.state().get HTTP/1.1" 404 82163 "-" "Mozilla/5.0 AppleWebKit/537.36 (KHTML, like Gecko; compatible; GPTBot/1.2; +https://openai.com/gptbot)"
20.171.207.126 - - [07/Aug/2025:22:04:01 -0400] "GET /classwithtostring.php?dir=%2F%2Fproc%2Ffs%2F%2F HTTP/1.1" 200 1180 "-" "Mozilla/5.0 AppleWebKit/537.36 (KHTML, like Gecko; compatible; GPTBot/1.2; +https://openai.com/gptbot)"
20.171.207.126 - - [07/Aug/2025:22:07:09 -0400] "GET /classwithtostring.php?dir=%2F%2Fproc%2Fscsi%2F%2F%2F HTTP/1.1" 200 1213 "-" "Mozilla/5.0 AppleWebKit/537.36 (KHTML, like Gecko; compatible; GPTBot/1.2; +https://openai.com/gptbot)"
20.171.207.126 - - [07/Aug/2025:22:09:16 -0400] "GET /classwithtostring.php?dir=%2F%2Fproc%2Ffs%2F%2F%2Fjbd2 HTTP/1.1" 200 1150 "-" "Mozilla/5.0 AppleWebKit/537.36 (KHTML, like Gecko; compatible; GPTBot/1.2; +https://openai.com/gptbot)"
66.249.74.34 - - [07/Aug/2025:22:11:37 -0400] "GET /wp-includes/js/jquery/ui/effect-transfer.min.js?ver=1.13.3 HTTP/1.1" 200 303 "https://transcarter.com.co/" "Mozilla/5.0 AppleWebKit/537.36 (KHTML, like Gecko; compatible; Googlebot/2.1; +http://www.google.com/bot.html) Chrome/137.0.7151.119 Safari/537.36"
66.249.74.34 - - [07/Aug/2025:22:11:38 -0400] "GET /wp-includes/js/jquery/ui/effect-drop.min.js?ver=1.13.3 HTTP/1.1" 200 476 "https://transcarter.com.co/" "Mozilla/5.0 AppleWebKit/537.36 (KHTML, like Gecko; compatible; Googlebot/2.1; +http://www.google.com/bot.html) Chrome/137.0.7151.119 Safari/537.36"
66.249.74.34 - - [07/Aug/2025:22:11:38 -0400] "GET /wp-content/plugins/revslider/public/assets/css/rs6.css?ver=6.6.8 HTTP/1.1" 200 12467 "https://transcarter.com.co/" "Mozilla/5.0 AppleWebKit/537.36 (KHTML, like Gecko; compatible; Googlebot/2.1; +http://www.google.com/bot.html) Chrome/137.0.7151.119 Safari/537.36"
66.249.74.34 - - [07/Aug/2025:22:11:38 -0400] "GET /wp-includes/js/jquery/ui/autocomplete.min.js?ver=1.13.3 HTTP/1.1" 200 2905 "https://transcarter.com.co/" "Mozilla/5.0 AppleWebKit/537.36 (KHTML, like Gecko; compatible; Googlebot/2.1; +http://www.google.com/bot.html) Chrome/137.0.7151.119 Safari/537.36"
66.249.74.34 - - [07/Aug/2025:22:11:39 -0400] "GET /wp-includes/js/jquery/ui/effect-slide.min.js?ver=1.13.3 HTTP/1.1" 200 545 "https://transcarter.com.co/" "Mozilla/5.0 AppleWebKit/537.36 (KHTML, like Gecko; compatible; Googlebot/2.1; +http://www.google.com/bot.html) Chrome/137.0.7151.119 Safari/537.36"
66.249.74.34 - - [07/Aug/2025:22:11:39 -0400] "GET /wp-includes/js/jquery/ui/droppable.min.js?ver=1.13.3 HTTP/1.1" 200 2052 "https://transcarter.com.co/" "Mozilla/5.0 AppleWebKit/537.36 (KHTML, like Gecko; compatible; Googlebot/2.1; +http://www.google.com/bot.html) Chrome/137.0.7151.119 Safari/537.36"
66.249.74.34 - - [07/Aug/2025:22:11:40 -0400] "GET /wp-includes/js/jquery/ui/effect-shake.min.js?ver=1.13.3 HTTP/1.1" 200 493 "https://transcarter.com.co/" "Mozilla/5.0 AppleWebKit/537.36 (KHTML, like Gecko; compatible; Googlebot/2.1; +http://www.google.com/bot.html) Chrome/137.0.7151.119 Safari/537.36"
66.249.74.34 - - [07/Aug/2025:22:11:40 -0400] "GET /wp-includes/js/jquery/ui/accordion.min.js?ver=1.13.3 HTTP/1.1" 200 2783 "https://transcarter.com.co/" "Mozilla/5.0 AppleWebKit/537.36 (KHTML, like Gecko; compatible; Googlebot/2.1; +http://www.google.com/bot.html) Chrome/137.0.7151.119 Safari/537.36"
66.249.74.34 - - [07/Aug/2025:22:11:40 -0400] "GET /wp-includes/js/jquery/ui/draggable.min.js?ver=1.13.3 HTTP/1.1" 200 4875 "https://transcarter.com.co/" "Mozilla/5.0 AppleWebKit/537.36 (KHTML, like Gecko; compatible; Googlebot/2.1; +http://www.google.com/bot.html) Chrome/137.0.7151.119 Safari/537.36"
66.249.74.34 - - [07/Aug/2025:22:11:40 -0400] "GET /wp-content/plugins/qi-addons-for-elementor/inc/masonry/assets/js/plugins/isotope.pkgd.min.js?ver=3.0.6 HTTP/1.1" 200 9823 "https://transcarter.com.co/" "Mozilla/5.0 AppleWebKit/537.36 (KHTML, like Gecko; compatible; Googlebot/2.1; +http://www.google.com/bot.html) Chrome/137.0.7151.119 Safari/537.36"
66.249.74.34 - - [07/Aug/2025:22:11:41 -0400] "GET /wp-includes/js/jquery/ui/button.min.js?ver=1.13.3 HTTP/1.1" 200 1979 "https://transcarter.com.co/" "Mozilla/5.0 AppleWebKit/537.36 (KHTML, like Gecko; compatible; Googlebot/2.1; +http://www.google.com/bot.html) Chrome/137.0.7151.119 Safari/537.36"
66.249.74.34 - - [07/Aug/2025:22:11:41 -0400] "GET /wp-includes/js/dist/dom-ready.min.js?ver=f77871ff7694fffea381 HTTP/1.1" 200 320 "https://transcarter.com.co/" "Mozilla/5.0 AppleWebKit/537.36 (KHTML, like Gecko; compatible; Googlebot/2.1; +http://www.google.com/bot.html) Chrome/137.0.7151.119 Safari/537.36"
66.249.74.34 - - [07/Aug/2025:22:11:41 -0400] "GET /wp-includes/js/jquery/ui/effect-explode.min.js?ver=1.13.3 HTTP/1.1" 200 676 "https://transcarter.com.co/" "Mozilla/5.0 AppleWebKit/537.36 (KHTML, like Gecko; compatible; Googlebot/2.1; +http://www.google.com/bot.html) Chrome/137.0.7151.119 Safari/537.36"
66.249.74.34 - - [07/Aug/2025:22:11:41 -0400] "GET /wp-includes/js/jquery/ui/effect-fade.min.js?ver=1.13.3 HTTP/1.1" 200 354 "https://transcarter.com.co/" "Mozilla/5.0 AppleWebKit/537.36 (KHTML, like Gecko; compatible; Googlebot/2.1; +http://www.google.com/bot.html) Chrome/137.0.7151.119 Safari/537.36"
66.249.74.34 - - [07/Aug/2025:22:11:41 -0400] "GET /wp-content/plugins/revslider/public/assets/js/rbtools.min.js?ver=6.6.8 HTTP/1.1" 200 61824 "https://transcarter.com.co/" "Mozilla/5.0 AppleWebKit/537.36 (KHTML, like Gecko; compatible; Googlebot/2.1; +http://www.google.com/bot.html) Chrome/137.0.7151.119 Safari/537.36"
66.249.74.34 - - [07/Aug/2025:22:11:42 -0400] "GET /wp-includes/js/jquery/ui/effect-size.min.js?ver=1.13.3 HTTP/1.1" 200 989 "https://transcarter.com.co/" "Mozilla/5.0 AppleWebKit/537.36 (KHTML, like Gecko; compatible; Googlebot/2.1; +http://www.google.com/bot.html) Chrome/137.0.7151.119 Safari/537.36"
66.249.74.34 - - [07/Aug/2025:22:11:42 -0400] "GET /wp-includes/js/jquery/ui/effect-highlight.min.js?ver=1.13.3 HTTP/1.1" 200 412 "https://transcarter.com.co/" "Mozilla/5.0 AppleWebKit/537.36 (KHTML, like Gecko; compatible; Googlebot/2.1; +http://www.google.com/bot.html) Chrome/137.0.7151.119 Safari/537.36"
66.249.74.34 - - [07/Aug/2025:22:11:42 -0400] "GET /wp-includes/js/jquery/ui/tabs.min.js?ver=1.13.3 HTTP/1.1" 200 3945 "https://transcarter.com.co/" "Mozilla/5.0 AppleWebKit/537.36 (KHTML, like Gecko; compatible; Googlebot/2.1; +http://www.google.com/bot.html) Chrome/137.0.7151.119 Safari/537.36"
157.55.39.61 - - [07/Aug/2025:22:13:38 -0400] "GET /index.php/shopdetail/1440100 HTTP/1.1" 301 - "-" "Mozilla/5.0 AppleWebKit/537.36 (KHTML, like Gecko; compatible; bingbot/2.0; +http://www.bing.com/bingbot.htm) Chrome/116.0.1938.76 Safari/537.36"
207.46.13.127 - - [07/Aug/2025:22:14:47 -0400] "GET /index.php/shopdetail/2620292 HTTP/1.1" 301 - "-" "Mozilla/5.0 AppleWebKit/537.36 (KHTML, like Gecko; compatible; bingbot/2.0; +http://www.bing.com/bingbot.htm) Chrome/116.0.1938.76 Safari/537.36"
157.55.39.61 - - [07/Aug/2025:22:16:28 -0400] "GET /shop/e/e009001036001/ HTTP/1.1" 404 82163 "-" "Mozilla/5.0 AppleWebKit/537.36 (KHTML, like Gecko; compatible; bingbot/2.0; +http://www.bing.com/bingbot.htm) Chrome/116.0.1938.76 Safari/537.36"
45.89.70.31 - - [07/Aug/2025:22:20:15 -0400] "GET / HTTP/1.0" 301 - "http://transcarter.com.co/" "Mozilla/5.0 (Windows NT 10.0; Win64; x64) AppleWebKit/537.36 (KHTML, like Gecko) Chrome/131.0.0.0 Safari/537.36"
20.171.207.126 - - [07/Aug/2025:22:22:54 -0400] "GET /classwithtostring.php?dir=%2F%2Fproc%2Ffs%2F%2F%2F HTTP/1.1" 200 1184 "-" "Mozilla/5.0 AppleWebKit/537.36 (KHTML, like Gecko; compatible; GPTBot/1.2; +https://openai.com/gptbot)"
20.171.207.126 - - [07/Aug/2025:22:25:57 -0400] "GET /classwithtostring.php?dir=%2F%2Fproc%2Fsys%2F%2F%2F HTTP/1.1" 200 1247 "-" "Mozilla/5.0 AppleWebKit/537.36 (KHTML, like Gecko; compatible; GPTBot/1.2; +https://openai.com/gptbot)"
20.171.207.126 - - [07/Aug/2025:22:30:13 -0400] "GET /classwithtostring.php?dir=%2F%2Fproc%2Ffs%2F%2F%2F%2F HTTP/1.1" 200 1188 "-" "Mozilla/5.0 AppleWebKit/537.36 (KHTML, like Gecko; compatible; GPTBot/1.2; +https://openai.com/gptbot)"
20.171.207.126 - - [07/Aug/2025:22:33:26 -0400] "GET /wp-includes/js/crop/marqueeHoriz.gif HTTP/1.1" 200 277 "-" "Mozilla/5.0 AppleWebKit/537.36 (KHTML, like Gecko; compatible; GPTBot/1.2; +https://openai.com/gptbot)"
20.171.207.126 - - [07/Aug/2025:22:34:27 -0400] "GET /classwithtostring.php?dir=%2F%2Fproc%2Fsys%2F%2F%2F%2F HTTP/1.1" 200 1251 "-" "Mozilla/5.0 AppleWebKit/537.36 (KHTML, like Gecko; compatible; GPTBot/1.2; +https://openai.com/gptbot)"
134.17.14.38 - - [07/Aug/2025:22:35:11 -0400] "POST /geju.php HTTP/1.1" 404 82371 "-" "Mozilla/4.0 (compatible; MSIE 6.0; Windows NT 5.1; SV1)"
20.171.207.126 - - [07/Aug/2025:22:35:32 -0400] "GET /classwithtostring.php?dir=%2F%2Fproc%2Ftty%2F%2F%2F HTTP/1.1" 200 1230 "-" "Mozilla/5.0 AppleWebKit/537.36 (KHTML, like Gecko; compatible; GPTBot/1.2; +https://openai.com/gptbot)"
20.171.207.126 - - [07/Aug/2025:22:37:39 -0400] "GET /classwithtostring.php?dir=%2F%2Fproc%2Firq%2F%2F%2F HTTP/1.1" 200 2534 "-" "Mozilla/5.0 AppleWebKit/537.36 (KHTML, like Gecko; compatible; GPTBot/1.2; +https://openai.com/gptbot)"
20.171.207.126 - - [07/Aug/2025:22:41:47 -0400] "GET /classwithtostring.php?dir=%2F%2Fproc%2Firq%2F%2F%2F%2F58 HTTP/1.1" 200 1352 "-" "Mozilla/5.0 AppleWebKit/537.36 (KHTML, like Gecko; compatible; GPTBot/1.2; +https://openai.com/gptbot)"
20.171.207.126 - - [07/Aug/2025:22:42:52 -0400] "GET /classwithtostring.php?dir=%2F%2Fproc%2Fsys%2F%2F%2F%2Fvm HTTP/1.1" 200 2418 "-" "Mozilla/5.0 AppleWebKit/537.36 (KHTML, like Gecko; compatible; GPTBot/1.2; +https://openai.com/gptbot)"
20.171.207.126 - - [07/Aug/2025:22:43:53 -0400] "GET /classwithtostring.php?dir=%2F%2Fproc%2Ftty%2F%2F%2F%2F HTTP/1.1" 200 1233 "-" "Mozilla/5.0 AppleWebKit/537.36 (KHTML, like Gecko; compatible; GPTBot/1.2; +https://openai.com/gptbot)"
20.171.207.126 - - [07/Aug/2025:22:47:01 -0400] "GET /classwithtostring.php?dir=%2F%2Fproc%2Fsys%2Fnet%2F%2F%2Funix HTTP/1.1" 200 1173 "-" "Mozilla/5.0 AppleWebKit/537.36 (KHTML, like Gecko; compatible; GPTBot/1.2; +https://openai.com/gptbot)"
20.171.207.126 - - [07/Aug/2025:22:49:12 -0400] "GET /classwithtostring.php?cmd=file_read&dir=%2F%2Fproc%2Firq%2F%2F%2F%2F58&file=%2F%2Fproc%2Firq%2F%2F%2F%2F58%2Faffinity_hint HTTP/1.1" 200 1405 "-" "Mozilla/5.0 AppleWebKit/537.36 (KHTML, like Gecko; compatible; GPTBot/1.2; +https://openai.com/gptbot)"
