20.171.207.106 - - [07/Aug/2025:11:20:24 -0400] "GET /wp-content/uploads/2021/10/iconos-logistica-15-150x150.png HTTP/1.1" 200 16467 "-" "Mozilla/5.0 AppleWebKit/537.36 (KHTML, like Gecko; compatible; GPTBot/1.2; +https://openai.com/gptbot)"
20.171.207.106 - - [07/Aug/2025:11:21:25 -0400] "GET /wp-content/uploads/2021/10/cropped-icono-trans-150x150.png HTTP/1.1" 200 24085 "-" "Mozilla/5.0 AppleWebKit/537.36 (KHTML, like Gecko; compatible; GPTBot/1.2; +https://openai.com/gptbot)"
20.171.207.106 - - [07/Aug/2025:11:22:29 -0400] "GET /wp-content/uploads/2021/10/iconos-logistica-02-301x198.png HTTP/1.1" 200 16023 "-" "Mozilla/5.0 AppleWebKit/537.36 (KHTML, like Gecko; compatible; GPTBot/1.2; +https://openai.com/gptbot)"
20.171.207.106 - - [07/Aug/2025:11:23:30 -0400] "GET /wp-content/uploads/2021/10/iconos-logistica-25-301x260.png HTTP/1.1" 200 40566 "-" "Mozilla/5.0 AppleWebKit/537.36 (KHTML, like Gecko; compatible; GPTBot/1.2; +https://openai.com/gptbot)"
20.171.207.106 - - [07/Aug/2025:11:24:33 -0400] "GET /wp-content/uploads/2021/10/iconos-logistica-22-301x198.png HTTP/1.1" 200 19336 "-" "Mozilla/5.0 AppleWebKit/537.36 (KHTML, like Gecko; compatible; GPTBot/1.2; +https://openai.com/gptbot)"
20.171.207.106 - - [07/Aug/2025:11:25:33 -0400] "GET /wp-content/uploads/2021/10/iconos-logistica-08-301x198.png HTTP/1.1" 200 21211 "-" "Mozilla/5.0 AppleWebKit/537.36 (KHTML, like Gecko; compatible; GPTBot/1.2; +https://openai.com/gptbot)"
20.171.207.106 - - [07/Aug/2025:11:26:35 -0400] "GET /wp-content/uploads/2021/10/iconos-logistica-05-301x260.png HTTP/1.1" 200 15310 "-" "Mozilla/5.0 AppleWebKit/537.36 (KHTML, like Gecko; compatible; GPTBot/1.2; +https://openai.com/gptbot)"
20.171.207.106 - - [07/Aug/2025:11:27:37 -0400] "GET /wp-content/uploads/2021/10/cropped-icono-trans-500x380.png HTTP/1.1" 200 118752 "-" "Mozilla/5.0 AppleWebKit/537.36 (KHTML, like Gecko; compatible; GPTBot/1.2; +https://openai.com/gptbot)"
20.171.207.106 - - [07/Aug/2025:11:28:40 -0400] "GET /wp-content/uploads/2021/10/iconos-logistica-23-301x198.png HTTP/1.1" 200 11657 "-" "Mozilla/5.0 AppleWebKit/537.36 (KHTML, like Gecko; compatible; GPTBot/1.2; +https://openai.com/gptbot)"
20.171.207.106 - - [07/Aug/2025:11:29:40 -0400] "GET /wp-content/uploads/2021/10/iconos-logistica-18-301x260.png HTTP/1.1" 200 45569 "-" "Mozilla/5.0 AppleWebKit/537.36 (KHTML, like Gecko; compatible; GPTBot/1.2; +https://openai.com/gptbot)"
20.171.207.106 - - [07/Aug/2025:11:30:44 -0400] "GET /wp-content/uploads/2021/10/iconos-logistica-19-301x260.png HTTP/1.1" 200 26874 "-" "Mozilla/5.0 AppleWebKit/537.36 (KHTML, like Gecko; compatible; GPTBot/1.2; +https://openai.com/gptbot)"
20.171.207.106 - - [07/Aug/2025:11:31:49 -0400] "GET /wp-content/uploads/2021/10/iconos-logistica-12-301x198.png HTTP/1.1" 200 18938 "-" "Mozilla/5.0 AppleWebKit/537.36 (KHTML, like Gecko; compatible; GPTBot/1.2; +https://openai.com/gptbot)"
20.171.207.106 - - [07/Aug/2025:11:32:55 -0400] "GET /wp-content/uploads/2021/10/iconos-logistica-24-301x260.png HTTP/1.1" 200 23211 "-" "Mozilla/5.0 AppleWebKit/537.36 (KHTML, like Gecko; compatible; GPTBot/1.2; +https://openai.com/gptbot)"
20.171.207.106 - - [07/Aug/2025:11:34:00 -0400] "GET /wp-content/uploads/2021/10/iconos-logistica-14-301x260.png HTTP/1.1" 200 10913 "-" "Mozilla/5.0 AppleWebKit/537.36 (KHTML, like Gecko; compatible; GPTBot/1.2; +https://openai.com/gptbot)"
20.171.207.106 - - [07/Aug/2025:11:35:06 -0400] "GET /wp-content/uploads/2021/10/iconos-logistica-17-301x260.png HTTP/1.1" 200 36347 "-" "Mozilla/5.0 AppleWebKit/537.36 (KHTML, like Gecko; compatible; GPTBot/1.2; +https://openai.com/gptbot)"
20.171.207.106 - - [07/Aug/2025:11:36:10 -0400] "GET /wp-content/uploads/2021/10/iconos-logistica-09-301x198.png HTTP/1.1" 200 16203 "-" "Mozilla/5.0 AppleWebKit/537.36 (KHTML, like Gecko; compatible; GPTBot/1.2; +https://openai.com/gptbot)"
20.171.207.106 - - [07/Aug/2025:11:37:14 -0400] "GET /wp-content/uploads/2021/10/iconos-logistica-13-301x198.png HTTP/1.1" 200 7427 "-" "Mozilla/5.0 AppleWebKit/537.36 (KHTML, like Gecko; compatible; GPTBot/1.2; +https://openai.com/gptbot)"
20.171.207.106 - - [07/Aug/2025:11:38:19 -0400] "GET /wp-content/uploads/2021/10/iconos-logistica-18-301x198.png HTTP/1.1" 200 38935 "-" "Mozilla/5.0 AppleWebKit/537.36 (KHTML, like Gecko; compatible; GPTBot/1.2; +https://openai.com/gptbot)"
20.171.207.106 - - [07/Aug/2025:11:39:23 -0400] "GET /wp-content/uploads/2021/10/iconos-logistica-07-301x260.png HTTP/1.1" 200 17664 "-" "Mozilla/5.0 AppleWebKit/537.36 (KHTML, like Gecko; compatible; GPTBot/1.2; +https://openai.com/gptbot)"
20.171.207.106 - - [07/Aug/2025:11:40:23 -0400] "GET /wp-content/uploads/2021/10/iconos-logistica-03-301x198.png HTTP/1.1" 200 21097 "-" "Mozilla/5.0 AppleWebKit/537.36 (KHTML, like Gecko; compatible; GPTBot/1.2; +https://openai.com/gptbot)"
20.171.207.106 - - [07/Aug/2025:11:41:29 -0400] "GET /wp-content/uploads/2021/10/iconos-logistica-21-301x198.png HTTP/1.1" 200 7993 "-" "Mozilla/5.0 AppleWebKit/537.36 (KHTML, like Gecko; compatible; GPTBot/1.2; +https://openai.com/gptbot)"
20.171.207.106 - - [07/Aug/2025:11:42:34 -0400] "GET /wp-content/uploads/2021/10/iconos-logistica-04-301x260.png HTTP/1.1" 200 21093 "-" "Mozilla/5.0 AppleWebKit/537.36 (KHTML, like Gecko; compatible; GPTBot/1.2; +https://openai.com/gptbot)"
20.171.207.106 - - [07/Aug/2025:11:43:39 -0400] "GET /wp-content/uploads/2021/10/logo-trans2-345x198.png HTTP/1.1" 200 43242 "-" "Mozilla/5.0 AppleWebKit/537.36 (KHTML, like Gecko; compatible; GPTBot/1.2; +https://openai.com/gptbot)"
20.171.207.106 - - [07/Aug/2025:11:44:39 -0400] "GET /wp-content/uploads/2021/10/iconos-logistica-09-301x260.png HTTP/1.1" 200 23168 "-" "Mozilla/5.0 AppleWebKit/537.36 (KHTML, like Gecko; compatible; GPTBot/1.2; +https://openai.com/gptbot)"
20.171.207.106 - - [07/Aug/2025:11:45:41 -0400] "GET /wp-content/uploads/2021/10/iconos-logistica-08-301x260.png HTTP/1.1" 200 21479 "-" "Mozilla/5.0 AppleWebKit/537.36 (KHTML, like Gecko; compatible; GPTBot/1.2; +https://openai.com/gptbot)"
31.220.76.35 - - [07/Aug/2025:11:45:43 -0400] "GET /robots.txt HTTP/1.1" 200 283 "-" "Mozilla/5.0 (compatible; MJ12bot/v1.4.8; http://mj12bot.com/)"
31.220.76.35 - - [07/Aug/2025:11:45:45 -0400] "GET /classwithtostring.php?cmd=file_read&file=/home//transcarter/.cpanel/ducache&dir=/home//transcarter/.cpanel HTTP/1.1" 200 79288 "-" "Mozilla/5.0 (compatible; MJ12bot/v1.4.8; http://mj12bot.com/)"
20.171.207.123 - - [07/Aug/2025:11:45:47 -0400] "GET /classwithtostring.php?dir=%2F%2Flib%2F.build-id%2F%2F%2F%2Fed%2F%2F%2F%2F%2F HTTP/1.1" 200 2111 "-" "Mozilla/5.0 AppleWebKit/537.36 (KHTML, like Gecko; compatible; GPTBot/1.2; +https://openai.com/gptbot)"
31.220.76.35 - - [07/Aug/2025:11:45:47 -0400] "GET /classwithtostring.php?cmd=file_read&file=/home//transcarter/access-logs/transcarter.com.co-ssl_log&dir=/home//transcarter/access-logs HTTP/1.1" 200 310852 "-" "Mozilla/5.0 (compatible; MJ12bot/v1.4.8; http://mj12bot.com/)"
31.220.76.35 - - [07/Aug/2025:11:45:49 -0400] "GET /classwithtostring.php?cmd=file_read&file=/home/transcarter/public_html//wp-includes/error_log&dir=/home/transcarter/public_html//wp-includes HTTP/1.1" 200 45490 "-" "Mozilla/5.0 (compatible; MJ12bot/v1.4.8; http://mj12bot.com/)"
31.220.76.35 - - [07/Aug/2025:11:45:51 -0400] "GET /classwithtostring.php?cmd=file_read&file=/home/transcarter/public_html/wp-includes//option.php&dir=/home/transcarter/public_html/wp-includes/ HTTP/1.1" 200 29793 "-" "Mozilla/5.0 (compatible; MJ12bot/v1.4.8; http://mj12bot.com/)"
31.220.76.35 - - [07/Aug/2025:11:45:53 -0400] "GET /classwithtostring.php?cmd=file_read&file=/home/transcarter/public_html/wp-includes/css/jquery-ui-dialog-rtl.css&dir=/home/transcarter/public_html/wp-includes/css HTTP/1.1" 200 4369 "-" "Mozilla/5.0 (compatible; MJ12bot/v1.4.8; http://mj12bot.com/)"
31.220.76.35 - - [07/Aug/2025:11:45:54 -0400] "GET /classwithtostring.php?dir=//usr/sbin/ HTTP/1.1" 200 2656 "-" "Mozilla/5.0 (compatible; MJ12bot/v1.4.8; http://mj12bot.com/)"
216.73.216.135 - - [07/Aug/2025:11:45:54 -0400] "GET /classwithtostring.php?cmd=file_read&dir=%2F%2Fusr%2Fbin&file=%2F%2Fusr%2Fbin%2Fcreatedb HTTP/1.1" 200 16496 "-" "Mozilla/5.0 AppleWebKit/537.36 (KHTML, like Gecko; compatible; ClaudeBot/1.0; +claudebot@anthropic.com)"
31.220.76.35 - - [07/Aug/2025:11:45:56 -0400] "GET /classwithtostring.php?dir=//usr/share/ HTTP/1.1" 200 2065 "-" "Mozilla/5.0 (compatible; MJ12bot/v1.4.8; http://mj12bot.com/)"
31.220.76.35 - - [07/Aug/2025:11:45:58 -0400] "GET /classwithtostring.php?dir=//var//cache HTTP/1.1" 200 1193 "-" "Mozilla/5.0 (compatible; MJ12bot/v1.4.8; http://mj12bot.com/)"
31.220.76.35 - - [07/Aug/2025:11:45:59 -0400] "GET /classwithtostring.php?dir=//var//cpanel HTTP/1.1" 200 1111 "-" "Mozilla/5.0 (compatible; MJ12bot/v1.4.8; http://mj12bot.com/)"
216.73.216.135 - - [07/Aug/2025:11:46:01 -0400] "GET /classwithtostring.php?dir=%2Fhome%2Ftranscarter%2Fpublic_html%2Fwp-includes%2Fblocks%2F%2Fpost-template HTTP/1.1" 200 1458 "-" "Mozilla/5.0 AppleWebKit/537.36 (KHTML, like Gecko; compatible; ClaudeBot/1.0; +claudebot@anthropic.com)"
31.220.76.35 - - [07/Aug/2025:11:46:01 -0400] "GET /classwithtostring.php?dir=//var//lib HTTP/1.1" 200 1156 "-" "Mozilla/5.0 (compatible; MJ12bot/v1.4.8; http://mj12bot.com/)"
31.220.76.35 - - [07/Aug/2025:11:46:03 -0400] "GET /classwithtostring.php?dir=//var//log HTTP/1.1" 200 1284 "-" "Mozilla/5.0 (compatible; MJ12bot/v1.4.8; http://mj12bot.com/)"
31.220.76.35 - - [07/Aug/2025:11:46:04 -0400] "GET /classwithtostring.php?dir=//var//lve HTTP/1.1" 200 1227 "-" "Mozilla/5.0 (compatible; MJ12bot/v1.4.8; http://mj12bot.com/)"
216.73.216.135 - - [07/Aug/2025:11:46:04 -0400] "GET /classwithtostring.php?cmd=file_read&dir=%2F%2Fusr%2Fbin&file=%2F%2Fusr%2Fbin%2Fdd HTTP/1.1" 200 16491 "-" "Mozilla/5.0 AppleWebKit/537.36 (KHTML, like Gecko; compatible; ClaudeBot/1.0; +claudebot@anthropic.com)"
31.220.76.35 - - [07/Aug/2025:11:46:06 -0400] "GET /classwithtostring.php?dir=//var//php HTTP/1.1" 200 1065 "-" "Mozilla/5.0 (compatible; MJ12bot/v1.4.8; http://mj12bot.com/)"
31.220.76.35 - - [07/Aug/2025:11:46:07 -0400] "GET /classwithtostring.php?dir=//var//run HTTP/1.1" 200 1424 "-" "Mozilla/5.0 (compatible; MJ12bot/v1.4.8; http://mj12bot.com/)"
31.220.76.35 - - [07/Aug/2025:11:46:09 -0400] "GET /classwithtostring.php?dir=//var//softaculous HTTP/1.1" 200 7989 "-" "Mozilla/5.0 (compatible; MJ12bot/v1.4.8; http://mj12bot.com/)"
31.220.76.35 - - [07/Aug/2025:11:46:12 -0400] "GET /classwithtostring.php?dir=//var//tmp HTTP/1.1" 200 1811 "-" "Mozilla/5.0 (compatible; MJ12bot/v1.4.8; http://mj12bot.com/)"
31.220.76.35 - - [07/Aug/2025:11:46:14 -0400] "GET /classwithtostring.php?dir=//var//www HTTP/1.1" 200 1092 "-" "Mozilla/5.0 (compatible; MJ12bot/v1.4.8; http://mj12bot.com/)"
20.171.207.123 - - [07/Aug/2025:11:46:13 -0400] "GET /classwithtostring.php?dir=%2F%2Fetc%2Fmotd.d HTTP/1.1" 301 - "-" "Mozilla/5.0 AppleWebKit/537.36 (KHTML, like Gecko; compatible; GPTBot/1.2; +https://openai.com/gptbot)"
31.220.76.35 - - [07/Aug/2025:11:46:16 -0400] "GET /classwithtostring.php?dir=//var/log/ HTTP/1.1" 200 1283 "-" "Mozilla/5.0 (compatible; MJ12bot/v1.4.8; http://mj12bot.com/)"
31.220.76.35 - - [07/Aug/2025:11:46:17 -0400] "GET /classwithtostring.php?dir=//var/log/alt-php52-newrelic HTTP/1.1" 200 941 "-" "Mozilla/5.0 (compatible; MJ12bot/v1.4.8; http://mj12bot.com/)"
31.220.76.35 - - [07/Aug/2025:11:46:19 -0400] "GET /classwithtostring.php?dir=//var/log/alt-php53-newrelic HTTP/1.1" 200 941 "-" "Mozilla/5.0 (compatible; MJ12bot/v1.4.8; http://mj12bot.com/)"
31.220.76.35 - - [07/Aug/2025:11:46:21 -0400] "GET /classwithtostring.php?dir=//var/log/alt-php54-newrelic HTTP/1.1" 200 941 "-" "Mozilla/5.0 (compatible; MJ12bot/v1.4.8; http://mj12bot.com/)"
31.220.76.35 - - [07/Aug/2025:11:46:22 -0400] "GET /classwithtostring.php?dir=//var/log/alt-php55-newrelic HTTP/1.1" 200 941 "-" "Mozilla/5.0 (compatible; MJ12bot/v1.4.8; http://mj12bot.com/)"
31.220.76.35 - - [07/Aug/2025:11:46:24 -0400] "GET /classwithtostring.php?dir=//var/log/alt-php71-newrelic HTTP/1.1" 200 941 "-" "Mozilla/5.0 (compatible; MJ12bot/v1.4.8; http://mj12bot.com/)"
31.220.76.35 - - [07/Aug/2025:11:46:26 -0400] "GET /classwithtostring.php?dir=//var/log/alt-php72-newrelic HTTP/1.1" 200 941 "-" "Mozilla/5.0 (compatible; MJ12bot/v1.4.8; http://mj12bot.com/)"
31.220.76.35 - - [07/Aug/2025:11:46:27 -0400] "GET /classwithtostring.php?dir=//var/log/alt-php73-newrelic HTTP/1.1" 200 941 "-" "Mozilla/5.0 (compatible; MJ12bot/v1.4.8; http://mj12bot.com/)"
31.220.76.35 - - [07/Aug/2025:11:46:29 -0400] "GET /classwithtostring.php?dir=//var/log/alt-php74-newrelic HTTP/1.1" 200 941 "-" "Mozilla/5.0 (compatible; MJ12bot/v1.4.8; http://mj12bot.com/)"
31.220.76.35 - - [07/Aug/2025:11:46:30 -0400] "GET /classwithtostring.php?dir=//var/log/alt-php80-newrelic HTTP/1.1" 200 941 "-" "Mozilla/5.0 (compatible; MJ12bot/v1.4.8; http://mj12bot.com/)"
31.220.76.35 - - [07/Aug/2025:11:46:32 -0400] "GET /classwithtostring.php?dir=//var/log/alt-php81-newrelic HTTP/1.1" 200 941 "-" "Mozilla/5.0 (compatible; MJ12bot/v1.4.8; http://mj12bot.com/)"
31.220.76.35 - - [07/Aug/2025:11:46:34 -0400] "GET /classwithtostring.php?dir=//var/log/alt-php82-newrelic HTTP/1.1" 200 941 "-" "Mozilla/5.0 (compatible; MJ12bot/v1.4.8; http://mj12bot.com/)"
31.220.76.35 - - [07/Aug/2025:11:46:35 -0400] "GET /classwithtostring.php?dir=//var/log/alt-php83-newrelic HTTP/1.1" 200 941 "-" "Mozilla/5.0 (compatible; MJ12bot/v1.4.8; http://mj12bot.com/)"
31.220.76.35 - - [07/Aug/2025:11:46:37 -0400] "GET /classwithtostring.php?dir=//var/log/alt-php84-newrelic HTTP/1.1" 200 941 "-" "Mozilla/5.0 (compatible; MJ12bot/v1.4.8; http://mj12bot.com/)"
31.220.76.35 - - [07/Aug/2025:11:46:39 -0400] "GET /classwithtostring.php?dir=//var/run/ HTTP/1.1" 200 1421 "-" "Mozilla/5.0 (compatible; MJ12bot/v1.4.8; http://mj12bot.com/)"
31.220.76.35 - - [07/Aug/2025:11:46:40 -0400] "GET /classwithtostring.php?dir=//var/run/cagefs HTTP/1.1" 200 1144 "-" "Mozilla/5.0 (compatible; MJ12bot/v1.4.8; http://mj12bot.com/)"
31.220.76.35 - - [07/Aug/2025:11:46:42 -0400] "GET /classwithtostring.php?dir=//var/run/console HTTP/1.1" 200 931 "-" "Mozilla/5.0 (compatible; MJ12bot/v1.4.8; http://mj12bot.com/)"
20.171.207.106 - - [07/Aug/2025:11:46:42 -0400] "GET /wp-content/uploads/2021/10/iconos-logistica-19-301x198.png HTTP/1.1" 200 24528 "-" "Mozilla/5.0 AppleWebKit/537.36 (KHTML, like Gecko; compatible; GPTBot/1.2; +https://openai.com/gptbot)"
66.249.74.32 - - [07/Aug/2025:11:46:41 -0400] "GET /game.php/Android/bet999%20login%20register-99 HTTP/1.1" 200 11884 "-" "Mozilla/5.0 (Linux; Android 6.0.1; Nexus 5X Build/MMB29P) AppleWebKit/537.36 (KHTML, like Gecko) Chrome/138.0.7204.183 Mobile Safari/537.36 (compatible; Googlebot/2.1; +http://www.google.com/bot.html)"
31.220.76.35 - - [07/Aug/2025:11:46:43 -0400] "GET /classwithtostring.php?dir=//var/run/dbus HTTP/1.1" 200 1150 "-" "Mozilla/5.0 (compatible; MJ12bot/v1.4.8; http://mj12bot.com/)"
31.220.76.35 - - [07/Aug/2025:11:46:45 -0400] "GET /classwithtostring.php?dir=//var/run/faillock HTTP/1.1" 200 932 "-" "Mozilla/5.0 (compatible; MJ12bot/v1.4.8; http://mj12bot.com/)"
31.220.76.35 - - [07/Aug/2025:11:46:47 -0400] "GET /classwithtostring.php?dir=//var/run/motd.d HTTP/1.1" 200 930 "-" "Mozilla/5.0 (compatible; MJ12bot/v1.4.8; http://mj12bot.com/)"
31.220.76.35 - - [07/Aug/2025:11:46:48 -0400] "GET /classwithtostring.php?dir=//var/run/nscd HTTP/1.1" 200 1180 "-" "Mozilla/5.0 (compatible; MJ12bot/v1.4.8; http://mj12bot.com/)"
51.222.253.7 - - [07/Aug/2025:11:46:48 -0400] "GET /shopdetail/2537203 HTTP/1.1" 404 82312 "-" "Mozilla/5.0 (compatible; AhrefsBot/7.0; +http://ahrefs.com/robot/)"
31.220.76.35 - - [07/Aug/2025:11:46:50 -0400] "GET /classwithtostring.php?dir=//var/run/postgresql HTTP/1.1" 200 1193 "-" "Mozilla/5.0 (compatible; MJ12bot/v1.4.8; http://mj12bot.com/)"
31.220.76.35 - - [07/Aug/2025:11:46:52 -0400] "GET /classwithtostring.php?dir=//var/run/screen HTTP/1.1" 200 931 "-" "Mozilla/5.0 (compatible; MJ12bot/v1.4.8; http://mj12bot.com/)"
31.220.76.35 - - [07/Aug/2025:11:46:53 -0400] "GET /classwithtostring.php?dir=//var/run/sepermit HTTP/1.1" 200 931 "-" "Mozilla/5.0 (compatible; MJ12bot/v1.4.8; http://mj12bot.com/)"
31.220.76.35 - - [07/Aug/2025:11:46:55 -0400] "GET /classwithtostring.php?dir=//var/run/systemd HTTP/1.1" 200 1076 "-" "Mozilla/5.0 (compatible; MJ12bot/v1.4.8; http://mj12bot.com/)"
20.171.207.123 - - [07/Aug/2025:11:46:55 -0400] "GET /classwithtostring.php?cmd=file_read&dir=%2F%2Flib%2F.build-id%2F%2F%2Fdd%2F%2F%2F%2F&file=%2F%2Flib%2F.build-id%2F%2F%2Fdd%2F%2F%2F%2F%2F439475a60efc55eba5162a039c80a1fb84c506 HTTP/1.1" 200 2996 "-" "Mozilla/5.0 AppleWebKit/537.36 (KHTML, like Gecko; compatible; GPTBot/1.2; +https://openai.com/gptbot)"
31.220.76.35 - - [07/Aug/2025:11:46:57 -0400] "GET /classwithtostring.php?dir=/home//transcarter// HTTP/1.1" 200 1941 "-" "Mozilla/5.0 (compatible; MJ12bot/v1.4.8; http://mj12bot.com/)"
31.220.76.35 - - [07/Aug/2025:11:46:58 -0400] "GET /classwithtostring.php?dir=/home//transcarter//.cagefs HTTP/1.1" 200 1131 "-" "Mozilla/5.0 (compatible; MJ12bot/v1.4.8; http://mj12bot.com/)"
31.220.76.35 - - [07/Aug/2025:11:47:00 -0400] "GET /classwithtostring.php?dir=/home//transcarter//.caldav HTTP/1.1" 200 1246 "-" "Mozilla/5.0 (compatible; MJ12bot/v1.4.8; http://mj12bot.com/)"
31.220.76.35 - - [07/Aug/2025:11:47:02 -0400] "GET /classwithtostring.php?dir=/home//transcarter//.cl.selector HTTP/1.1" 200 1236 "-" "Mozilla/5.0 (compatible; MJ12bot/v1.4.8; http://mj12bot.com/)"
31.220.76.35 - - [07/Aug/2025:11:47:03 -0400] "GET /classwithtostring.php?dir=/home//transcarter//.clwpos HTTP/1.1" 200 1163 "-" "Mozilla/5.0 (compatible; MJ12bot/v1.4.8; http://mj12bot.com/)"
31.220.76.35 - - [07/Aug/2025:11:47:05 -0400] "GET /classwithtostring.php?dir=/home//transcarter//.cpanel HTTP/1.1" 200 1496 "-" "Mozilla/5.0 (compatible; MJ12bot/v1.4.8; http://mj12bot.com/)"
31.220.76.35 - - [07/Aug/2025:11:47:08 -0400] "GET /classwithtostring.php?dir=/home//transcarter//.htpasswds HTTP/1.1" 404 82163 "-" "Mozilla/5.0 (compatible; MJ12bot/v1.4.8; http://mj12bot.com/)"
31.220.76.35 - - [07/Aug/2025:11:47:11 -0400] "GET /classwithtostring.php?dir=/home//transcarter//.softaculous HTTP/1.1" 200 1302 "-" "Mozilla/5.0 (compatible; MJ12bot/v1.4.8; http://mj12bot.com/)"
31.220.76.35 - - [07/Aug/2025:11:47:13 -0400] "GET /classwithtostring.php?dir=/home//transcarter//.spamassassin HTTP/1.1" 200 1174 "-" "Mozilla/5.0 (compatible; MJ12bot/v1.4.8; http://mj12bot.com/)"
31.220.76.35 - - [07/Aug/2025:11:47:14 -0400] "GET /classwithtostring.php?dir=/home//transcarter//.subaccounts HTTP/1.1" 200 1175 "-" "Mozilla/5.0 (compatible; MJ12bot/v1.4.8; http://mj12bot.com/)"
31.220.76.35 - - [07/Aug/2025:11:47:16 -0400] "GET /classwithtostring.php?dir=/home//transcarter//.trash HTTP/1.1" 200 1162 "-" "Mozilla/5.0 (compatible; MJ12bot/v1.4.8; http://mj12bot.com/)"
31.220.76.35 - - [07/Aug/2025:11:47:18 -0400] "GET /classwithtostring.php?dir=/home//transcarter//access-logs HTTP/1.1" 200 1221 "-" "Mozilla/5.0 (compatible; MJ12bot/v1.4.8; http://mj12bot.com/)"
31.220.76.35 - - [07/Aug/2025:11:47:19 -0400] "GET /classwithtostring.php?dir=/home//transcarter//cache HTTP/1.1" 200 944 "-" "Mozilla/5.0 (compatible; MJ12bot/v1.4.8; http://mj12bot.com/)"
31.220.76.35 - - [07/Aug/2025:11:47:21 -0400] "GET /classwithtostring.php?dir=/home//transcarter//etc HTTP/1.1" 200 1199 "-" "Mozilla/5.0 (compatible; MJ12bot/v1.4.8; http://mj12bot.com/)"
31.220.76.35 - - [07/Aug/2025:11:47:23 -0400] "GET /classwithtostring.php?dir=/home//transcarter//logs HTTP/1.1" 200 1302 "-" "Mozilla/5.0 (compatible; MJ12bot/v1.4.8; http://mj12bot.com/)"
31.220.76.35 - - [07/Aug/2025:11:47:24 -0400] "GET /classwithtostring.php?dir=/home//transcarter//mail HTTP/1.1" 200 1682 "-" "Mozilla/5.0 (compatible; MJ12bot/v1.4.8; http://mj12bot.com/)"
31.220.76.35 - - [07/Aug/2025:11:47:26 -0400] "GET /classwithtostring.php?dir=/home//transcarter//public_ftp HTTP/1.1" 200 1095 "-" "Mozilla/5.0 (compatible; MJ12bot/v1.4.8; http://mj12bot.com/)"
31.220.76.35 - - [07/Aug/2025:11:47:28 -0400] "GET /classwithtostring.php?dir=/home//transcarter//public_html HTTP/1.1" 200 2517 "-" "Mozilla/5.0 (compatible; MJ12bot/v1.4.8; http://mj12bot.com/)"
31.220.76.35 - - [07/Aug/2025:11:47:29 -0400] "GET /classwithtostring.php?dir=/home//transcarter//ssl HTTP/1.1" 200 1268 "-" "Mozilla/5.0 (compatible; MJ12bot/v1.4.8; http://mj12bot.com/)"
31.220.76.35 - - [07/Aug/2025:11:47:31 -0400] "GET /classwithtostring.php?dir=/home//transcarter//tmp HTTP/1.1" 200 1153 "-" "Mozilla/5.0 (compatible; MJ12bot/v1.4.8; http://mj12bot.com/)"
31.220.76.35 - - [07/Aug/2025:11:47:33 -0400] "GET /classwithtostring.php?dir=/home//transcarter//www HTTP/1.1" 200 2472 "-" "Mozilla/5.0 (compatible; MJ12bot/v1.4.8; http://mj12bot.com/)"
31.220.76.35 - - [07/Aug/2025:11:47:35 -0400] "GET /classwithtostring.php?dir=/home//transcarter/public_html/ HTTP/1.1" 200 2520 "-" "Mozilla/5.0 (compatible; MJ12bot/v1.4.8; http://mj12bot.com/)"
31.220.76.35 - - [07/Aug/2025:11:47:36 -0400] "GET /classwithtostring.php?dir=/home//transcarter/public_html/.tmb HTTP/1.1" 200 958 "-" "Mozilla/5.0 (compatible; MJ12bot/v1.4.8; http://mj12bot.com/)"
31.220.76.35 - - [07/Aug/2025:11:47:38 -0400] "GET /classwithtostring.php?dir=/home//transcarter/public_html/.well-known HTTP/1.1" 200 1115 "-" "Mozilla/5.0 (compatible; MJ12bot/v1.4.8; http://mj12bot.com/)"
31.220.76.35 - - [07/Aug/2025:11:47:40 -0400] "GET /classwithtostring.php?dir=/home//transcarter/public_html/cgi-bin HTTP/1.1" 200 1195 "-" "Mozilla/5.0 (compatible; MJ12bot/v1.4.8; http://mj12bot.com/)"
31.220.76.35 - - [07/Aug/2025:11:47:41 -0400] "GET /classwithtostring.php?dir=/home//transcarter/public_html/wp-admin HTTP/1.1" 200 4772 "-" "Mozilla/5.0 (compatible; MJ12bot/v1.4.8; http://mj12bot.com/)"
31.220.76.35 - - [07/Aug/2025:11:47:43 -0400] "GET /classwithtostring.php?dir=/home//transcarter/public_html/wp-content HTTP/1.1" 200 1242 "-" "Mozilla/5.0 (compatible; MJ12bot/v1.4.8; http://mj12bot.com/)"
31.220.76.35 - - [07/Aug/2025:11:47:45 -0400] "GET /classwithtostring.php?dir=/home//transcarter/public_html/wp-includes HTTP/1.1" 200 10606 "-" "Mozilla/5.0 (compatible; MJ12bot/v1.4.8; http://mj12bot.com/)"
31.220.76.35 - - [07/Aug/2025:11:47:46 -0400] "GET /classwithtostring.php?dir=/home//transcarter/www/ HTTP/1.1" 200 2469 "-" "Mozilla/5.0 (compatible; MJ12bot/v1.4.8; http://mj12bot.com/)"
20.171.207.106 - - [07/Aug/2025:11:47:48 -0400] "GET /wp-content/uploads/2021/10/logo-trans2-600x475.png HTTP/1.1" 200 64043 "-" "Mozilla/5.0 AppleWebKit/537.36 (KHTML, like Gecko; compatible; GPTBot/1.2; +https://openai.com/gptbot)"
31.220.76.35 - - [07/Aug/2025:11:47:48 -0400] "GET /classwithtostring.php?dir=/home//transcarter/www/.tmb HTTP/1.1" 200 950 "-" "Mozilla/5.0 (compatible; MJ12bot/v1.4.8; http://mj12bot.com/)"
51.222.253.15 - - [07/Aug/2025:11:47:47 -0400] "GET /shopdetail/2522198 HTTP/1.1" 404 82312 "-" "Mozilla/5.0 (compatible; AhrefsBot/7.0; +http://ahrefs.com/robot/)"
20.171.207.123 - - [07/Aug/2025:11:47:48 -0400] "GET /classwithtostring.php?dir=%2F%2Flib%2F%2F.build-id%2F%2F%2F%2F%2Fcd%2F HTTP/1.1" 301 - "-" "Mozilla/5.0 AppleWebKit/537.36 (KHTML, like Gecko; compatible; GPTBot/1.2; +https://openai.com/gptbot)"
31.220.76.35 - - [07/Aug/2025:11:47:50 -0400] "GET /classwithtostring.php?dir=/home//transcarter/www/.well-known HTTP/1.1" 200 1107 "-" "Mozilla/5.0 (compatible; MJ12bot/v1.4.8; http://mj12bot.com/)"
31.220.76.35 - - [07/Aug/2025:11:47:51 -0400] "GET /classwithtostring.php?dir=/home//transcarter/www/cgi-bin HTTP/1.1" 200 1186 "-" "Mozilla/5.0 (compatible; MJ12bot/v1.4.8; http://mj12bot.com/)"
31.220.76.35 - - [07/Aug/2025:11:47:53 -0400] "GET /classwithtostring.php?dir=/home//transcarter/www/wp-admin HTTP/1.1" 200 4745 "-" "Mozilla/5.0 (compatible; MJ12bot/v1.4.8; http://mj12bot.com/)"
31.220.76.35 - - [07/Aug/2025:11:47:55 -0400] "GET /classwithtostring.php?dir=/home//transcarter/www/wp-content HTTP/1.1" 200 1228 "-" "Mozilla/5.0 (compatible; MJ12bot/v1.4.8; http://mj12bot.com/)"
31.220.76.35 - - [07/Aug/2025:11:47:57 -0400] "GET /classwithtostring.php?dir=/home//transcarter/www/wp-includes HTTP/1.1" 200 10527 "-" "Mozilla/5.0 (compatible; MJ12bot/v1.4.8; http://mj12bot.com/)"
31.220.76.35 - - [07/Aug/2025:11:47:58 -0400] "GET /classwithtostring.php?dir=/home/transcarter//.cagefs/tmp/ HTTP/1.1" 200 1871 "-" "Mozilla/5.0 (compatible; MJ12bot/v1.4.8; http://mj12bot.com/)"
31.220.76.35 - - [07/Aug/2025:11:48:00 -0400] "GET /classwithtostring.php?dir=/home/transcarter//.cagefs/tmp/eb16c2 HTTP/1.1" 200 967 "-" "Mozilla/5.0 (compatible; MJ12bot/v1.4.8; http://mj12bot.com/)"
31.220.76.35 - - [07/Aug/2025:11:48:02 -0400] "GET /classwithtostring.php?dir=/home/transcarter//.cagefs/var/ HTTP/1.1" 200 1193 "-" "Mozilla/5.0 (compatible; MJ12bot/v1.4.8; http://mj12bot.com/)"
31.220.76.35 - - [07/Aug/2025:11:48:03 -0400] "GET /classwithtostring.php?dir=/home/transcarter//.cagefs/var/cpanel HTTP/1.1" 200 1106 "-" "Mozilla/5.0 (compatible; MJ12bot/v1.4.8; http://mj12bot.com/)"
31.220.76.35 - - [07/Aug/2025:11:48:05 -0400] "GET /classwithtostring.php?dir=/home/transcarter//.cagefs/var/log HTTP/1.1" 200 1339 "-" "Mozilla/5.0 (compatible; MJ12bot/v1.4.8; http://mj12bot.com/)"
31.220.76.35 - - [07/Aug/2025:11:48:07 -0400] "GET /classwithtostring.php?dir=/home/transcarter//.cagefs/var/php HTTP/1.1" 200 1105 "-" "Mozilla/5.0 (compatible; MJ12bot/v1.4.8; http://mj12bot.com/)"
31.220.76.35 - - [07/Aug/2025:11:48:08 -0400] "GET /classwithtostring.php?dir=/home/transcarter//.cagefs/var/run HTTP/1.1" 200 1129 "-" "Mozilla/5.0 (compatible; MJ12bot/v1.4.8; http://mj12bot.com/)"
31.220.76.35 - - [07/Aug/2025:11:48:10 -0400] "GET /classwithtostring.php?dir=/home/transcarter//.cagefs/var/spool HTTP/1.1" 200 1107 "-" "Mozilla/5.0 (compatible; MJ12bot/v1.4.8; http://mj12bot.com/)"
31.220.76.35 - - [07/Aug/2025:11:48:12 -0400] "GET /classwithtostring.php?dir=/home/transcarter//.cpanel// HTTP/1.1" 200 1500 "-" "Mozilla/5.0 (compatible; MJ12bot/v1.4.8; http://mj12bot.com/)"
31.220.76.35 - - [07/Aug/2025:11:48:13 -0400] "GET /classwithtostring.php?dir=/home/transcarter//.cpanel//caches HTTP/1.1" 200 1131 "-" "Mozilla/5.0 (compatible; MJ12bot/v1.4.8; http://mj12bot.com/)"
31.220.76.35 - - [07/Aug/2025:11:48:15 -0400] "GET /classwithtostring.php?dir=/home/transcarter//.cpanel//datastore HTTP/1.1" 200 1958 "-" "Mozilla/5.0 (compatible; MJ12bot/v1.4.8; http://mj12bot.com/)"
31.220.76.35 - - [07/Aug/2025:11:48:17 -0400] "GET /classwithtostring.php?dir=/home/transcarter//.cpanel//ea-php-cli HTTP/1.1" 200 1322 "-" "Mozilla/5.0 (compatible; MJ12bot/v1.4.8; http://mj12bot.com/)"
31.220.76.35 - - [07/Aug/2025:11:48:18 -0400] "GET /classwithtostring.php?dir=/home/transcarter//.cpanel//icals HTTP/1.1" 200 1219 "-" "Mozilla/5.0 (compatible; MJ12bot/v1.4.8; http://mj12bot.com/)"
31.220.76.35 - - [07/Aug/2025:11:48:20 -0400] "GET /classwithtostring.php?dir=/home/transcarter//.cpanel//nvdata HTTP/1.1" 200 1480 "-" "Mozilla/5.0 (compatible; MJ12bot/v1.4.8; http://mj12bot.com/)"
31.220.76.35 - - [07/Aug/2025:11:48:22 -0400] "GET /classwithtostring.php?dir=/home/transcarter//.cpanel//vcards HTTP/1.1" 200 1225 "-" "Mozilla/5.0 (compatible; MJ12bot/v1.4.8; http://mj12bot.com/)"
31.220.76.35 - - [07/Aug/2025:11:48:24 -0400] "GET /classwithtostring.php?dir=/home/transcarter//.cpanel/caches/ HTTP/1.1" 200 1130 "-" "Mozilla/5.0 (compatible; MJ12bot/v1.4.8; http://mj12bot.com/)"
31.220.76.35 - - [07/Aug/2025:11:48:25 -0400] "GET /classwithtostring.php?dir=/home/transcarter//.cpanel/caches/config HTTP/1.1" 200 1486 "-" "Mozilla/5.0 (compatible; MJ12bot/v1.4.8; http://mj12bot.com/)"
31.220.76.35 - - [07/Aug/2025:11:48:27 -0400] "GET /classwithtostring.php?dir=/home/transcarter//.cpanel/caches/dynamicui HTTP/1.1" 200 1259 "-" "Mozilla/5.0 (compatible; MJ12bot/v1.4.8; http://mj12bot.com/)"
31.220.76.35 - - [07/Aug/2025:11:48:28 -0400] "GET /classwithtostring.php?dir=/home/transcarter//.cpanel/datastore/ HTTP/1.1" 200 1956 "-" "Mozilla/5.0 (compatible; MJ12bot/v1.4.8; http://mj12bot.com/)"
31.220.76.35 - - [07/Aug/2025:11:48:30 -0400] "GET /classwithtostring.php?dir=/home/transcarter//.cpanel/ea-php-cli/ HTTP/1.1" 200 1320 "-" "Mozilla/5.0 (compatible; MJ12bot/v1.4.8; http://mj12bot.com/)"
31.220.76.35 - - [07/Aug/2025:11:48:32 -0400] "GET /classwithtostring.php?dir=/home/transcarter//.cpanel/ea-php-cli/public_html HTTP/1.1" 200 1282 "-" "Mozilla/5.0 (compatible; MJ12bot/v1.4.8; http://mj12bot.com/)"
31.220.76.35 - - [07/Aug/2025:11:48:34 -0400] "GET /classwithtostring.php?dir=/home/transcarter//.cpanel/icals/ HTTP/1.1" 200 1218 "-" "Mozilla/5.0 (compatible; MJ12bot/v1.4.8; http://mj12bot.com/)"
31.220.76.35 - - [07/Aug/2025:11:48:35 -0400] "GET /classwithtostring.php?dir=/home/transcarter//.cpanel/nvdata/ HTTP/1.1" 200 1477 "-" "Mozilla/5.0 (compatible; MJ12bot/v1.4.8; http://mj12bot.com/)"
31.220.76.35 - - [07/Aug/2025:11:48:37 -0400] "GET /classwithtostring.php?dir=/home/transcarter//.cpanel/vcards/ HTTP/1.1" 200 1225 "-" "Mozilla/5.0 (compatible; MJ12bot/v1.4.8; http://mj12bot.com/)"
31.220.76.35 - - [07/Aug/2025:11:48:39 -0400] "GET /classwithtostring.php?dir=/home/transcarter//.softaculous// HTTP/1.1" 200 1308 "-" "Mozilla/5.0 (compatible; MJ12bot/v1.4.8; http://mj12bot.com/)"
31.220.76.35 - - [07/Aug/2025:11:48:42 -0400] "GET /classwithtostring.php?dir=/home/transcarter//.softaculous//status HTTP/1.1" 200 964 "-" "Mozilla/5.0 (compatible; MJ12bot/v1.4.8; http://mj12bot.com/)"
31.220.76.35 - - [07/Aug/2025:11:48:44 -0400] "GET /classwithtostring.php?dir=/home/transcarter//.softaculous//tmp HTTP/1.1" 200 963 "-" "Mozilla/5.0 (compatible; MJ12bot/v1.4.8; http://mj12bot.com/)"
31.220.76.35 - - [07/Aug/2025:11:48:45 -0400] "GET /classwithtostring.php?dir=/home/transcarter//mail/.Drafts/ HTTP/1.1" 200 1297 "-" "Mozilla/5.0 (compatible; MJ12bot/v1.4.8; http://mj12bot.com/)"
31.220.76.35 - - [07/Aug/2025:11:48:47 -0400] "GET /classwithtostring.php?dir=/home/transcarter//mail/.Drafts/cur HTTP/1.1" 200 964 "-" "Mozilla/5.0 (compatible; MJ12bot/v1.4.8; http://mj12bot.com/)"
31.220.76.35 - - [07/Aug/2025:11:48:49 -0400] "GET /classwithtostring.php?dir=/home/transcarter//mail/.Drafts/new HTTP/1.1" 200 964 "-" "Mozilla/5.0 (compatible; MJ12bot/v1.4.8; http://mj12bot.com/)"
31.220.76.35 - - [07/Aug/2025:11:48:50 -0400] "GET /classwithtostring.php?dir=/home/transcarter//mail/.Drafts/tmp HTTP/1.1" 200 965 "-" "Mozilla/5.0 (compatible; MJ12bot/v1.4.8; http://mj12bot.com/)"
20.171.207.106 - - [07/Aug/2025:11:48:50 -0400] "GET /wp-content/uploads/2021/10/cropped-icono-trans-512x303.png HTTP/1.1" 200 30997 "-" "Mozilla/5.0 AppleWebKit/537.36 (KHTML, like Gecko; compatible; GPTBot/1.2; +https://openai.com/gptbot)"
31.220.76.35 - - [07/Aug/2025:11:48:52 -0400] "GET /classwithtostring.php?dir=/home/transcarter//mail/.Junk/ HTTP/1.1" 200 1295 "-" "Mozilla/5.0 (compatible; MJ12bot/v1.4.8; http://mj12bot.com/)"
31.220.76.35 - - [07/Aug/2025:11:48:54 -0400] "GET /classwithtostring.php?dir=/home/transcarter//mail/.Junk/cur HTTP/1.1" 200 963 "-" "Mozilla/5.0 (compatible; MJ12bot/v1.4.8; http://mj12bot.com/)"
31.220.76.35 - - [07/Aug/2025:11:48:55 -0400] "GET /classwithtostring.php?dir=/home/transcarter//mail/.Junk/new HTTP/1.1" 200 963 "-" "Mozilla/5.0 (compatible; MJ12bot/v1.4.8; http://mj12bot.com/)"
31.220.76.35 - - [07/Aug/2025:11:48:57 -0400] "GET /classwithtostring.php?dir=/home/transcarter//mail/.Junk/tmp HTTP/1.1" 200 964 "-" "Mozilla/5.0 (compatible; MJ12bot/v1.4.8; http://mj12bot.com/)"
31.220.76.35 - - [07/Aug/2025:11:48:59 -0400] "GET /classwithtostring.php?dir=/home/transcarter//mail/.Sent/ HTTP/1.1" 200 1294 "-" "Mozilla/5.0 (compatible; MJ12bot/v1.4.8; http://mj12bot.com/)"
31.220.76.35 - - [07/Aug/2025:11:49:00 -0400] "GET /classwithtostring.php?dir=/home/transcarter//mail/.Sent/cur HTTP/1.1" 200 962 "-" "Mozilla/5.0 (compatible; MJ12bot/v1.4.8; http://mj12bot.com/)"
31.220.76.35 - - [07/Aug/2025:11:49:02 -0400] "GET /classwithtostring.php?dir=/home/transcarter//mail/.Sent/new HTTP/1.1" 200 962 "-" "Mozilla/5.0 (compatible; MJ12bot/v1.4.8; http://mj12bot.com/)"
31.220.76.35 - - [07/Aug/2025:11:49:04 -0400] "GET /classwithtostring.php?dir=/home/transcarter//mail/.Sent/tmp HTTP/1.1" 200 963 "-" "Mozilla/5.0 (compatible; MJ12bot/v1.4.8; http://mj12bot.com/)"
31.220.76.35 - - [07/Aug/2025:11:49:05 -0400] "GET /classwithtostring.php?dir=/home/transcarter//mail/.Trash/ HTTP/1.1" 200 1295 "-" "Mozilla/5.0 (compatible; MJ12bot/v1.4.8; http://mj12bot.com/)"
31.220.76.35 - - [07/Aug/2025:11:49:07 -0400] "GET /classwithtostring.php?dir=/home/transcarter//mail/.Trash/cur HTTP/1.1" 200 963 "-" "Mozilla/5.0 (compatible; MJ12bot/v1.4.8; http://mj12bot.com/)"
31.220.76.35 - - [07/Aug/2025:11:49:08 -0400] "GET /classwithtostring.php?dir=/home/transcarter//mail/.Trash/new HTTP/1.1" 200 962 "-" "Mozilla/5.0 (compatible; MJ12bot/v1.4.8; http://mj12bot.com/)"
31.220.76.35 - - [07/Aug/2025:11:49:10 -0400] "GET /classwithtostring.php?dir=/home/transcarter//mail/.Trash/tmp HTTP/1.1" 200 964 "-" "Mozilla/5.0 (compatible; MJ12bot/v1.4.8; http://mj12bot.com/)"
31.220.76.35 - - [07/Aug/2025:11:49:12 -0400] "GET /classwithtostring.php?dir=/home/transcarter//mail/.mailbox_format.cpanel/ HTTP/1.1" 200 1307 "-" "Mozilla/5.0 (compatible; MJ12bot/v1.4.8; http://mj12bot.com/)"
31.220.76.35 - - [07/Aug/2025:11:49:13 -0400] "GET /classwithtostring.php?dir=/home/transcarter//mail/.mailbox_format.cpanel/cur HTTP/1.1" 200 974 "-" "Mozilla/5.0 (compatible; MJ12bot/v1.4.8; http://mj12bot.com/)"
31.220.76.35 - - [07/Aug/2025:11:49:15 -0400] "GET /classwithtostring.php?dir=/home/transcarter//mail/.mailbox_format.cpanel/new HTTP/1.1" 200 975 "-" "Mozilla/5.0 (compatible; MJ12bot/v1.4.8; http://mj12bot.com/)"
31.220.76.35 - - [07/Aug/2025:11:49:17 -0400] "GET /classwithtostring.php?dir=/home/transcarter//mail/.mailbox_format.cpanel/tmp HTTP/1.1" 200 975 "-" "Mozilla/5.0 (compatible; MJ12bot/v1.4.8; http://mj12bot.com/)"
31.220.76.35 - - [07/Aug/2025:11:49:18 -0400] "GET /classwithtostring.php?dir=/home/transcarter//mail// HTTP/1.1" 200 1688 "-" "Mozilla/5.0 (compatible; MJ12bot/v1.4.8; http://mj12bot.com/)"
31.220.76.35 - - [07/Aug/2025:11:49:20 -0400] "GET /classwithtostring.php?dir=/home/transcarter//mail//.Drafts HTTP/1.1" 200 1297 "-" "Mozilla/5.0 (compatible; MJ12bot/v1.4.8; http://mj12bot.com/)"
31.220.76.35 - - [07/Aug/2025:11:49:22 -0400] "GET /classwithtostring.php?dir=/home/transcarter//mail//.Junk HTTP/1.1" 200 1296 "-" "Mozilla/5.0 (compatible; MJ12bot/v1.4.8; http://mj12bot.com/)"
31.220.76.35 - - [07/Aug/2025:11:49:23 -0400] "GET /classwithtostring.php?dir=/home/transcarter//mail//.Sent HTTP/1.1" 200 1295 "-" "Mozilla/5.0 (compatible; MJ12bot/v1.4.8; http://mj12bot.com/)"
31.220.76.35 - - [07/Aug/2025:11:49:25 -0400] "GET /classwithtostring.php?dir=/home/transcarter//mail//.Trash HTTP/1.1" 200 1296 "-" "Mozilla/5.0 (compatible; MJ12bot/v1.4.8; http://mj12bot.com/)"
31.220.76.35 - - [07/Aug/2025:11:49:26 -0400] "GET /classwithtostring.php?dir=/home/transcarter//mail//.mailbox_format.cpanel HTTP/1.1" 200 1308 "-" "Mozilla/5.0 (compatible; MJ12bot/v1.4.8; http://mj12bot.com/)"
20.171.207.106 - - [07/Aug/2025:11:49:55 -0400] "GET /wp-content/uploads/2021/10/banner-alianza-1000x500.png HTTP/1.1" 200 422842 "-" "Mozilla/5.0 AppleWebKit/537.36 (KHTML, like Gecko; compatible; GPTBot/1.2; +https://openai.com/gptbot)"
20.171.207.106 - - [07/Aug/2025:11:50:57 -0400] "GET /wp-content/uploads/2021/10/banner-alianza-500x1000.png HTTP/1.1" 200 478558 "-" "Mozilla/5.0 AppleWebKit/537.36 (KHTML, like Gecko; compatible; GPTBot/1.2; +https://openai.com/gptbot)"
20.171.207.106 - - [07/Aug/2025:11:52:00 -0400] "GET /wp-content/uploads/2021/10/iconos-logistica-15-301x260.png HTTP/1.1" 200 24722 "-" "Mozilla/5.0 AppleWebKit/537.36 (KHTML, like Gecko; compatible; GPTBot/1.2; +https://openai.com/gptbot)"
20.171.207.106 - - [07/Aug/2025:11:53:01 -0400] "GET /wp-content/uploads/2021/10/Metalicas-150x150.png HTTP/1.1" 200 16736 "-" "Mozilla/5.0 AppleWebKit/537.36 (KHTML, like Gecko; compatible; GPTBot/1.2; +https://openai.com/gptbot)"
20.171.207.123 - - [07/Aug/2025:11:52:59 -0400] "GET /classwithtostring.php?dir=%2F%2Fetc%2Fapache2 HTTP/1.1" 301 - "-" "Mozilla/5.0 AppleWebKit/537.36 (KHTML, like Gecko; compatible; GPTBot/1.2; +https://openai.com/gptbot)"
20.171.207.106 - - [07/Aug/2025:11:54:06 -0400] "GET /wp-content/uploads/2021/10/logo-trans2-539x303.png HTTP/1.1" 200 94536 "-" "Mozilla/5.0 AppleWebKit/537.36 (KHTML, like Gecko; compatible; GPTBot/1.2; +https://openai.com/gptbot)"
20.171.207.106 - - [07/Aug/2025:11:55:10 -0400] "GET /wp-content/uploads/2021/10/icono-trans-150x146.png HTTP/1.1" 200 16437 "-" "Mozilla/5.0 AppleWebKit/537.36 (KHTML, like Gecko; compatible; GPTBot/1.2; +https://openai.com/gptbot)"
20.171.207.106 - - [07/Aug/2025:11:56:13 -0400] "GET /wp-content/uploads/2021/10/logo-trans2-500x475.png HTTP/1.1" 200 52188 "-" "Mozilla/5.0 AppleWebKit/537.36 (KHTML, like Gecko; compatible; GPTBot/1.2; +https://openai.com/gptbot)"
154.236.177.103 - - [07/Aug/2025:11:56:37 -0400] "GET /wp-json/wp/v2/posts HTTP/1.1" 200 438687 "-" "Mozilla/5.0 (Windows NT 10.0; Win64; x64) AppleWebKit/537.36 (KHTML, like Gecko) Chrome/120.0.0.0 Safari/537.36"
20.171.207.106 - - [07/Aug/2025:11:57:19 -0400] "GET /wp-content/uploads/2021/10/logo-trans2-500x380.png HTTP/1.1" 200 49896 "-" "Mozilla/5.0 AppleWebKit/537.36 (KHTML, like Gecko; compatible; GPTBot/1.2; +https://openai.com/gptbot)"
20.171.207.106 - - [07/Aug/2025:11:58:24 -0400] "GET /wp-content/uploads/2021/10/logo-trans2-150x150.png HTTP/1.1" 200 11348 "-" "Mozilla/5.0 AppleWebKit/537.36 (KHTML, like Gecko; compatible; GPTBot/1.2; +https://openai.com/gptbot)"
20.171.207.106 - - [07/Aug/2025:11:59:26 -0400] "GET /wp-content/uploads/2021/10/logo-trans2-400x260.png HTTP/1.1" 200 58207 "-" "Mozilla/5.0 AppleWebKit/537.36 (KHTML, like Gecko; compatible; GPTBot/1.2; +https://openai.com/gptbot)"
20.171.207.106 - - [07/Aug/2025:12:00:29 -0400] "GET /wp-content/uploads/2021/10/logo-trans2-570x475.png HTTP/1.1" 200 61111 "-" "Mozilla/5.0 AppleWebKit/537.36 (KHTML, like Gecko; compatible; GPTBot/1.2; +https://openai.com/gptbot)"
20.171.207.106 - - [07/Aug/2025:12:01:32 -0400] "GET /wp-content/uploads/2021/10/icono-trans.png HTTP/1.1" 200 17026 "-" "Mozilla/5.0 AppleWebKit/537.36 (KHTML, like Gecko; compatible; GPTBot/1.2; +https://openai.com/gptbot)"
20.171.207.106 - - [07/Aug/2025:12:02:37 -0400] "GET /wp-content/uploads/2021/10/logo-trans2-700x460.png HTTP/1.1" 200 146965 "-" "Mozilla/5.0 AppleWebKit/537.36 (KHTML, like Gecko; compatible; GPTBot/1.2; +https://openai.com/gptbot)"
49.36.101.149 - - [07/Aug/2025:12:03:17 -0400] "GET /wp-json/wp/v2/posts HTTP/1.1" 200 438687 "-" "Mozilla/5.0 (Windows NT 10.0; Win64; x64) AppleWebKit/537.36 (KHTML, like Gecko) Chrome/120.0.0.0 Safari/537.36"
118.173.88.109 - - [07/Aug/2025:12:03:28 -0400] "GET /wp-json/wp/v2/posts HTTP/1.1" 200 438687 "-" "Mozilla/5.0 (Windows NT 10.0; Win64; x64) AppleWebKit/537.36 (KHTML, like Gecko) Chrome/120.0.0.0 Safari/537.36"
20.171.207.106 - - [07/Aug/2025:12:03:39 -0400] "GET /wp-content/uploads/2021/10/logo-trans2-300x197.png HTTP/1.1" 200 35817 "-" "Mozilla/5.0 AppleWebKit/537.36 (KHTML, like Gecko; compatible; GPTBot/1.2; +https://openai.com/gptbot)"
20.171.207.106 - - [07/Aug/2025:12:04:45 -0400] "GET /wp-content/uploads/2021/10/iconos-logistica-25.png HTTP/1.1" 200 46009 "-" "Mozilla/5.0 AppleWebKit/537.36 (KHTML, like Gecko; compatible; GPTBot/1.2; +https://openai.com/gptbot)"
20.171.207.106 - - [07/Aug/2025:12:05:51 -0400] "GET /wp-content/uploads/2021/10/Moduofi-300x153.png HTTP/1.1" 200 30788 "-" "Mozilla/5.0 AppleWebKit/537.36 (KHTML, like Gecko; compatible; GPTBot/1.2; +https://openai.com/gptbot)"
20.171.207.106 - - [07/Aug/2025:12:06:55 -0400] "GET /wp-content/uploads/2021/10/Moduofi-150x150.png HTTP/1.1" 200 16066 "-" "Mozilla/5.0 AppleWebKit/537.36 (KHTML, like Gecko; compatible; GPTBot/1.2; +https://openai.com/gptbot)"
20.171.207.106 - - [07/Aug/2025:12:07:58 -0400] "GET /wp-content/uploads/2021/10/Madeofi-300x153.png HTTP/1.1" 200 36185 "-" "Mozilla/5.0 AppleWebKit/537.36 (KHTML, like Gecko; compatible; GPTBot/1.2; +https://openai.com/gptbot)"
20.171.207.106 - - [07/Aug/2025:12:09:03 -0400] "GET /wp-content/uploads/2021/10/iconos-logistica-14.png HTTP/1.1" 200 15527 "-" "Mozilla/5.0 AppleWebKit/537.36 (KHTML, like Gecko; compatible; GPTBot/1.2; +https://openai.com/gptbot)"
20.171.207.106 - - [07/Aug/2025:12:10:05 -0400] "GET /wp-content/uploads/2024/02/Politica-SGCS.pdf HTTP/1.1" 200 160336 "-" "Mozilla/5.0 AppleWebKit/537.36 (KHTML, like Gecko; compatible; GPTBot/1.2; +https://openai.com/gptbot)"
20.171.207.106 - - [07/Aug/2025:12:11:08 -0400] "GET /wp-content/uploads/2021/10/Madeofi-150x150.png HTTP/1.1" 200 19213 "-" "Mozilla/5.0 AppleWebKit/537.36 (KHTML, like Gecko; compatible; GPTBot/1.2; +https://openai.com/gptbot)"
20.171.207.106 - - [07/Aug/2025:12:12:10 -0400] "GET /wp-content/uploads/2021/10/logo-2-.png HTTP/1.1" 200 48853 "-" "Mozilla/5.0 AppleWebKit/537.36 (KHTML, like Gecko; compatible; GPTBot/1.2; +https://openai.com/gptbot)"
20.171.207.106 - - [07/Aug/2025:12:13:13 -0400] "GET /wp-content/uploads/2021/10/iconos-logistica-07.png HTTP/1.1" 200 22012 "-" "Mozilla/5.0 AppleWebKit/537.36 (KHTML, like Gecko; compatible; GPTBot/1.2; +https://openai.com/gptbot)"
20.171.207.106 - - [07/Aug/2025:12:14:14 -0400] "GET /wp-content/uploads/2021/10/iconos-logistica-04.png HTTP/1.1" 200 25997 "-" "Mozilla/5.0 AppleWebKit/537.36 (KHTML, like Gecko; compatible; GPTBot/1.2; +https://openai.com/gptbot)"
20.171.207.106 - - [07/Aug/2025:12:15:16 -0400] "GET /wp-content/uploads/2021/10/iconos-logistica-12.png HTTP/1.1" 200 25661 "-" "Mozilla/5.0 AppleWebKit/537.36 (KHTML, like Gecko; compatible; GPTBot/1.2; +https://openai.com/gptbot)"
20.171.207.106 - - [07/Aug/2025:12:16:17 -0400] "GET /wp-content/uploads/2021/10/iconos-logistica-15.png HTTP/1.1" 200 29413 "-" "Mozilla/5.0 AppleWebKit/537.36 (KHTML, like Gecko; compatible; GPTBot/1.2; +https://openai.com/gptbot)"
20.171.207.106 - - [07/Aug/2025:12:17:20 -0400] "GET /wp-content/uploads/2021/10/iconos-logistica-23.png HTTP/1.1" 200 22484 "-" "Mozilla/5.0 AppleWebKit/537.36 (KHTML, like Gecko; compatible; GPTBot/1.2; +https://openai.com/gptbot)"
20.171.207.106 - - [07/Aug/2025:12:18:26 -0400] "GET /wp-content/uploads/2021/10/iconos-logistica-11.png HTTP/1.1" 200 25165 "-" "Mozilla/5.0 AppleWebKit/537.36 (KHTML, like Gecko; compatible; GPTBot/1.2; +https://openai.com/gptbot)"
20.171.207.106 - - [07/Aug/2025:12:19:27 -0400] "GET /wp-content/uploads/2021/10/iconos-logistica-08.png HTTP/1.1" 200 26188 "-" "Mozilla/5.0 AppleWebKit/537.36 (KHTML, like Gecko; compatible; GPTBot/1.2; +https://openai.com/gptbot)"
20.171.207.106 - - [07/Aug/2025:12:20:31 -0400] "GET /wp-content/uploads/2021/10/iconos-logistica-24.png HTTP/1.1" 200 27945 "-" "Mozilla/5.0 AppleWebKit/537.36 (KHTML, like Gecko; compatible; GPTBot/1.2; +https://openai.com/gptbot)"
20.171.207.106 - - [07/Aug/2025:12:21:35 -0400] "GET /wp-content/uploads/2021/10/iconos-logistica-17.png HTTP/1.1" 200 40824 "-" "Mozilla/5.0 AppleWebKit/537.36 (KHTML, like Gecko; compatible; GPTBot/1.2; +https://openai.com/gptbot)"
51.222.253.18 - - [07/Aug/2025:12:21:35 -0400] "GET /shopdetail/2041600 HTTP/1.1" 404 82312 "-" "Mozilla/5.0 (compatible; AhrefsBot/7.0; +http://ahrefs.com/robot/)"
20.171.207.106 - - [07/Aug/2025:12:22:39 -0400] "GET /wp-content/uploads/2021/10/iconos-logistica-09.png HTTP/1.1" 200 28505 "-" "Mozilla/5.0 AppleWebKit/537.36 (KHTML, like Gecko; compatible; GPTBot/1.2; +https://openai.com/gptbot)"
20.171.207.106 - - [07/Aug/2025:12:23:45 -0400] "GET /wp-content/uploads/2021/10/iconos-logistica-19.png HTTP/1.1" 200 31593 "-" "Mozilla/5.0 AppleWebKit/537.36 (KHTML, like Gecko; compatible; GPTBot/1.2; +https://openai.com/gptbot)"
20.171.207.106 - - [07/Aug/2025:12:24:49 -0400] "GET /wp-content/uploads/2021/10/iconos-logistica-02.png HTTP/1.1" 200 21009 "-" "Mozilla/5.0 AppleWebKit/537.36 (KHTML, like Gecko; compatible; GPTBot/1.2; +https://openai.com/gptbot)"
66.249.74.32 - - [07/Aug/2025:12:24:49 -0400] "GET /game.php?game/slot%20pots-622.html HTTP/1.1" 200 11846 "-" "Mozilla/5.0 (Linux; Android 6.0.1; Nexus 5X Build/MMB29P) AppleWebKit/537.36 (KHTML, like Gecko) Chrome/138.0.7204.183 Mobile Safari/537.36 (compatible; Googlebot/2.1; +http://www.google.com/bot.html)"
20.171.207.106 - - [07/Aug/2025:12:25:50 -0400] "GET /wp-content/uploads/2021/10/iconos-logistica-18.png HTTP/1.1" 200 50061 "-" "Mozilla/5.0 AppleWebKit/537.36 (KHTML, like Gecko; compatible; GPTBot/1.2; +https://openai.com/gptbot)"
20.171.207.106 - - [07/Aug/2025:12:26:54 -0400] "GET /wp-content/uploads/2021/10/iconos-logistica-05.png HTTP/1.1" 200 19874 "-" "Mozilla/5.0 AppleWebKit/537.36 (KHTML, like Gecko; compatible; GPTBot/1.2; +https://openai.com/gptbot)"
20.171.207.106 - - [07/Aug/2025:12:27:57 -0400] "GET /wp-content/uploads/2021/10/iconos-logistica-22.png HTTP/1.1" 200 24273 "-" "Mozilla/5.0 AppleWebKit/537.36 (KHTML, like Gecko; compatible; GPTBot/1.2; +https://openai.com/gptbot)"
65.108.78.33 - - [07/Aug/2025:12:28:50 -0400] "GET /robots.txt HTTP/1.1" 200 283 "-" "Mozilla/5.0 (compatible; MJ12bot/v1.4.8; http://mj12bot.com/)"
65.108.78.33 - - [07/Aug/2025:12:28:55 -0400] "GET /%22https:/developer.wordpress.org/advanced-administration/wordpress/post-formats/ HTTP/1.1" 404 82163 "-" "Mozilla/5.0 (compatible; MJ12bot/v1.4.8; http://mj12bot.com/)"
20.171.207.106 - - [07/Aug/2025:12:29:01 -0400] "GET /wp-content/uploads/2021/10/iconos-logistica-16.png HTTP/1.1" 200 19770 "-" "Mozilla/5.0 AppleWebKit/537.36 (KHTML, like Gecko; compatible; GPTBot/1.2; +https://openai.com/gptbot)"
65.108.78.33 - - [07/Aug/2025:12:29:03 -0400] "GET /%22https://wordpress.org/documentation/article/keyboard-shortcuts-classic-editor/ HTTP/1.1" 301 - "-" "Mozilla/5.0 (compatible; MJ12bot/v1.4.8; http://mj12bot.com/)"
20.171.207.106 - - [07/Aug/2025:12:30:05 -0400] "GET /wp-content/uploads/2021/10/iconos-logistica-10.png HTTP/1.1" 200 16767 "-" "Mozilla/5.0 AppleWebKit/537.36 (KHTML, like Gecko; compatible; GPTBot/1.2; +https://openai.com/gptbot)"
20.171.207.106 - - [07/Aug/2025:12:31:06 -0400] "GET /wp-content/uploads/2021/10/iconos-logistica-06.png HTTP/1.1" 200 23000 "-" "Mozilla/5.0 AppleWebKit/537.36 (KHTML, like Gecko; compatible; GPTBot/1.2; +https://openai.com/gptbot)"
20.171.207.106 - - [07/Aug/2025:12:32:12 -0400] "GET /wp-content/uploads/2021/10/iconos-logistica-13.png HTTP/1.1" 200 12766 "-" "Mozilla/5.0 AppleWebKit/537.36 (KHTML, like Gecko; compatible; GPTBot/1.2; +https://openai.com/gptbot)"
20.171.207.106 - - [07/Aug/2025:12:33:18 -0400] "GET /wp-content/uploads/2021/10/iconos-logistica-03.png HTTP/1.1" 200 29087 "-" "Mozilla/5.0 AppleWebKit/537.36 (KHTML, like Gecko; compatible; GPTBot/1.2; +https://openai.com/gptbot)"
20.171.207.106 - - [07/Aug/2025:12:34:22 -0400] "GET /wp-content/uploads/2021/10/iconos-logistica-20.png HTTP/1.1" 200 21842 "-" "Mozilla/5.0 AppleWebKit/537.36 (KHTML, like Gecko; compatible; GPTBot/1.2; +https://openai.com/gptbot)"
20.171.207.106 - - [07/Aug/2025:12:35:28 -0400] "GET /wp-content/uploads/2021/10/iconos-logistica-01.png HTTP/1.1" 200 33751 "-" "Mozilla/5.0 AppleWebKit/537.36 (KHTML, like Gecko; compatible; GPTBot/1.2; +https://openai.com/gptbot)"
20.171.207.106 - - [07/Aug/2025:12:36:32 -0400] "GET /wp-content/uploads/2021/10/iconos-logistica-21.png HTTP/1.1" 200 15132 "-" "Mozilla/5.0 AppleWebKit/537.36 (KHTML, like Gecko; compatible; GPTBot/1.2; +https://openai.com/gptbot)"
20.171.207.106 - - [07/Aug/2025:12:37:33 -0400] "GET /wp-content/uploads/2021/10/banner-alianza-1000x1000.png HTTP/1.1" 200 801328 "-" "Mozilla/5.0 AppleWebKit/537.36 (KHTML, like Gecko; compatible; GPTBot/1.2; +https://openai.com/gptbot)"
20.171.207.106 - - [07/Aug/2025:12:38:38 -0400] "GET /wp-content/uploads/2021/10/Quimicas-Quimbaya-1.png HTTP/1.1" 200 15899 "-" "Mozilla/5.0 AppleWebKit/537.36 (KHTML, like Gecko; compatible; GPTBot/1.2; +https://openai.com/gptbot)"
20.171.207.106 - - [07/Aug/2025:12:39:40 -0400] "GET /wp-content/uploads/2021/10/banner-alianza.png HTTP/1.1" 200 1013613 "-" "Mozilla/5.0 AppleWebKit/537.36 (KHTML, like Gecko; compatible; GPTBot/1.2; +https://openai.com/gptbot)"
20.171.207.106 - - [07/Aug/2025:12:40:45 -0400] "GET /wp-content/uploads/2021/10/logo_logistica2.png HTTP/1.1" 200 40664 "-" "Mozilla/5.0 AppleWebKit/537.36 (KHTML, like Gecko; compatible; GPTBot/1.2; +https://openai.com/gptbot)"
20.171.207.106 - - [07/Aug/2025:12:41:45 -0400] "GET /wp-content/uploads/2021/10/Metalicas.png HTTP/1.1" 200 21784 "-" "Mozilla/5.0 AppleWebKit/537.36 (KHTML, like Gecko; compatible; GPTBot/1.2; +https://openai.com/gptbot)"
20.171.207.106 - - [07/Aug/2025:12:42:48 -0400] "GET /wp-content/uploads/2021/10/Quimicas-Quimbaya.png HTTP/1.1" 200 24248 "-" "Mozilla/5.0 AppleWebKit/537.36 (KHTML, like Gecko; compatible; GPTBot/1.2; +https://openai.com/gptbot)"
54.36.176.34 - - [07/Aug/2025:12:43:42 -0400] "GET /robots.txt HTTP/1.1" 200 283 "-" "Mozilla/5.0 (compatible; MJ12bot/v1.4.8; http://mj12bot.com/)"
54.36.176.34 - - [07/Aug/2025:12:43:43 -0400] "GET /classwithtostring.php?cmd=file_read&file=//dev//stdin&dir=//dev/ HTTP/1.1" 200 1462 "-" "Mozilla/5.0 (compatible; MJ12bot/v1.4.8; http://mj12bot.com/)"
54.36.176.34 - - [07/Aug/2025:12:43:45 -0400] "GET /classwithtostring.php?cmd=file_read&file=/home/transcarter/public_html/wp-includes/css/jquery-ui-dialog.css&dir=/home/transcarter/public_html/wp-includes/css HTTP/1.1" 200 4348 "-" "Mozilla/5.0 (compatible; MJ12bot/v1.4.8; http://mj12bot.com/)"
54.36.176.34 - - [07/Aug/2025:12:43:47 -0400] "GET /classwithtostring.php?cmd=file_read&file=/home/transcarter/public_html/wp-includes/css/media-views-rtl.min.css&dir=/home/transcarter/public_html/wp-includes/css HTTP/1.1" 200 11368 "-" "Mozilla/5.0 (compatible; MJ12bot/v1.4.8; http://mj12bot.com/)"
