20.171.207.106 - - [07/Aug/2025:19:09:47 -0400] "GET /classwithtostring.php?dir=%2F%2Fproc%2Firq%2F%2F91 HTTP/1.1" 200 1308 "-" "Mozilla/5.0 AppleWebKit/537.36 (KHTML, like Gecko; compatible; GPTBot/1.2; +https://openai.com/gptbot)"
20.171.207.106 - - [07/Aug/2025:19:09:48 -0400] "GET /classwithtostring.php?dir=%2F%2Fproc%2Firq%2F%2F39 HTTP/1.1" 200 1344 "-" "Mozilla/5.0 AppleWebKit/537.36 (KHTML, like Gecko; compatible; GPTBot/1.2; +https://openai.com/gptbot)"
20.171.207.106 - - [07/Aug/2025:19:09:49 -0400] "GET /classwithtostring.php?dir=%2F%2Fproc%2Firq%2F%2F93 HTTP/1.1" 200 1310 "-" "Mozilla/5.0 AppleWebKit/537.36 (KHTML, like Gecko; compatible; GPTBot/1.2; +https://openai.com/gptbot)"
20.171.207.106 - - [07/Aug/2025:19:09:50 -0400] "GET /classwithtostring.php?dir=%2F%2Fproc%2Firq%2F%2F59 HTTP/1.1" 200 1345 "-" "Mozilla/5.0 AppleWebKit/537.36 (KHTML, like Gecko; compatible; GPTBot/1.2; +https://openai.com/gptbot)"
20.171.207.106 - - [07/Aug/2025:19:09:52 -0400] "GET /classwithtostring.php?dir=%2F%2Fproc%2Firq%2F%2F78 HTTP/1.1" 200 1345 "-" "Mozilla/5.0 AppleWebKit/537.36 (KHTML, like Gecko; compatible; GPTBot/1.2; +https://openai.com/gptbot)"
141.8.143.1 - - [07/Aug/2025:19:09:51 -0400] "GET /index.php/2025/06/12/giris-adresi-ve-indirme-kilavuzu/ HTTP/1.1" 301 - "-" "Mozilla/5.0 (compatible; YandexBot/3.0; +http://yandex.com/bots)"
20.171.207.106 - - [07/Aug/2025:19:09:53 -0400] "GET /classwithtostring.php?dir=%2F%2Fproc%2Firq%2F%2F69 HTTP/1.1" 200 1344 "-" "Mozilla/5.0 AppleWebKit/537.36 (KHTML, like Gecko; compatible; GPTBot/1.2; +https://openai.com/gptbot)"
20.171.207.106 - - [07/Aug/2025:19:09:54 -0400] "GET /classwithtostring.php?dir=%2F%2Fproc%2Firq%2F%2F90 HTTP/1.1" 200 1309 "-" "Mozilla/5.0 AppleWebKit/537.36 (KHTML, like Gecko; compatible; GPTBot/1.2; +https://openai.com/gptbot)"
20.171.207.106 - - [07/Aug/2025:19:09:55 -0400] "GET /classwithtostring.php?dir=%2F%2Fproc%2Firq%2F%2F70 HTTP/1.1" 200 1344 "-" "Mozilla/5.0 AppleWebKit/537.36 (KHTML, like Gecko; compatible; GPTBot/1.2; +https://openai.com/gptbot)"
20.171.207.106 - - [07/Aug/2025:19:09:56 -0400] "GET /classwithtostring.php?dir=%2F%2Fproc%2Firq%2F%2F67 HTTP/1.1" 200 1345 "-" "Mozilla/5.0 AppleWebKit/537.36 (KHTML, like Gecko; compatible; GPTBot/1.2; +https://openai.com/gptbot)"
20.171.207.106 - - [07/Aug/2025:19:09:57 -0400] "GET /classwithtostring.php?dir=%2F%2Fproc%2Firq%2F%2F81 HTTP/1.1" 200 1345 "-" "Mozilla/5.0 AppleWebKit/537.36 (KHTML, like Gecko; compatible; GPTBot/1.2; +https://openai.com/gptbot)"
20.171.207.106 - - [07/Aug/2025:19:09:59 -0400] "GET /classwithtostring.php?cmd=file_read&dir=%2F%2Fproc%2Firq%2F%2F61&file=%2F%2Fproc%2Firq%2F%2F61%2Feffective_affinity HTTP/1.1" 200 1398 "-" "Mozilla/5.0 AppleWebKit/537.36 (KHTML, like Gecko; compatible; GPTBot/1.2; +https://openai.com/gptbot)"
20.171.207.106 - - [07/Aug/2025:19:10:00 -0400] "GET /classwithtostring.php?dir=%2F%2Fproc%2Firq%2F%2F83 HTTP/1.1" 200 1345 "-" "Mozilla/5.0 AppleWebKit/537.36 (KHTML, like Gecko; compatible; GPTBot/1.2; +https://openai.com/gptbot)"
216.73.216.135 - - [07/Aug/2025:19:10:00 -0400] "GET /index.php/2025/06/26/betplay-tenis HTTP/1.1" 301 - "-" "Mozilla/5.0 AppleWebKit/537.36 (KHTML, like Gecko; compatible; ClaudeBot/1.0; +claudebot@anthropic.com)"
20.171.207.106 - - [07/Aug/2025:19:10:01 -0400] "GET /classwithtostring.php?dir=%2F%2Fproc%2Firq%2F%2F79 HTTP/1.1" 200 1345 "-" "Mozilla/5.0 AppleWebKit/537.36 (KHTML, like Gecko; compatible; GPTBot/1.2; +https://openai.com/gptbot)"
216.73.216.135 - - [07/Aug/2025:19:10:00 -0400] "GET /2025/06/26/betplay-tenis/ HTTP/1.1" 404 82312 "https://transcarter.com.co/index.php/2025/06/26/betplay-tenis" "Mozilla/5.0 AppleWebKit/537.36 (KHTML, like Gecko; compatible; ClaudeBot/1.0; +claudebot@anthropic.com)"
216.73.216.135 - - [07/Aug/2025:19:10:00 -0400] "GET /2025/06/26/melbet-apuestas-deportivas-resultados/ HTTP/1.1" 404 82312 "https://transcarter.com.co/index.php/2025/06/26/melbet-apuestas-deportivas-resultados" "Mozilla/5.0 AppleWebKit/537.36 (KHTML, like Gecko; compatible; ClaudeBot/1.0; +claudebot@anthropic.com)"
20.171.207.106 - - [07/Aug/2025:19:10:02 -0400] "GET /classwithtostring.php?dir=%2F%2Fproc%2Firq%2F%2F60 HTTP/1.1" 200 1344 "-" "Mozilla/5.0 AppleWebKit/537.36 (KHTML, like Gecko; compatible; GPTBot/1.2; +https://openai.com/gptbot)"
20.171.207.106 - - [07/Aug/2025:19:10:03 -0400] "GET /classwithtostring.php?dir=%2F%2Fproc%2Firq%2F%2F95 HTTP/1.1" 200 1309 "-" "Mozilla/5.0 AppleWebKit/537.36 (KHTML, like Gecko; compatible; GPTBot/1.2; +https://openai.com/gptbot)"
20.171.207.106 - - [07/Aug/2025:19:10:05 -0400] "GET /classwithtostring.php?dir=%2F%2Fproc%2Firq%2F%2F50 HTTP/1.1" 200 1344 "-" "Mozilla/5.0 AppleWebKit/537.36 (KHTML, like Gecko; compatible; GPTBot/1.2; +https://openai.com/gptbot)"
20.171.207.106 - - [07/Aug/2025:19:10:06 -0400] "GET /classwithtostring.php?dir=%2F%2Fproc%2Firq%2F%2F40 HTTP/1.1" 200 1343 "-" "Mozilla/5.0 AppleWebKit/537.36 (KHTML, like Gecko; compatible; GPTBot/1.2; +https://openai.com/gptbot)"
20.171.207.106 - - [07/Aug/2025:19:10:07 -0400] "GET /classwithtostring.php?dir=%2F%2Fproc%2Firq%2F%2F71 HTTP/1.1" 200 1344 "-" "Mozilla/5.0 AppleWebKit/537.36 (KHTML, like Gecko; compatible; GPTBot/1.2; +https://openai.com/gptbot)"
20.171.207.106 - - [07/Aug/2025:19:10:08 -0400] "GET /classwithtostring.php?dir=%2F%2Fproc%2Firq%2F%2F37 HTTP/1.1" 200 1352 "-" "Mozilla/5.0 AppleWebKit/537.36 (KHTML, like Gecko; compatible; GPTBot/1.2; +https://openai.com/gptbot)"
20.171.207.106 - - [07/Aug/2025:19:10:09 -0400] "GET /classwithtostring.php?dir=%2F%2Fproc%2Firq%2F%2F81%2Fmegasas0-msix44 HTTP/1.1" 200 960 "-" "Mozilla/5.0 AppleWebKit/537.36 (KHTML, like Gecko; compatible; GPTBot/1.2; +https://openai.com/gptbot)"
20.171.207.106 - - [07/Aug/2025:19:10:10 -0400] "GET /classwithtostring.php?dir=%2F%2Fproc%2Firq%2F%2F68 HTTP/1.1" 200 1344 "-" "Mozilla/5.0 AppleWebKit/537.36 (KHTML, like Gecko; compatible; GPTBot/1.2; +https://openai.com/gptbot)"
20.171.207.106 - - [07/Aug/2025:19:10:11 -0400] "GET /classwithtostring.php?dir=%2F%2Fproc%2Firq%2F%2F54 HTTP/1.1" 200 1344 "-" "Mozilla/5.0 AppleWebKit/537.36 (KHTML, like Gecko; compatible; GPTBot/1.2; +https://openai.com/gptbot)"
20.171.207.106 - - [07/Aug/2025:19:10:13 -0400] "GET /classwithtostring.php?dir=%2F%2Fproc%2Firq%2F%2F30 HTTP/1.1" 200 1372 "-" "Mozilla/5.0 AppleWebKit/537.36 (KHTML, like Gecko; compatible; GPTBot/1.2; +https://openai.com/gptbot)"
20.171.207.106 - - [07/Aug/2025:19:10:14 -0400] "GET /classwithtostring.php?dir=%2F%2Fproc%2Firq%2F%2F89 HTTP/1.1" 200 1309 "-" "Mozilla/5.0 AppleWebKit/537.36 (KHTML, like Gecko; compatible; GPTBot/1.2; +https://openai.com/gptbot)"
20.171.207.106 - - [07/Aug/2025:19:10:15 -0400] "GET /classwithtostring.php?dir=%2F%2Fproc%2Firq%2F%2F63 HTTP/1.1" 200 1344 "-" "Mozilla/5.0 AppleWebKit/537.36 (KHTML, like Gecko; compatible; GPTBot/1.2; +https://openai.com/gptbot)"
20.171.207.106 - - [07/Aug/2025:19:10:16 -0400] "GET /classwithtostring.php?dir=%2F%2Fproc%2Firq%2F%2F14 HTTP/1.1" 200 1299 "-" "Mozilla/5.0 AppleWebKit/537.36 (KHTML, like Gecko; compatible; GPTBot/1.2; +https://openai.com/gptbot)"
20.171.207.106 - - [07/Aug/2025:19:10:18 -0400] "GET /classwithtostring.php?dir=%2F%2Fproc%2Firq%2F%2F84 HTTP/1.1" 200 1345 "-" "Mozilla/5.0 AppleWebKit/537.36 (KHTML, like Gecko; compatible; GPTBot/1.2; +https://openai.com/gptbot)"
20.171.207.106 - - [07/Aug/2025:19:10:20 -0400] "GET /wp-includes/js/tinymce/plugins/wptextpattern/plugin.js HTTP/1.1" 200 2802 "-" "Mozilla/5.0 AppleWebKit/537.36 (KHTML, like Gecko; compatible; GPTBot/1.2; +https://openai.com/gptbot)"
20.171.207.106 - - [07/Aug/2025:19:10:21 -0400] "GET /classwithtostring.php?dir=%2F%2Fproc%2Firq%2F%2F47 HTTP/1.1" 200 1345 "-" "Mozilla/5.0 AppleWebKit/537.36 (KHTML, like Gecko; compatible; GPTBot/1.2; +https://openai.com/gptbot)"
20.171.207.106 - - [07/Aug/2025:19:10:22 -0400] "GET /classwithtostring.php?dir=%2F%2Fproc%2Firq%2F%2F35 HTTP/1.1" 200 1353 "-" "Mozilla/5.0 AppleWebKit/537.36 (KHTML, like Gecko; compatible; GPTBot/1.2; +https://openai.com/gptbot)"
141.8.143.1 - - [07/Aug/2025:19:10:22 -0400] "GET /2025/06/21/como-jogar-aviator-na-elephantbet-mocambique/ HTTP/1.1" 404 82312 "-" "Mozilla/5.0 (compatible; YandexBot/3.0; +http://yandex.com/bots)"
20.171.207.106 - - [07/Aug/2025:19:10:24 -0400] "GET /classwithtostring.php?cmd=file_read&dir=%2F%2Fproc%2Firq%2F%2F54&file=%2F%2Fproc%2Firq%2F%2F54%2Faffinity_hint HTTP/1.1" 200 1397 "-" "Mozilla/5.0 AppleWebKit/537.36 (KHTML, like Gecko; compatible; GPTBot/1.2; +https://openai.com/gptbot)"
20.171.207.106 - - [07/Aug/2025:19:10:25 -0400] "GET /wp-includes/js/tinymce/plugins/directionality/ HTTP/1.1" 200 403 "-" "Mozilla/5.0 AppleWebKit/537.36 (KHTML, like Gecko; compatible; GPTBot/1.2; +https://openai.com/gptbot)"
20.171.207.106 - - [07/Aug/2025:19:10:34 -0400] "GET /classwithtostring.php?dir=%2F%2Fproc%2Fdriver HTTP/1.1" 200 1159 "-" "Mozilla/5.0 AppleWebKit/537.36 (KHTML, like Gecko; compatible; GPTBot/1.2; +https://openai.com/gptbot)"
20.171.207.106 - - [07/Aug/2025:19:10:35 -0400] "GET /classwithtostring.php?dir=%2F%2Fproc%2Flve HTTP/1.1" 200 1391 "-" "Mozilla/5.0 AppleWebKit/537.36 (KHTML, like Gecko; compatible; GPTBot/1.2; +https://openai.com/gptbot)"
20.171.207.106 - - [07/Aug/2025:19:10:36 -0400] "GET /wp-includes/js/tinymce/plugins/directionality/plugin.js HTTP/1.1" 200 658 "-" "Mozilla/5.0 AppleWebKit/537.36 (KHTML, like Gecko; compatible; GPTBot/1.2; +https://openai.com/gptbot)"
20.171.207.106 - - [07/Aug/2025:19:10:37 -0400] "GET /classwithtostring.php?dir=%2F%2Fproc%2Fsys%2Ffs HTTP/1.1" 200 2055 "-" "Mozilla/5.0 AppleWebKit/537.36 (KHTML, like Gecko; compatible; GPTBot/1.2; +https://openai.com/gptbot)"
20.171.207.106 - - [07/Aug/2025:19:10:39 -0400] "GET /classwithtostring.php?dir=%2F%2Fproc%2Firq%2F5 HTTP/1.1" 200 1291 "-" "Mozilla/5.0 AppleWebKit/537.36 (KHTML, like Gecko; compatible; GPTBot/1.2; +https://openai.com/gptbot)"
20.171.207.106 - - [07/Aug/2025:19:10:41 -0400] "GET /classwithtostring.php?dir=%2F%2Fproc%2Firq%2F4 HTTP/1.1" 200 1337 "-" "Mozilla/5.0 AppleWebKit/537.36 (KHTML, like Gecko; compatible; GPTBot/1.2; +https://openai.com/gptbot)"
20.171.207.106 - - [07/Aug/2025:19:10:42 -0400] "GET /wp-includes/js/tinymce/plugins/directionality/plugin.min.js HTTP/1.1" 200 454 "-" "Mozilla/5.0 AppleWebKit/537.36 (KHTML, like Gecko; compatible; GPTBot/1.2; +https://openai.com/gptbot)"
20.171.207.106 - - [07/Aug/2025:19:10:47 -0400] "GET /classwithtostring.php?dir=%2F%2Fproc%2Firq%2F9 HTTP/1.1" 200 1335 "-" "Mozilla/5.0 AppleWebKit/537.36 (KHTML, like Gecko; compatible; GPTBot/1.2; +https://openai.com/gptbot)"
216.73.216.135 - - [07/Aug/2025:19:10:46 -0400] "GET /index.php/2025/06/26/apostar-handicap-asiatico-wanabet HTTP/1.1" 301 - "-" "Mozilla/5.0 AppleWebKit/537.36 (KHTML, like Gecko; compatible; ClaudeBot/1.0; +claudebot@anthropic.com)"
20.171.207.106 - - [07/Aug/2025:19:10:48 -0400] "GET /classwithtostring.php?dir=%2F%2Fproc%2Flve%2Fresellers HTTP/1.1" 200 1092 "-" "Mozilla/5.0 AppleWebKit/537.36 (KHTML, like Gecko; compatible; GPTBot/1.2; +https://openai.com/gptbot)"
216.73.216.135 - - [07/Aug/2025:19:10:47 -0400] "GET /2025/06/26/bet777-apuestas-en-vivo/ HTTP/1.1" 404 82312 "https://transcarter.com.co/index.php/2025/06/26/bet777-apuestas-en-vivo" "Mozilla/5.0 AppleWebKit/537.36 (KHTML, like Gecko; compatible; ClaudeBot/1.0; +claudebot@anthropic.com)"
20.171.207.106 - - [07/Aug/2025:19:10:50 -0400] "GET /classwithtostring.php?dir=%2F%2Fproc%2Fsys%2Ffs%2Fnfs HTTP/1.1" 200 1344 "-" "Mozilla/5.0 AppleWebKit/537.36 (KHTML, like Gecko; compatible; GPTBot/1.2; +https://openai.com/gptbot)"
216.73.216.135 - - [07/Aug/2025:19:10:50 -0400] "GET /2025/06/26/apostar-1000-euros-en-mr-green/ HTTP/1.1" 404 82312 "https://transcarter.com.co/index.php/2025/06/26/apostar-1000-euros-en-mr-green" "Mozilla/5.0 AppleWebKit/537.36 (KHTML, like Gecko; compatible; ClaudeBot/1.0; +claudebot@anthropic.com)"
20.171.207.106 - - [07/Aug/2025:19:10:51 -0400] "GET /classwithtostring.php?dir=%2F%2Fproc%2Fsys%2Ffs%2Fxfs HTTP/1.1" 200 1550 "-" "Mozilla/5.0 AppleWebKit/537.36 (KHTML, like Gecko; compatible; GPTBot/1.2; +https://openai.com/gptbot)"
141.8.143.1 - - [07/Aug/2025:19:10:50 -0400] "GET /2025/06/14/1xbet-lmwq-lrsmy-fy-lmgrb-lb-m-shrk-1xbet-fy-lmgrb/ HTTP/1.1" 404 82312 "-" "Mozilla/5.0 (compatible; YandexBot/3.0; +http://yandex.com/bots)"
20.171.207.106 - - [07/Aug/2025:19:10:52 -0400] "GET /classwithtostring.php?dir=%2F%2Fproc%2Fsys%2Ffs%2F HTTP/1.1" 200 2061 "-" "Mozilla/5.0 AppleWebKit/537.36 (KHTML, like Gecko; compatible; GPTBot/1.2; +https://openai.com/gptbot)"
216.73.216.135 - - [07/Aug/2025:19:10:52 -0400] "GET /index.php/2025/06/26/handicap-baloncesto-mr-play-sport HTTP/1.1" 301 - "-" "Mozilla/5.0 AppleWebKit/537.36 (KHTML, like Gecko; compatible; ClaudeBot/1.0; +claudebot@anthropic.com)"
20.171.207.106 - - [07/Aug/2025:19:10:59 -0400] "GET /classwithtostring.php?dir=%2F%2Fproc%2Fbus%2F HTTP/1.1" 200 1090 "-" "Mozilla/5.0 AppleWebKit/537.36 (KHTML, like Gecko; compatible; GPTBot/1.2; +https://openai.com/gptbot)"
20.171.207.106 - - [07/Aug/2025:19:11:02 -0400] "GET /classwithtostring.php?dir=%2F%2Fproc%2Firq%2F1 HTTP/1.1" 200 1290 "-" "Mozilla/5.0 AppleWebKit/537.36 (KHTML, like Gecko; compatible; GPTBot/1.2; +https://openai.com/gptbot)"
20.171.207.106 - - [07/Aug/2025:19:11:03 -0400] "GET /classwithtostring.php?dir=%2F%2Fproc%2Firq%2F8 HTTP/1.1" 200 1336 "-" "Mozilla/5.0 AppleWebKit/537.36 (KHTML, like Gecko; compatible; GPTBot/1.2; +https://openai.com/gptbot)"
20.171.207.106 - - [07/Aug/2025:19:11:04 -0400] "GET /classwithtostring.php?dir=%2F%2Fproc%2Firq%2F9%2Facpi HTTP/1.1" 200 940 "-" "Mozilla/5.0 AppleWebKit/537.36 (KHTML, like Gecko; compatible; GPTBot/1.2; +https://openai.com/gptbot)"
20.171.207.106 - - [07/Aug/2025:19:11:11 -0400] "GET /classwithtostring.php?dir=%2F%2Fproc%2Firq%2F7 HTTP/1.1" 200 1290 "-" "Mozilla/5.0 AppleWebKit/537.36 (KHTML, like Gecko; compatible; GPTBot/1.2; +https://openai.com/gptbot)"
20.171.207.106 - - [07/Aug/2025:19:11:12 -0400] "GET /classwithtostring.php?dir=%2F%2Fproc%2Firq%2F6 HTTP/1.1" 200 1290 "-" "Mozilla/5.0 AppleWebKit/537.36 (KHTML, like Gecko; compatible; GPTBot/1.2; +https://openai.com/gptbot)"
20.171.207.106 - - [07/Aug/2025:19:11:15 -0400] "GET /classwithtostring.php?dir=%2F%2Fproc%2Firq%2F9%2Facpi%2F HTTP/1.1" 200 946 "-" "Mozilla/5.0 AppleWebKit/537.36 (KHTML, like Gecko; compatible; GPTBot/1.2; +https://openai.com/gptbot)"
20.171.207.106 - - [07/Aug/2025:19:11:16 -0400] "GET /classwithtostring.php?dir=%2F%2Fproc%2Firq%2F3 HTTP/1.1" 200 1290 "-" "Mozilla/5.0 AppleWebKit/537.36 (KHTML, like Gecko; compatible; GPTBot/1.2; +https://openai.com/gptbot)"
20.171.207.106 - - [07/Aug/2025:19:11:18 -0400] "GET /wp-includes/js/wpdialog.js HTTP/1.1" 200 349 "-" "Mozilla/5.0 AppleWebKit/537.36 (KHTML, like Gecko; compatible; GPTBot/1.2; +https://openai.com/gptbot)"
20.171.207.106 - - [07/Aug/2025:19:11:19 -0400] "GET /classwithtostring.php?dir=%2F%2Fproc%2Firq%2F8%2Frtc0 HTTP/1.1" 200 940 "-" "Mozilla/5.0 AppleWebKit/537.36 (KHTML, like Gecko; compatible; GPTBot/1.2; +https://openai.com/gptbot)"
141.8.143.1 - - [07/Aug/2025:19:11:18 -0400] "GET /2025/06/30/mobilnoe-prilozhenie-mostbet-kak-skachat-zhe-ustanovit-2/ HTTP/1.1" 404 82312 "-" "Mozilla/5.0 (compatible; YandexBot/3.0; +http://yandex.com/bots)"
20.171.207.106 - - [07/Aug/2025:19:11:22 -0400] "GET /wp-includes/images/rss.png HTTP/1.1" 200 608 "-" "Mozilla/5.0 AppleWebKit/537.36 (KHTML, like Gecko; compatible; GPTBot/1.2; +https://openai.com/gptbot)"
20.171.207.106 - - [07/Aug/2025:19:11:23 -0400] "GET /classwithtostring.php?dir=%2F%2Fproc%2Firq%2F0 HTTP/1.1" 200 1290 "-" "Mozilla/5.0 AppleWebKit/537.36 (KHTML, like Gecko; compatible; GPTBot/1.2; +https://openai.com/gptbot)"
20.171.207.106 - - [07/Aug/2025:19:11:28 -0400] "GET /classwithtostring.php?dir=%2F%2Fproc%2Flve%2Fper-lve HTTP/1.1" 200 1089 "-" "Mozilla/5.0 AppleWebKit/537.36 (KHTML, like Gecko; compatible; GPTBot/1.2; +https://openai.com/gptbot)"
20.171.207.106 - - [07/Aug/2025:19:11:30 -0400] "GET /classwithtostring.php?dir=%2F%2Fproc%2Firq%2F28%2FPCIe+PME HTTP/1.1" 200 951 "-" "Mozilla/5.0 AppleWebKit/537.36 (KHTML, like Gecko; compatible; GPTBot/1.2; +https://openai.com/gptbot)"
20.171.207.106 - - [07/Aug/2025:19:11:32 -0400] "GET /classwithtostring.php?dir=%2F%2Fproc%2Firq%2F25%2FPCIe+PME HTTP/1.1" 200 951 "-" "Mozilla/5.0 AppleWebKit/537.36 (KHTML, like Gecko; compatible; GPTBot/1.2; +https://openai.com/gptbot)"
20.171.207.106 - - [07/Aug/2025:19:11:35 -0400] "GET /classwithtostring.php?dir=%2F%2Fproc%2Firq%2F26%2FPCIe+PME HTTP/1.1" 200 951 "-" "Mozilla/5.0 AppleWebKit/537.36 (KHTML, like Gecko; compatible; GPTBot/1.2; +https://openai.com/gptbot)"
20.171.207.106 - - [07/Aug/2025:19:11:37 -0400] "GET /wp-includes/SimplePie/Misc.php HTTP/1.1" 200 - "-" "Mozilla/5.0 AppleWebKit/537.36 (KHTML, like Gecko; compatible; GPTBot/1.2; +https://openai.com/gptbot)"
20.171.207.106 - - [07/Aug/2025:19:11:41 -0400] "GET /wp-includes/SimplePie/File.php HTTP/1.1" 200 - "-" "Mozilla/5.0 AppleWebKit/537.36 (KHTML, like Gecko; compatible; GPTBot/1.2; +https://openai.com/gptbot)"
20.171.207.106 - - [07/Aug/2025:19:11:44 -0400] "GET /classwithtostring.php?dir=%2F%2Fproc%2Firq%2F29%2FPCIe+PME HTTP/1.1" 200 952 "-" "Mozilla/5.0 AppleWebKit/537.36 (KHTML, like Gecko; compatible; GPTBot/1.2; +https://openai.com/gptbot)"
20.171.207.106 - - [07/Aug/2025:19:11:46 -0400] "GET /classwithtostring.php?dir=%2F%2Fproc%2Firq%2F27%2FPCIe+PME HTTP/1.1" 200 951 "-" "Mozilla/5.0 AppleWebKit/537.36 (KHTML, like Gecko; compatible; GPTBot/1.2; +https://openai.com/gptbot)"
20.171.207.106 - - [07/Aug/2025:19:11:47 -0400] "GET /wp-includes/SimplePie/Item.php HTTP/1.1" 200 - "-" "Mozilla/5.0 AppleWebKit/537.36 (KHTML, like Gecko; compatible; GPTBot/1.2; +https://openai.com/gptbot)"
20.171.207.106 - - [07/Aug/2025:19:11:49 -0400] "GET /wp-includes/widgets/class-wp-widget-media-gallery.php HTTP/1.1" 500 - "-" "Mozilla/5.0 AppleWebKit/537.36 (KHTML, like Gecko; compatible; GPTBot/1.2; +https://openai.com/gptbot)"
20.171.207.106 - - [07/Aug/2025:19:12:22 -0400] "GET /wp-includes/images/media/text.svg HTTP/1.1" 200 193 "-" "Mozilla/5.0 AppleWebKit/537.36 (KHTML, like Gecko; compatible; GPTBot/1.2; +https://openai.com/gptbot)"
20.171.207.106 - - [07/Aug/2025:19:12:36 -0400] "GET /classwithtostring.php?dir=%2F%2Fproc%2Fsys%2Fsunrpc%2F HTTP/1.1" 200 1394 "-" "Mozilla/5.0 AppleWebKit/537.36 (KHTML, like Gecko; compatible; GPTBot/1.2; +https://openai.com/gptbot)"
20.171.207.106 - - [07/Aug/2025:19:12:54 -0400] "GET /wp-includes/js/,i.get HTTP/1.1" 404 82163 "-" "Mozilla/5.0 AppleWebKit/537.36 (KHTML, like Gecko; compatible; GPTBot/1.2; +https://openai.com/gptbot)"
66.249.74.32 - - [07/Aug/2025:19:13:09 -0400] "GET /game.php?game/bet6902-461.html HTTP/1.1" 200 11754 "-" "Mozilla/5.0 (Linux; Android 6.0.1; Nexus 5X Build/MMB29P) AppleWebKit/537.36 (KHTML, like Gecko) Chrome/138.0.7204.183 Mobile Safari/537.36 (compatible; Googlebot/2.1; +http://www.google.com/bot.html)"
20.171.207.106 - - [07/Aug/2025:19:13:09 -0400] "GET /wp-includes/js/tinymce/plugins/compat3x/ HTTP/1.1" 200 426 "-" "Mozilla/5.0 AppleWebKit/537.36 (KHTML, like Gecko; compatible; GPTBot/1.2; +https://openai.com/gptbot)"
20.171.207.106 - - [07/Aug/2025:19:13:16 -0400] "GET /classwithtostring.php?dir=%2F%2Fproc%2Fbus%2Fpci HTTP/1.1" 200 1335 "-" "Mozilla/5.0 AppleWebKit/537.36 (KHTML, like Gecko; compatible; GPTBot/1.2; +https://openai.com/gptbot)"
20.171.207.106 - - [07/Aug/2025:19:13:20 -0400] "GET /wp-includes/js/crop/marqueeVert.gif HTTP/1.1" 200 293 "-" "Mozilla/5.0 AppleWebKit/537.36 (KHTML, like Gecko; compatible; GPTBot/1.2; +https://openai.com/gptbot)"
20.171.207.106 - - [07/Aug/2025:19:13:23 -0400] "GET /wp-includes/js/wp-lists.js HTTP/1.1" 200 5409 "-" "Mozilla/5.0 AppleWebKit/537.36 (KHTML, like Gecko; compatible; GPTBot/1.2; +https://openai.com/gptbot)"
20.171.207.106 - - [07/Aug/2025:19:13:25 -0400] "GET /classwithtostring.php?dir=%2F%2Fproc%2Fbus%2Fpci%2F02 HTTP/1.1" 200 1178 "-" "Mozilla/5.0 AppleWebKit/537.36 (KHTML, like Gecko; compatible; GPTBot/1.2; +https://openai.com/gptbot)"
20.171.207.106 - - [07/Aug/2025:19:13:28 -0400] "GET /wp-includes/js/jquery/ui/tooltip.min.js HTTP/1.1" 200 2181 "-" "Mozilla/5.0 AppleWebKit/537.36 (KHTML, like Gecko; compatible; GPTBot/1.2; +https://openai.com/gptbot)"
20.171.207.106 - - [07/Aug/2025:19:13:34 -0400] "GET /classwithtostring.php?dir=%2F%2Fhome2 HTTP/1.1" 200 910 "-" "Mozilla/5.0 AppleWebKit/537.36 (KHTML, like Gecko; compatible; GPTBot/1.2; +https://openai.com/gptbot)"
20.171.207.106 - - [07/Aug/2025:19:13:37 -0400] "GET /classwithtostring.php?dir=%2F%2Fproc%2Fbus%2Fpci%2F HTTP/1.1" 200 1341 "-" "Mozilla/5.0 AppleWebKit/537.36 (KHTML, like Gecko; compatible; GPTBot/1.2; +https://openai.com/gptbot)"
20.171.207.106 - - [07/Aug/2025:19:13:41 -0400] "GET /classwithtostring.php?dir=%2F%2Fproc%2Fbus%2Fpci%2F02%2F HTTP/1.1" 200 1183 "-" "Mozilla/5.0 AppleWebKit/537.36 (KHTML, like Gecko; compatible; GPTBot/1.2; +https://openai.com/gptbot)"
20.171.207.106 - - [07/Aug/2025:19:13:44 -0400] "GET /wp-includes/js/jquery/ui/effect-fold.js HTTP/1.1" 200 924 "-" "Mozilla/5.0 AppleWebKit/537.36 (KHTML, like Gecko; compatible; GPTBot/1.2; +https://openai.com/gptbot)"
20.171.207.106 - - [07/Aug/2025:19:13:46 -0400] "GET /wp-includes/js/jquery/ui/effect-drop.js HTTP/1.1" 200 760 "-" "Mozilla/5.0 AppleWebKit/537.36 (KHTML, like Gecko; compatible; GPTBot/1.2; +https://openai.com/gptbot)"
20.171.207.106 - - [07/Aug/2025:19:13:50 -0400] "GET /classwithtostring.php?dir=%2F%2Fproc%2Firq%2F113%2Feth2-TxRx-3 HTTP/1.1" 200 949 "-" "Mozilla/5.0 AppleWebKit/537.36 (KHTML, like Gecko; compatible; GPTBot/1.2; +https://openai.com/gptbot)"
20.171.207.106 - - [07/Aug/2025:19:13:52 -0400] "GET /wp-includes/js/jquery/ui/effect-fade.js HTTP/1.1" 200 536 "-" "Mozilla/5.0 AppleWebKit/537.36 (KHTML, like Gecko; compatible; GPTBot/1.2; +https://openai.com/gptbot)"
20.171.207.106 - - [07/Aug/2025:19:13:53 -0400] "GET /classwithtostring.php?dir=%2F%2Fproc%2Firq%2F127%2Feth3-TxRx-7 HTTP/1.1" 200 950 "-" "Mozilla/5.0 AppleWebKit/537.36 (KHTML, like Gecko; compatible; GPTBot/1.2; +https://openai.com/gptbot)"
20.171.207.106 - - [07/Aug/2025:19:13:54 -0400] "GET /wp-includes/js/jquery/ui/effect-size.js HTTP/1.1" 200 1709 "-" "Mozilla/5.0 AppleWebKit/537.36 (KHTML, like Gecko; compatible; GPTBot/1.2; +https://openai.com/gptbot)"
20.171.207.106 - - [07/Aug/2025:19:13:57 -0400] "GET /wp-includes/js/jquery/ui/effect-clip.js HTTP/1.1" 200 719 "-" "Mozilla/5.0 AppleWebKit/537.36 (KHTML, like Gecko; compatible; GPTBot/1.2; +https://openai.com/gptbot)"
20.171.207.106 - - [07/Aug/2025:19:13:58 -0400] "GET /classwithtostring.php?dir=%2F%2Fproc%2Firq%2F116%2Feth2-TxRx-6 HTTP/1.1" 200 949 "-" "Mozilla/5.0 AppleWebKit/537.36 (KHTML, like Gecko; compatible; GPTBot/1.2; +https://openai.com/gptbot)"
20.171.207.106 - - [07/Aug/2025:19:13:59 -0400] "GET /classwithtostring.php?dir=%2F%2Fproc%2Firq%2F120%2Feth3-TxRx-0 HTTP/1.1" 200 949 "-" "Mozilla/5.0 AppleWebKit/537.36 (KHTML, like Gecko; compatible; GPTBot/1.2; +https://openai.com/gptbot)"
20.171.207.106 - - [07/Aug/2025:19:14:01 -0400] "GET /classwithtostring.php?dir=%2F%2Fproc%2Firq%2F117%2Feth2-TxRx-7 HTTP/1.1" 200 950 "-" "Mozilla/5.0 AppleWebKit/537.36 (KHTML, like Gecko; compatible; GPTBot/1.2; +https://openai.com/gptbot)"
20.171.207.106 - - [07/Aug/2025:19:14:05 -0400] "GET /classwithtostring.php?dir=%2F%2Fproc%2Firq%2F124%2Feth3-TxRx-4 HTTP/1.1" 200 949 "-" "Mozilla/5.0 AppleWebKit/537.36 (KHTML, like Gecko; compatible; GPTBot/1.2; +https://openai.com/gptbot)"
20.171.207.106 - - [07/Aug/2025:19:14:06 -0400] "GET /classwithtostring.php?dir=%2F%2Fproc%2Firq%2F127%2Feth3-TxRx-7%2F HTTP/1.1" 200 955 "-" "Mozilla/5.0 AppleWebKit/537.36 (KHTML, like Gecko; compatible; GPTBot/1.2; +https://openai.com/gptbot)"
20.171.207.106 - - [07/Aug/2025:19:14:07 -0400] "GET /classwithtostring.php?dir=%2F%2Fproc%2Firq%2F126%2Feth3-TxRx-6 HTTP/1.1" 200 949 "-" "Mozilla/5.0 AppleWebKit/537.36 (KHTML, like Gecko; compatible; GPTBot/1.2; +https://openai.com/gptbot)"
20.171.207.106 - - [07/Aug/2025:19:14:11 -0400] "GET /classwithtostring.php?dir=%2F%2Fproc%2Firq%2F114%2Feth2-TxRx-4 HTTP/1.1" 200 949 "-" "Mozilla/5.0 AppleWebKit/537.36 (KHTML, like Gecko; compatible; GPTBot/1.2; +https://openai.com/gptbot)"
20.171.207.106 - - [07/Aug/2025:19:14:12 -0400] "GET /classwithtostring.php?dir=%2F%2Fproc%2Firq%2F110%2Feth2-TxRx-0 HTTP/1.1" 200 949 "-" "Mozilla/5.0 AppleWebKit/537.36 (KHTML, like Gecko; compatible; GPTBot/1.2; +https://openai.com/gptbot)"
20.171.207.106 - - [07/Aug/2025:19:14:15 -0400] "GET /classwithtostring.php?dir=%2F%2Fproc%2Firq%2F115%2Feth2-TxRx-5 HTTP/1.1" 200 949 "-" "Mozilla/5.0 AppleWebKit/537.36 (KHTML, like Gecko; compatible; GPTBot/1.2; +https://openai.com/gptbot)"
20.171.207.106 - - [07/Aug/2025:19:14:19 -0400] "GET /wp-includes/js/jquery/ui/effect-bounce.min.js HTTP/1.1" 200 598 "-" "Mozilla/5.0 AppleWebKit/537.36 (KHTML, like Gecko; compatible; GPTBot/1.2; +https://openai.com/gptbot)"
20.171.207.106 - - [07/Aug/2025:19:14:21 -0400] "GET /wp-includes/sodium_compat/namespaced/Core/Poly1305/ HTTP/1.1" 200 382 "-" "Mozilla/5.0 AppleWebKit/537.36 (KHTML, like Gecko; compatible; GPTBot/1.2; +https://openai.com/gptbot)"
20.171.207.106 - - [07/Aug/2025:19:14:24 -0400] "GET /wp-includes/js/jquery/ui/effect-drop.min.js HTTP/1.1" 200 476 "-" "Mozilla/5.0 AppleWebKit/537.36 (KHTML, like Gecko; compatible; GPTBot/1.2; +https://openai.com/gptbot)"
20.171.207.106 - - [07/Aug/2025:19:14:27 -0400] "GET /wp-includes/js/jquery/ui/effect-fold.min.js HTTP/1.1" 200 570 "-" "Mozilla/5.0 AppleWebKit/537.36 (KHTML, like Gecko; compatible; GPTBot/1.2; +https://openai.com/gptbot)"
20.171.207.106 - - [07/Aug/2025:19:14:28 -0400] "GET /wp-includes/js/jquery/ui/effect-fade.min.js HTTP/1.1" 200 354 "-" "Mozilla/5.0 AppleWebKit/537.36 (KHTML, like Gecko; compatible; GPTBot/1.2; +https://openai.com/gptbot)"
20.171.207.106 - - [07/Aug/2025:19:14:30 -0400] "GET /wp-includes/js/jquery/ui/effect-clip.min.js HTTP/1.1" 200 469 "-" "Mozilla/5.0 AppleWebKit/537.36 (KHTML, like Gecko; compatible; GPTBot/1.2; +https://openai.com/gptbot)"
20.171.207.106 - - [07/Aug/2025:19:14:37 -0400] "GET /wp-includes/js/jquery/ui/effect-puff.min.js HTTP/1.1" 200 340 "-" "Mozilla/5.0 AppleWebKit/537.36 (KHTML, like Gecko; compatible; GPTBot/1.2; +https://openai.com/gptbot)"
20.171.207.106 - - [07/Aug/2025:19:14:40 -0400] "GET /wp-includes/js/jquery/ui/effect-size.min.js HTTP/1.1" 200 989 "-" "Mozilla/5.0 AppleWebKit/537.36 (KHTML, like Gecko; compatible; GPTBot/1.2; +https://openai.com/gptbot)"
20.171.207.106 - - [07/Aug/2025:19:14:46 -0400] "GET /wp-includes/sodium_compat/namespaced/Core/Poly1305/State.php HTTP/1.1" 500 - "-" "Mozilla/5.0 AppleWebKit/537.36 (KHTML, like Gecko; compatible; GPTBot/1.2; +https://openai.com/gptbot)"
20.171.207.106 - - [07/Aug/2025:19:14:55 -0400] "GET /classwithtostring.php?dir=%2F%2Fproc%2Firq%2F9%2F HTTP/1.1" 200 1339 "-" "Mozilla/5.0 AppleWebKit/537.36 (KHTML, like Gecko; compatible; GPTBot/1.2; +https://openai.com/gptbot)"
20.171.207.106 - - [07/Aug/2025:19:15:01 -0400] "GET /classwithtostring.php?dir=%2F%2Fproc%2Firq%2F6%2F HTTP/1.1" 200 1292 "-" "Mozilla/5.0 AppleWebKit/537.36 (KHTML, like Gecko; compatible; GPTBot/1.2; +https://openai.com/gptbot)"
20.171.207.106 - - [07/Aug/2025:19:15:15 -0400] "GET /classwithtostring.php?dir=%2F%2Fproc%2Firq%2F3%2F HTTP/1.1" 200 1293 "-" "Mozilla/5.0 AppleWebKit/537.36 (KHTML, like Gecko; compatible; GPTBot/1.2; +https://openai.com/gptbot)"
20.171.207.106 - - [07/Aug/2025:19:15:26 -0400] "GET /classwithtostring.php?dir=%2F%2Fproc%2Firq%2F0%2F HTTP/1.1" 200 1294 "-" "Mozilla/5.0 AppleWebKit/537.36 (KHTML, like Gecko; compatible; GPTBot/1.2; +https://openai.com/gptbot)"
20.171.207.106 - - [07/Aug/2025:19:15:29 -0400] "GET /classwithtostring.php?dir=%2F%2Fproc%2Firq%2F6%2F%2F HTTP/1.1" 200 1299 "-" "Mozilla/5.0 AppleWebKit/537.36 (KHTML, like Gecko; compatible; GPTBot/1.2; +https://openai.com/gptbot)"
20.171.207.106 - - [07/Aug/2025:19:15:32 -0400] "GET /classwithtostring.php?dir=%2F%2Fproc%2Firq%2F7%2F HTTP/1.1" 200 1294 "-" "Mozilla/5.0 AppleWebKit/537.36 (KHTML, like Gecko; compatible; GPTBot/1.2; +https://openai.com/gptbot)"
20.171.207.106 - - [07/Aug/2025:19:15:36 -0400] "GET /classwithtostring.php?dir=%2F%2Fproc%2Firq%2F4%2F HTTP/1.1" 200 1341 "-" "Mozilla/5.0 AppleWebKit/537.36 (KHTML, like Gecko; compatible; GPTBot/1.2; +https://openai.com/gptbot)"
20.171.207.106 - - [07/Aug/2025:19:15:40 -0400] "GET /classwithtostring.php?dir=%2F%2Fproc%2Firq%2F5%2F HTTP/1.1" 200 1294 "-" "Mozilla/5.0 AppleWebKit/537.36 (KHTML, like Gecko; compatible; GPTBot/1.2; +https://openai.com/gptbot)"
20.171.207.106 - - [07/Aug/2025:19:15:42 -0400] "GET /classwithtostring.php?dir=%2F%2Fproc%2Firq%2F9%2F%2F HTTP/1.1" 200 1344 "-" "Mozilla/5.0 AppleWebKit/537.36 (KHTML, like Gecko; compatible; GPTBot/1.2; +https://openai.com/gptbot)"
20.171.207.106 - - [07/Aug/2025:19:15:43 -0400] "GET /classwithtostring.php?dir=%2F%2Fproc%2Firq%2F3%2F%2F HTTP/1.1" 200 1299 "-" "Mozilla/5.0 AppleWebKit/537.36 (KHTML, like Gecko; compatible; GPTBot/1.2; +https://openai.com/gptbot)"
20.171.207.106 - - [07/Aug/2025:19:15:44 -0400] "GET /classwithtostring.php?dir=%2F%2Fproc%2Firq%2F9%2F%2Facpi HTTP/1.1" 200 947 "-" "Mozilla/5.0 AppleWebKit/537.36 (KHTML, like Gecko; compatible; GPTBot/1.2; +https://openai.com/gptbot)"
20.171.207.106 - - [07/Aug/2025:19:15:47 -0400] "GET /classwithtostring.php?dir=%2F%2Fproc%2Firq%2F8%2F HTTP/1.1" 200 1340 "-" "Mozilla/5.0 AppleWebKit/537.36 (KHTML, like Gecko; compatible; GPTBot/1.2; +https://openai.com/gptbot)"
20.171.207.106 - - [07/Aug/2025:19:15:48 -0400] "GET /classwithtostring.php?dir=%2F%2Fproc%2Firq%2F4%2F%2F HTTP/1.1" 200 1347 "-" "Mozilla/5.0 AppleWebKit/537.36 (KHTML, like Gecko; compatible; GPTBot/1.2; +https://openai.com/gptbot)"
20.171.207.106 - - [07/Aug/2025:19:15:49 -0400] "GET /classwithtostring.php?dir=%2F%2Fproc%2Firq%2F5%2F%2F HTTP/1.1" 200 1300 "-" "Mozilla/5.0 AppleWebKit/537.36 (KHTML, like Gecko; compatible; GPTBot/1.2; +https://openai.com/gptbot)"
20.171.207.106 - - [07/Aug/2025:19:15:53 -0400] "GET /classwithtostring.php?dir=%2F%2Fproc%2Firq%2F7%2F%2F HTTP/1.1" 200 1300 "-" "Mozilla/5.0 AppleWebKit/537.36 (KHTML, like Gecko; compatible; GPTBot/1.2; +https://openai.com/gptbot)"
20.171.207.106 - - [07/Aug/2025:19:15:55 -0400] "GET /classwithtostring.php?dir=%2F%2Fproc%2Firq%2F0%2F%2F HTTP/1.1" 200 1299 "-" "Mozilla/5.0 AppleWebKit/537.36 (KHTML, like Gecko; compatible; GPTBot/1.2; +https://openai.com/gptbot)"
20.171.207.106 - - [07/Aug/2025:19:15:58 -0400] "GET /classwithtostring.php?dir=%2F%2Fproc%2Firq%2F8%2F%2F HTTP/1.1" 200 1346 "-" "Mozilla/5.0 AppleWebKit/537.36 (KHTML, like Gecko; compatible; GPTBot/1.2; +https://openai.com/gptbot)"
20.171.207.106 - - [07/Aug/2025:19:16:01 -0400] "GET /classwithtostring.php?dir=%2F%2Fproc%2Firq%2F1%2F HTTP/1.1" 200 1293 "-" "Mozilla/5.0 AppleWebKit/537.36 (KHTML, like Gecko; compatible; GPTBot/1.2; +https://openai.com/gptbot)"
20.171.207.106 - - [07/Aug/2025:19:16:06 -0400] "GET /wp-includes/js/jquery/ui/effect-blind.js HTTP/1.1" 200 752 "-" "Mozilla/5.0 AppleWebKit/537.36 (KHTML, like Gecko; compatible; GPTBot/1.2; +https://openai.com/gptbot)"
20.171.207.106 - - [07/Aug/2025:19:16:09 -0400] "GET /wp-includes/js/tinymce/+(m=n).source1+ HTTP/1.1" 404 82163 "-" "Mozilla/5.0 AppleWebKit/537.36 (KHTML, like Gecko; compatible; GPTBot/1.2; +https://openai.com/gptbot)"
20.171.207.106 - - [07/Aug/2025:19:16:10 -0400] "GET /wp-includes/js/jquery/ui/effect-scale.js HTTP/1.1" 200 698 "-" "Mozilla/5.0 AppleWebKit/537.36 (KHTML, like Gecko; compatible; GPTBot/1.2; +https://openai.com/gptbot)"
20.171.207.106 - - [07/Aug/2025:19:16:12 -0400] "GET /classwithtostring.php?dir=%2F%2Fproc%2Firq%2F1%2F%2F HTTP/1.1" 200 1299 "-" "Mozilla/5.0 AppleWebKit/537.36 (KHTML, like Gecko; compatible; GPTBot/1.2; +https://openai.com/gptbot)"
20.171.207.106 - - [07/Aug/2025:19:16:13 -0400] "GET /wp-includes/js/jquery/ui/effect-shake.js HTTP/1.1" 200 797 "-" "Mozilla/5.0 AppleWebKit/537.36 (KHTML, like Gecko; compatible; GPTBot/1.2; +https://openai.com/gptbot)"
20.171.207.106 - - [07/Aug/2025:19:16:16 -0400] "GET /wp-includes/js/jquery/ui/sortable.min.js HTTP/1.1" 200 6586 "-" "Mozilla/5.0 AppleWebKit/537.36 (KHTML, like Gecko; compatible; GPTBot/1.2; +https://openai.com/gptbot)"
20.171.207.106 - - [07/Aug/2025:19:16:24 -0400] "GET /wp-includes/theme-compat/comments.php HTTP/1.1" 500 - "-" "Mozilla/5.0 AppleWebKit/537.36 (KHTML, like Gecko; compatible; GPTBot/1.2; +https://openai.com/gptbot)"
20.171.207.106 - - [07/Aug/2025:19:16:47 -0400] "GET /classwithtostring.php?dir=%2F%2Fproc%2Firq%2F123%2Feth3-TxRx-3 HTTP/1.1" 200 950 "-" "Mozilla/5.0 AppleWebKit/537.36 (KHTML, like Gecko; compatible; GPTBot/1.2; +https://openai.com/gptbot)"
20.171.207.106 - - [07/Aug/2025:19:16:55 -0400] "GET /classwithtostring.php?dir=%2F%2Fhome2%2F HTTP/1.1" 200 914 "-" "Mozilla/5.0 AppleWebKit/537.36 (KHTML, like Gecko; compatible; GPTBot/1.2; +https://openai.com/gptbot)"
20.171.207.106 - - [07/Aug/2025:19:17:10 -0400] "GET /wp-includes/js/jquery/ui/effect-puff.js HTTP/1.1" 200 556 "-" "Mozilla/5.0 AppleWebKit/537.36 (KHTML, like Gecko; compatible; GPTBot/1.2; +https://openai.com/gptbot)"
20.171.207.106 - - [07/Aug/2025:19:17:21 -0400] "GET /classwithtostring.php?cmd=file_read&dir=%2F%2Fproc%2Firq%2F127%2F&file=%2F%2Fproc%2Firq%2F127%2F%2Fnode HTTP/1.1" 200 1399 "-" "Mozilla/5.0 AppleWebKit/537.36 (KHTML, like Gecko; compatible; GPTBot/1.2; +https://openai.com/gptbot)"
20.171.207.106 - - [07/Aug/2025:19:17:26 -0400] "GET /classwithtostring.php?cmd=file_read&dir=%2F%2Fproc%2Firq%2F%2F87&file=%2F%2Fproc%2Firq%2F%2F87%2Fnode HTTP/1.1" 200 1357 "-" "Mozilla/5.0 AppleWebKit/537.36 (KHTML, like Gecko; compatible; GPTBot/1.2; +https://openai.com/gptbot)"
20.171.207.106 - - [07/Aug/2025:19:17:31 -0400] "GET /wp-includes/js/jquery/ui/spinner.min.js HTTP/1.1" 200 2443 "-" "Mozilla/5.0 AppleWebKit/537.36 (KHTML, like Gecko; compatible; GPTBot/1.2; +https://openai.com/gptbot)"
20.171.207.106 - - [07/Aug/2025:19:17:35 -0400] "GET /classwithtostring.php?dir=%2F%2Fproc%2Firq%2F121%2Feth3-TxRx-1 HTTP/1.1" 200 949 "-" "Mozilla/5.0 AppleWebKit/537.36 (KHTML, like Gecko; compatible; GPTBot/1.2; +https://openai.com/gptbot)"
66.249.74.32 - - [07/Aug/2025:19:17:34 -0400] "GET /game.php?/betmaster-483 HTTP/1.1" 200 11748 "-" "Mozilla/5.0 (Linux; Android 6.0.1; Nexus 5X Build/MMB29P) AppleWebKit/537.36 (KHTML, like Gecko) Chrome/138.0.7204.183 Mobile Safari/537.36 (compatible; Googlebot/2.1; +http://www.google.com/bot.html)"
20.171.207.106 - - [07/Aug/2025:19:17:38 -0400] "GET /classwithtostring.php?dir=%2F%2Fproc%2Fdriver%2F HTTP/1.1" 200 1166 "-" "Mozilla/5.0 AppleWebKit/537.36 (KHTML, like Gecko; compatible; GPTBot/1.2; +https://openai.com/gptbot)"
20.171.207.106 - - [07/Aug/2025:19:17:47 -0400] "GET /wp-content/wflogs/GeoLite2-Country.mmdb HTTP/1.1" 200 5776816 "-" "Mozilla/5.0 AppleWebKit/537.36 (KHTML, like Gecko; compatible; GPTBot/1.2; +https://openai.com/gptbot)"
20.171.207.106 - - [07/Aug/2025:19:17:50 -0400] "GET /classwithtostring.php?dir=%2F%2Fproc%2Fsys%2Fnet HTTP/1.1" 200 1285 "-" "Mozilla/5.0 AppleWebKit/537.36 (KHTML, like Gecko; compatible; GPTBot/1.2; +https://openai.com/gptbot)"
20.171.207.106 - - [07/Aug/2025:19:17:54 -0400] "GET /classwithtostring.php?dir=%2F%2Fproc%2Fsys%2Fabi HTTP/1.1" 200 1146 "-" "Mozilla/5.0 AppleWebKit/537.36 (KHTML, like Gecko; compatible; GPTBot/1.2; +https://openai.com/gptbot)"
20.171.207.106 - - [07/Aug/2025:19:18:00 -0400] "GET /classwithtostring.php?dir=%2F%2Fproc%2Firq%2F8%2Frtc0%2F HTTP/1.1" 200 946 "-" "Mozilla/5.0 AppleWebKit/537.36 (KHTML, like Gecko; compatible; GPTBot/1.2; +https://openai.com/gptbot)"
20.171.207.106 - - [07/Aug/2025:19:18:02 -0400] "GET /classwithtostring.php?dir=%2F%2Fhome1 HTTP/1.1" 200 910 "-" "Mozilla/5.0 AppleWebKit/537.36 (KHTML, like Gecko; compatible; GPTBot/1.2; +https://openai.com/gptbot)"
20.171.207.106 - - [07/Aug/2025:19:18:08 -0400] "GET /classwithtostring.php?dir=%2F%2Fproc%2Fsys%2Fnet%2Fnetfilter HTTP/1.1" 200 2402 "-" "Mozilla/5.0 AppleWebKit/537.36 (KHTML, like Gecko; compatible; GPTBot/1.2; +https://openai.com/gptbot)"
20.171.207.106 - - [07/Aug/2025:19:18:09 -0400] "GET /classwithtostring.php?dir=%2F%2Fhome4 HTTP/1.1" 200 911 "-" "Mozilla/5.0 AppleWebKit/537.36 (KHTML, like Gecko; compatible; GPTBot/1.2; +https://openai.com/gptbot)"
20.171.207.106 - - [07/Aug/2025:19:18:10 -0400] "GET /classwithtostring.php?dir=%2F%2Fproc%2Fsys%2Fabi%2F HTTP/1.1" 200 1149 "-" "Mozilla/5.0 AppleWebKit/537.36 (KHTML, like Gecko; compatible; GPTBot/1.2; +https://openai.com/gptbot)"
20.171.207.106 - - [07/Aug/2025:19:18:11 -0400] "GET /classwithtostring.php?dir=%2F%2Fhome3 HTTP/1.1" 200 910 "-" "Mozilla/5.0 AppleWebKit/537.36 (KHTML, like Gecko; compatible; GPTBot/1.2; +https://openai.com/gptbot)"
20.171.207.106 - - [07/Aug/2025:19:18:13 -0400] "GET /classwithtostring.php?dir=%2F%2Fproc%2Fsys%2Fnet%2F HTTP/1.1" 200 1289 "-" "Mozilla/5.0 AppleWebKit/537.36 (KHTML, like Gecko; compatible; GPTBot/1.2; +https://openai.com/gptbot)"
20.171.207.106 - - [07/Aug/2025:19:18:17 -0400] "GET /classwithtostring.php?dir=%2F%2Fproc%2Fself HTTP/1.1" 200 2198 "-" "Mozilla/5.0 AppleWebKit/537.36 (KHTML, like Gecko; compatible; GPTBot/1.2; +https://openai.com/gptbot)"
20.171.207.106 - - [07/Aug/2025:19:18:20 -0400] "GET /classwithtostring.php?dir=%2F%2Fproc%2Fthread-self HTTP/1.1" 200 2069 "-" "Mozilla/5.0 AppleWebKit/537.36 (KHTML, like Gecko; compatible; GPTBot/1.2; +https://openai.com/gptbot)"
20.171.207.106 - - [07/Aug/2025:19:18:23 -0400] "GET /wp-includes/js/jquery/ui/checkboxradio.js HTTP/1.1" 200 2382 "-" "Mozilla/5.0 AppleWebKit/537.36 (KHTML, like Gecko; compatible; GPTBot/1.2; +https://openai.com/gptbot)"
20.171.207.106 - - [07/Aug/2025:19:18:24 -0400] "GET /classwithtostring.php?dir=%2F%2Fproc%2Fsys%2Fnet%2F%2F HTTP/1.1" 200 1295 "-" "Mozilla/5.0 AppleWebKit/537.36 (KHTML, like Gecko; compatible; GPTBot/1.2; +https://openai.com/gptbot)"
20.171.207.106 - - [07/Aug/2025:19:18:28 -0400] "GET /classwithtostring.php?dir=%2F%2Fproc%2Fself%2Fattr HTTP/1.1" 200 1259 "-" "Mozilla/5.0 AppleWebKit/537.36 (KHTML, like Gecko; compatible; GPTBot/1.2; +https://openai.com/gptbot)"
20.171.207.106 - - [07/Aug/2025:19:18:29 -0400] "GET /classwithtostring.php?dir=%2F%2Fproc%2Fself%2Froot HTTP/1.1" 200 1331 "-" "Mozilla/5.0 AppleWebKit/537.36 (KHTML, like Gecko; compatible; GPTBot/1.2; +https://openai.com/gptbot)"
20.171.207.106 - - [07/Aug/2025:19:18:30 -0400] "GET /classwithtostring.php?cmd=file_read&dir=%2F%2Fproc%2Fthread-self&file=%2F%2Fproc%2Fthread-self%2Fauxv HTTP/1.1" 200 2142 "-" "Mozilla/5.0 AppleWebKit/537.36 (KHTML, like Gecko; compatible; GPTBot/1.2; +https://openai.com/gptbot)"
20.171.207.106 - - [07/Aug/2025:19:18:33 -0400] "GET /wp-includes/js/jquery/ui/effect-slide.js HTTP/1.1" 200 884 "-" "Mozilla/5.0 AppleWebKit/537.36 (KHTML, like Gecko; compatible; GPTBot/1.2; +https://openai.com/gptbot)"
20.171.207.106 - - [07/Aug/2025:19:18:37 -0400] "GET /classwithtostring.php?dir=%2F%2Fproc%2Fsys%2Fnet%2F%2F%2Fcore HTTP/1.1" 200 2055 "-" "Mozilla/5.0 AppleWebKit/537.36 (KHTML, like Gecko; compatible; GPTBot/1.2; +https://openai.com/gptbot)"
20.171.207.106 - - [07/Aug/2025:19:18:38 -0400] "GET /classwithtostring.php?dir=%2F%2Fproc%2Fsys%2Fnet%2F%2F%2F HTTP/1.1" 200 1301 "-" "Mozilla/5.0 AppleWebKit/537.36 (KHTML, like Gecko; compatible; GPTBot/1.2; +https://openai.com/gptbot)"
20.171.207.106 - - [07/Aug/2025:19:18:39 -0400] "GET /classwithtostring.php?cmd=file_read&dir=%2F%2Fproc%2Fself%2Fattr&file=%2F%2Fproc%2Fself%2Fattr%2Fkeycreate HTTP/1.1" 200 1420 "-" "Mozilla/5.0 AppleWebKit/537.36 (KHTML, like Gecko; compatible; GPTBot/1.2; +https://openai.com/gptbot)"
20.171.207.106 - - [07/Aug/2025:19:18:40 -0400] "GET /classwithtostring.php?dir=%2F%2Fproc%2Fself%2Fattr%2F HTTP/1.1" 200 1263 "-" "Mozilla/5.0 AppleWebKit/537.36 (KHTML, like Gecko; compatible; GPTBot/1.2; +https://openai.com/gptbot)"
40.77.167.235 - - [07/Aug/2025:19:18:40 -0400] "GET /shopdetail/1721034 HTTP/1.1" 404 82312 "-" "Mozilla/5.0 AppleWebKit/537.36 (KHTML, like Gecko; compatible; bingbot/2.0; +http://www.bing.com/bingbot.htm) Chrome/116.0.1938.76 Safari/537.36"
20.171.207.106 - - [07/Aug/2025:19:18:41 -0400] "GET /classwithtostring.php?dir=%2F%2Fproc%2Fself%2Froot%2F HTTP/1.1" 200 1334 "-" "Mozilla/5.0 AppleWebKit/537.36 (KHTML, like Gecko; compatible; GPTBot/1.2; +https://openai.com/gptbot)"
20.171.207.106 - - [07/Aug/2025:19:18:43 -0400] "GET /classwithtostring.php?dir=%2F%2Fproc%2Fthread-self%2F HTTP/1.1" 200 2076 "-" "Mozilla/5.0 AppleWebKit/537.36 (KHTML, like Gecko; compatible; GPTBot/1.2; +https://openai.com/gptbot)"
20.171.207.106 - - [07/Aug/2025:19:18:46 -0400] "GET /classwithtostring.php?cmd=file_read&dir=%2F%2Fproc%2Fsys%2Fnet%2F%2F%2Fcore&file=%2F%2Fproc%2Fsys%2Fnet%2F%2F%2Fcore%2Fflow_limit_cpu_bitmap HTTP/1.1" 200 2135 "-" "Mozilla/5.0 AppleWebKit/537.36 (KHTML, like Gecko; compatible; GPTBot/1.2; +https://openai.com/gptbot)"
20.171.207.106 - - [07/Aug/2025:19:18:47 -0400] "GET /classwithtostring.php?dir=%2F%2Fproc%2Fnet%2Frpc HTTP/1.1" 200 1086 "-" "Mozilla/5.0 AppleWebKit/537.36 (KHTML, like Gecko; compatible; GPTBot/1.2; +https://openai.com/gptbot)"
20.171.207.106 - - [07/Aug/2025:19:18:50 -0400] "GET /classwithtostring.php?dir=%2F%2Fproc%2Fsys%2Fnet%2F%2F%2F%2Fipv4 HTTP/1.1" 200 4019 "-" "Mozilla/5.0 AppleWebKit/537.36 (KHTML, like Gecko; compatible; GPTBot/1.2; +https://openai.com/gptbot)"
20.171.207.106 - - [07/Aug/2025:19:18:52 -0400] "GET /classwithtostring.php?dir=%2F%2Fproc%2Fsys%2Fnet%2F%2F%2F%2F HTTP/1.1" 200 1305 "-" "Mozilla/5.0 AppleWebKit/537.36 (KHTML, like Gecko; compatible; GPTBot/1.2; +https://openai.com/gptbot)"
20.171.207.106 - - [07/Aug/2025:19:18:53 -0400] "GET /classwithtostring.php?dir=%2F%2Fproc%2Fsys%2Fnet%2F%2F%2F%2Fmptcp HTTP/1.1" 200 1241 "-" "Mozilla/5.0 AppleWebKit/537.36 (KHTML, like Gecko; compatible; GPTBot/1.2; +https://openai.com/gptbot)"
20.171.207.106 - - [07/Aug/2025:19:18:55 -0400] "GET /classwithtostring.php?dir=%2F%2Fproc%2Ffs%2Fnfsd HTTP/1.1" 200 930 "-" "Mozilla/5.0 AppleWebKit/537.36 (KHTML, like Gecko; compatible; GPTBot/1.2; +https://openai.com/gptbot)"
20.171.207.106 - - [07/Aug/2025:19:18:59 -0400] "GET /classwithtostring.php?dir=%2F%2Fproc%2Fnet%2Frpc%2F HTTP/1.1" 200 1090 "-" "Mozilla/5.0 AppleWebKit/537.36 (KHTML, like Gecko; compatible; GPTBot/1.2; +https://openai.com/gptbot)"
20.171.207.106 - - [07/Aug/2025:19:19:00 -0400] "GET /classwithtostring.php?dir=%2F%2Fproc%2Ffs%2F HTTP/1.1" 200 1174 "-" "Mozilla/5.0 AppleWebKit/537.36 (KHTML, like Gecko; compatible; GPTBot/1.2; +https://openai.com/gptbot)"
20.171.207.106 - - [07/Aug/2025:19:19:01 -0400] "GET /classwithtostring.php?cmd=file_read&dir=%2F%2Fproc%2Fsys%2Fnet%2F%2F%2F%2Fipv4&file=%2F%2Fproc%2Fsys%2Fnet%2F%2F%2F%2Fipv4%2Fcipso_cache_enable HTTP/1.1" 200 4106 "-" "Mozilla/5.0 AppleWebKit/537.36 (KHTML, like Gecko; compatible; GPTBot/1.2; +https://openai.com/gptbot)"
20.171.207.106 - - [07/Aug/2025:19:19:02 -0400] "GET /classwithtostring.php?cmd=file_read&dir=%2F%2Fproc%2Fsys%2Fnet%2F%2F%2F%2Fipv4&file=%2F%2Fproc%2Fsys%2Fnet%2F%2F%2F%2Fipv4%2Ftcp_retrans_collapse HTTP/1.1" 200 4097 "-" "Mozilla/5.0 AppleWebKit/537.36 (KHTML, like Gecko; compatible; GPTBot/1.2; +https://openai.com/gptbot)"
20.171.207.106 - - [07/Aug/2025:19:19:06 -0400] "GET /classwithtostring.php?dir=%2F%2Fproc%2Fsys%2Fnet%2F%2F%2Fmptcp HTTP/1.1" 200 1236 "-" "Mozilla/5.0 AppleWebKit/537.36 (KHTML, like Gecko; compatible; GPTBot/1.2; +https://openai.com/gptbot)"
20.171.207.106 - - [07/Aug/2025:19:19:09 -0400] "GET /classwithtostring.php?dir=%2F%2Fproc%2Ffs%2Fnfsd%2F HTTP/1.1" 200 934 "-" "Mozilla/5.0 AppleWebKit/537.36 (KHTML, like Gecko; compatible; GPTBot/1.2; +https://openai.com/gptbot)"
20.171.207.106 - - [07/Aug/2025:19:19:21 -0400] "GET /wp-includes/sodium_compat/src/PHP52/ HTTP/1.1" 200 377 "-" "Mozilla/5.0 AppleWebKit/537.36 (KHTML, like Gecko; compatible; GPTBot/1.2; +https://openai.com/gptbot)"
20.171.207.106 - - [07/Aug/2025:19:19:26 -0400] "GET /wp-includes/widgets/class-wp-widget-tag-cloud.php HTTP/1.1" 500 - "-" "Mozilla/5.0 AppleWebKit/537.36 (KHTML, like Gecko; compatible; GPTBot/1.2; +https://openai.com/gptbot)"
20.171.207.106 - - [07/Aug/2025:19:19:41 -0400] "GET /classwithtostring.php?dir=%2F%2Fproc%2Fnet%2Fdev_snmp6 HTTP/1.1" 200 1093 "-" "Mozilla/5.0 AppleWebKit/537.36 (KHTML, like Gecko; compatible; GPTBot/1.2; +https://openai.com/gptbot)"
20.171.207.106 - - [07/Aug/2025:19:19:52 -0400] "GET /wp-includes/sodium_compat/namespaced/Core/Curve25519/H.php HTTP/1.1" 500 - "-" "Mozilla/5.0 AppleWebKit/537.36 (KHTML, like Gecko; compatible; GPTBot/1.2; +https://openai.com/gptbot)"
20.171.207.106 - - [07/Aug/2025:19:22:08 -0400] "GET /classwithtostring.php?dir=%2Fhome%2Ftranscarter%2F HTTP/1.1" 200 1927 "-" "Mozilla/5.0 AppleWebKit/537.36 (KHTML, like Gecko; compatible; GPTBot/1.2; +https://openai.com/gptbot)"
20.171.207.106 - - [07/Aug/2025:19:23:09 -0400] "GET /classwithtostring.php?dir=%2F%2Fproc%2Fkcare HTTP/1.1" 200 1281 "-" "Mozilla/5.0 AppleWebKit/537.36 (KHTML, like Gecko; compatible; GPTBot/1.2; +https://openai.com/gptbot)"
20.171.207.106 - - [07/Aug/2025:19:24:00 -0400] "GET /wp-includes/js/wp-custom-header.js HTTP/1.1" 200 2947 "-" "Mozilla/5.0 AppleWebKit/537.36 (KHTML, like Gecko; compatible; GPTBot/1.2; +https://openai.com/gptbot)"
20.171.207.106 - - [07/Aug/2025:19:24:45 -0400] "GET /wp-includes/js/wp-api.js HTTP/1.1" 200 10819 "-" "Mozilla/5.0 AppleWebKit/537.36 (KHTML, like Gecko; compatible; GPTBot/1.2; +https://openai.com/gptbot)"
20.171.207.106 - - [07/Aug/2025:19:25:06 -0400] "GET /classwithtostring.php?dir=%2Fhome%2Ftranscarter%2F%2Fetc HTTP/1.1" 200 1197 "-" "Mozilla/5.0 AppleWebKit/537.36 (KHTML, like Gecko; compatible; GPTBot/1.2; +https://openai.com/gptbot)"
20.171.207.106 - - [07/Aug/2025:19:25:25 -0400] "GET /classwithtostring.php?dir=%2Fhome%2Ftranscarter%2F%2F.htpasswds HTTP/1.1" 404 82163 "-" "Mozilla/5.0 AppleWebKit/537.36 (KHTML, like Gecko; compatible; GPTBot/1.2; +https://openai.com/gptbot)"
20.171.207.106 - - [07/Aug/2025:19:26:15 -0400] "GET /classwithtostring.php?dir=%2F%2Fproc%2Fkcare%2Fopt HTTP/1.1" 200 1308 "-" "Mozilla/5.0 AppleWebKit/537.36 (KHTML, like Gecko; compatible; GPTBot/1.2; +https://openai.com/gptbot)"
20.171.207.106 - - [07/Aug/2025:19:26:57 -0400] "GET /classwithtostring.php?dir=%2Fhome%2Ftranscarter%2F%2F.trash HTTP/1.1" 200 1157 "-" "Mozilla/5.0 AppleWebKit/537.36 (KHTML, like Gecko; compatible; GPTBot/1.2; +https://openai.com/gptbot)"
20.171.207.106 - - [07/Aug/2025:19:27:19 -0400] "GET /classwithtostring.php?dir=%2Fhome%2Ftranscarter%2F%2F HTTP/1.1" 200 1936 "-" "Mozilla/5.0 AppleWebKit/537.36 (KHTML, like Gecko; compatible; GPTBot/1.2; +https://openai.com/gptbot)"
20.171.207.106 - - [07/Aug/2025:19:27:37 -0400] "GET /classwithtostring.php?dir=%2Fhome%2Ftranscarter%2F%2F.spamassassin HTTP/1.1" 200 1170 "-" "Mozilla/5.0 AppleWebKit/537.36 (KHTML, like Gecko; compatible; GPTBot/1.2; +https://openai.com/gptbot)"
141.8.143.1 - - [07/Aug/2025:19:27:43 -0400] "GET /index.php/2025/07/02/resmi-site-en-iyi-bonuslar-ve-mobil-uygulama/ HTTP/1.1" 301 - "-" "Mozilla/5.0 (compatible; YandexBot/3.0; +http://yandex.com/bots)"
20.171.207.106 - - [07/Aug/2025:19:27:44 -0400] "GET /classwithtostring.php?dir=%2Fhome%2Ftranscarter%2F%2Fssl HTTP/1.1" 200 1262 "-" "Mozilla/5.0 AppleWebKit/537.36 (KHTML, like Gecko; compatible; GPTBot/1.2; +https://openai.com/gptbot)"
20.171.207.106 - - [07/Aug/2025:19:28:15 -0400] "GET /classwithtostring.php?dir=%2F%2Fproc%2Fkcare%2Fopt%2F HTTP/1.1" 200 1313 "-" "Mozilla/5.0 AppleWebKit/537.36 (KHTML, like Gecko; compatible; GPTBot/1.2; +https://openai.com/gptbot)"
20.171.207.106 - - [07/Aug/2025:19:28:19 -0400] "GET /classwithtostring.php?cmd=file_read&dir=%2Fhome%2Ftranscarter%2F%2F&file=%2Fhome%2Ftranscarter%2F%2F%2F.imunify_patch_id HTTP/1.1" 200 2062 "-" "Mozilla/5.0 AppleWebKit/537.36 (KHTML, like Gecko; compatible; GPTBot/1.2; +https://openai.com/gptbot)"
20.171.207.106 - - [07/Aug/2025:19:28:22 -0400] "GET /classwithtostring.php?dir=%2Fhome%2Ftranscarter%2F%2Fcache HTTP/1.1" 200 938 "-" "Mozilla/5.0 AppleWebKit/537.36 (KHTML, like Gecko; compatible; GPTBot/1.2; +https://openai.com/gptbot)"
20.171.207.106 - - [07/Aug/2025:19:28:25 -0400] "GET /classwithtostring.php?dir=%2Fhome%2Ftranscarter%2F%2F.spamassassin%2F HTTP/1.1" 200 1175 "-" "Mozilla/5.0 AppleWebKit/537.36 (KHTML, like Gecko; compatible; GPTBot/1.2; +https://openai.com/gptbot)"
20.171.207.106 - - [07/Aug/2025:19:28:32 -0400] "GET /classwithtostring.php?dir=%2Fhome%2Ftranscarter%2F%2Fssl%2Fcsrs HTTP/1.1" 200 1297 "-" "Mozilla/5.0 AppleWebKit/537.36 (KHTML, like Gecko; compatible; GPTBot/1.2; +https://openai.com/gptbot)"
20.171.207.106 - - [07/Aug/2025:19:28:39 -0400] "GET /classwithtostring.php?dir=%2Fhome%2Ftranscarter%2F%2Fssl%2Fcerts HTTP/1.1" 200 1263 "-" "Mozilla/5.0 AppleWebKit/537.36 (KHTML, like Gecko; compatible; GPTBot/1.2; +https://openai.com/gptbot)"
20.171.207.106 - - [07/Aug/2025:19:28:42 -0400] "GET /wp-includes/js/'%20+%20attrs.href%20+%20' HTTP/1.1" 301 - "-" "Mozilla/5.0 AppleWebKit/537.36 (KHTML, like Gecko; compatible; GPTBot/1.2; +https://openai.com/gptbot)"
20.171.207.106 - - [07/Aug/2025:19:28:42 -0400] "GET /wp-includes/js/%20+%20attrs.href%20+%20 HTTP/1.1" 301 - "-" "Mozilla/5.0 AppleWebKit/537.36 (KHTML, like Gecko; compatible; GPTBot/1.2; +https://openai.com/gptbot)"
20.171.207.106 - - [07/Aug/2025:19:28:44 -0400] "GET /classwithtostring.php?dir=%2F%2Fproc%2Firq%2F110%2Feth2-TxRx-0%2F HTTP/1.1" 200 954 "-" "Mozilla/5.0 AppleWebKit/537.36 (KHTML, like Gecko; compatible; GPTBot/1.2; +https://openai.com/gptbot)"
